-- Table structure for table `catalog_product_index_price_tmp`
--

CREATE TABLE `catalog_product_index_price_tmp` (
  `entity_id` int(10) unsigned NOT NULL COMMENT 'Entity ID',
  `customer_group_id` int(10) unsigned NOT NULL DEFAULT '0' COMMENT 'Customer Group ID',
  `website_id` smallint(5) unsigned NOT NULL COMMENT 'Website ID',
  `tax_class_id` smallint(5) unsigned DEFAULT '0' COMMENT 'Tax Class ID',
  `price` decimal(20,6) DEFAULT NULL COMMENT 'Price',
  `final_price` decimal(20,6) DEFAULT NULL COMMENT 'Final Price',
  `min_price` decimal(20,6) DEFAULT NULL COMMENT 'Min Price',
  `max_price` decimal(20,6) DEFAULT NULL COMMENT 'Max Price',
  `tier_price` decimal(20,6) DEFAULT NULL COMMENT 'Tier Price',
  PRIMARY KEY (`entity_id`,`customer_group_id`,`website_id`),
  KEY `CATALOG_PRODUCT_INDEX_PRICE_TMP_CUSTOMER_GROUP_ID` (`customer_group_id`),
  KEY `CATALOG_PRODUCT_INDEX_PRICE_TMP_WEBSITE_ID` (`website_id`),
  KEY `CATALOG_PRODUCT_INDEX_PRICE_TMP_MIN_PRICE` (`min_price`)
) ENGINE=InnoDB DEFAULT CHARSET=utf8 COMMENT='Catalog Product Price Indexer Temp Table';

--
-- Dumping data for table `catalog_product_index_price_tmp`
--


--
-- Table structure for table `catalog_product_index_tier_price`
--

CREATE TABLE `catalog_product_index_tier_price` (
  `entity_id` int(10) unsigned NOT NULL COMMENT 'Entity ID',
  `customer_group_id` int(10) unsigned NOT NULL COMMENT 'Customer Group ID',
  `website_id` smallint(5) unsigned NOT NULL COMMENT 'Website ID',
  `min_price` decimal(20,6) DEFAULT NULL COMMENT 'Min Price',
  PRIMARY KEY (`entity_id`,`customer_group_id`,`website_id`),
  KEY `CATALOG_PRODUCT_INDEX_TIER_PRICE_CUSTOMER_GROUP_ID` (`customer_group_id`),
  KEY `CATALOG_PRODUCT_INDEX_TIER_PRICE_WEBSITE_ID` (`website_id`),
  CONSTRAINT `CAT_PRD_IDX_TIER_PRICE_CSTR_GROUP_ID_CSTR_GROUP_CSTR_GROUP_ID` FOREIGN KEY (`customer_group_id`) REFERENCES `customer_group` (`customer_group_id`) ON DELETE CASCADE,
  CONSTRAINT `CAT_PRD_IDX_TIER_PRICE_ENTT_ID_CAT_PRD_ENTT_ENTT_ID` FOREIGN KEY (`entity_id`) REFERENCES `catalog_product_entity` (`entity_id`) ON DELETE CASCADE,
  CONSTRAINT `CAT_PRD_IDX_TIER_PRICE_WS_ID_STORE_WS_WS_ID` FOREIGN KEY (`website_id`) REFERENCES `store_website` (`website_id`) ON DELETE CASCADE
) ENGINE=InnoDB DEFAULT CHARSET=utf8 COMMENT='Catalog Product Tier Price Index Table';

--
-- Dumping data for table `catalog_product_index_tier_price`
--


--
-- Table structure for table `catalog_product_index_website`
--

CREATE TABLE `catalog_product_index_website` (
  `website_id` smallint(5) unsigned NOT NULL COMMENT 'Website ID',
  `default_store_id` smallint(5) unsigned NOT NULL COMMENT 'Default store id for website',
  `website_date` date DEFAULT NULL COMMENT 'Website Date',
  `rate` float DEFAULT '1' COMMENT 'Rate',
  PRIMARY KEY (`website_id`),
  KEY `CATALOG_PRODUCT_INDEX_WEBSITE_WEBSITE_DATE` (`website_date`),
  CONSTRAINT `CAT_PRD_IDX_WS_WS_ID_STORE_WS_WS_ID` FOREIGN KEY (`website_id`) REFERENCES `store_website` (`website_id`) ON DELETE CASCADE
) ENGINE=InnoDB DEFAULT CHARSET=utf8 COMMENT='Catalog Product Website Index Table';

--
-- Dumping data for table `catalog_product_index_website`
--

INSERT INTO `catalog_product_index_website` VALUES (1,1,'2019-03-08',1);

--
-- Table structure for table `catalog_product_link`
--

CREATE TABLE `catalog_product_link` (
  `link_id` int(10) unsigned NOT NULL AUTO_INCREMENT COMMENT 'Link ID',
  `product_id` int(10) unsigned NOT NULL DEFAULT '0' COMMENT 'Product ID',
  `linked_product_id` int(10) unsigned NOT NULL DEFAULT '0' COMMENT 'Linked Product ID',
  `link_type_id` smallint(5) unsigned NOT NULL DEFAULT '0' COMMENT 'Link Type ID',
  PRIMARY KEY (`link_id`),
  UNIQUE KEY `CATALOG_PRODUCT_LINK_LINK_TYPE_ID_PRODUCT_ID_LINKED_PRODUCT_ID` (`link_type_id`,`product_id`,`linked_product_id`),
  KEY `CATALOG_PRODUCT_LINK_PRODUCT_ID` (`product_id`),
  KEY `CATALOG_PRODUCT_LINK_LINKED_PRODUCT_ID` (`linked_product_id`),
  CONSTRAINT `CATALOG_PRODUCT_LINK_PRODUCT_ID_CATALOG_PRODUCT_ENTITY_ENTITY_ID` FOREIGN KEY (`product_id`) REFERENCES `catalog_product_entity` (`entity_id`) ON DELETE CASCADE,
  CONSTRAINT `CAT_PRD_LNK_LNKED_PRD_ID_CAT_PRD_ENTT_ENTT_ID` FOREIGN KEY (`linked_product_id`) REFERENCES `catalog_product_entity` (`entity_id`) ON DELETE CASCADE,
  CONSTRAINT `CAT_PRD_LNK_LNK_TYPE_ID_CAT_PRD_LNK_TYPE_LNK_TYPE_ID` FOREIGN KEY (`link_type_id`) REFERENCES `catalog_product_link_type` (`link_type_id`) ON DELETE CASCADE
) ENGINE=InnoDB AUTO_INCREMENT=2678 DEFAULT CHARSET=utf8 COMMENT='Catalog Product To Product Linkage Table';

--
-- Dumping data for table `catalog_product_link`
--

INSERT INTO `catalog_product_link` VALUES (1996,1,2,1),(1997,1,17,1),(1998,1,101,1),(1999,1,103,1),(2000,1,104,1),(1992,2,1,1),(1993,2,101,1),(1994,2,102,1),(1995,2,103,1),(1372,4,5,1),(1373,4,6,1),(1374,4,8,1),(1375,4,16,1),(1937,5,4,1),(1938,5,6,1),(1939,5,8,1),(1940,5,16,1),(1356,6,4,1),(1357,6,5,1),(1358,6,8,1),(1359,6,15,1),(2031,7,10,1),(2032,7,12,1),(2033,7,17,1),(2034,7,24,1),(1941,8,3,1),(1942,8,5,1),(1943,8,559,1),(1944,8,614,1),(1742,9,17,1),(1743,9,24,1),(1744,9,49,1),(1745,9,53,1),(2036,10,7,1),(2035,10,9,1),(2037,10,11,1),(2038,10,12,1),(2052,11,34,1),(2053,11,38,1),(2054,11,42,1),(2055,11,66,1),(2080,12,10,1),(2079,12,17,1),(2081,12,24,1),(2078,12,53,1),(1932,15,8,1),(1929,15,16,1),(1930,15,20,1),(1931,15,25,1),(1371,16,3,1),(1370,16,4,1),(1369,16,5,1),(1368,16,6,1),(2043,17,9,1),(2044,17,10,1),(2046,17,11,1),(2045,17,12,1),(2143,18,26,1),(2142,18,30,1),(2145,18,45,1),(2144,18,46,1),(2119,19,46,1),(2116,19,47,1),(2117,19,51,1),(2118,19,55,1),(1918,20,4,1),(1920,20,5,1),(1919,20,6,1),(1731,22,26,1),(1730,22,30,1),(1733,22,45,1),(1732,22,46,1),(1767,24,10,1),(1764,24,12,1),(1765,24,17,1),(1766,24,49,1),(1364,25,4,1),(1365,25,5,1),(1366,25,6,1),(1367,25,16,1),(2073,26,9,1),(2072,26,19,1),(2070,26,46,1),(2071,26,47,1),(1928,29,8,1),(1927,29,15,1),(1926,29,16,1),(1925,29,20,1),(1748,30,26,1),(1746,30,33,1),(1747,30,34,1),(1749,30,36,1),(1783,31,48,1),(1782,31,58,1),(1781,31,61,1),(1780,31,65,1),(1809,32,44,1),(1807,32,48,1),(1806,32,58,1),(1808,32,61,1),(2027,33,45,1),(2028,33,46,1),(2029,33,47,1),(2030,33,49,1),(1967,34,11,1),(1968,34,18,1),(1969,34,38,1),(1970,34,42,1),(1923,35,3,1),(1922,35,4,1),(1921,35,5,1),(1924,35,8,1),(1975,36,18,1),(1976,36,22,1),(1977,36,33,1),(1978,36,45,1),(1971,38,11,1),(1972,38,33,1),(1973,38,34,1),(1974,38,42,1),(2138,41,50,1),(2139,41,56,1),(2140,41,64,1),(2141,41,70,1),(1958,42,9,1),(1959,42,10,1),(1960,42,11,1),(1961,42,12,1),(1352,43,5,1),(1353,43,6,1),(1354,43,8,1),(1355,43,15,1),(1897,44,32,1),(1896,44,48,1),(1895,44,58,1),(1894,44,61,1),(2149,45,18,1),(2148,45,19,1),(2146,45,22,1),(2147,45,24,1),(1933,46,9,1),(1934,46,10,1),(1935,46,11,1),(1936,46,12,1),(1946,47,9,1),(1945,47,10,1),(1947,47,11,1),(1948,47,12,1),(1787,48,44,1),(1786,48,58,1),(1785,48,61,1),(1784,48,65,1),(1954,49,9,1),(1955,49,10,1),(1956,49,11,1),(1957,49,12,1),(2129,50,70,1),(2130,50,72,1),(2132,50,73,1),(2131,50,77,1),(1949,53,7,1),(1950,53,9,1),(1951,53,10,1),(1952,53,11,1),(1953,53,12,1),(2120,54,60,1),(2121,54,69,1),(2122,54,75,1),(2123,54,82,1),(2124,54,86,1),(1385,55,36,1),(1386,55,38,1),(1388,55,46,1),(1387,55,47,1),(1734,56,64,1),(1735,56,72,1),(1736,56,77,1),(1737,56,80,1),(1718,57,18,1),(1717,57,22,1),(1715,57,45,1),(1716,57,68,1),(1775,58,44,1),(1774,58,48,1),(1773,58,61,1),(1772,58,65,1),(2085,59,80,1),(2084,59,81,1),(2082,59,83,1),(2083,59,87,1),(1711,60,5,1),(1712,60,6,1),(1713,60,8,1),(1714,60,20,1),(1810,61,32,1),(1811,61,44,1),(1812,61,48,1),(1813,61,58,1),(1400,63,78,1),(1399,63,79,1),(1397,63,85,1),(1398,63,88,1),(2077,64,70,1),(2076,64,73,1),(2075,64,77,1),(2074,64,83,1),(1798,65,44,1),(1797,65,48,1),(1796,65,58,1),(1795,65,61,1),(1424,66,33,1),(1423,66,34,1),(1425,66,38,1),(1426,66,42,1),(1390,68,17,1),(1389,68,18,1),(1391,68,19,1),(1392,68,22,1),(2150,69,54,1),(2151,69,60,1),(2152,69,75,1),(2039,70,83,1),(2040,70,87,1),(2041,70,91,1),(2042,70,92,1),(1861,71,33,1),(1860,71,63,1),(1859,71,66,1),(1858,71,68,1),(2065,72,77,1),(2064,72,80,1),(2063,72,87,1),(2062,72,91,1),(2125,73,56,1),(2126,73,70,1),(2128,73,93,1),(2127,73,100,1),(1799,74,31,1),(1800,74,32,1),(1801,74,44,1),(1802,74,48,1),(1803,74,58,1),(1804,74,61,1),(1805,74,65,1),(2112,75,54,1),(2113,75,60,1),(2114,75,69,1),(2115,75,82,1),(1842,76,17,1),(1841,76,18,1),(1840,76,19,1),(1839,76,22,1),(1738,77,72,1),(1741,77,73,1),(1740,77,92,1),(1739,77,95,1),(1384,78,33,1),(1383,78,63,1),(1382,78,66,1),(1381,78,71,1),(1446,79,34,1),(1445,79,36,1),(1444,79,38,1),(1447,79,42,1),(2069,80,70,1),(2068,80,72,1),(2067,80,77,1),(2066,80,83,1),(1039,81,72,1),(1038,81,77,1),(1037,81,83,1),(1036,81,91,1),(2086,82,54,1),(2087,82,60,1),(2088,82,69,1),(2089,82,75,1),(1432,83,50,1),(1431,83,64,1),(1433,83,87,1),(1434,83,91,1),(1719,84,60,1),(1720,84,82,1),(1721,84,86,1),(1396,85,71,1),(1395,85,78,1),(1394,85,79,1),(1393,85,88,1),(1726,86,60,1),(1727,86,69,1),(1728,86,75,1),(1729,86,84,1),(1448,87,73,1),(1449,87,81,1),(1450,87,83,1),(1451,87,92,1),(1429,88,63,1),(1428,88,66,1),(1427,88,68,1),(1430,88,71,1),(1722,89,3,1),(1723,89,4,1),(1724,89,5,1),(1725,89,6,1),(2158,91,72,1),(2157,91,87,1),(2159,91,92,1),(2160,91,95,1),(1440,92,50,1),(1443,92,81,1),(1442,92,87,1),(1441,92,93,1),(1461,93,41,1),(1462,93,64,1),(1463,93,72,1),(1464,93,73,1),(2009,95,50,1),(2008,95,56,1),(2007,95,64,1),(2006,95,70,1),(1988,97,9,1),(1989,97,12,1),(1990,97,22,1),(1991,97,34,1),(1458,98,50,1),(1457,98,56,1),(1459,98,73,1),(1460,98,77,1),(1984,99,22,1),(1985,99,36,1),(1986,99,38,1),(1987,99,42,1),(2001,100,1,1),(2002,100,2,1),(2003,100,41,1),(2004,100,56,1),(2005,100,64,1),(1962,101,1,1),(1963,101,2,1),(1964,101,102,1),(1965,101,103,1),(1966,101,104,1),(1439,102,1,1),(1438,102,2,1),(1437,102,101,1),(1436,102,103,1),(1435,102,104,1),(1452,103,1,1),(1453,103,2,1),(1454,103,101,1),(1455,103,102,1),(1456,103,104,1),(1979,104,1,1),(1980,104,2,1),(1981,104,101,1),(1982,104,102,1),(1983,104,103,1),(2013,105,73,1),(2014,105,77,1),(2012,105,106,1),(2011,105,107,1),(2010,105,108,1),(2018,106,77,1),(2017,106,105,1),(2016,106,107,1),(2015,106,108,1),(2022,107,77,1),(2021,107,105,1),(2019,107,106,1),(2020,107,108,1),(2026,108,77,1),(2025,108,105,1),(2024,108,106,1),(2023,108,107,1),(1758,109,110,1),(1757,109,112,1),(1756,109,113,1),(1755,109,115,1),(1754,109,117,1),(1753,110,112,1),(1752,110,113,1),(1751,110,115,1),(1750,110,117,1),(1814,111,114,1),(1815,111,116,1),(1817,111,118,1),(1816,111,121,1),(1763,112,109,1),(1762,112,110,1),(1761,112,113,1),(1760,112,115,1),(1759,112,117,1),(2111,113,109,1),(2110,113,110,1),(2109,113,112,1),(2108,113,115,1),(2107,113,117,1),(1771,114,111,1),(1770,114,116,1),(1769,114,118,1),(1768,114,121,1),(2096,115,112,1),(2095,115,113,1),(2094,115,117,1),(2093,115,119,1),(2092,115,120,1),(2091,115,122,1),(2090,115,123,1),(1901,116,111,1),(1900,116,114,1),(1899,116,118,1),(1898,116,121,1),(2106,117,109,1),(2105,117,110,1),(2103,117,112,1),(2104,117,113,1),(2102,117,115,1),(2137,119,112,1),(2136,119,113,1),(2135,119,115,1),(2134,119,117,1),(2133,119,120,1),(2056,120,59,1),(2061,120,115,1),(2060,120,117,1),(2059,120,119,1),(2057,120,122,1),(2058,120,123,1),(1792,121,111,1),(1791,121,114,1),(1794,121,116,1),(1793,121,118,1),(2097,122,59,1),(2101,122,117,1),(2100,122,119,1),(2099,122,120,1),(2098,122,123,1),(2047,123,59,1),(2051,123,115,1),(2050,123,117,1),(2049,123,120,1),(2048,123,122,1),(1790,124,125,1),(1789,124,126,1),(1788,124,127,1),(1779,128,124,1),(1778,128,125,1),(1777,128,126,1),(1776,128,127,1),(2169,1351,1583,1),(2170,1351,1735,1),(2171,1351,2084,1),(2172,1351,2343,1),(2272,1413,1597,1),(2273,1413,1946,1),(2274,1413,1972,1),(2191,1464,2084,1),(2192,1464,2132,1),(2193,1464,2300,1),(2194,1464,2542,1),(2176,1495,1597,1),(2177,1495,1643,1),(2178,1495,1972,1),(2187,1526,1413,1),(2188,1526,1561,1),(2189,1526,1643,1),(2190,1526,1991,1),(2203,1535,2284,1),(2204,1535,2424,1),(2205,1535,2431,1),(2206,1535,2542,1),(2195,1561,1413,1),(2196,1561,1643,1),(2197,1561,1961,1),(2198,1561,1991,1),(2211,1568,1709,1),(2212,1568,1777,1),(2213,1568,1910,1),(2214,1568,1920,1),(2218,1583,1656,1),(2219,1583,1735,1),(2220,1583,2542,1),(2275,1596,2029,1),(2276,1596,2065,1),(2277,1596,2145,1),(2278,1596,2410,1),(2268,1597,1643,1),(2269,1597,1946,1),(2270,1597,1972,1),(2271,1597,1991,1),(2225,1604,1630,1),(2226,1604,1817,1),(2227,1604,1875,1),(2228,1604,2517,1),(2234,1630,1756,1),(2235,1630,1808,1),(2236,1630,2010,1),(2237,1630,2389,1),(2215,1643,1413,1),(2216,1643,1495,1),(2217,1643,1597,1),(2246,1656,1351,1),(2247,1656,1583,1),(2248,1656,2132,1),(2249,1656,2284,1),(2221,1677,1903,1),(2222,1677,2029,1),(2223,1677,2065,1),(2224,1677,2145,1),(2229,1699,2017,1),(2230,1699,2029,1),(2231,1699,2065,1),(2232,1699,2145,1),(2233,1699,2410,1),(2255,1709,1568,1),(2256,1709,1777,1),(2257,1709,1888,1),(2258,1709,1910,1),(2259,1709,1920,1),(2238,1725,2029,1),(2239,1725,2065,1),(2240,1725,2145,1),(2241,1725,2410,1),(2265,1735,1464,1),(2266,1735,1583,1),(2267,1735,2284,1),(2242,1756,2029,1),(2243,1756,2065,1),(2244,1756,2145,1),(2245,1756,2410,1),(2260,1777,1568,1),(2261,1777,1709,1),(2262,1777,1888,1),(2263,1777,1910,1),(2264,1777,1920,1),(2279,1787,1756,1),(2280,1787,1808,1),(2281,1787,1866,1),(2282,1787,2389,1),(2319,1808,1756,1),(2320,1808,2065,1),(2321,1808,2309,1),(2322,1808,2389,1),(2287,1817,1604,1),(2288,1817,1787,1),(2289,1817,1840,1),(2290,1817,2524,1),(2291,1840,1604,1),(2292,1840,1787,1),(2293,1840,2517,1),(2294,1840,2524,1),(2323,1866,2010,1),(2324,1866,2309,1),(2325,1866,2320,1),(2326,1866,2440,1),(2295,1875,2050,1),(2296,1875,2252,1),(2297,1875,2309,1),(2298,1875,2440,1),(2327,1888,1568,1),(2328,1888,1709,1),(2329,1888,1777,1),(2330,1888,1910,1),(2331,1888,1920,1),(2332,1892,1756,1),(2333,1892,1866,1),(2334,1892,2389,1),(2335,1892,2440,1),(2336,1896,1808,1),(2337,1896,2145,1),(2338,1896,2410,1),(2339,1896,2440,1),(2299,1903,1596,1),(2300,1903,1677,1),(2301,1903,1866,1),(2302,1903,2389,1),(2344,1910,1568,1),(2345,1910,1709,1),(2346,1910,1777,1),(2347,1910,1920,1),(2348,1920,1568,1),(2349,1920,1777,1),(2350,1920,1888,1),(2351,1920,1910,1),(2352,1920,2050,1),(2307,1943,1561,1),(2308,1943,1597,1),(2309,1943,1643,1),(2310,1943,1946,1),(2311,1946,1561,1),(2312,1946,1597,1),(2313,1946,1643,1),(2314,1946,1972,1),(2340,1961,1597,1),(2341,1961,1946,1),(2342,1961,1972,1),(2343,1961,1991,1),(2353,1972,1597,1),(2354,1972,1643,1),(2355,1972,1946,1),(2356,1972,1991,1),(2362,1991,1597,1),(2363,1991,1946,1),(2364,1991,1972,1),(2650,1996,1596,1),(2653,1996,1677,1),(2651,1996,1903,1),(2652,1996,2410,1),(2381,2001,2055,1),(2384,2001,2077,1),(2383,2001,2190,1),(2382,2001,2234,1),(2389,2010,1596,1),(2390,2010,1677,1),(2391,2010,1725,1),(2392,2010,2320,1),(2409,2017,2029,1),(2410,2017,2050,1),(2411,2017,2145,1),(2412,2017,2350,1),(2385,2020,2032,1),(2386,2020,2135,1),(2387,2020,2138,1),(2388,2020,2255,1),(2405,2029,2017,1),(2406,2029,2065,1),(2407,2029,2145,1),(2408,2029,2410,1),(2393,2032,2020,1),(2394,2032,2135,1),(2395,2032,2138,1),(2396,2032,2255,1),(2421,2050,2029,1),(2422,2050,2065,1),(2423,2050,2145,1),(2424,2050,2410,1),(2401,2055,2001,1),(2402,2055,2077,1),(2403,2055,2190,1),(2404,2055,2234,1),(2430,2060,2072,1),(2431,2060,2157,1),(2432,2060,2178,1),(2433,2060,2185,1),(2434,2060,2204,1),(2439,2065,1630,1),(2440,2065,1756,1),(2441,2065,1808,1),(2442,2065,2389,1),(2447,2072,2060,1),(2448,2072,2157,1),(2449,2072,2178,1),(2450,2072,2185,1),(2451,2072,2204,1),(2452,2072,2291,1),(2417,2077,2001,1),(2418,2077,2055,1),(2419,2077,2190,1),(2420,2077,2234,1),(2457,2084,1351,1),(2458,2084,1583,1),(2459,2084,2098,1),(2460,2084,2424,1),(2425,2089,2001,1),(2426,2089,2077,1),(2427,2089,2190,1),(2428,2089,2212,1),(2429,2089,2234,1),(2461,2098,1656,1),(2462,2098,2084,1),(2463,2098,2366,1),(2464,2098,2424,1),(2435,2105,2001,1),(2436,2105,2055,1),(2437,2105,2190,1),(2438,2105,2234,1),(2468,2116,1596,1),(2469,2116,1677,1),(2470,2116,2252,1),(2471,2116,2410,1),(2475,2123,2197,1),(2476,2123,2229,1),(2477,2123,2417,1),(2478,2123,2424,1),(2483,2132,1656,1),(2484,2132,2366,1),(2485,2132,2424,1),(2486,2132,2542,1),(2664,2135,2020,1),(2662,2135,2032,1),(2663,2135,2138,1),(2665,2135,2255,1),(2453,2138,2020,1),(2454,2138,2032,1),(2455,2138,2135,1),(2456,2138,2255,1),(2490,2145,1699,1),(2491,2145,2029,1),(2492,2145,2050,1),(2493,2145,2350,1),(2467,2149,2171,1),(2466,2149,2207,1),(2465,2149,2222,1),(2498,2157,1583,1),(2499,2157,1656,1),(2500,2157,1777,1),(2501,2157,2098,1),(2502,2168,2245,1),(2503,2168,2268,1),(2504,2168,2500,1),(2505,2168,2533,1),(2472,2171,2149,1),(2473,2171,2207,1),(2474,2171,2222,1),(2513,2178,2060,1),(2514,2178,2072,1),(2515,2178,2185,1),(2516,2178,2204,1),(2517,2178,2219,1),(2518,2178,2291,1),(2519,2178,2357,1),(2520,2185,2060,1),(2521,2185,2072,1),(2522,2185,2157,1),(2523,2185,2204,1),(2524,2185,2291,1),(2479,2190,2001,1),(2480,2190,2055,1),(2481,2190,2105,1),(2482,2190,2234,1),(2529,2197,2123,1),(2530,2197,2229,1),(2531,2197,2417,1),(2532,2197,2424,1),(2537,2204,2178,1),(2538,2204,2219,1),(2539,2204,2357,1),(2540,2204,2373,1),(2541,2204,2396,1),(2487,2207,2149,1),(2488,2207,2171,1),(2489,2207,2222,1),(2494,2212,2055,1),(2495,2212,2105,1),(2496,2212,2190,1),(2497,2212,2234,1),(2542,2219,2178,1),(2543,2219,2204,1),(2544,2219,2357,1),(2545,2219,2373,1),(2546,2219,2396,1),(2506,2222,2149,1),(2507,2222,2171,1),(2508,2222,2207,1),(2552,2229,106,1),(2553,2229,2123,1),(2554,2229,2417,1),(2555,2229,2424,1),(2556,2229,2542,1),(2509,2234,2001,1),(2510,2234,2055,1),(2511,2234,2105,1),(2512,2234,2190,1),(2562,2245,2168,1),(2563,2245,2268,1),(2564,2245,2500,1),(2565,2245,2533,1),(2566,2252,1596,1),(2567,2252,1677,1),(2568,2252,1903,1),(2569,2252,1996,1),(2525,2255,2020,1),(2526,2255,2032,1),(2527,2255,2135,1),(2528,2255,2138,1),(2574,2268,2168,1),(2575,2268,2245,1),(2576,2268,2465,1),(2577,2268,2500,1),(2578,2268,2533,1),(2591,2284,2084,1),(2592,2284,2366,1),(2593,2284,2424,1),(2594,2284,2542,1),(2595,2291,2072,1),(2596,2291,2178,1),(2597,2291,2204,1),(2598,2291,2219,1),(2599,2291,2357,1),(2666,2300,2132,1),(2667,2300,2284,1),(2668,2300,2366,1),(2669,2300,2431,1),(2674,2309,1596,1),(2675,2309,2116,1),(2676,2309,2320,1),(2677,2309,2403,1),(2608,2320,2252,1),(2609,2320,2309,1),(2610,2320,2350,1),(2611,2320,2440,1),(2357,2336,1910,1),(2358,2336,1920,1),(2359,2336,2132,1),(2360,2336,2300,1),(2361,2336,2431,1),(2365,2343,2132,1),(2366,2343,2284,1),(2367,2343,2366,1),(2368,2343,2431,1),(2533,2350,1725,1),(2534,2350,2029,1),(2535,2350,2050,1),(2536,2350,2145,1),(2615,2357,2178,1),(2616,2357,2204,1),(2617,2357,2219,1),(2618,2357,2373,1),(2619,2357,2396,1),(2413,2366,1351,1),(2414,2366,1583,1),(2415,2366,1656,1),(2416,2366,1735,1),(2557,2373,2178,1),(2558,2373,2204,1),(2559,2373,2219,1),(2560,2373,2357,1),(2561,2373,2396,1),(2315,2389,1756,1),(2316,2389,1808,1),(2317,2389,2010,1),(2318,2389,2065,1),(2570,2396,2178,1),(2571,2396,2204,1),(2572,2396,2219,1),(2573,2396,2357,1),(2583,2403,1808,1),(2584,2403,1866,1),(2585,2403,2010,1),(2586,2403,2116,1),(2587,2410,1699,1),(2588,2410,1725,1),(2589,2410,2050,1),(2590,2410,2350,1),(2369,2417,2123,1),(2370,2417,2197,1),(2371,2417,2229,1),(2372,2417,2424,1),(2620,2424,1735,1),(2621,2424,2084,1),(2622,2424,2343,1),(2623,2424,2542,1),(2624,2431,2084,1),(2625,2431,2098,1),(2626,2431,2132,1),(2627,2431,2424,1),(2628,2440,1596,1),(2629,2440,2116,1),(2630,2440,2320,1),(2631,2440,2403,1),(2632,2456,2168,1),(2633,2456,2465,1),(2634,2456,2500,1),(2635,2465,2245,1),(2636,2465,2456,1),(2637,2465,2500,1),(2638,2465,2533,1),(2639,2478,1597,1),(2640,2478,1946,1),(2641,2478,1972,1),(2642,2487,1875,1),(2643,2487,2309,1),(2644,2487,2320,1),(2645,2487,2440,1),(2646,2500,1413,1),(2647,2500,1597,1),(2648,2500,1643,1),(2649,2500,1946,1),(2373,2507,2050,1),(2374,2507,2252,1),(2375,2507,2309,1),(2376,2507,2440,1),(2377,2517,1630,1),(2378,2517,1817,1),(2379,2517,1875,1),(2380,2517,2010,1),(2303,2524,1630,1),(2304,2524,1817,1),(2305,2524,2010,1),(2306,2524,2517,1),(2612,2533,2245,1),(2613,2533,2268,1),(2614,2533,2500,1),(2579,2542,1464,1),(2580,2542,2336,1),(2581,2542,2366,1),(2582,2542,2431,1);

--
-- Table structure for table `catalog_product_link_attribute`
--

CREATE TABLE `catalog_product_link_attribute` (
  `product_link_attribute_id` smallint(5) unsigned NOT NULL AUTO_INCREMENT COMMENT 'Product Link Attribute ID',
  `link_type_id` smallint(5) unsigned NOT NULL DEFAULT '0' COMMENT 'Link Type ID',
  `product_link_attribute_code` varchar(32) DEFAULT NULL COMMENT 'Product Link Attribute Code',
  `data_type` varchar(32) DEFAULT NULL COMMENT 'Data Type',
  PRIMARY KEY (`product_link_attribute_id`),
  KEY `CATALOG_PRODUCT_LINK_ATTRIBUTE_LINK_TYPE_ID` (`link_type_id`),
  CONSTRAINT `CAT_PRD_LNK_ATTR_LNK_TYPE_ID_CAT_PRD_LNK_TYPE_LNK_TYPE_ID` FOREIGN KEY (`link_type_id`) REFERENCES `catalog_product_link_type` (`link_type_id`) ON DELETE CASCADE
) ENGINE=InnoDB AUTO_INCREMENT=6 DEFAULT CHARSET=utf8 COMMENT='Catalog Product Link Attribute Table';

--
-- Dumping data for table `catalog_product_link_attribute`
--

INSERT INTO `catalog_product_link_attribute` VALUES (1,1,'position','int'),(2,4,'position','int'),(3,5,'position','int'),(4,3,'position','int'),(5,3,'qty','decimal');

--
-- Table structure for table `catalog_product_link_attribute_decimal`
--

CREATE TABLE `catalog_product_link_attribute_decimal` (
  `value_id` int(10) unsigned NOT NULL AUTO_INCREMENT COMMENT 'Value ID',
  `product_link_attribute_id` smallint(5) unsigned DEFAULT NULL COMMENT 'Product Link Attribute ID',
  `link_id` int(10) unsigned NOT NULL COMMENT 'Link ID',
  `value` decimal(20,6) NOT NULL DEFAULT '0.000000' COMMENT 'Value',
  PRIMARY KEY (`value_id`),
  UNIQUE KEY `CAT_PRD_LNK_ATTR_DEC_PRD_LNK_ATTR_ID_LNK_ID` (`product_link_attribute_id`,`link_id`),
  KEY `CATALOG_PRODUCT_LINK_ATTRIBUTE_DECIMAL_LINK_ID` (`link_id`),
  CONSTRAINT `CAT_PRD_LNK_ATTR_DEC_LNK_ID_CAT_PRD_LNK_LNK_ID` FOREIGN KEY (`link_id`) REFERENCES `catalog_product_link` (`link_id`) ON DELETE CASCADE,
  CONSTRAINT `FK_AB2EFA9A14F7BCF1D5400056203D14B6` FOREIGN KEY (`product_link_attribute_id`) REFERENCES `catalog_product_link_attribute` (`product_link_attribute_id`) ON DELETE CASCADE
) ENGINE=InnoDB DEFAULT CHARSET=utf8 COMMENT='Catalog Product Link Decimal Attribute Table';

--
-- Dumping data for table `catalog_product_link_attribute_decimal`
--


--
-- Table structure for table `catalog_product_link_attribute_int`
--

CREATE TABLE `catalog_product_link_attribute_int` (
  `value_id` int(10) unsigned NOT NULL AUTO_INCREMENT COMMENT 'Value ID',
  `product_link_attribute_id` smallint(5) unsigned DEFAULT NULL COMMENT 'Product Link Attribute ID',
  `link_id` int(10) unsigned NOT NULL COMMENT 'Link ID',
  `value` int(11) NOT NULL DEFAULT '0' COMMENT 'Value',
  PRIMARY KEY (`value_id`),
  UNIQUE KEY `CAT_PRD_LNK_ATTR_INT_PRD_LNK_ATTR_ID_LNK_ID` (`product_link_attribute_id`,`link_id`),
  KEY `CATALOG_PRODUCT_LINK_ATTRIBUTE_INT_LINK_ID` (`link_id`),
  CONSTRAINT `CAT_PRD_LNK_ATTR_INT_LNK_ID_CAT_PRD_LNK_LNK_ID` FOREIGN KEY (`link_id`) REFERENCES `catalog_product_link` (`link_id`) ON DELETE CASCADE,
  CONSTRAINT `FK_D6D878F8BA2A4282F8DDED7E6E3DE35C` FOREIGN KEY (`product_link_attribute_id`) REFERENCES `catalog_product_link_attribute` (`product_link_attribute_id`) ON DELETE CASCADE
) ENGINE=InnoDB AUTO_INCREMENT=2678 DEFAULT CHARSET=utf8 COMMENT='Catalog Product Link Integer Attribute Table';

--
-- Dumping data for table `catalog_product_link_attribute_int`
--

INSERT INTO `catalog_product_link_attribute_int` VALUES (1036,1,1036,1),(1037,1,1037,2),(1038,1,1038,3),(1039,1,1039,4),(1352,1,1352,1),(1353,1,1353,2),(1354,1,1354,3),(1355,1,1355,4),(1356,1,1356,1),(1357,1,1357,2),(1358,1,1358,3),(1359,1,1359,4),(1364,1,1364,1),(1365,1,1365,2),(1366,1,1366,3),(1367,1,1367,4),(1368,1,1368,1),(1369,1,1369,2),(1370,1,1370,3),(1371,1,1371,4),(1372,1,1372,1),(1373,1,1373,2),(1374,1,1374,3),(1375,1,1375,4),(1381,1,1381,1),(1382,1,1382,2),(1383,1,1383,3),(1384,1,1384,4),(1385,1,1385,1),(1386,1,1386,2),(1387,1,1387,3),(1388,1,1388,4),(1389,1,1389,1),(1390,1,1390,2),(1391,1,1391,3),(1392,1,1392,4),(1393,1,1393,1),(1394,1,1394,2),(1395,1,1395,3),(1396,1,1396,4),(1397,1,1397,1),(1398,1,1398,2),(1399,1,1399,3),(1400,1,1400,4),(1423,1,1423,1),(1424,1,1424,2),(1425,1,1425,3),(1426,1,1426,4),(1427,1,1427,1),(1428,1,1428,2),(1429,1,1429,3),(1430,1,1430,4),(1431,1,1431,1),(1432,1,1432,2),(1433,1,1433,3),(1434,1,1434,4),(1435,1,1435,1),(1436,1,1436,2),(1437,1,1437,3),(1438,1,1438,4),(1439,1,1439,5),(1440,1,1440,1),(1441,1,1441,2),(1442,1,1442,3),(1443,1,1443,4),(1444,1,1444,1),(1445,1,1445,2),(1446,1,1446,3),(1447,1,1447,4),(1448,1,1448,1),(1449,1,1449,2),(1450,1,1450,3),(1451,1,1451,4),(1452,1,1452,1),(1453,1,1453,2),(1454,1,1454,3),(1455,1,1455,4),(1456,1,1456,5),(1457,1,1457,1),(1458,1,1458,2),(1459,1,1459,3),(1460,1,1460,4),(1461,1,1461,1),(1462,1,1462,2),(1463,1,1463,3),(1464,1,1464,4),(1711,1,1711,1),(1712,1,1712,2),(1713,1,1713,3),(1714,1,1714,4),(1715,1,1715,1),(1716,1,1716,2),(1717,1,1717,3),(1718,1,1718,4),(1719,1,1719,1),(1720,1,1720,2),(1721,1,1721,3),(1722,1,1722,1),(1723,1,1723,2),(1724,1,1724,3),(1725,1,1725,4),(1726,1,1726,1),(1727,1,1727,2),(1728,1,1728,3),(1729,1,1729,4),(1730,1,1730,1),(1731,1,1731,2),(1732,1,1732,3),(1733,1,1733,4),(1734,1,1734,1),(1735,1,1735,2),(1736,1,1736,3),(1737,1,1737,4),(1738,1,1738,1),(1739,1,1739,2),(1740,1,1740,3),(1741,1,1741,4),(1742,1,1742,1),(1743,1,1743,2),(1744,1,1744,3),(1745,1,1745,4),(1746,1,1746,1),(1747,1,1747,2),(1748,1,1748,3),(1749,1,1749,4),(1750,1,1750,1),(1751,1,1751,2),(1752,1,1752,3),(1753,1,1753,4),(1754,1,1754,1),(1755,1,1755,2),(1756,1,1756,3),(1757,1,1757,4),(1758,1,1758,5),(1759,1,1759,1),(1760,1,1760,2),(1761,1,1761,3),(1762,1,1762,4),(1763,1,1763,5),(1764,1,1764,1),(1765,1,1765,2),(1766,1,1766,3),(1767,1,1767,4),(1768,1,1768,1),(1769,1,1769,2),(1770,1,1770,3),(1771,1,1771,4),(1772,1,1772,1),(1773,1,1773,2),(1774,1,1774,3),(1775,1,1775,4),(1776,1,1776,1),(1777,1,1777,2),(1778,1,1778,3),(1779,1,1779,4),(1780,1,1780,1),(1781,1,1781,2),(1782,1,1782,3),(1783,1,1783,4),(1784,1,1784,1),(1785,1,1785,2),(1786,1,1786,3),(1787,1,1787,4),(1788,1,1788,1),(1789,1,1789,2),(1790,1,1790,3),(1791,1,1791,1),(1792,1,1792,2),(1793,1,1793,3),(1794,1,1794,4),(1795,1,1795,1),(1796,1,1796,2),(1797,1,1797,3),(1798,1,1798,4),(1799,1,1799,1),(1800,1,1800,2),(1801,1,1801,3),(1802,1,1802,4),(1803,1,1803,5),(1804,1,1804,6),(1805,1,1805,7),(1806,1,1806,1),(1807,1,1807,2),(1808,1,1808,3),(1809,1,1809,4),(1810,1,1810,1),(1811,1,1811,2),(1812,1,1812,3),(1813,1,1813,4),(1814,1,1814,1),(1815,1,1815,2),(1816,1,1816,3),(1817,1,1817,4),(1839,1,1839,1),(1840,1,1840,2),(1841,1,1841,3),(1842,1,1842,4),(1858,1,1858,1),(1859,1,1859,2),(1860,1,1860,3),(1861,1,1861,4),(1894,1,1894,1),(1895,1,1895,2),(1896,1,1896,3),(1897,1,1897,4),(1898,1,1898,1),(1899,1,1899,2),(1900,1,1900,3),(1901,1,1901,4),(1918,1,1918,1),(1919,1,1919,2),(1920,1,1920,3),(1921,1,1921,1),(1922,1,1922,2),(1923,1,1923,3),(1924,1,1924,4),(1925,1,1925,1),(1926,1,1926,2),(1927,1,1927,3),(1928,1,1928,4),(1929,1,1929,1),(1930,1,1930,2),(1931,1,1931,3),(1932,1,1932,4),(1933,1,1933,1),(1934,1,1934,2),(1935,1,1935,3),(1936,1,1936,4),(1937,1,1937,1),(1938,1,1938,2),(1939,1,1939,3),(1940,1,1940,4),(1941,1,1941,1),(1942,1,1942,2),(1943,1,1943,3),(1944,1,1944,4),(1945,1,1945,1),(1946,1,1946,2),(1947,1,1947,3),(1948,1,1948,4),(1949,1,1949,1),(1950,1,1950,2),(1951,1,1951,3),(1952,1,1952,4),(1953,1,1953,5),(1954,1,1954,1),(1955,1,1955,2),(1956,1,1956,3),(1957,1,1957,4),(1958,1,1958,1),(1959,1,1959,2),(1960,1,1960,3),(1961,1,1961,4),(1962,1,1962,1),(1963,1,1963,2),(1964,1,1964,3),(1965,1,1965,4),(1966,1,1966,5),(1967,1,1967,1),(1968,1,1968,2),(1969,1,1969,3),(1970,1,1970,4),(1971,1,1971,1),(1972,1,1972,2),(1973,1,1973,3),(1974,1,1974,4),(1975,1,1975,1),(1976,1,1976,2),(1977,1,1977,3),(1978,1,1978,4),(1979,1,1979,1),(1980,1,1980,2),(1981,1,1981,3),(1982,1,1982,4),(1983,1,1983,5),(1984,1,1984,1),(1985,1,1985,2),(1986,1,1986,3),(1987,1,1987,4),(1988,1,1988,1),(1989,1,1989,2),(1990,1,1990,3),(1991,1,1991,4),(1992,1,1992,1),(1993,1,1993,2),(1994,1,1994,3),(1995,1,1995,4),(1996,1,1996,1),(1997,1,1997,2),(1998,1,1998,3),(1999,1,1999,4),(2000,1,2000,5),(2001,1,2001,1),(2002,1,2002,2),(2003,1,2003,3),(2004,1,2004,4),(2005,1,2005,5),(2006,1,2006,1),(2007,1,2007,2),(2008,1,2008,3),(2009,1,2009,4),(2010,1,2010,1),(2011,1,2011,2),(2012,1,2012,3),(2013,1,2013,4),(2014,1,2014,5),(2015,1,2015,1),(2016,1,2016,2),(2017,1,2017,3),(2018,1,2018,4),(2019,1,2019,1),(2020,1,2020,2),(2021,1,2021,3),(2022,1,2022,4),(2023,1,2023,1),(2024,1,2024,2),(2025,1,2025,3),(2026,1,2026,4),(2027,1,2027,1),(2028,1,2028,2),(2029,1,2029,3),(2030,1,2030,4),(2031,1,2031,1),(2032,1,2032,2),(2033,1,2033,3),(2034,1,2034,4),(2035,1,2035,1),(2036,1,2036,2),(2037,1,2037,3),(2038,1,2038,4),(2039,1,2039,1),(2040,1,2040,2),(2041,1,2041,3),(2042,1,2042,4),(2043,1,2043,1),(2044,1,2044,2),(2045,1,2045,3),(2046,1,2046,4),(2047,1,2047,1),(2048,1,2048,2),(2049,1,2049,3),(2050,1,2050,4),(2051,1,2051,5),(2052,1,2052,1),(2053,1,2053,2),(2054,1,2054,3),(2055,1,2055,4),(2056,1,2056,1),(2057,1,2057,2),(2058,1,2058,3),(2059,1,2059,4),(2060,1,2060,5),(2061,1,2061,6),(2062,1,2062,1),(2063,1,2063,2),(2064,1,2064,3),(2065,1,2065,4),(2066,1,2066,1),(2067,1,2067,2),(2068,1,2068,3),(2069,1,2069,4),(2070,1,2070,1),(2071,1,2071,2),(2072,1,2072,3),(2073,1,2073,4),(2074,1,2074,1),(2075,1,2075,2),(2076,1,2076,3),(2077,1,2077,4),(2078,1,2078,1),(2079,1,2079,2),(2080,1,2080,3),(2081,1,2081,4),(2082,1,2082,1),(2083,1,2083,2),(2084,1,2084,3),(2085,1,2085,4),(2086,1,2086,1),(2087,1,2087,2),(2088,1,2088,3),(2089,1,2089,4),(2090,1,2090,1),(2091,1,2091,2),(2092,1,2092,3),(2093,1,2093,4),(2094,1,2094,5),(2095,1,2095,6),(2096,1,2096,7),(2097,1,2097,1),(2098,1,2098,2),(2099,1,2099,3),(2100,1,2100,4),(2101,1,2101,5),(2102,1,2102,1),(2103,1,2103,2),(2104,1,2104,3),(2105,1,2105,4),(2106,1,2106,5),(2107,1,2107,1),(2108,1,2108,2),(2109,1,2109,3),(2110,1,2110,4),(2111,1,2111,5),(2112,1,2112,1),(2113,1,2113,2),(2114,1,2114,3),(2115,1,2115,4),(2116,1,2116,1),(2117,1,2117,2),(2118,1,2118,3),(2119,1,2119,4),(2120,1,2120,1),(2121,1,2121,2),(2122,1,2122,3),(2123,1,2123,4),(2124,1,2124,5),(2125,1,2125,1),(2126,1,2126,2),(2127,1,2127,3),(2128,1,2128,4),(2129,1,2129,1),(2130,1,2130,2),(2131,1,2131,3),(2132,1,2132,4),(2133,1,2133,1),(2134,1,2134,2),(2135,1,2135,3),(2136,1,2136,4),(2137,1,2137,5),(2138,1,2138,1),(2139,1,2139,2),(2140,1,2140,3),(2141,1,2141,4),(2142,1,2142,1),(2143,1,2143,2),(2144,1,2144,3),(2145,1,2145,4),(2146,1,2146,1),(2147,1,2147,2),(2148,1,2148,3),(2149,1,2149,4),(2150,1,2150,1),(2151,1,2151,2),(2152,1,2152,3),(2157,1,2157,1),(2158,1,2158,2),(2159,1,2159,3),(2160,1,2160,4),(2169,1,2169,1),(2170,1,2170,2),(2171,1,2171,3),(2172,1,2172,4),(2176,1,2176,1),(2177,1,2177,2),(2178,1,2178,3),(2187,1,2187,1),(2188,1,2188,2),(2189,1,2189,3),(2190,1,2190,4),(2191,1,2191,1),(2192,1,2192,2),(2193,1,2193,3),(2194,1,2194,4),(2195,1,2195,1),(2196,1,2196,2),(2197,1,2197,3),(2198,1,2198,4),(2203,1,2203,1),(2204,1,2204,2),(2205,1,2205,3),(2206,1,2206,4),(2211,1,2211,1),(2212,1,2212,2),(2213,1,2213,3),(2214,1,2214,4),(2215,1,2215,1),(2216,1,2216,2),(2217,1,2217,3),(2218,1,2218,1),(2219,1,2219,2),(2220,1,2220,3),(2221,1,2221,1),(2222,1,2222,2),(2223,1,2223,3),(2224,1,2224,4),(2225,1,2225,1),(2226,1,2226,2),(2227,1,2227,3),(2228,1,2228,4),(2229,1,2229,1),(2230,1,2230,2),(2231,1,2231,3),(2232,1,2232,4),(2233,1,2233,5),(2234,1,2234,1),(2235,1,2235,2),(2236,1,2236,3),(2237,1,2237,4),(2238,1,2238,1),(2239,1,2239,2),(2240,1,2240,3),(2241,1,2241,4),(2242,1,2242,1),(2243,1,2243,2),(2244,1,2244,3),(2245,1,2245,4),(2246,1,2246,1),(2247,1,2247,2),(2248,1,2248,3),(2249,1,2249,4),(2255,1,2255,1),(2256,1,2256,2),(2257,1,2257,3),(2258,1,2258,4),(2259,1,2259,5),(2260,1,2260,1),(2261,1,2261,2),(2262,1,2262,3),(2263,1,2263,4),(2264,1,2264,5),(2265,1,2265,1),(2266,1,2266,2),(2267,1,2267,3),(2268,1,2268,1),(2269,1,2269,2),(2270,1,2270,3),(2271,1,2271,4),(2272,1,2272,5),(2273,1,2273,6),(2274,1,2274,7),(2275,1,2275,1),(2276,1,2276,2),(2277,1,2277,3),(2278,1,2278,4),(2279,1,2279,1),(2280,1,2280,2),(2281,1,2281,3),(2282,1,2282,4),(2287,1,2287,1),(2288,1,2288,2),(2289,1,2289,3),(2290,1,2290,4),(2291,1,2291,1),(2292,1,2292,2),(2293,1,2293,3),(2294,1,2294,4),(2295,1,2295,1),(2296,1,2296,2),(2297,1,2297,3),(2298,1,2298,4),(2299,1,2299,1),(2300,1,2300,2),(2301,1,2301,3),(2302,1,2302,4),(2303,1,2303,1),(2304,1,2304,2),(2305,1,2305,3),(2306,1,2306,4),(2307,1,2307,1),(2308,1,2308,2),(2309,1,2309,3),(2310,1,2310,4),(2311,1,2311,1),(2312,1,2312,2),(2313,1,2313,3),(2314,1,2314,4),(2315,1,2315,1),(2316,1,2316,2),(2317,1,2317,3),(2318,1,2318,4),(2319,1,2319,1),(2320,1,2320,2),(2321,1,2321,3),(2322,1,2322,4),(2323,1,2323,1),(2324,1,2324,2),(2325,1,2325,3),(2326,1,2326,4),(2327,1,2327,1),(2328,1,2328,2),(2329,1,2329,3),(2330,1,2330,4),(2331,1,2331,5),(2332,1,2332,1),(2333,1,2333,2),(2334,1,2334,3),(2335,1,2335,4),(2336,1,2336,1),(2337,1,2337,2),(2338,1,2338,3),(2339,1,2339,4),(2340,1,2340,1),(2341,1,2341,2),(2342,1,2342,3),(2343,1,2343,4),(2344,1,2344,1),(2345,1,2345,2),(2346,1,2346,3),(2347,1,2347,4),(2348,1,2348,1),(2349,1,2349,2),(2350,1,2350,3),(2351,1,2351,4),(2352,1,2352,5),(2353,1,2353,1),(2354,1,2354,2),(2355,1,2355,3),(2356,1,2356,4),(2357,1,2357,1),(2358,1,2358,2),(2359,1,2359,3),(2360,1,2360,4),(2361,1,2361,5),(2362,1,2362,1),(2363,1,2363,2),(2364,1,2364,3),(2365,1,2365,1),(2366,1,2366,2),(2367,1,2367,3),(2368,1,2368,4),(2369,1,2369,1),(2370,1,2370,2),(2371,1,2371,3),(2372,1,2372,4),(2373,1,2373,1),(2374,1,2374,2),(2375,1,2375,3),(2376,1,2376,4),(2377,1,2377,1),(2378,1,2378,2),(2379,1,2379,3),(2380,1,2380,4),(2381,1,2381,1),(2382,1,2382,2),(2383,1,2383,3),(2384,1,2384,4),(2385,1,2385,1),(2386,1,2386,2),(2387,1,2387,3),(2388,1,2388,4),(2389,1,2389,1),(2390,1,2390,2),(2391,1,2391,3),(2392,1,2392,4),(2393,1,2393,1),(2394,1,2394,2),(2395,1,2395,3),(2396,1,2396,4),(2401,1,2401,1),(2402,1,2402,2),(2403,1,2403,3),(2404,1,2404,4),(2405,1,2405,3),(2406,1,2406,4),(2407,1,2407,5),(2408,1,2408,2),(2409,1,2409,1),(2410,1,2410,2),(2411,1,2411,3),(2412,1,2412,4),(2413,1,2413,1),(2414,1,2414,2),(2415,1,2415,3),(2416,1,2416,4),(2417,1,2417,1),(2418,1,2418,2),(2419,1,2419,3),(2420,1,2420,4),(2421,1,2421,1),(2422,1,2422,2),(2423,1,2423,3),(2424,1,2424,4),(2425,1,2425,1),(2426,1,2426,2),(2427,1,2427,3),(2428,1,2428,4),(2429,1,2429,5),(2430,1,2430,1),(2431,1,2431,2),(2432,1,2432,3),(2433,1,2433,4),(2434,1,2434,5),(2435,1,2435,1),(2436,1,2436,2),(2437,1,2437,3),(2438,1,2438,4),(2439,1,2439,1),(2440,1,2440,2),(2441,1,2441,3),(2442,1,2442,4),(2447,1,2447,1),(2448,1,2448,2),(2449,1,2449,3),(2450,1,2450,4),(2451,1,2451,5),(2452,1,2452,6),(2453,1,2453,1),(2454,1,2454,2),(2455,1,2455,3),(2456,1,2456,4),(2457,1,2457,1),(2458,1,2458,2),(2459,1,2459,3),(2460,1,2460,4),(2461,1,2461,1),(2462,1,2462,2),(2463,1,2463,3),(2464,1,2464,4),(2465,1,2465,1),(2466,1,2466,2),(2467,1,2467,3),(2468,1,2468,1),(2469,1,2469,2),(2470,1,2470,3),(2471,1,2471,4),(2472,1,2472,1),(2473,1,2473,2),(2474,1,2474,3),(2475,1,2475,1),(2476,1,2476,2),(2477,1,2477,3),(2478,1,2478,4),(2479,1,2479,1),(2480,1,2480,2),(2481,1,2481,3),(2482,1,2482,4),(2483,1,2483,1),(2484,1,2484,2),(2485,1,2485,3),(2486,1,2486,4),(2487,1,2487,1),(2488,1,2488,2),(2489,1,2489,3),(2490,1,2490,1),(2491,1,2491,2),(2492,1,2492,3),(2493,1,2493,4),(2494,1,2494,1),(2495,1,2495,2),(2496,1,2496,3),(2497,1,2497,4),(2498,1,2498,1),(2499,1,2499,2),(2500,1,2500,3),(2501,1,2501,4),(2502,1,2502,1),(2503,1,2503,2),(2504,1,2504,3),(2505,1,2505,4),(2506,1,2506,1),(2507,1,2507,2),(2508,1,2508,3),(2509,1,2509,1),(2510,1,2510,2),(2511,1,2511,3),(2512,1,2512,4),(2513,1,2513,1),(2514,1,2514,2),(2515,1,2515,3),(2516,1,2516,4),(2517,1,2517,5),(2518,1,2518,6),(2519,1,2519,7),(2520,1,2520,1),(2521,1,2521,2),(2522,1,2522,3),(2523,1,2523,4),(2524,1,2524,5),(2525,1,2525,1),(2526,1,2526,2),(2527,1,2527,3),(2528,1,2528,4),(2529,1,2529,1),(2530,1,2530,2),(2531,1,2531,3),(2532,1,2532,4),(2533,1,2533,1),(2534,1,2534,2),(2535,1,2535,3),(2536,1,2536,4),(2537,1,2537,1),(2538,1,2538,2),(2539,1,2539,3),(2540,1,2540,4),(2541,1,2541,5),(2542,1,2542,1),(2543,1,2543,2),(2544,1,2544,3),(2545,1,2545,4),(2546,1,2546,5),(2552,1,2552,1),(2553,1,2553,2),(2554,1,2554,3),(2555,1,2555,4),(2556,1,2556,5),(2557,1,2557,1),(2558,1,2558,2),(2559,1,2559,3),(2560,1,2560,4),(2561,1,2561,5),(2562,1,2562,1),(2563,1,2563,2),(2564,1,2564,3),(2565,1,2565,4),(2566,1,2566,1),(2567,1,2567,2),(2568,1,2568,3),(2569,1,2569,4),(2570,1,2570,1),(2571,1,2571,2),(2572,1,2572,3),(2573,1,2573,4),(2574,1,2574,1),(2575,1,2575,2),(2576,1,2576,3),(2577,1,2577,4),(2578,1,2578,5),(2579,1,2579,1),(2580,1,2580,2),(2581,1,2581,3),(2582,1,2582,4),(2583,1,2583,1),(2584,1,2584,2),(2585,1,2585,3),(2586,1,2586,4),(2587,1,2587,1),(2588,1,2588,2),(2589,1,2589,3),(2590,1,2590,4),(2591,1,2591,1),(2592,1,2592,2),(2593,1,2593,3),(2594,1,2594,4),(2595,1,2595,1),(2596,1,2596,2),(2597,1,2597,3),(2598,1,2598,4),(2599,1,2599,5),(2608,1,2608,1),(2609,1,2609,2),(2610,1,2610,3),(2611,1,2611,4),(2612,1,2612,1),(2613,1,2613,2),(2614,1,2614,3),(2615,1,2615,1),(2616,1,2616,2),(2617,1,2617,3),(2618,1,2618,4),(2619,1,2619,5),(2620,1,2620,1),(2621,1,2621,2),(2622,1,2622,3),(2623,1,2623,4),(2624,1,2624,1),(2625,1,2625,2),(2626,1,2626,3),(2627,1,2627,4),(2628,1,2628,1),(2629,1,2629,2),(2630,1,2630,3),(2631,1,2631,4),(2632,1,2632,1),(2633,1,2633,2),(2634,1,2634,3),(2635,1,2635,1),(2636,1,2636,2),(2637,1,2637,3),(2638,1,2638,4),(2639,1,2639,1),(2640,1,2640,2),(2641,1,2641,3),(2642,1,2642,1),(2643,1,2643,2),(2644,1,2644,3),(2645,1,2645,4),(2646,1,2646,1),(2647,1,2647,2),(2648,1,2648,3),(2649,1,2649,4),(2650,1,2650,1),(2651,1,2651,2),(2652,1,2652,3),(2653,1,2653,4),(2662,1,2662,1),(2663,1,2663,2),(2664,1,2664,3),(2665,1,2665,4),(2666,1,2666,1),(2667,1,2667,2),(2668,1,2668,3),(2669,1,2669,4),(2674,1,2674,1),(2675,1,2675,2),(2676,1,2676,3),(2677,1,2677,4);

--
-- Table structure for table `catalog_product_link_attribute_varchar`
--

CREATE TABLE `catalog_product_link_attribute_varchar` (
  `value_id` int(10) unsigned NOT NULL AUTO_INCREMENT COMMENT 'Value ID',
  `product_link_attribute_id` smallint(5) unsigned NOT NULL DEFAULT '0' COMMENT 'Product Link Attribute ID',
  `link_id` int(10) unsigned NOT NULL COMMENT 'Link ID',
  `value` varchar(255) DEFAULT NULL COMMENT 'Value',
  PRIMARY KEY (`value_id`),
  UNIQUE KEY `CAT_PRD_LNK_ATTR_VCHR_PRD_LNK_ATTR_ID_LNK_ID` (`product_link_attribute_id`,`link_id`),
  KEY `CATALOG_PRODUCT_LINK_ATTRIBUTE_VARCHAR_LINK_ID` (`link_id`),
  CONSTRAINT `CAT_PRD_LNK_ATTR_VCHR_LNK_ID_CAT_PRD_LNK_LNK_ID` FOREIGN KEY (`link_id`) REFERENCES `catalog_product_link` (`link_id`) ON DELETE CASCADE,
  CONSTRAINT `FK_DEE9C4DA61CFCC01DFCF50F0D79CEA51` FOREIGN KEY (`product_link_attribute_id`) REFERENCES `catalog_product_link_attribute` (`product_link_attribute_id`) ON DELETE CASCADE
) ENGINE=InnoDB DEFAULT CHARSET=utf8 COMMENT='Catalog Product Link Varchar Attribute Table';

--
-- Dumping data for table `catalog_product_link_attribute_varchar`
--


--
-- Table structure for table `catalog_product_link_type`
--

CREATE TABLE `catalog_product_link_type` (
  `link_type_id` smallint(5) unsigned NOT NULL AUTO_INCREMENT COMMENT 'Link Type ID',
  `code` varchar(32) DEFAULT NULL COMMENT 'Code',
  PRIMARY KEY (`link_type_id`)
) ENGINE=InnoDB AUTO_INCREMENT=6 DEFAULT CHARSET=utf8 COMMENT='Catalog Product Link Type Table';

--
-- Dumping data for table `catalog_product_link_type`
--

INSERT INTO `catalog_product_link_type` VALUES (1,'relation'),(3,'super'),(4,'up_sell'),(5,'cross_sell');

--
-- Table structure for table `catalog_product_option`
--

CREATE TABLE `catalog_product_option` (
  `option_id` int(10) unsigned NOT NULL AUTO_INCREMENT COMMENT 'Option ID',
  `product_id` int(10) unsigned NOT NULL DEFAULT '0' COMMENT 'Product ID',
  `type` varchar(50) DEFAULT NULL COMMENT 'Type',
  `is_require` smallint(6) NOT NULL DEFAULT '1' COMMENT 'Is Required',
  `sku` varchar(64) DEFAULT NULL COMMENT 'SKU',
  `max_characters` int(10) unsigned DEFAULT NULL COMMENT 'Max Characters',
  `file_extension` varchar(50) DEFAULT NULL COMMENT 'File Extension',
  `image_size_x` smallint(5) unsigned DEFAULT NULL COMMENT 'Image Size X',
  `image_size_y` smallint(5) unsigned DEFAULT NULL COMMENT 'Image Size Y',
  `sort_order` int(10) unsigned NOT NULL DEFAULT '0' COMMENT 'Sort Order',
  PRIMARY KEY (`option_id`),
  KEY `CATALOG_PRODUCT_OPTION_PRODUCT_ID` (`product_id`),
  CONSTRAINT `CAT_PRD_OPT_PRD_ID_CAT_PRD_ENTT_ENTT_ID` FOREIGN KEY (`product_id`) REFERENCES `catalog_product_entity` (`entity_id`) ON DELETE CASCADE
) ENGINE=InnoDB DEFAULT CHARSET=utf8 COMMENT='Catalog Product Option Table';

--
-- Dumping data for table `catalog_product_option`
--


--
-- Table structure for table `catalog_product_option_price`
--

CREATE TABLE `catalog_product_option_price` (
  `option_price_id` int(10) unsigned NOT NULL AUTO_INCREMENT COMMENT 'Option Price ID',
  `option_id` int(10) unsigned NOT NULL DEFAULT '0' COMMENT 'Option ID',
  `store_id` smallint(5) unsigned NOT NULL DEFAULT '0' COMMENT 'Store ID',
  `price` decimal(20,6) NOT NULL DEFAULT '0.000000' COMMENT 'Price',
  `price_type` varchar(7) NOT NULL DEFAULT 'fixed' COMMENT 'Price Type',
  PRIMARY KEY (`option_price_id`),
  UNIQUE KEY `CATALOG_PRODUCT_OPTION_PRICE_OPTION_ID_STORE_ID` (`option_id`,`store_id`),
  KEY `CATALOG_PRODUCT_OPTION_PRICE_STORE_ID` (`store_id`),
  CONSTRAINT `CATALOG_PRODUCT_OPTION_PRICE_STORE_ID_STORE_STORE_ID` FOREIGN KEY (`store_id`) REFERENCES `store` (`store_id`) ON DELETE CASCADE,
  CONSTRAINT `CAT_PRD_OPT_PRICE_OPT_ID_CAT_PRD_OPT_OPT_ID` FOREIGN KEY (`option_id`) REFERENCES `catalog_product_option` (`option_id`) ON DELETE CASCADE
) ENGINE=InnoDB DEFAULT CHARSET=utf8 COMMENT='Catalog Product Option Price Table';

--
-- Dumping data for table `catalog_product_option_price`
--


--
-- Table structure for table `catalog_product_option_title`
--

CREATE TABLE `catalog_product_option_title` (
  `option_title_id` int(10) unsigned NOT NULL AUTO_INCREMENT COMMENT 'Option Title ID',
  `option_id` int(10) unsigned NOT NULL DEFAULT '0' COMMENT 'Option ID',
  `store_id` smallint(5) unsigned NOT NULL DEFAULT '0' COMMENT 'Store ID',
  `title` varchar(255) DEFAULT NULL COMMENT 'Title',
  PRIMARY KEY (`option_title_id`),
  UNIQUE KEY `CATALOG_PRODUCT_OPTION_TITLE_OPTION_ID_STORE_ID` (`option_id`,`store_id`),
  KEY `CATALOG_PRODUCT_OPTION_TITLE_STORE_ID` (`store_id`),
  CONSTRAINT `CATALOG_PRODUCT_OPTION_TITLE_STORE_ID_STORE_STORE_ID` FOREIGN KEY (`store_id`) REFERENCES `store` (`store_id`) ON DELETE CASCADE,
  CONSTRAINT `CAT_PRD_OPT_TTL_OPT_ID_CAT_PRD_OPT_OPT_ID` FOREIGN KEY (`option_id`) REFERENCES `catalog_product_option` (`option_id`) ON DELETE CASCADE
) ENGINE=InnoDB DEFAULT CHARSET=utf8 COMMENT='Catalog Product Option Title Table';

--
-- Dumping data for table `catalog_product_option_title`
--


--
-- Table structure for table `catalog_product_option_type_price`
--

CREATE TABLE `catalog_product_option_type_price` (
  `option_type_price_id` int(10) unsigned NOT NULL AUTO_INCREMENT COMMENT 'Option Type Price ID',
  `option_type_id` int(10) unsigned NOT NULL DEFAULT '0' COMMENT 'Option Type ID',
  `store_id` smallint(5) unsigned NOT NULL DEFAULT '0' COMMENT 'Store ID',
  `price` decimal(20,6) NOT NULL DEFAULT '0.000000' COMMENT 'Price',
  `price_type` varchar(7) NOT NULL DEFAULT 'fixed' COMMENT 'Price Type',
  PRIMARY KEY (`option_type_price_id`),
  UNIQUE KEY `CATALOG_PRODUCT_OPTION_TYPE_PRICE_OPTION_TYPE_ID_STORE_ID` (`option_type_id`,`store_id`),
  KEY `CATALOG_PRODUCT_OPTION_TYPE_PRICE_STORE_ID` (`store_id`),
  CONSTRAINT `CATALOG_PRODUCT_OPTION_TYPE_PRICE_STORE_ID_STORE_STORE_ID` FOREIGN KEY (`store_id`) REFERENCES `store` (`store_id`) ON DELETE CASCADE,
  CONSTRAINT `FK_B523E3378E8602F376CC415825576B7F` FOREIGN KEY (`option_type_id`) REFERENCES `catalog_product_option_type_value` (`option_type_id`) ON DELETE CASCADE
) ENGINE=InnoDB DEFAULT CHARSET=utf8 COMMENT='Catalog Product Option Type Price Table';

--
-- Dumping data for table `catalog_product_option_type_price`
--


--
-- Table structure for table `catalog_product_option_type_title`
--

CREATE TABLE `catalog_product_option_type_title` (
  `option_type_title_id` int(10) unsigned NOT NULL AUTO_INCREMENT COMMENT 'Option Type Title ID',
  `option_type_id` int(10) unsigned NOT NULL DEFAULT '0' COMMENT 'Option Type ID',
  `store_id` smallint(5) unsigned NOT NULL DEFAULT '0' COMMENT 'Store ID',
  `title` varchar(255) DEFAULT NULL COMMENT 'Title',
  PRIMARY KEY (`option_type_title_id`),
  UNIQUE KEY `CATALOG_PRODUCT_OPTION_TYPE_TITLE_OPTION_TYPE_ID_STORE_ID` (`option_type_id`,`store_id`),
  KEY `CATALOG_PRODUCT_OPTION_TYPE_TITLE_STORE_ID` (`store_id`),
  CONSTRAINT `CATALOG_PRODUCT_OPTION_TYPE_TITLE_STORE_ID_STORE_STORE_ID` FOREIGN KEY (`store_id`) REFERENCES `store` (`store_id`) ON DELETE CASCADE,
  CONSTRAINT `FK_C085B9CF2C2A302E8043FDEA1937D6A2` FOREIGN KEY (`option_type_id`) REFERENCES `catalog_product_option_type_value` (`option_type_id`) ON DELETE CASCADE
) ENGINE=InnoDB DEFAULT CHARSET=utf8 COMMENT='Catalog Product Option Type Title Table';

--
-- Dumping data for table `catalog_product_option_type_title`
--


--
-- Table structure for table `catalog_product_option_type_value`
--

CREATE TABLE `catalog_product_option_type_value` (
  `option_type_id` int(10) unsigned NOT NULL AUTO_INCREMENT COMMENT 'Option Type ID',
  `option_id` int(10) unsigned NOT NULL DEFAULT '0' COMMENT 'Option ID',
  `sku` varchar(64) DEFAULT NULL COMMENT 'SKU',
  `sort_order` int(10) unsigned NOT NULL DEFAULT '0' COMMENT 'Sort Order',
  PRIMARY KEY (`option_type_id`),
  KEY `CATALOG_PRODUCT_OPTION_TYPE_VALUE_OPTION_ID` (`option_id`),
  CONSTRAINT `CAT_PRD_OPT_TYPE_VAL_OPT_ID_CAT_PRD_OPT_OPT_ID` FOREIGN KEY (`option_id`) REFERENCES `catalog_product_option` (`option_id`) ON DELETE CASCADE
) ENGINE=InnoDB DEFAULT CHARSET=utf8 COMMENT='Catalog Product Option Type Value Table';

--
-- Dumping data for table `catalog_product_option_type_value`
--


--
-- Table structure for table `catalog_product_relation`
--

CREATE TABLE `catalog_product_relation` (
  `parent_id` int(10) unsigned NOT NULL COMMENT 'Parent ID',
  `child_id` int(10) unsigned NOT NULL COMMENT 'Child ID',
  PRIMARY KEY (`parent_id`,`child_id`),
  KEY `CATALOG_PRODUCT_RELATION_CHILD_ID` (`child_id`),
  CONSTRAINT `CAT_PRD_RELATION_CHILD_ID_CAT_PRD_ENTT_ENTT_ID` FOREIGN KEY (`child_id`) REFERENCES `catalog_product_entity` (`entity_id`) ON DELETE CASCADE,
  CONSTRAINT `CAT_PRD_RELATION_PARENT_ID_CAT_PRD_ENTT_ENTT_ID` FOREIGN KEY (`parent_id`) REFERENCES `catalog_product_entity` (`entity_id`) ON DELETE CASCADE
) ENGINE=InnoDB DEFAULT CHARSET=utf8 COMMENT='Catalog Product Relation Table';

--
-- Dumping data for table `catalog_product_relation`
--

INSERT INTO `catalog_product_relation` VALUES (51,130),(51,131),(7,157),(7,158),(7,159),(9,163),(9,164),(9,165),(10,166),(10,167),(10,168),(10,169),(11,170),(11,171),(12,172),(12,173),(12,174),(17,186),(17,187),(17,188),(17,189),(18,190),(18,191),(18,192),(18,193),(19,194),(19,195),(19,196),(22,203),(22,204),(22,205),(22,206),(24,207),(24,208),(24,209),(26,217),(26,218),(26,219),(26,220),(26,221),(30,228),(30,229),(30,230),(31,231),(31,232),(32,233),(32,234),(33,235),(33,236),(33,237),(33,238),(41,257),(41,258),(41,259),(41,260),(43,265),(43,266),(43,267),(43,268),(43,269),(44,270),(44,271),(45,272),(45,273),(45,274),(45,275),(45,276),(48,285),(48,286),(50,290),(50,291),(50,292),(54,300),(54,301),(54,302),(54,303),(54,304),(54,305),(56,309),(56,310),(56,311),(57,312),(57,313),(57,314),(57,315),(58,316),(58,317),(59,318),(59,319),(59,320),(59,321),(60,322),(60,323),(60,324),(60,325),(60,326),(60,327),(61,328),(61,329),(64,334),(64,335),(64,336),(64,337),(65,338),(65,339),(65,340),(66,341),(66,342),(66,343),(66,344),(66,345),(69,350),(69,351),(69,352),(69,353),(70,354),(70,355),(70,356),(70,357),(71,358),(71,359),(71,360),(72,364),(72,365),(72,366),(72,367),(73,368),(73,369),(73,370),(73,371),(73,372),(73,373),(73,374),(73,375),(74,378),(74,379),(75,380),(75,381),(75,382),(75,383),(75,384),(76,385),(76,386),(76,387),(77,388),(77,389),(77,390),(80,397),(80,398),(80,399),(80,400),(81,401),(81,402),(81,403),(81,404),(81,405),(81,406),(82,407),(82,408),(82,409),(82,410),(82,411),(84,416),(84,417),(84,418),(84,419),(84,420),(84,421),(84,422),(84,423),(84,424),(84,425),(87,437),(87,438),(87,439),(88,440),(88,441),(88,442),(89,449),(89,450),(89,451),(89,452),(89,453),(89,454),(91,455),(91,456),(91,457),(93,461),(93,462),(93,463),(93,464),(95,465),(95,466),(95,467),(98,471),(98,472),(98,473),(98,474),(100,478),(100,479),(100,480),(103,488),(103,489),(103,490),(105,495),(105,496),(105,497),(106,498),(106,499),(106,500),(108,501),(108,502),(108,503),(107,504),(107,505),(107,506),(107,507),(107,508),(107,509),(109,510),(109,511),(109,512),(110,513),(110,514),(110,515),(111,516),(112,517),(112,518),(112,519),(113,520),(113,521),(113,522),(114,523),(115,524),(115,525),(115,526),(116,527),(117,528),(117,529),(117,530),(118,531),(119,532),(119,533),(119,534),(120,535),(120,536),(120,537),(122,538),(122,539),(122,540),(121,541),(123,542),(123,543),(124,544),(125,545),(126,546),(127,547),(128,548),(20,549),(20,550),(20,551),(20,552),(20,553),(20,554),(20,555),(20,556),(20,557),(20,558),(20,559),(20,560),(20,561),(20,562),(20,563),(20,564),(20,565),(20,566),(20,567),(20,568),(20,569),(20,570),(20,571),(20,572),(20,573),(20,574),(20,575),(20,576),(20,577),(20,578),(3,579),(3,580),(3,581),(3,582),(3,583),(3,584),(3,585),(3,586),(3,587),(3,588),(3,589),(3,590),(3,591),(3,592),(3,593),(3,594),(3,595),(3,596),(3,597),(3,598),(3,599),(3,600),(3,601),(3,602),(3,603),(3,604),(3,605),(3,606),(3,607),(3,608),(3,609),(3,610),(3,611),(3,612),(3,613),(35,614),(35,615),(35,616),(35,617),(35,618),(35,619),(35,620),(35,621),(35,622),(35,623),(35,624),(35,625),(35,626),(35,627),(35,628),(35,629),(35,630),(35,631),(35,632),(35,633),(35,634),(35,635),(35,636),(35,637),(35,638),(35,639),(35,640),(35,641),(35,642),(35,643),(29,644),(29,645),(29,646),(29,647),(29,648),(29,649),(29,650),(29,651),(29,652),(29,653),(29,654),(29,655),(29,656),(29,657),(29,658),(29,659),(29,660),(29,661),(29,662),(29,663),(29,664),(29,665),(29,666),(29,667),(29,668),(29,669),(29,670),(29,671),(29,672),(29,673),(15,674),(15,675),(15,676),(15,677),(15,678),(15,679),(15,680),(15,681),(15,682),(15,683),(15,684),(15,685),(15,686),(15,687),(15,688),(15,689),(15,690),(15,691),(15,692),(15,693),(15,694),(15,695),(15,696),(15,697),(15,698),(5,699),(5,700),(5,701),(5,702),(5,703),(5,704),(5,705),(5,706),(5,707),(5,708),(5,709),(5,710),(5,711),(5,712),(5,713),(46,714),(46,715),(46,716),(46,717),(46,718),(46,719),(46,720),(46,721),(46,722),(46,723),(46,724),(46,725),(46,726),(46,727),(46,728),(46,729),(46,730),(46,731),(46,732),(46,733),(8,734),(8,735),(8,736),(8,737),(8,738),(8,739),(8,740),(8,741),(8,742),(8,743),(8,744),(8,745),(8,746),(8,747),(8,748),(47,749),(47,750),(47,751),(47,752),(47,753),(47,754),(47,755),(47,756),(47,757),(47,758),(47,759),(47,760),(47,761),(47,762),(47,763),(47,764),(47,765),(47,766),(47,767),(47,768),(53,769),(53,770),(53,771),(53,772),(53,773),(53,774),(53,775),(53,776),(53,777),(53,778),(53,779),(53,780),(53,781),(53,782),(53,783),(53,784),(53,785),(53,786),(53,787),(53,788),(49,789),(49,790),(49,791),(49,792),(49,793),(49,794),(49,795),(49,796),(49,797),(49,798),(49,799),(49,800),(49,801),(49,802),(49,803),(42,804),(42,805),(42,806),(42,807),(42,808),(42,809),(42,810),(42,811),(42,812),(42,813),(42,814),(42,815),(42,816),(42,817),(42,818),(42,819),(42,820),(42,821),(42,822),(42,823),(101,824),(101,825),(101,826),(101,827),(101,828),(101,829),(101,830),(101,831),(101,832),(101,833),(101,834),(101,835),(101,836),(101,837),(101,838),(101,839),(101,840),(101,841),(101,842),(101,843),(34,844),(34,845),(34,846),(34,847),(34,848),(34,849),(34,850),(34,851),(34,852),(34,853),(34,854),(34,855),(34,856),(34,857),(34,858),(34,859),(34,860),(34,861),(34,862),(34,863),(38,864),(38,865),(38,866),(38,867),(38,868),(38,869),(38,870),(38,871),(38,872),(38,873),(38,874),(38,875),(38,876),(38,877),(38,878),(36,879),(36,880),(36,881),(36,882),(36,883),(36,884),(36,885),(36,886),(36,887),(36,888),(36,889),(36,890),(36,891),(36,892),(36,893),(36,894),(36,895),(36,896),(36,897),(36,898),(36,899),(36,900),(36,901),(36,902),(36,903),(104,904),(104,905),(104,906),(104,907),(104,908),(104,909),(104,910),(104,911),(104,912),(104,913),(104,914),(104,915),(99,930),(99,931),(99,932),(97,939),(97,940),(97,941),(2,942),(2,943),(2,944),(2,945),(2,946),(2,947),(43,948),(43,949),(43,950),(43,951),(43,952),(43,953),(43,954),(43,955),(43,956),(43,957),(6,958),(6,959),(25,972),(25,973),(25,974),(25,975),(25,976),(25,977),(25,978),(25,979),(25,980),(25,981),(25,982),(25,983),(25,984),(25,985),(16,986),(16,987),(16,988),(16,989),(16,990),(16,991),(16,992),(16,993),(16,994),(16,995),(16,996),(16,997),(16,998),(16,999),(16,1000),(16,1001),(16,1002),(16,1003),(4,1004),(4,1005),(4,1006),(4,1007),(4,1008),(4,1009),(4,1010),(4,1011),(4,1012),(4,1013),(1,1014),(1,1015),(1,1016),(1,1017),(1,1018),(1,1019),(1,1020),(1,1021),(1,1022),(78,1023),(78,1024),(78,1025),(78,1026),(78,1027),(78,1028),(55,1029),(55,1030),(55,1031),(55,1032),(55,1033),(55,1034),(68,1035),(68,1036),(68,1037),(68,1038),(68,1039),(68,1040),(68,1041),(68,1042),(85,1043),(85,1044),(85,1045),(85,1046),(85,1047),(85,1048),(63,1049),(63,1050),(63,1051),(63,1052),(63,1053),(63,1054),(63,1055),(63,1056),(79,1057),(79,1058),(79,1059),(79,1060),(79,1061),(79,1062),(92,1063),(92,1064),(92,1065),(92,1066),(92,1067),(92,1068),(102,1069),(102,1070),(102,1071),(102,1072),(102,1073),(102,1074),(83,1075),(83,1076),(83,1077),(83,1078),(83,1079),(83,1080),(83,1081),(83,1082),(66,1083),(66,1084),(66,1085),(66,1086),(66,1087),(88,1088),(88,1089),(88,1090),(83,1091),(83,1092),(83,1093),(83,1094),(102,1095),(102,1096),(102,1097),(92,1098),(92,1099),(92,1100),(79,1101),(79,1102),(79,1103),(87,1104),(87,1105),(87,1106),(103,1107),(103,1108),(103,1109),(98,1110),(98,1111),(98,1112),(98,1113),(93,1114),(93,1115),(93,1116),(93,1117),(91,1118),(91,1119),(91,1120),(100,1121),(100,1122),(100,1123),(95,1124),(95,1125),(95,1126),(76,1127),(76,1128),(76,1129),(71,1130),(71,1131),(71,1132),(51,1133),(51,1134),(71,1135),(71,1136),(71,1137),(108,1138),(108,1139),(108,1140),(33,1141),(33,1142),(33,1143),(33,1144),(7,1145),(7,1146),(7,1147),(10,1148),(10,1149),(10,1150),(10,1151),(70,1152),(70,1153),(70,1154),(70,1155),(17,1156),(17,1157),(17,1158),(17,1159),(123,1160),(123,1161),(11,1162),(11,1163),(120,1164),(120,1165),(120,1166),(72,1167),(72,1168),(72,1169),(72,1170),(80,1171),(80,1172),(80,1173),(80,1174),(26,1175),(26,1176),(26,1177),(26,1178),(26,1179),(64,1180),(64,1181),(64,1182),(64,1183),(12,1184),(12,1185),(12,1186),(59,1187),(59,1188),(59,1189),(59,1190),(82,1191),(82,1192),(82,1193),(82,1194),(82,1195),(115,1196),(115,1197),(115,1198),(122,1199),(122,1200),(122,1201),(106,1202),(106,1203),(106,1204),(117,1205),(117,1206),(117,1207),(113,1208),(113,1209),(113,1210),(105,1211),(105,1212),(105,1213),(75,1214),(75,1215),(75,1216),(75,1217),(75,1218),(19,1219),(19,1220),(19,1221),(54,1222),(54,1223),(54,1224),(54,1225),(54,1226),(54,1227),(50,1228),(50,1229),(50,1230),(119,1231),(119,1232),(119,1233),(41,1234),(41,1235),(41,1236),(41,1237),(18,1238),(18,1239),(18,1240),(18,1241),(45,1242),(45,1243),(45,1244),(45,1245),(45,1246),(69,1247),(69,1248),(69,1249),(69,1250),(60,1251),(60,1252),(60,1253),(60,1254),(60,1255),(60,1256),(57,1257),(57,1258),(57,1259),(57,1260),(84,1261),(84,1262),(84,1263),(84,1264),(84,1265),(89,1266),(89,1267),(89,1268),(89,1269),(89,1270),(89,1271),(86,1272),(86,1273),(86,1274),(86,1275),(86,1276),(86,1277),(86,1278),(86,1279),(22,1280),(22,1281),(22,1282),(22,1283),(56,1284),(56,1285),(56,1286),(77,1287),(77,1288),(77,1289),(9,1290),(9,1291),(9,1292),(30,1293),(30,1294),(30,1295),(110,1296),(110,1297),(110,1298),(109,1299),(109,1300),(109,1301),(112,1302),(112,1303),(112,1304),(24,1305),(24,1306),(24,1307),(114,1308),(58,1309),(58,1310),(128,1311),(31,1312),(31,1313),(127,1314),(48,1315),(48,1316),(126,1317),(125,1318),(124,1319),(121,1320),(118,1321),(65,1322),(65,1323),(65,1324),(74,1325),(74,1326),(32,1327),(32,1328),(61,1329),(61,1330),(111,1331),(116,1332),(44,1343),(44,1344),(1413,1383),(1413,1384),(1413,1385),(1413,1386),(1413,1387),(1413,1388),(1413,1389),(1413,1390),(1413,1391),(1413,1392),(1413,1393),(1413,1394),(1413,1395),(1413,1396),(1413,1397),(1413,1398),(1413,1399),(1413,1400),(1413,1401),(1413,1402),(1413,1403),(1413,1404),(1413,1405),(1413,1406),(1413,1407),(1413,1408),(1413,1409),(1413,1410),(1413,1411),(1413,1412),(1351,1414),(1351,1415),(1351,1416),(1351,1417),(1351,1418),(1351,1419),(1455,1420),(1455,1421),(1455,1422),(1455,1423),(1455,1424),(1455,1425),(1455,1426),(1455,1427),(1455,1428),(1455,1429),(1455,1430),(1455,1431),(1455,1432),(1455,1433),(1455,1434),(1455,1435),(1455,1436),(1455,1437),(1455,1438),(1455,1439),(1455,1440),(1455,1441),(1455,1442),(1455,1443),(1455,1444),(1455,1445),(1455,1446),(1455,1447),(1455,1448),(1455,1449),(1455,1450),(1455,1451),(1455,1452),(1455,1453),(1455,1454),(1464,1456),(1464,1457),(1464,1458),(1464,1459),(1464,1460),(1464,1461),(1464,1462),(1464,1463),(1495,1465),(1495,1466),(1495,1467),(1495,1468),(1495,1469),(1495,1470),(1495,1471),(1495,1472),(1495,1473),(1495,1474),(1495,1475),(1495,1476),(1495,1477),(1495,1478),(1495,1479),(1495,1480),(1495,1481),(1495,1482),(1495,1483),(1495,1484),(1495,1485),(1495,1486),(1495,1487),(1495,1488),(1495,1489),(1495,1490),(1495,1491),(1495,1492),(1495,1493),(1495,1494),(1526,1496),(1526,1497),(1526,1498),(1526,1499),(1526,1500),(1526,1501),(1526,1502),(1526,1503),(1526,1504),(1526,1505),(1526,1506),(1526,1507),(1526,1508),(1526,1509),(1526,1510),(1526,1511),(1526,1512),(1526,1513),(1526,1514),(1526,1515),(1526,1516),(1526,1517),(1526,1518),(1526,1519),(1526,1520),(1526,1521),(1526,1522),(1526,1523),(1526,1524),(1526,1525),(1535,1527),(1535,1528),(1535,1529),(1535,1530),(1535,1531),(1535,1532),(1535,1533),(1535,1534),(1561,1536),(1561,1537),(1561,1538),(1561,1539),(1561,1540),(1561,1541),(1561,1542),(1561,1543),(1561,1544),(1561,1545),(1561,1546),(1561,1547),(1561,1548),(1561,1549),(1561,1550),(1561,1551),(1561,1552),(1561,1553),(1561,1554),(1561,1555),(1561,1556),(1561,1557),(1561,1558),(1561,1559),(1561,1560),(1568,1562),(1568,1563),(1568,1564),(1568,1565),(1568,1566),(1568,1567),(1583,1569),(1583,1570),(1583,1571),(1583,1572),(1596,1573),(1596,1574),(1583,1575),(1596,1576),(1596,1577),(1596,1578),(1583,1579),(1596,1580),(1596,1581),(1596,1582),(1596,1584),(1596,1585),(1596,1586),(1596,1587),(1596,1588),(1596,1589),(1596,1590),(1596,1591),(1596,1592),(1596,1593),(1596,1594),(1596,1595),(1604,1598),(1604,1599),(1604,1600),(1604,1601),(1604,1602),(1604,1603),(1597,1605),(1597,1606),(1597,1607),(1597,1608),(1597,1609),(1597,1610),(1597,1611),(1597,1612),(1597,1613),(1597,1614),(1597,1615),(1597,1616),(1597,1617),(1597,1618),(1597,1619),(1630,1620),(1630,1621),(1630,1622),(1630,1623),(1630,1624),(1630,1625),(1630,1626),(1630,1627),(1630,1628),(1630,1629),(1643,1631),(1643,1632),(1643,1633),(1643,1634),(1643,1635),(1643,1636),(1643,1637),(1643,1638),(1643,1639),(1643,1640),(1643,1641),(1643,1642),(1656,1644),(1656,1645),(1656,1646),(1656,1647),(1656,1648),(1656,1649),(1656,1650),(1656,1651),(1656,1652),(1656,1653),(1656,1654),(1656,1655),(1677,1657),(1677,1658),(1677,1659),(1677,1660),(1677,1661),(1677,1662),(1677,1663),(1677,1664),(1677,1665),(1677,1666),(1677,1667),(1677,1668),(1677,1669),(1677,1670),(1677,1671),(1677,1672),(1677,1673),(1677,1674),(1677,1675),(1677,1676),(1699,1678),(1699,1679),(1699,1680),(1699,1681),(1699,1682),(1699,1683),(1699,1684),(1699,1685),(1699,1686),(1699,1687),(1699,1688),(1699,1689),(1699,1690),(1699,1692),(1699,1693),(1699,1694),(1699,1695),(1699,1696),(1699,1697),(1699,1698),(1709,1700),(1709,1701),(1709,1702),(1709,1703),(1709,1704),(1709,1705),(1709,1706),(1709,1707),(1709,1708),(1725,1710),(1725,1711),(1725,1712),(1725,1713),(1725,1714),(1725,1715),(1725,1716),(1725,1717),(1725,1718),(1725,1719),(1725,1720),(1725,1721),(1725,1722),(1725,1723),(1725,1724),(1735,1726),(1735,1727),(1735,1728),(1735,1729),(1735,1730),(1735,1731),(1735,1732),(1735,1733),(1735,1734),(1756,1736),(1756,1737),(1756,1738),(1756,1739),(1756,1740),(1756,1741),(1756,1742),(1756,1743),(1756,1744),(1756,1745),(1756,1746),(1756,1747),(1756,1748),(1756,1749),(1756,1750),(1756,1751),(1756,1752),(1756,1753),(1756,1754),(1756,1755),(1777,1757),(1777,1758),(1777,1759),(1777,1760),(1777,1761),(1777,1762),(1777,1763),(1777,1764),(1777,1765),(1777,1766),(1777,1767),(1777,1768),(1777,1769),(1777,1770),(1777,1771),(1777,1772),(1777,1773),(1777,1774),(1777,1775),(1777,1776),(1787,1778),(1787,1779),(1787,1780),(1787,1781),(1787,1782),(1787,1783),(1787,1784),(1787,1785),(1787,1786),(1808,1788),(1808,1789),(1808,1790),(1808,1791),(1808,1792),(1808,1793),(1808,1794),(1808,1795),(1808,1796),(1808,1797),(1808,1798),(1808,1799),(1808,1800),(1808,1801),(1808,1802),(1808,1803),(1808,1804),(1808,1805),(1808,1806),(1808,1807),(1817,1809),(1817,1810),(1817,1811),(1817,1812),(1817,1813),(1817,1814),(1817,1815),(1817,1816),(1840,1834),(1840,1835),(1840,1836),(1840,1837),(1840,1838),(1840,1839),(1866,1841),(1866,1842),(1866,1843),(1866,1844),(1866,1845),(1866,1846),(1866,1847),(1866,1848),(1866,1849),(1866,1850),(1866,1851),(1866,1852),(1866,1853),(1866,1854),(1866,1855),(1866,1856),(1866,1857),(1866,1858),(1866,1859),(1866,1860),(1866,1861),(1866,1862),(1866,1863),(1866,1864),(1866,1865),(1875,1867),(1875,1868),(1875,1869),(1875,1870),(1875,1871),(1875,1872),(1875,1873),(1875,1874),(1888,1876),(1888,1877),(1888,1878),(1888,1879),(1888,1880),(1888,1881),(1888,1882),(1888,1883),(1888,1884),(1888,1885),(1888,1886),(1888,1887),(1892,1889),(1892,1890),(1892,1891),(1896,1893),(1896,1894),(1896,1895),(1903,1897),(1903,1898),(1903,1899),(1903,1900),(1903,1901),(1903,1902),(1910,1904),(1910,1905),(1910,1906),(1910,1907),(1910,1908),(1910,1909),(1920,1911),(1920,1912),(1920,1913),(1920,1914),(1920,1915),(1920,1916),(1920,1917),(1920,1918),(1920,1919),(1943,1928),(1943,1929),(1943,1930),(1943,1931),(1943,1932),(1943,1933),(1943,1934),(1943,1935),(1943,1936),(1943,1937),(1943,1938),(1943,1939),(1943,1940),(1943,1941),(1943,1942),(1946,1944),(1946,1945),(1961,1947),(1961,1948),(1961,1949),(1961,1950),(1961,1951),(1961,1952),(1961,1953),(1961,1954),(1961,1955),(1961,1956),(1961,1957),(1961,1958),(1961,1959),(1961,1960),(1972,1962),(1972,1963),(1972,1964),(1972,1965),(1972,1966),(1972,1967),(1972,1968),(1972,1969),(1972,1970),(1972,1971),(1991,1973),(1991,1974),(1991,1975),(1991,1976),(1991,1977),(1991,1978),(1991,1979),(1991,1980),(1991,1981),(1991,1982),(1991,1983),(1991,1984),(1991,1985),(1991,1986),(1991,1987),(1991,1988),(1991,1989),(1991,1990),(1996,1992),(1996,1993),(1996,1994),(1996,1995),(2001,1997),(2001,1998),(2001,1999),(2001,2000),(2010,2002),(2010,2003),(2010,2004),(2010,2005),(2010,2006),(2010,2007),(2010,2008),(2010,2009),(2017,2011),(2017,2012),(2017,2013),(2017,2014),(2017,2015),(2017,2016),(2020,2018),(2020,2019),(2029,2021),(2029,2022),(2029,2023),(2029,2024),(2029,2025),(2029,2026),(2029,2027),(2029,2028),(2032,2030),(2032,2031),(2050,2042),(2050,2043),(2050,2044),(2050,2045),(2050,2046),(2050,2047),(2050,2048),(2050,2049),(2055,2051),(2055,2052),(2055,2053),(2055,2054),(2060,2056),(2060,2057),(2060,2058),(2060,2059),(2065,2061),(2065,2062),(2065,2063),(2065,2064),(2072,2066),(2072,2067),(2072,2068),(2072,2069),(2072,2070),(2072,2071),(2077,2073),(2077,2074),(2077,2075),(2077,2076),(2084,2078),(2084,2079),(2084,2080),(2084,2081),(2084,2082),(2084,2083),(2089,2085),(2089,2086),(2089,2087),(2089,2088),(2098,2090),(2098,2091),(2098,2092),(2098,2093),(2098,2094),(2098,2095),(2098,2096),(2098,2097),(2105,2099),(2105,2100),(2105,2101),(2105,2102),(2105,2103),(2105,2104),(2116,2106),(2116,2107),(2116,2108),(2116,2109),(2116,2110),(2116,2111),(2116,2112),(2116,2113),(2116,2114),(2116,2115),(2123,2117),(2123,2118),(2123,2119),(2123,2120),(2123,2121),(2123,2122),(2132,2124),(2132,2125),(2132,2126),(2132,2127),(2132,2128),(2132,2129),(2132,2130),(2132,2131),(2135,2133),(2135,2134),(2138,2136),(2138,2137),(2145,2139),(2145,2140),(2145,2141),(2145,2142),(2145,2143),(2145,2144),(2149,2146),(2149,2147),(2157,2148),(2157,2150),(2157,2151),(2157,2152),(2157,2153),(2157,2154),(2157,2155),(2157,2156),(2168,2158),(2168,2159),(2168,2160),(2168,2161),(2168,2162),(2168,2163),(2168,2164),(2168,2165),(2168,2166),(2168,2167),(2171,2169),(2171,2170),(2178,2172),(2178,2173),(2178,2174),(2178,2175),(2178,2176),(2178,2177),(2185,2179),(2185,2180),(2185,2181),(2185,2182),(2185,2183),(2185,2184),(2190,2186),(2190,2187),(2190,2188),(2190,2189),(2197,2191),(2197,2192),(2197,2193),(2197,2194),(2197,2195),(2197,2196),(2204,2198),(2204,2199),(2204,2200),(2204,2201),(2204,2202),(2204,2203),(2207,2205),(2207,2206),(2212,2208),(2212,2209),(2212,2210),(2212,2211),(2219,2213),(2219,2214),(2219,2215),(2219,2216),(2219,2217),(2219,2218),(2222,2220),(2222,2221),(2229,2223),(2229,2224),(2229,2225),(2229,2226),(2229,2227),(2229,2228),(2234,2230),(2234,2231),(2234,2232),(2234,2233),(2245,2235),(2245,2236),(2245,2237),(2245,2238),(2245,2239),(2245,2240),(2245,2241),(2245,2242),(2245,2243),(2245,2244),(2252,2246),(2252,2247),(2252,2248),(2252,2249),(2252,2250),(2252,2251),(2255,2253),(2255,2254),(2268,2256),(2268,2257),(2268,2258),(2268,2259),(2268,2260),(2268,2261),(2268,2262),(2268,2263),(2268,2264),(2268,2265),(2268,2266),(2268,2267),(2284,2278),(2284,2279),(2284,2280),(2284,2281),(2284,2282),(2284,2283),(2291,2285),(2291,2286),(2291,2287),(2291,2288),(2291,2289),(2291,2290),(2300,2292),(2300,2293),(2300,2294),(2300,2295),(2300,2296),(2300,2297),(2300,2298),(2300,2299),(2309,2301),(2309,2302),(2309,2303),(2309,2304),(2309,2305),(2309,2306),(2309,2307),(2309,2308),(2320,2310),(2320,2311),(2320,2312),(2320,2313),(2320,2314),(2320,2315),(2320,2316),(2320,2317),(2320,2318),(2320,2319),(2336,2330),(2336,2331),(2336,2332),(2336,2333),(2336,2334),(2336,2335),(2343,2337),(2343,2338),(2343,2339),(2343,2340),(2343,2341),(2343,2342),(2350,2344),(2350,2345),(2350,2346),(2350,2347),(2350,2348),(2350,2349),(2357,2351),(2357,2352),(2357,2353),(2357,2354),(2357,2355),(2357,2356),(2366,2358),(2366,2359),(2366,2360),(2366,2361),(2366,2362),(2366,2363),(2366,2364),(2366,2365),(2373,2367),(2373,2368),(2373,2369),(2373,2370),(2373,2371),(2373,2372),(2389,2374),(2389,2375),(2389,2376),(2389,2377),(2389,2378),(2389,2379),(2389,2380),(2389,2381),(2389,2382),(2389,2383),(2389,2384),(2389,2385),(2389,2386),(2389,2387),(2389,2388),(2396,2390),(2396,2391),(2396,2392),(2396,2393),(2396,2394),(2396,2395),(2403,2397),(2403,2398),(2403,2399),(2403,2400),(2403,2401),(2403,2402),(2410,2404),(2410,2405),(2410,2406),(2410,2407),(2410,2408),(2410,2409),(2417,2411),(2417,2412),(2417,2413),(2417,2414),(2417,2415),(2417,2416),(2424,2418),(2424,2419),(2424,2420),(2424,2421),(2424,2422),(2424,2423),(2431,2425),(2431,2426),(2431,2427),(2431,2428),(2431,2429),(2431,2430),(2440,2432),(2440,2433),(2440,2434),(2440,2435),(2440,2436),(2440,2437),(2440,2438),(2440,2439),(2456,2441),(2456,2442),(2456,2443),(2456,2444),(2456,2445),(2456,2446),(2456,2447),(2456,2448),(2456,2449),(2456,2450),(2456,2451),(2456,2452),(2456,2453),(2456,2454),(2456,2455),(2465,2457),(2465,2458),(2465,2459),(2465,2460),(2465,2461),(2465,2462),(2465,2463),(2465,2464),(2478,2466),(2478,2467),(2478,2468),(2478,2469),(2478,2470),(2478,2471),(2478,2472),(2478,2473),(2478,2474),(2478,2475),(2478,2476),(2478,2477),(2487,2479),(2487,2480),(2487,2481),(2487,2482),(2487,2483),(2487,2484),(2487,2485),(2487,2486),(2500,2488),(2500,2489),(2500,2490),(2500,2491),(2500,2492),(2500,2493),(2500,2494),(2500,2495),(2500,2496),(2500,2497),(2500,2498),(2500,2499),(2507,2501),(2507,2502),(2507,2503),(2507,2504),(2507,2505),(2507,2506),(2517,2508),(2517,2509),(2517,2510),(2517,2511),(2517,2512),(2517,2513),(2517,2514),(2517,2515),(2517,2516),(2524,2518),(2524,2519),(2524,2520),(2524,2521),(2524,2522),(2524,2523),(2533,2525),(2533,2526),(2533,2527),(2533,2528),(2533,2529),(2533,2530),(2533,2531),(2533,2532),(2542,2534),(2542,2535),(2542,2536),(2542,2537),(2542,2538),(2542,2539),(2542,2540),(2542,2541);

--
-- Table structure for table `catalog_product_super_attribute`
--

CREATE TABLE `catalog_product_super_attribute` (
  `product_super_attribute_id` int(10) unsigned NOT NULL AUTO_INCREMENT COMMENT 'Product Super Attribute ID',
  `product_id` int(10) unsigned NOT NULL DEFAULT '0' COMMENT 'Product ID',
  `attribute_id` smallint(5) unsigned NOT NULL DEFAULT '0' COMMENT 'Attribute ID',
  `position` smallint(5) unsigned NOT NULL DEFAULT '0' COMMENT 'Position',
  PRIMARY KEY (`product_super_attribute_id`),
  UNIQUE KEY `CATALOG_PRODUCT_SUPER_ATTRIBUTE_PRODUCT_ID_ATTRIBUTE_ID` (`product_id`,`attribute_id`),
  CONSTRAINT `CAT_PRD_SPR_ATTR_PRD_ID_CAT_PRD_ENTT_ENTT_ID` FOREIGN KEY (`product_id`) REFERENCES `catalog_product_entity` (`entity_id`) ON DELETE CASCADE
) ENGINE=InnoDB AUTO_INCREMENT=458 DEFAULT CHARSET=utf8 COMMENT='Catalog Product Super Attribute Table';

--
-- Dumping data for table `catalog_product_super_attribute`
--

INSERT INTO `catalog_product_super_attribute` VALUES (1,51,93,0),(2,51,212,1),(3,1,93,0),(4,1,212,1),(5,2,93,0),(6,2,212,1),(7,3,93,0),(8,3,208,1),(9,4,93,1),(10,4,208,0),(11,5,93,1),(12,5,208,0),(13,6,93,0),(14,6,208,1),(15,7,93,0),(16,7,212,1),(17,8,93,0),(18,8,208,1),(19,9,93,0),(20,9,212,1),(21,10,93,0),(22,10,212,1),(23,11,93,0),(24,11,212,1),(25,12,93,0),(26,12,212,1),(27,15,93,1),(28,15,208,0),(31,17,93,0),(32,17,212,1),(33,18,93,0),(34,18,212,1),(35,19,93,0),(36,19,212,1),(37,20,93,0),(38,20,208,1),(39,22,93,1),(40,22,212,0),(41,24,93,0),(42,24,212,1),(43,25,93,0),(44,25,208,1),(45,26,93,0),(46,26,212,1),(47,29,93,0),(48,29,208,1),(49,30,93,0),(50,30,212,1),(51,31,93,1),(52,31,212,0),(53,32,93,0),(54,32,212,1),(55,33,93,0),(56,33,212,1),(57,34,93,0),(58,34,212,1),(59,35,93,1),(60,35,208,0),(61,36,93,0),(62,36,212,1),(63,38,93,0),(64,38,212,1),(65,41,93,0),(66,41,212,1),(67,42,93,0),(68,42,212,1),(69,43,93,0),(70,43,208,1),(71,44,93,1),(72,44,212,0),(73,45,93,1),(74,45,212,0),(75,46,93,0),(76,46,212,1),(77,47,93,0),(78,47,212,1),(79,48,93,0),(80,48,212,1),(81,49,93,0),(82,49,212,1),(83,50,93,0),(84,50,212,1),(85,53,93,0),(86,53,212,1),(87,54,93,0),(88,54,208,1),(89,55,93,0),(90,55,212,1),(91,56,93,0),(92,56,212,1),(93,57,93,1),(94,57,212,0),(95,58,93,0),(96,58,212,1),(97,59,93,0),(98,59,212,1),(99,60,93,0),(100,60,208,1),(101,61,93,0),(102,61,212,1),(103,63,93,0),(104,63,212,1),(105,64,93,0),(106,64,212,1),(107,65,93,0),(108,65,212,1),(109,66,93,0),(110,66,212,1),(111,68,93,0),(112,68,212,1),(113,69,93,0),(114,69,208,1),(115,70,93,0),(116,70,212,1),(117,71,93,0),(118,71,212,1),(119,72,93,0),(120,72,212,1),(121,73,93,0),(122,73,212,1),(123,74,93,0),(124,74,212,1),(125,75,93,0),(126,75,208,1),(127,76,93,0),(128,76,212,1),(129,77,93,0),(130,77,212,1),(131,78,93,1),(132,78,212,0),(133,79,93,0),(134,79,212,1),(135,80,93,0),(136,80,212,1),(137,81,93,0),(138,81,212,1),(139,82,93,1),(140,82,208,0),(141,83,93,0),(142,83,212,1),(143,84,93,0),(144,84,208,1),(145,85,93,0),(146,85,212,1),(147,86,93,1),(148,86,208,0),(149,87,93,0),(150,87,212,1),(151,88,93,0),(152,88,212,1),(153,89,93,0),(154,89,208,1),(155,91,93,0),(156,91,212,1),(157,92,93,0),(158,92,212,1),(159,93,93,0),(160,93,212,1),(161,95,93,0),(162,95,212,1),(163,97,93,0),(164,97,212,1),(165,98,93,0),(166,98,212,1),(167,99,93,0),(168,99,212,1),(169,100,93,0),(170,100,212,1),(171,101,93,0),(172,101,212,1),(173,102,93,0),(174,102,212,1),(175,103,93,0),(176,103,212,1),(177,104,93,0),(178,104,212,1),(179,105,93,0),(180,105,212,1),(181,106,93,0),(182,106,212,1),(183,108,93,1),(184,108,212,0),(185,107,93,0),(186,107,212,1),(187,109,93,0),(188,109,212,1),(189,110,93,0),(190,110,212,1),(191,111,93,0),(192,111,212,1),(193,112,93,0),(194,112,212,1),(195,113,93,0),(196,113,212,1),(197,114,93,0),(198,114,212,1),(199,115,93,0),(200,115,212,1),(201,116,93,0),(202,116,212,1),(203,117,93,0),(204,117,212,1),(205,118,93,0),(206,118,212,1),(207,119,93,0),(208,119,212,1),(209,120,93,0),(210,120,212,1),(211,122,93,0),(212,122,212,1),(213,121,93,0),(214,121,212,1),(215,123,93,0),(216,123,212,1),(217,124,93,0),(218,125,93,0),(219,126,93,0),(220,127,93,0),(221,128,93,0),(222,16,93,0),(223,16,208,1),(230,1413,93,0),(231,1413,208,1),(232,1351,93,0),(233,1351,212,1),(234,1455,93,0),(235,1455,208,1),(236,1464,93,0),(237,1464,212,1),(238,1495,93,0),(239,1495,208,1),(240,1526,93,0),(241,1526,208,1),(242,1535,93,0),(243,1535,212,1),(244,1561,93,1),(245,1561,208,0),(246,1568,93,0),(247,1568,212,1),(248,1583,93,0),(249,1583,212,1),(250,1596,93,0),(251,1596,212,1),(252,1604,93,0),(253,1604,212,1),(254,1597,93,1),(255,1597,208,0),(256,1630,93,0),(257,1630,212,1),(258,1643,93,0),(259,1643,208,1),(260,1656,93,0),(261,1656,212,1),(262,1677,93,1),(263,1677,212,0),(264,1699,93,1),(265,1699,212,0),(266,1709,93,0),(267,1709,212,1),(268,1725,93,0),(269,1725,212,1),(270,1735,93,0),(271,1735,212,1),(272,1756,93,0),(273,1756,212,1),(274,1777,93,1),(275,1777,212,0),(276,1787,93,0),(277,1787,212,1),(278,1808,93,0),(279,1808,212,1),(280,1817,93,0),(281,1817,212,1),(284,1840,93,0),(285,1840,212,1),(286,1866,93,0),(287,1866,212,1),(288,1875,93,0),(289,1875,212,1),(290,1888,93,1),(291,1888,212,0),(292,1892,93,1),(293,1892,212,0),(294,1896,93,0),(295,1896,212,1),(296,1903,93,0),(297,1903,212,1),(298,1910,93,0),(299,1910,212,1),(300,1920,93,0),(301,1920,212,1),(304,1943,93,1),(305,1943,208,0),(306,1946,93,0),(307,1946,208,1),(308,1961,93,0),(309,1961,208,1),(310,1972,93,0),(311,1972,208,1),(312,1991,93,1),(313,1991,208,0),(314,1996,93,0),(315,1996,212,1),(316,2001,93,0),(317,2001,212,1),(318,2010,93,0),(319,2010,212,1),(320,2017,93,0),(321,2017,212,1),(322,2020,93,0),(323,2020,212,1),(324,2029,93,0),(325,2029,212,1),(326,2032,93,0),(327,2032,212,1),(330,2050,93,0),(331,2050,212,1),(332,2055,93,0),(333,2055,212,1),(334,2060,93,1),(335,2060,212,0),(336,2065,93,0),(337,2065,212,1),(338,2072,93,0),(339,2072,212,1),(340,2077,93,0),(341,2077,212,1),(342,2084,93,0),(343,2084,212,1),(344,2089,93,0),(345,2089,212,1),(346,2098,93,0),(347,2098,212,1),(348,2105,93,0),(349,2105,212,1),(350,2116,93,0),(351,2116,212,1),(352,2123,93,0),(353,2123,212,1),(354,2132,93,0),(355,2132,212,1),(356,2135,93,0),(357,2135,212,1),(358,2138,93,0),(359,2138,212,1),(360,2145,93,0),(361,2145,212,1),(362,2149,93,0),(363,2157,93,0),(364,2157,212,1),(365,2168,93,0),(366,2168,208,1),(367,2171,93,0),(368,2178,93,0),(369,2178,212,1),(370,2185,93,0),(371,2185,212,1),(372,2190,93,0),(373,2190,212,1),(374,2197,93,0),(375,2197,212,1),(376,2204,93,0),(377,2204,212,1),(378,2207,93,0),(379,2212,93,0),(380,2212,212,1),(381,2219,93,0),(382,2219,212,1),(383,2222,93,0),(384,2229,93,1),(385,2229,212,0),(386,2234,93,0),(387,2234,212,1),(388,2245,93,0),(389,2245,208,1),(390,2252,93,0),(391,2252,212,1),(392,2255,93,0),(393,2255,212,1),(394,2268,93,0),(395,2268,208,1),(398,2284,93,0),(399,2284,212,1),(400,2291,93,0),(401,2291,212,1),(402,2300,93,1),(403,2300,212,0),(404,2309,93,0),(405,2309,212,1),(406,2320,93,0),(407,2320,212,1),(410,2336,93,0),(411,2336,212,1),(412,2343,93,0),(413,2343,212,1),(414,2350,93,0),(415,2350,212,1),(416,2357,93,0),(417,2357,212,1),(418,2366,93,1),(419,2366,212,0),(420,2373,93,0),(421,2373,212,1),(422,2389,93,0),(423,2389,212,1),(424,2396,93,0),(425,2396,212,1),(426,2403,93,0),(427,2403,212,1),(428,2410,93,0),(429,2410,212,1),(430,2417,93,0),(431,2417,212,1),(432,2424,93,0),(433,2424,212,1),(434,2431,93,0),(435,2431,212,1),(436,2440,93,0),(437,2440,212,1),(438,2456,93,0),(439,2456,208,1),(440,2465,93,0),(441,2465,208,1),(442,2478,93,0),(443,2478,208,1),(444,2487,93,0),(445,2487,212,1),(446,2500,93,0),(447,2500,208,1),(448,2507,93,0),(449,2507,212,1),(450,2517,93,0),(451,2517,212,1),(452,2524,93,0),(453,2524,212,1),(454,2533,93,0),(455,2533,208,1),(456,2542,93,0),(457,2542,212,1);

--
-- Table structure for table `catalog_product_super_attribute_label`
--

CREATE TABLE `catalog_product_super_attribute_label` (
  `value_id` int(10) unsigned NOT NULL AUTO_INCREMENT COMMENT 'Value ID',
  `product_super_attribute_id` int(10) unsigned NOT NULL DEFAULT '0' COMMENT 'Product Super Attribute ID',
  `store_id` smallint(5) unsigned NOT NULL DEFAULT '0' COMMENT 'Store ID',
  `use_default` smallint(5) unsigned DEFAULT '0' COMMENT 'Use Default Value',
  `value` varchar(255) DEFAULT NULL COMMENT 'Value',
  PRIMARY KEY (`value_id`),
  UNIQUE KEY `CAT_PRD_SPR_ATTR_LBL_PRD_SPR_ATTR_ID_STORE_ID` (`product_super_attribute_id`,`store_id`),
  KEY `CATALOG_PRODUCT_SUPER_ATTRIBUTE_LABEL_STORE_ID` (`store_id`),
  CONSTRAINT `CATALOG_PRODUCT_SUPER_ATTRIBUTE_LABEL_STORE_ID_STORE_STORE_ID` FOREIGN KEY (`store_id`) REFERENCES `store` (`store_id`) ON DELETE CASCADE,
  CONSTRAINT `FK_309442281DF7784210ED82B2CC51E5D5` FOREIGN KEY (`product_super_attribute_id`) REFERENCES `catalog_product_super_attribute` (`product_super_attribute_id`) ON DELETE CASCADE
) ENGINE=InnoDB AUTO_INCREMENT=458 DEFAULT CHARSET=utf8 COMMENT='Catalog Product Super Attribute Label Table';

--
-- Dumping data for table `catalog_product_super_attribute_label`
--

INSERT INTO `catalog_product_super_attribute_label` VALUES (1,1,0,0,'Color'),(2,2,0,0,'Size'),(3,3,0,0,'Color'),(4,4,0,0,'Size'),(5,5,0,0,'Color'),(6,6,0,0,'Size'),(7,7,0,0,'Color'),(8,8,0,0,'Shoes size'),(9,9,0,0,'Color'),(10,10,0,0,'Shoes size'),(11,11,0,0,'Color'),(12,12,0,0,'Shoes size'),(13,13,0,0,'Color'),(14,14,0,0,'Shoes size'),(15,15,0,0,'Color'),(16,16,0,0,'Size'),(17,17,0,0,'Color'),(18,18,0,0,'Shoes size'),(19,19,0,0,'Color'),(20,20,0,0,'Size'),(21,21,0,0,'Color'),(22,22,0,0,'Size'),(23,23,0,0,'Color'),(24,24,0,0,'Size'),(25,25,0,0,'Color'),(26,26,0,0,'Size'),(27,27,0,0,'Color'),(28,28,0,0,'Shoes size'),(31,31,0,0,'Color'),(32,32,0,0,'Size'),(33,33,0,0,'Color'),(34,34,0,0,'Size'),(35,35,0,0,'Color'),(36,36,0,0,'Size'),(37,37,0,0,'Color'),(38,38,0,0,'Shoes size'),(39,39,0,0,'Color'),(40,40,0,0,'Size'),(41,41,0,0,'Color'),(42,42,0,0,'Size'),(43,43,0,0,'Color'),(44,44,0,0,'Shoes size'),(45,45,0,0,'Color'),(46,46,0,0,'Size'),(47,47,0,0,'Color'),(48,48,0,0,'Shoes size'),(49,49,0,0,'Color'),(50,50,0,0,'Size'),(51,51,0,0,'Color'),(52,52,0,0,'Size'),(53,53,0,0,'Color'),(54,54,0,0,'Size'),(55,55,0,0,'Color'),(56,56,0,0,'Size'),(57,57,0,0,'Color'),(58,58,0,0,'Size'),(59,59,0,0,'Color'),(60,60,0,0,'Shoes size'),(61,61,0,0,'Color'),(62,62,0,0,'Size'),(63,63,0,0,'Color'),(64,64,0,0,'Size'),(65,65,0,0,'Color'),(66,66,0,0,'Size'),(67,67,0,0,'Color'),(68,68,0,0,'Size'),(69,69,0,0,'Color'),(70,70,0,0,'Shoes size'),(71,71,0,0,'Color'),(72,72,0,0,'Size'),(73,73,0,0,'Color'),(74,74,0,0,'Size'),(75,75,0,0,'Color'),(76,76,0,0,'Size'),(77,77,0,0,'Color'),(78,78,0,0,'Size'),(79,79,0,0,'Color'),(80,80,0,0,'Size'),(81,81,0,0,'Color'),(82,82,0,0,'Size'),(83,83,0,0,'Color'),(84,84,0,0,'Size'),(85,85,0,0,'Color'),(86,86,0,0,'Size'),(87,87,0,0,'Color'),(88,88,0,0,'Shoes size'),(89,89,0,0,'Color'),(90,90,0,0,'Size'),(91,91,0,0,'Color'),(92,92,0,0,'Size'),(93,93,0,0,'Color'),(94,94,0,0,'Size'),(95,95,0,0,'Color'),(96,96,0,0,'Size'),(97,97,0,0,'Color'),(98,98,0,0,'Size'),(99,99,0,0,'Color'),(100,100,0,0,'Shoes size'),(101,101,0,0,'Color'),(102,102,0,0,'Size'),(103,103,0,0,'Color'),(104,104,0,0,'Size'),(105,105,0,0,'Color'),(106,106,0,0,'Size'),(107,107,0,0,'Color'),(108,108,0,0,'Size'),(109,109,0,0,'Color'),(110,110,0,0,'Size'),(111,111,0,0,'Color'),(112,112,0,0,'Size'),(113,113,0,0,'Color'),(114,114,0,0,'Shoes size'),(115,115,0,0,'Color'),(116,116,0,0,'Size'),(117,117,0,0,'Color'),(118,118,0,0,'Size'),(119,119,0,0,'Color'),(120,120,0,0,'Size'),(121,121,0,0,'Color'),(122,122,0,0,'Size'),(123,123,0,0,'Color'),(124,124,0,0,'Size'),(125,125,0,0,'Color'),(126,126,0,0,'Shoes size'),(127,127,0,0,'Color'),(128,128,0,0,'Size'),(129,129,0,0,'Color'),(130,130,0,0,'Size'),(131,131,0,0,'Color'),(132,132,0,0,'Size'),(133,133,0,0,'Color'),(134,134,0,0,'Size'),(135,135,0,0,'Color'),(136,136,0,0,'Size'),(137,137,0,0,'Color'),(138,138,0,0,'Size'),(139,139,0,0,'Color'),(140,140,0,0,'Shoes size'),(141,141,0,0,'Color'),(142,142,0,0,'Size'),(143,143,0,0,'Color'),(144,144,0,0,'Shoes size'),(145,145,0,0,'Color'),(146,146,0,0,'Size'),(147,147,0,0,'Color'),(148,148,0,0,'Shoes size'),(149,149,0,0,'Color'),(150,150,0,0,'Size'),(151,151,0,0,'Color'),(152,152,0,0,'Size'),(153,153,0,0,'Color'),(154,154,0,0,'Shoes size'),(155,155,0,0,'Color'),(156,156,0,0,'Size'),(157,157,0,0,'Color'),(158,158,0,0,'Size'),(159,159,0,0,'Color'),(160,160,0,0,'Size'),(161,161,0,0,'Color'),(162,162,0,0,'Size'),(163,163,0,0,'Color'),(164,164,0,0,'Size'),(165,165,0,0,'Color'),(166,166,0,0,'Size'),(167,167,0,0,'Color'),(168,168,0,0,'Size'),(169,169,0,0,'Color'),(170,170,0,0,'Size'),(171,171,0,0,'Color'),(172,172,0,0,'Size'),(173,173,0,0,'Color'),(174,174,0,0,'Size'),(175,175,0,0,'Color'),(176,176,0,0,'Size'),(177,177,0,0,'Color'),(178,178,0,0,'Size'),(179,179,0,0,'Color'),(180,180,0,0,'Size'),(181,181,0,0,'Color'),(182,182,0,0,'Size'),(183,183,0,0,'Color'),(184,184,0,0,'Size'),(185,185,0,0,'Color'),(186,186,0,0,'Size'),(187,187,0,0,'Color'),(188,188,0,0,'Size'),(189,189,0,0,'Color'),(190,190,0,0,'Size'),(191,191,0,0,'Color'),(192,192,0,0,'Size'),(193,193,0,0,'Color'),(194,194,0,0,'Size'),(195,195,0,0,'Color'),(196,196,0,0,'Size'),(197,197,0,0,'Color'),(198,198,0,0,'Size'),(199,199,0,0,'Color'),(200,200,0,0,'Size'),(201,201,0,0,'Color'),(202,202,0,0,'Size'),(203,203,0,0,'Color'),(204,204,0,0,'Size'),(205,205,0,0,'Color'),(206,206,0,0,'Size'),(207,207,0,0,'Color'),(208,208,0,0,'Size'),(209,209,0,0,'Color'),(210,210,0,0,'Size'),(211,211,0,0,'Color'),(212,212,0,0,'Size'),(213,213,0,0,'Color'),(214,214,0,0,'Size'),(215,215,0,0,'Color'),(216,216,0,0,'Size'),(217,217,0,0,'Color'),(218,218,0,0,'Color'),(219,219,0,0,'Color'),(220,220,0,0,'Color'),(221,221,0,0,'Color'),(222,222,0,0,'Color'),(223,223,0,0,'Shoes size'),(230,230,0,0,'Color'),(231,231,0,0,'Shoes size'),(232,232,0,0,'Color'),(233,233,0,0,'Size'),(234,234,0,0,'Color'),(235,235,0,0,'Shoes size'),(236,236,0,0,'Color'),(237,237,0,0,'Size'),(238,238,0,0,'Color'),(239,239,0,0,'Shoes size'),(240,240,0,0,'Color'),(241,241,0,0,'Shoes size'),(242,242,0,0,'Color'),(243,243,0,0,'Size'),(244,244,0,0,'Color'),(245,245,0,0,'Shoes size'),(246,246,0,0,'Color'),(247,247,0,0,'Size'),(248,248,0,0,'Color'),(249,249,0,0,'Size'),(250,250,0,0,'Color'),(251,251,0,0,'Size'),(252,252,0,0,'Color'),(253,253,0,0,'Size'),(254,254,0,0,'Color'),(255,255,0,0,'Shoes size'),(256,256,0,0,'Color'),(257,257,0,0,'Size'),(258,258,0,0,'Color'),(259,259,0,0,'Shoes size'),(260,260,0,0,'Color'),(261,261,0,0,'Size'),(262,262,0,0,'Color'),(263,263,0,0,'Size'),(264,264,0,0,'Color'),(265,265,0,0,'Size'),(266,266,0,0,'Color'),(267,267,0,0,'Size'),(268,268,0,0,'Color'),(269,269,0,0,'Size'),(270,270,0,0,'Color'),(271,271,0,0,'Size'),(272,272,0,0,'Color'),(273,273,0,0,'Size'),(274,274,0,0,'Color'),(275,275,0,0,'Size'),(276,276,0,0,'Color'),(277,277,0,0,'Size'),(278,278,0,0,'Color'),(279,279,0,0,'Size'),(280,280,0,0,'Color'),(281,281,0,0,'Size'),(284,284,0,0,'Color'),(285,285,0,0,'Size'),(286,286,0,0,'Color'),(287,287,0,0,'Size'),(288,288,0,0,'Color'),(289,289,0,0,'Size'),(290,290,0,0,'Color'),(291,291,0,0,'Size'),(292,292,0,0,'Color'),(293,293,0,0,'Size'),(294,294,0,0,'Color'),(295,295,0,0,'Size'),(296,296,0,0,'Color'),(297,297,0,0,'Size'),(298,298,0,0,'Color'),(299,299,0,0,'Size'),(300,300,0,0,'Color'),(301,301,0,0,'Size'),(304,304,0,0,'Color'),(305,305,0,0,'Shoes size'),(306,306,0,0,'Color'),(307,307,0,0,'Shoes size'),(308,308,0,0,'Color'),(309,309,0,0,'Shoes size'),(310,310,0,0,'Color'),(311,311,0,0,'Shoes size'),(312,312,0,0,'Color'),(313,313,0,0,'Shoes size'),(314,314,0,0,'Color'),(315,315,0,0,'Size'),(316,316,0,0,'Color'),(317,317,0,0,'Size'),(318,318,0,0,'Color'),(319,319,0,0,'Size'),(320,320,0,0,'Color'),(321,321,0,0,'Size'),(322,322,0,0,'Color'),(323,323,0,0,'Size'),(324,324,0,0,'Color'),(325,325,0,0,'Size'),(326,326,0,0,'Color'),(327,327,0,0,'Size'),(330,330,0,0,'Color'),(331,331,0,0,'Size'),(332,332,0,0,'Color'),(333,333,0,0,'Size'),(334,334,0,0,'Color'),(335,335,0,0,'Size'),(336,336,0,0,'Color'),(337,337,0,0,'Size'),(338,338,0,0,'Color'),(339,339,0,0,'Size'),(340,340,0,0,'Color'),(341,341,0,0,'Size'),(342,342,0,0,'Color'),(343,343,0,0,'Size'),(344,344,0,0,'Color'),(345,345,0,0,'Size'),(346,346,0,0,'Color'),(347,347,0,0,'Size'),(348,348,0,0,'Color'),(349,349,0,0,'Size'),(350,350,0,0,'Color'),(351,351,0,0,'Size'),(352,352,0,0,'Color'),(353,353,0,0,'Size'),(354,354,0,0,'Color'),(355,355,0,0,'Size'),(356,356,0,0,'Color'),(357,357,0,0,'Size'),(358,358,0,0,'Color'),(359,359,0,0,'Size'),(360,360,0,0,'Color'),(361,361,0,0,'Size'),(362,362,0,0,'Color'),(363,363,0,0,'Color'),(364,364,0,0,'Size'),(365,365,0,0,'Color'),(366,366,0,0,'Shoes size'),(367,367,0,0,'Color'),(368,368,0,0,'Color'),(369,369,0,0,'Size'),(370,370,0,0,'Color'),(371,371,0,0,'Size'),(372,372,0,0,'Color'),(373,373,0,0,'Size'),(374,374,0,0,'Color'),(375,375,0,0,'Size'),(376,376,0,0,'Color'),(377,377,0,0,'Size'),(378,378,0,0,'Color'),(379,379,0,0,'Color'),(380,380,0,0,'Size'),(381,381,0,0,'Color'),(382,382,0,0,'Size'),(383,383,0,0,'Color'),(384,384,0,0,'Color'),(385,385,0,0,'Size'),(386,386,0,0,'Color'),(387,387,0,0,'Size'),(388,388,0,0,'Color'),(389,389,0,0,'Shoes size'),(390,390,0,0,'Color'),(391,391,0,0,'Size'),(392,392,0,0,'Color'),(393,393,0,0,'Size'),(394,394,0,0,'Color'),(395,395,0,0,'Shoes size'),(398,398,0,0,'Color'),(399,399,0,0,'Size'),(400,400,0,0,'Color'),(401,401,0,0,'Size'),(402,402,0,0,'Color'),(403,403,0,0,'Size'),(404,404,0,0,'Color'),(405,405,0,0,'Size'),(406,406,0,0,'Color'),(407,407,0,0,'Size'),(410,410,0,0,'Color'),(411,411,0,0,'Size'),(412,412,0,0,'Color'),(413,413,0,0,'Size'),(414,414,0,0,'Color'),(415,415,0,0,'Size'),(416,416,0,0,'Color'),(417,417,0,0,'Size'),(418,418,0,0,'Color'),(419,419,0,0,'Size'),(420,420,0,0,'Color'),(421,421,0,0,'Size'),(422,422,0,0,'Color'),(423,423,0,0,'Size'),(424,424,0,0,'Color'),(425,425,0,0,'Size'),(426,426,0,0,'Color'),(427,427,0,0,'Size'),(428,428,0,0,'Color'),(429,429,0,0,'Size'),(430,430,0,0,'Color'),(431,431,0,0,'Size'),(432,432,0,0,'Color'),(433,433,0,0,'Size'),(434,434,0,0,'Color'),(435,435,0,0,'Size'),(436,436,0,0,'Color'),(437,437,0,0,'Size'),(438,438,0,0,'Color'),(439,439,0,0,'Shoes size'),(440,440,0,0,'Color'),(441,441,0,0,'Shoes size'),(442,442,0,0,'Color'),(443,443,0,0,'Shoes size'),(444,444,0,0,'Color'),(445,445,0,0,'Size'),(446,446,0,0,'Color'),(447,447,0,0,'Shoes size'),(448,448,0,0,'Color'),(449,449,0,0,'Size'),(450,450,0,0,'Color'),(451,451,0,0,'Size'),(452,452,0,0,'Color'),(453,453,0,0,'Size'),(454,454,0,0,'Color'),(455,455,0,0,'Shoes size'),(456,456,0,0,'Color'),(457,457,0,0,'Size');

--
-- Table structure for table `catalog_product_super_link`
--

CREATE TABLE `catalog_product_super_link` (
  `link_id` int(10) unsigned NOT NULL AUTO_INCREMENT COMMENT 'Link ID',
  `product_id` int(10) unsigned NOT NULL DEFAULT '0' COMMENT 'Product ID',
  `parent_id` int(10) unsigned NOT NULL DEFAULT '0' COMMENT 'Parent ID',
  PRIMARY KEY (`link_id`),
  UNIQUE KEY `CATALOG_PRODUCT_SUPER_LINK_PRODUCT_ID_PARENT_ID` (`product_id`,`parent_id`),
  KEY `CATALOG_PRODUCT_SUPER_LINK_PARENT_ID` (`parent_id`),
  CONSTRAINT `CAT_PRD_SPR_LNK_PARENT_ID_CAT_PRD_ENTT_ENTT_ID` FOREIGN KEY (`parent_id`) REFERENCES `catalog_product_entity` (`entity_id`) ON DELETE CASCADE,
  CONSTRAINT `CAT_PRD_SPR_LNK_PRD_ID_CAT_PRD_ENTT_ENTT_ID` FOREIGN KEY (`product_id`) REFERENCES `catalog_product_entity` (`entity_id`) ON DELETE CASCADE
) ENGINE=InnoDB AUTO_INCREMENT=2296 DEFAULT CHARSET=utf8 COMMENT='Catalog Product Super Link Table';

--
-- Dumping data for table `catalog_product_super_link`
--

INSERT INTO `catalog_product_super_link` VALUES (2,130,51),(3,131,51),(29,157,7),(30,158,7),(31,159,7),(35,163,9),(36,164,9),(37,165,9),(38,166,10),(39,167,10),(40,168,10),(41,169,10),(42,170,11),(43,171,11),(44,172,12),(45,173,12),(46,174,12),(58,186,17),(59,187,17),(60,188,17),(61,189,17),(62,190,18),(63,191,18),(64,192,18),(65,193,18),(66,194,19),(67,195,19),(68,196,19),(75,203,22),(76,204,22),(77,205,22),(78,206,22),(79,207,24),(80,208,24),(81,209,24),(89,217,26),(90,218,26),(91,219,26),(92,220,26),(93,221,26),(100,228,30),(101,229,30),(102,230,30),(103,231,31),(104,232,31),(105,233,32),(106,234,32),(107,235,33),(108,236,33),(109,237,33),(110,238,33),(129,257,41),(130,258,41),(131,259,41),(132,260,41),(137,265,43),(138,266,43),(139,267,43),(140,268,43),(141,269,43),(142,270,44),(143,271,44),(144,272,45),(145,273,45),(146,274,45),(147,275,45),(148,276,45),(157,285,48),(158,286,48),(162,290,50),(163,291,50),(164,292,50),(172,300,54),(173,301,54),(174,302,54),(175,303,54),(176,304,54),(177,305,54),(181,309,56),(182,310,56),(183,311,56),(184,312,57),(185,313,57),(186,314,57),(187,315,57),(188,316,58),(189,317,58),(190,318,59),(191,319,59),(192,320,59),(193,321,59),(194,322,60),(195,323,60),(196,324,60),(197,325,60),(198,326,60),(199,327,60),(200,328,61),(201,329,61),(206,334,64),(207,335,64),(208,336,64),(209,337,64),(210,338,65),(211,339,65),(212,340,65),(213,341,66),(214,342,66),(215,343,66),(216,344,66),(217,345,66),(222,350,69),(223,351,69),(224,352,69),(225,353,69),(226,354,70),(227,355,70),(228,356,70),(229,357,70),(230,358,71),(231,359,71),(232,360,71),(236,364,72),(237,365,72),(238,366,72),(239,367,72),(240,368,73),(241,369,73),(242,370,73),(243,371,73),(244,372,73),(245,373,73),(246,374,73),(247,375,73),(250,378,74),(251,379,74),(252,380,75),(253,381,75),(254,382,75),(255,383,75),(256,384,75),(257,385,76),(258,386,76),(259,387,76),(260,388,77),(261,389,77),(262,390,77),(269,397,80),(270,398,80),(271,399,80),(272,400,80),(273,401,81),(274,402,81),(275,403,81),(276,404,81),(277,405,81),(278,406,81),(279,407,82),(280,408,82),(281,409,82),(282,410,82),(283,411,82),(288,416,84),(289,417,84),(290,418,84),(291,419,84),(292,420,84),(293,421,84),(294,422,84),(295,423,84),(296,424,84),(297,425,84),(309,437,87),(310,438,87),(311,439,87),(312,440,88),(313,441,88),(314,442,88),(321,449,89),(322,450,89),(323,451,89),(324,452,89),(325,453,89),(326,454,89),(327,455,91),(328,456,91),(329,457,91),(333,461,93),(334,462,93),(335,463,93),(336,464,93),(337,465,95),(338,466,95),(339,467,95),(343,471,98),(344,472,98),(345,473,98),(346,474,98),(350,478,100),(351,479,100),(352,480,100),(360,488,103),(361,489,103),(362,490,103),(367,495,105),(368,496,105),(369,497,105),(370,498,106),(371,499,106),(372,500,106),(373,501,108),(374,502,108),(375,503,108),(376,504,107),(377,505,107),(378,506,107),(379,507,107),(380,508,107),(381,509,107),(382,510,109),(383,511,109),(384,512,109),(385,513,110),(386,514,110),(387,515,110),(388,516,111),(389,517,112),(390,518,112),(391,519,112),(392,520,113),(393,521,113),(394,522,113),(395,523,114),(396,524,115),(397,525,115),(398,526,115),(399,527,116),(400,528,117),(401,529,117),(402,530,117),(403,531,118),(404,532,119),(405,533,119),(406,534,119),(407,535,120),(408,536,120),(409,537,120),(410,538,122),(411,539,122),(412,540,122),(413,541,121),(414,542,123),(415,543,123),(416,544,124),(417,545,125),(418,546,126),(419,547,127),(420,548,128),(421,549,20),(422,550,20),(423,551,20),(424,552,20),(425,553,20),(426,554,20),(427,555,20),(428,556,20),(429,557,20),(430,558,20),(431,559,20),(432,560,20),(433,561,20),(434,562,20),(435,563,20),(436,564,20),(437,565,20),(438,566,20),(439,567,20),(440,568,20),(441,569,20),(442,570,20),(443,571,20),(444,572,20),(445,573,20),(446,574,20),(447,575,20),(448,576,20),(449,577,20),(450,578,20),(451,579,3),(452,580,3),(453,581,3),(454,582,3),(455,583,3),(456,584,3),(457,585,3),(458,586,3),(459,587,3),(460,588,3),(461,589,3),(462,590,3),(463,591,3),(464,592,3),(465,593,3),(466,594,3),(467,595,3),(468,596,3),(469,597,3),(470,598,3),(471,599,3),(472,600,3),(473,601,3),(474,602,3),(475,603,3),(476,604,3),(477,605,3),(478,606,3),(479,607,3),(480,608,3),(481,609,3),(482,610,3),(483,611,3),(484,612,3),(485,613,3),(486,614,35),(487,615,35),(488,616,35),(489,617,35),(490,618,35),(491,619,35),(492,620,35),(493,621,35),(494,622,35),(495,623,35),(496,624,35),(497,625,35),(498,626,35),(499,627,35),(500,628,35),(501,629,35),(502,630,35),(503,631,35),(504,632,35),(505,633,35),(506,634,35),(507,635,35),(508,636,35),(509,637,35),(510,638,35),(511,639,35),(512,640,35),(513,641,35),(514,642,35),(515,643,35),(516,644,29),(517,645,29),(518,646,29),(519,647,29),(520,648,29),(521,649,29),(522,650,29),(523,651,29),(524,652,29),(525,653,29),(526,654,29),(527,655,29),(528,656,29),(529,657,29),(530,658,29),(531,659,29),(532,660,29),(533,661,29),(534,662,29),(535,663,29),(536,664,29),(537,665,29),(538,666,29),(539,667,29),(540,668,29),(541,669,29),(542,670,29),(543,671,29),(544,672,29),(545,673,29),(546,674,15),(547,675,15),(548,676,15),(549,677,15),(550,678,15),(551,679,15),(552,680,15),(553,681,15),(554,682,15),(555,683,15),(556,684,15),(557,685,15),(558,686,15),(559,687,15),(560,688,15),(561,689,15),(562,690,15),(563,691,15),(564,692,15),(565,693,15),(566,694,15),(567,695,15),(568,696,15),(569,697,15),(570,698,15),(571,699,5),(572,700,5),(573,701,5),(574,702,5),(575,703,5),(576,704,5),(577,705,5),(578,706,5),(579,707,5),(580,708,5),(581,709,5),(582,710,5),(583,711,5),(584,712,5),(585,713,5),(586,714,46),(587,715,46),(588,716,46),(589,717,46),(590,718,46),(591,719,46),(592,720,46),(593,721,46),(594,722,46),(595,723,46),(596,724,46),(597,725,46),(598,726,46),(599,727,46),(600,728,46),(601,729,46),(602,730,46),(603,731,46),(604,732,46),(605,733,46),(606,734,8),(607,735,8),(608,736,8),(609,737,8),(610,738,8),(611,739,8),(612,740,8),(613,741,8),(614,742,8),(615,743,8),(616,744,8),(617,745,8),(618,746,8),(619,747,8),(620,748,8),(621,749,47),(622,750,47),(623,751,47),(624,752,47),(625,753,47),(626,754,47),(627,755,47),(628,756,47),(629,757,47),(630,758,47),(631,759,47),(632,760,47),(633,761,47),(634,762,47),(635,763,47),(636,764,47),(637,765,47),(638,766,47),(639,767,47),(640,768,47),(641,769,53),(642,770,53),(643,771,53),(644,772,53),(645,773,53),(646,774,53),(647,775,53),(648,776,53),(649,777,53),(650,778,53),(651,779,53),(652,780,53),(653,781,53),(654,782,53),(655,783,53),(656,784,53),(657,785,53),(658,786,53),(659,787,53),(660,788,53),(661,789,49),(662,790,49),(663,791,49),(664,792,49),(665,793,49),(666,794,49),(667,795,49),(668,796,49),(669,797,49),(670,798,49),(671,799,49),(672,800,49),(673,801,49),(674,802,49),(675,803,49),(676,804,42),(677,805,42),(678,806,42),(679,807,42),(680,808,42),(681,809,42),(682,810,42),(683,811,42),(684,812,42),(685,813,42),(686,814,42),(687,815,42),(688,816,42),(689,817,42),(690,818,42),(691,819,42),(692,820,42),(693,821,42),(694,822,42),(695,823,42),(696,824,101),(697,825,101),(698,826,101),(699,827,101),(700,828,101),(701,829,101),(702,830,101),(703,831,101),(704,832,101),(705,833,101),(706,834,101),(707,835,101),(708,836,101),(709,837,101),(710,838,101),(711,839,101),(712,840,101),(713,841,101),(714,842,101),(715,843,101),(716,844,34),(717,845,34),(718,846,34),(719,847,34),(720,848,34),(721,849,34),(722,850,34),(723,851,34),(724,852,34),(725,853,34),(726,854,34),(727,855,34),(728,856,34),(729,857,34),(730,858,34),(731,859,34),(732,860,34),(733,861,34),(734,862,34),(735,863,34),(736,864,38),(737,865,38),(738,866,38),(739,867,38),(740,868,38),(741,869,38),(742,870,38),(743,871,38),(744,872,38),(745,873,38),(746,874,38),(747,875,38),(748,876,38),(749,877,38),(750,878,38),(751,879,36),(752,880,36),(753,881,36),(754,882,36),(755,883,36),(756,884,36),(757,885,36),(758,886,36),(759,887,36),(760,888,36),(761,889,36),(762,890,36),(763,891,36),(764,892,36),(765,893,36),(766,894,36),(767,895,36),(768,896,36),(769,897,36),(770,898,36),(771,899,36),(772,900,36),(773,901,36),(774,902,36),(775,903,36),(776,904,104),(777,905,104),(778,906,104),(779,907,104),(780,908,104),(781,909,104),(782,910,104),(783,911,104),(784,912,104),(785,913,104),(786,914,104),(787,915,104),(802,930,99),(803,931,99),(804,932,99),(811,939,97),(812,940,97),(813,941,97),(814,942,2),(815,943,2),(816,944,2),(817,945,2),(818,946,2),(819,947,2),(820,948,43),(821,949,43),(822,950,43),(823,951,43),(824,952,43),(825,953,43),(826,954,43),(827,955,43),(828,956,43),(829,957,43),(830,958,6),(831,959,6),(844,972,25),(845,973,25),(846,974,25),(847,975,25),(848,976,25),(849,977,25),(850,978,25),(851,979,25),(852,980,25),(853,981,25),(854,982,25),(855,983,25),(856,984,25),(857,985,25),(858,986,16),(859,987,16),(860,988,16),(861,989,16),(862,990,16),(863,991,16),(864,992,16),(865,993,16),(866,994,16),(867,995,16),(868,996,16),(869,997,16),(870,998,16),(871,999,16),(872,1000,16),(873,1001,16),(874,1002,16),(875,1003,16),(876,1004,4),(877,1005,4),(878,1006,4),(879,1007,4),(880,1008,4),(881,1009,4),(882,1010,4),(883,1011,4),(884,1012,4),(885,1013,4),(886,1014,1),(887,1015,1),(888,1016,1),(889,1017,1),(890,1018,1),(891,1019,1),(892,1020,1),(893,1021,1),(894,1022,1),(895,1023,78),(896,1024,78),(897,1025,78),(898,1026,78),(899,1027,78),(900,1028,78),(901,1029,55),(902,1030,55),(903,1031,55),(904,1032,55),(905,1033,55),(906,1034,55),(907,1035,68),(908,1036,68),(909,1037,68),(910,1038,68),(911,1039,68),(912,1040,68),(913,1041,68),(914,1042,68),(915,1043,85),(916,1044,85),(917,1045,85),(918,1046,85),(919,1047,85),(920,1048,85),(921,1049,63),(922,1050,63),(923,1051,63),(924,1052,63),(925,1053,63),(926,1054,63),(927,1055,63),(928,1056,63),(929,1057,79),(930,1058,79),(931,1059,79),(932,1060,79),(933,1061,79),(934,1062,79),(935,1063,92),(936,1064,92),(937,1065,92),(938,1066,92),(939,1067,92),(940,1068,92),(941,1069,102),(942,1070,102),(943,1071,102),(944,1072,102),(945,1073,102),(946,1074,102),(947,1075,83),(948,1076,83),(949,1077,83),(950,1078,83),(951,1079,83),(952,1080,83),(953,1081,83),(954,1082,83),(955,1083,66),(956,1084,66),(957,1085,66),(958,1086,66),(959,1087,66),(960,1088,88),(961,1089,88),(962,1090,88),(963,1091,83),(964,1092,83),(965,1093,83),(966,1094,83),(967,1095,102),(968,1096,102),(969,1097,102),(970,1098,92),(971,1099,92),(972,1100,92),(973,1101,79),(974,1102,79),(975,1103,79),(976,1104,87),(977,1105,87),(978,1106,87),(979,1107,103),(980,1108,103),(981,1109,103),(982,1110,98),(983,1111,98),(984,1112,98),(985,1113,98),(986,1114,93),(987,1115,93),(988,1116,93),(989,1117,93),(990,1118,91),(991,1119,91),(992,1120,91),(993,1121,100),(994,1122,100),(995,1123,100),(996,1124,95),(997,1125,95),(998,1126,95),(999,1127,76),(1000,1128,76),(1001,1129,76),(1002,1130,71),(1003,1131,71),(1004,1132,71),(1005,1133,51),(1006,1134,51),(1007,1135,71),(1008,1136,71),(1009,1137,71),(1010,1138,108),(1011,1139,108),(1012,1140,108),(1013,1141,33),(1014,1142,33),(1015,1143,33),(1016,1144,33),(1017,1145,7),(1018,1146,7),(1019,1147,7),(1020,1148,10),(1021,1149,10),(1022,1150,10),(1023,1151,10),(1024,1152,70),(1025,1153,70),(1026,1154,70),(1027,1155,70),(1028,1156,17),(1029,1157,17),(1030,1158,17),(1031,1159,17),(1032,1160,123),(1033,1161,123),(1034,1162,11),(1035,1163,11),(1036,1164,120),(1037,1165,120),(1038,1166,120),(1039,1167,72),(1040,1168,72),(1041,1169,72),(1042,1170,72),(1043,1171,80),(1044,1172,80),(1045,1173,80),(1046,1174,80),(1047,1175,26),(1048,1176,26),(1049,1177,26),(1050,1178,26),(1051,1179,26),(1052,1180,64),(1053,1181,64),(1054,1182,64),(1055,1183,64),(1056,1184,12),(1057,1185,12),(1058,1186,12),(1059,1187,59),(1060,1188,59),(1061,1189,59),(1062,1190,59),(1063,1191,82),(1064,1192,82),(1065,1193,82),(1066,1194,82),(1067,1195,82),(1068,1196,115),(1069,1197,115),(1070,1198,115),(1071,1199,122),(1072,1200,122),(1073,1201,122),(1074,1202,106),(1075,1203,106),(1076,1204,106),(1077,1205,117),(1078,1206,117),(1079,1207,117),(1080,1208,113),(1081,1209,113),(1082,1210,113),(1083,1211,105),(1084,1212,105),(1085,1213,105),(1086,1214,75),(1087,1215,75),(1088,1216,75),(1089,1217,75),(1090,1218,75),(1091,1219,19),(1092,1220,19),(1093,1221,19),(1094,1222,54),(1095,1223,54),(1096,1224,54),(1097,1225,54),(1098,1226,54),(1099,1227,54),(1100,1228,50),(1101,1229,50),(1102,1230,50),(1103,1231,119),(1104,1232,119),(1105,1233,119),(1106,1234,41),(1107,1235,41),(1108,1236,41),(1109,1237,41),(1110,1238,18),(1111,1239,18),(1112,1240,18),(1113,1241,18),(1114,1242,45),(1115,1243,45),(1116,1244,45),(1117,1245,45),(1118,1246,45),(1119,1247,69),(1120,1248,69),(1121,1249,69),(1122,1250,69),(1123,1251,60),(1124,1252,60),(1125,1253,60),(1126,1254,60),(1127,1255,60),(1128,1256,60),(1129,1257,57),(1130,1258,57),(1131,1259,57),(1132,1260,57),(1133,1261,84),(1134,1262,84),(1135,1263,84),(1136,1264,84),(1137,1265,84),(1138,1266,89),(1139,1267,89),(1140,1268,89),(1141,1269,89),(1142,1270,89),(1143,1271,89),(1144,1272,86),(1145,1273,86),(1146,1274,86),(1147,1275,86),(1148,1276,86),(1149,1277,86),(1150,1278,86),(1151,1279,86),(1152,1280,22),(1153,1281,22),(1154,1282,22),(1155,1283,22),(1156,1284,56),(1157,1285,56),(1158,1286,56),(1159,1287,77),(1160,1288,77),(1161,1289,77),(1162,1290,9),(1163,1291,9),(1164,1292,9),(1165,1293,30),(1166,1294,30),(1167,1295,30),(1168,1296,110),(1169,1297,110),(1170,1298,110),(1171,1299,109),(1172,1300,109),(1173,1301,109),(1174,1302,112),(1175,1303,112),(1176,1304,112),(1177,1305,24),(1178,1306,24),(1179,1307,24),(1180,1308,114),(1181,1309,58),(1182,1310,58),(1183,1311,128),(1184,1312,31),(1185,1313,31),(1186,1314,127),(1187,1315,48),(1188,1316,48),(1189,1317,126),(1190,1318,125),(1191,1319,124),(1192,1320,121),(1193,1321,118),(1194,1322,65),(1195,1323,65),(1196,1324,65),(1197,1325,74),(1198,1326,74),(1199,1327,32),(1200,1328,32),(1201,1329,61),(1202,1330,61),(1203,1331,111),(1204,1332,116),(1214,1343,44),(1215,1344,44),(1252,1383,1413),(1253,1384,1413),(1254,1385,1413),(1255,1386,1413),(1256,1387,1413),(1257,1388,1413),(1258,1389,1413),(1259,1390,1413),(1260,1391,1413),(1261,1392,1413),(1262,1393,1413),(1263,1394,1413),(1264,1395,1413),(1265,1396,1413),(1266,1397,1413),(1267,1398,1413),(1268,1399,1413),(1269,1400,1413),(1270,1401,1413),(1271,1402,1413),(1272,1403,1413),(1273,1404,1413),(1274,1405,1413),(1275,1406,1413),(1276,1407,1413),(1277,1408,1413),(1278,1409,1413),(1279,1410,1413),(1280,1411,1413),(1281,1412,1413),(1282,1414,1351),(1283,1415,1351),(1284,1416,1351),(1285,1417,1351),(1286,1418,1351),(1287,1419,1351),(1288,1420,1455),(1289,1421,1455),(1290,1422,1455),(1291,1423,1455),(1292,1424,1455),(1293,1425,1455),(1294,1426,1455),(1295,1427,1455),(1296,1428,1455),(1297,1429,1455),(1298,1430,1455),(1299,1431,1455),(1300,1432,1455),(1301,1433,1455),(1302,1434,1455),(1303,1435,1455),(1304,1436,1455),(1305,1437,1455),(1306,1438,1455),(1307,1439,1455),(1308,1440,1455),(1309,1441,1455),(1310,1442,1455),(1311,1443,1455),(1312,1444,1455),(1313,1445,1455),(1314,1446,1455),(1315,1447,1455),(1316,1448,1455),(1317,1449,1455),(1318,1450,1455),(1319,1451,1455),(1320,1452,1455),(1321,1453,1455),(1322,1454,1455),(1323,1456,1464),(1324,1457,1464),(1325,1458,1464),(1326,1459,1464),(1327,1460,1464),(1328,1461,1464),(1329,1462,1464),(1330,1463,1464),(1331,1465,1495),(1332,1466,1495),(1333,1467,1495),(1334,1468,1495),(1335,1469,1495),(1336,1470,1495),(1337,1471,1495),(1338,1472,1495),(1339,1473,1495),(1340,1474,1495),(1341,1475,1495),(1342,1476,1495),(1343,1477,1495),(1344,1478,1495),(1345,1479,1495),(1346,1480,1495),(1347,1481,1495),(1348,1482,1495),(1349,1483,1495),(1350,1484,1495),(1351,1485,1495),(1352,1486,1495),(1353,1487,1495),(1354,1488,1495),(1355,1489,1495),(1356,1490,1495),(1357,1491,1495),(1358,1492,1495),(1359,1493,1495),(1360,1494,1495),(1361,1496,1526),(1362,1497,1526),(1363,1498,1526),(1364,1499,1526),(1365,1500,1526),(1366,1501,1526),(1367,1502,1526),(1368,1503,1526),(1369,1504,1526),(1370,1505,1526),(1371,1506,1526),(1372,1507,1526),(1373,1508,1526),(1374,1509,1526),(1375,1510,1526),(1376,1511,1526),(1377,1512,1526),(1378,1513,1526),(1379,1514,1526),(1380,1515,1526),(1381,1516,1526),(1382,1517,1526),(1383,1518,1526),(1384,1519,1526),(1385,1520,1526),(1386,1521,1526),(1387,1522,1526),(1388,1523,1526),(1389,1524,1526),(1390,1525,1526),(1391,1527,1535),(1392,1528,1535),(1393,1529,1535),(1394,1530,1535),(1395,1531,1535),(1396,1532,1535),(1397,1533,1535),(1398,1534,1535),(1399,1536,1561),(1400,1537,1561),(1401,1538,1561),(1402,1539,1561),(1403,1540,1561),(1404,1541,1561),(1405,1542,1561),(1406,1543,1561),(1407,1544,1561),(1408,1545,1561),(1409,1546,1561),(1410,1547,1561),(1411,1548,1561),(1412,1549,1561),(1413,1550,1561),(1414,1551,1561),(1415,1552,1561),(1416,1553,1561),(1417,1554,1561),(1418,1555,1561),(1419,1556,1561),(1420,1557,1561),(1421,1558,1561),(1422,1559,1561),(1423,1560,1561),(1424,1562,1568),(1425,1563,1568),(1426,1564,1568),(1427,1565,1568),(1428,1566,1568),(1429,1567,1568),(1430,1569,1583),(1431,1570,1583),(1432,1571,1583),(1433,1572,1583),(1436,1573,1596),(1437,1574,1596),(1434,1575,1583),(1438,1576,1596),(1439,1577,1596),(1440,1578,1596),(1435,1579,1583),(1441,1580,1596),(1442,1581,1596),(1443,1582,1596),(1444,1584,1596),(1445,1585,1596),(1446,1586,1596),(1447,1587,1596),(1448,1588,1596),(1449,1589,1596),(1450,1590,1596),(1451,1591,1596),(1452,1592,1596),(1453,1593,1596),(1454,1594,1596),(1455,1595,1596),(1456,1598,1604),(1457,1599,1604),(1458,1600,1604),(1459,1601,1604),(1460,1602,1604),(1461,1603,1604),(1462,1605,1597),(1463,1606,1597),(1464,1607,1597),(1465,1608,1597),(1466,1609,1597),(1467,1610,1597),(1468,1611,1597),(1469,1612,1597),(1470,1613,1597),(1471,1614,1597),(1472,1615,1597),(1473,1616,1597),(1474,1617,1597),(1475,1618,1597),(1476,1619,1597),(1477,1620,1630),(1478,1621,1630),(1479,1622,1630),(1480,1623,1630),(1481,1624,1630),(1482,1625,1630),(1483,1626,1630),(1484,1627,1630),(1485,1628,1630),(1486,1629,1630),(1487,1631,1643),(1488,1632,1643),(1489,1633,1643),(1490,1634,1643),(1491,1635,1643),(1492,1636,1643),(1493,1637,1643),(1494,1638,1643),(1495,1639,1643),(1496,1640,1643),(1497,1641,1643),(1498,1642,1643),(1499,1644,1656),(1500,1645,1656),(1501,1646,1656),(1502,1647,1656),(1503,1648,1656),(1504,1649,1656),(1505,1650,1656),(1506,1651,1656),(1507,1652,1656),(1508,1653,1656),(1509,1654,1656),(1510,1655,1656),(1511,1657,1677),(1512,1658,1677),(1513,1659,1677),(1514,1660,1677),(1515,1661,1677),(1516,1662,1677),(1517,1663,1677),(1518,1664,1677),(1519,1665,1677),(1520,1666,1677),(1521,1667,1677),(1522,1668,1677),(1523,1669,1677),(1524,1670,1677),(1525,1671,1677),(1526,1672,1677),(1527,1673,1677),(1528,1674,1677),(1529,1675,1677),(1530,1676,1677),(1531,1678,1699),(1532,1679,1699),(1533,1680,1699),(1534,1681,1699),(1535,1682,1699),(1536,1683,1699),(1537,1684,1699),(1538,1685,1699),(1539,1686,1699),(1540,1687,1699),(1541,1688,1699),(1542,1689,1699),(1543,1690,1699),(1544,1692,1699),(1545,1693,1699),(1546,1694,1699),(1547,1695,1699),(1548,1696,1699),(1549,1697,1699),(1550,1698,1699),(1551,1700,1709),(1552,1701,1709),(1553,1702,1709),(1554,1703,1709),(1555,1704,1709),(1556,1705,1709),(1557,1706,1709),(1558,1707,1709),(1559,1708,1709),(1560,1710,1725),(1561,1711,1725),(1562,1712,1725),(1563,1713,1725),(1564,1714,1725),(1565,1715,1725),(1566,1716,1725),(1567,1717,1725),(1568,1718,1725),(1569,1719,1725),(1570,1720,1725),(1571,1721,1725),(1572,1722,1725),(1573,1723,1725),(1574,1724,1725),(1575,1726,1735),(1576,1727,1735),(1577,1728,1735),(1578,1729,1735),(1579,1730,1735),(1580,1731,1735),(1581,1732,1735),(1582,1733,1735),(1583,1734,1735),(1584,1736,1756),(1585,1737,1756),(1586,1738,1756),(1587,1739,1756),(1588,1740,1756),(1589,1741,1756),(1590,1742,1756),(1591,1743,1756),(1592,1744,1756),(1593,1745,1756),(1594,1746,1756),(1595,1747,1756),(1596,1748,1756),(1597,1749,1756),(1598,1750,1756),(1599,1751,1756),(1600,1752,1756),(1601,1753,1756),(1602,1754,1756),(1603,1755,1756),(1604,1757,1777),(1605,1758,1777),(1606,1759,1777),(1607,1760,1777),(1608,1761,1777),(1609,1762,1777),(1610,1763,1777),(1611,1764,1777),(1612,1765,1777),(1613,1766,1777),(1614,1767,1777),(1615,1768,1777),(1616,1769,1777),(1617,1770,1777),(1618,1771,1777),(1619,1772,1777),(1620,1773,1777),(1621,1774,1777),(1622,1775,1777),(1623,1776,1777),(1624,1778,1787),(1625,1779,1787),(1626,1780,1787),(1627,1781,1787),(1628,1782,1787),(1629,1783,1787),(1630,1784,1787),(1631,1785,1787),(1632,1786,1787),(1633,1788,1808),(1634,1789,1808),(1635,1790,1808),(1636,1791,1808),(1637,1792,1808),(1638,1793,1808),(1639,1794,1808),(1640,1795,1808),(1641,1796,1808),(1642,1797,1808),(1643,1798,1808),(1644,1799,1808),(1645,1800,1808),(1646,1801,1808),(1647,1802,1808),(1648,1803,1808),(1649,1804,1808),(1650,1805,1808),(1651,1806,1808),(1652,1807,1808),(1653,1809,1817),(1654,1810,1817),(1655,1811,1817),(1656,1812,1817),(1657,1813,1817),(1658,1814,1817),(1659,1815,1817),(1660,1816,1817),(1676,1834,1840),(1677,1835,1840),(1678,1836,1840),(1679,1837,1840),(1680,1838,1840),(1681,1839,1840),(1682,1841,1866),(1683,1842,1866),(1684,1843,1866),(1685,1844,1866),(1686,1845,1866),(1687,1846,1866),(1688,1847,1866),(1689,1848,1866),(1690,1849,1866),(1691,1850,1866),(1692,1851,1866),(1693,1852,1866),(1694,1853,1866),(1695,1854,1866),(1696,1855,1866),(1697,1856,1866),(1698,1857,1866),(1699,1858,1866),(1700,1859,1866),(1701,1860,1866),(1702,1861,1866),(1703,1862,1866),(1704,1863,1866),(1705,1864,1866),(1706,1865,1866),(1707,1867,1875),(1708,1868,1875),(1709,1869,1875),(1710,1870,1875),(1711,1871,1875),(1712,1872,1875),(1713,1873,1875),(1714,1874,1875),(1715,1876,1888),(1716,1877,1888),(1717,1878,1888),(1718,1879,1888),(1719,1880,1888),(1720,1881,1888),(1721,1882,1888),(1722,1883,1888),(1723,1884,1888),(1724,1885,1888),(1725,1886,1888),(1726,1887,1888),(1727,1889,1892),(1728,1890,1892),(1729,1891,1892),(1730,1893,1896),(1731,1894,1896),(1732,1895,1896),(1733,1897,1903),(1734,1898,1903),(1735,1899,1903),(1736,1900,1903),(1737,1901,1903),(1738,1902,1903),(1739,1904,1910),(1740,1905,1910),(1741,1906,1910),(1742,1907,1910),(1743,1908,1910),(1744,1909,1910),(1745,1911,1920),(1746,1912,1920),(1747,1913,1920),(1748,1914,1920),(1749,1915,1920),(1750,1916,1920),(1751,1917,1920),(1752,1918,1920),(1753,1919,1920),(1760,1928,1943),(1761,1929,1943),(1762,1930,1943),(1763,1931,1943),(1764,1932,1943),(1765,1933,1943),(1766,1934,1943),(1767,1935,1943),(1768,1936,1943),(1769,1937,1943),(1770,1938,1943),(1771,1939,1943),(1772,1940,1943),(1773,1941,1943),(1774,1942,1943),(1775,1944,1946),(1776,1945,1946),(1777,1947,1961),(1778,1948,1961),(1779,1949,1961),(1780,1950,1961),(1781,1951,1961),(1782,1952,1961),(1783,1953,1961),(1784,1954,1961),(1785,1955,1961),(1786,1956,1961),(1787,1957,1961),(1788,1958,1961),(1789,1959,1961),(1790,1960,1961),(1791,1962,1972),(1792,1963,1972),(1793,1964,1972),(1794,1965,1972),(1795,1966,1972),(1796,1967,1972),(1797,1968,1972),(1798,1969,1972),(1799,1970,1972),(1800,1971,1972),(1801,1973,1991),(1802,1974,1991),(1803,1975,1991),(1804,1976,1991),(1805,1977,1991),(1806,1978,1991),(1807,1979,1991),(1808,1980,1991),(1809,1981,1991),(1810,1982,1991),(1811,1983,1991),(1812,1984,1991),(1813,1985,1991),(1814,1986,1991),(1815,1987,1991),(1816,1988,1991),(1817,1989,1991),(1818,1990,1991),(1819,1992,1996),(1820,1993,1996),(1821,1994,1996),(1822,1995,1996),(1823,1997,2001),(1824,1998,2001),(1825,1999,2001),(1826,2000,2001),(1827,2002,2010),(1828,2003,2010),(1829,2004,2010),(1830,2005,2010),(1831,2006,2010),(1832,2007,2010),(1833,2008,2010),(1834,2009,2010),(1835,2011,2017),(1836,2012,2017),(1837,2013,2017),(1838,2014,2017),(1839,2015,2017),(1840,2016,2017),(1841,2018,2020),(1842,2019,2020),(1843,2021,2029),(1844,2022,2029),(1845,2023,2029),(1846,2024,2029),(1847,2025,2029),(1848,2026,2029),(1849,2027,2029),(1850,2028,2029),(1851,2030,2032),(1852,2031,2032),(1861,2042,2050),(1862,2043,2050),(1863,2044,2050),(1864,2045,2050),(1865,2046,2050),(1866,2047,2050),(1867,2048,2050),(1868,2049,2050),(1869,2051,2055),(1870,2052,2055),(1871,2053,2055),(1872,2054,2055),(1873,2056,2060),(1874,2057,2060),(1875,2058,2060),(1876,2059,2060),(1877,2061,2065),(1878,2062,2065),(1879,2063,2065),(1880,2064,2065),(1881,2066,2072),(1882,2067,2072),(1883,2068,2072),(1884,2069,2072),(1885,2070,2072),(1886,2071,2072),(1887,2073,2077),(1888,2074,2077),(1889,2075,2077),(1890,2076,2077),(1891,2078,2084),(1892,2079,2084),(1893,2080,2084),(1894,2081,2084),(1895,2082,2084),(1896,2083,2084),(1897,2085,2089),(1898,2086,2089),(1899,2087,2089),(1900,2088,2089),(1901,2090,2098),(1902,2091,2098),(1903,2092,2098),(1904,2093,2098),(1905,2094,2098),(1906,2095,2098),(1907,2096,2098),(1908,2097,2098),(1909,2099,2105),(1910,2100,2105),(1911,2101,2105),(1912,2102,2105),(1913,2103,2105),(1914,2104,2105),(1915,2106,2116),(1916,2107,2116),(1917,2108,2116),(1918,2109,2116),(1919,2110,2116),(1920,2111,2116),(1921,2112,2116),(1922,2113,2116),(1923,2114,2116),(1924,2115,2116),(1925,2117,2123),(1926,2118,2123),(1927,2119,2123),(1928,2120,2123),(1929,2121,2123),(1930,2122,2123),(1931,2124,2132),(1932,2125,2132),(1933,2126,2132),(1934,2127,2132),(1935,2128,2132),(1936,2129,2132),(1937,2130,2132),(1938,2131,2132),(1939,2133,2135),(1940,2134,2135),(1941,2136,2138),(1942,2137,2138),(1943,2139,2145),(1944,2140,2145),(1945,2141,2145),(1946,2142,2145),(1947,2143,2145),(1948,2144,2145),(1949,2146,2149),(1950,2147,2149),(1951,2148,2157),(1952,2150,2157),(1953,2151,2157),(1954,2152,2157),(1955,2153,2157),(1956,2154,2157),(1957,2155,2157),(1958,2156,2157),(1959,2158,2168),(1960,2159,2168),(1961,2160,2168),(1962,2161,2168),(1963,2162,2168),(1964,2163,2168),(1965,2164,2168),(1966,2165,2168),(1967,2166,2168),(1968,2167,2168),(1969,2169,2171),(1970,2170,2171),(1971,2172,2178),(1972,2173,2178),(1973,2174,2178),(1974,2175,2178),(1975,2176,2178),(1976,2177,2178),(1977,2179,2185),(1978,2180,2185),(1979,2181,2185),(1980,2182,2185),(1981,2183,2185),(1982,2184,2185),(1983,2186,2190),(1984,2187,2190),(1985,2188,2190),(1986,2189,2190),(1987,2191,2197),(1988,2192,2197),(1989,2193,2197),(1990,2194,2197),(1991,2195,2197),(1992,2196,2197),(1993,2198,2204),(1994,2199,2204),(1995,2200,2204),(1996,2201,2204),(1997,2202,2204),(1998,2203,2204),(1999,2205,2207),(2000,2206,2207),(2001,2208,2212),(2002,2209,2212),(2003,2210,2212),(2004,2211,2212),(2005,2213,2219),(2006,2214,2219),(2007,2215,2219),(2008,2216,2219),(2009,2217,2219),(2010,2218,2219),(2011,2220,2222),(2012,2221,2222),(2013,2223,2229),(2014,2224,2229),(2015,2225,2229),(2016,2226,2229),(2017,2227,2229),(2018,2228,2229),(2019,2230,2234),(2020,2231,2234),(2021,2232,2234),(2022,2233,2234),(2023,2235,2245),(2024,2236,2245),(2025,2237,2245),(2026,2238,2245),(2027,2239,2245),(2028,2240,2245),(2029,2241,2245),(2030,2242,2245),(2031,2243,2245),(2032,2244,2245),(2033,2246,2252),(2034,2247,2252),(2035,2248,2252),(2036,2249,2252),(2037,2250,2252),(2038,2251,2252),(2039,2253,2255),(2040,2254,2255),(2041,2256,2268),(2042,2257,2268),(2043,2258,2268),(2044,2259,2268),(2045,2260,2268),(2046,2261,2268),(2047,2262,2268),(2048,2263,2268),(2049,2264,2268),(2050,2265,2268),(2051,2266,2268),(2052,2267,2268),(2061,2278,2284),(2062,2279,2284),(2063,2280,2284),(2064,2281,2284),(2065,2282,2284),(2066,2283,2284),(2067,2285,2291),(2068,2286,2291),(2069,2287,2291),(2070,2288,2291),(2071,2289,2291),(2072,2290,2291),(2073,2292,2300),(2074,2293,2300),(2075,2294,2300),(2076,2295,2300),(2077,2296,2300),(2078,2297,2300),(2079,2298,2300),(2080,2299,2300),(2081,2301,2309),(2082,2302,2309),(2083,2303,2309),(2084,2304,2309),(2085,2305,2309),(2086,2306,2309),(2087,2307,2309),(2088,2308,2309),(2089,2310,2320),(2090,2311,2320),(2091,2312,2320),(2092,2313,2320),(2093,2314,2320),(2094,2315,2320),(2095,2316,2320),(2096,2317,2320),(2097,2318,2320),(2098,2319,2320),(2107,2330,2336),(2108,2331,2336),(2109,2332,2336),(2110,2333,2336),(2111,2334,2336),(2112,2335,2336),(2113,2337,2343),(2114,2338,2343),(2115,2339,2343),(2116,2340,2343),(2117,2341,2343),(2118,2342,2343),(2119,2344,2350),(2120,2345,2350),(2121,2346,2350),(2122,2347,2350),(2123,2348,2350),(2124,2349,2350),(2125,2351,2357),(2126,2352,2357),(2127,2353,2357),(2128,2354,2357),(2129,2355,2357),(2130,2356,2357),(2131,2358,2366),(2132,2359,2366),(2133,2360,2366),(2134,2361,2366),(2135,2362,2366),(2136,2363,2366),(2137,2364,2366),(2138,2365,2366),(2139,2367,2373),(2140,2368,2373),(2141,2369,2373),(2142,2370,2373),(2143,2371,2373),(2144,2372,2373),(2145,2374,2389),(2146,2375,2389),(2147,2376,2389),(2148,2377,2389),(2149,2378,2389),(2150,2379,2389),(2151,2380,2389),(2152,2381,2389),(2153,2382,2389),(2154,2383,2389),(2155,2384,2389),(2156,2385,2389),(2157,2386,2389),(2158,2387,2389),(2159,2388,2389),(2160,2390,2396),(2161,2391,2396),(2162,2392,2396),(2163,2393,2396),(2164,2394,2396),(2165,2395,2396),(2166,2397,2403),(2167,2398,2403),(2168,2399,2403),(2169,2400,2403),(2170,2401,2403),(2171,2402,2403),(2172,2404,2410),(2173,2405,2410),(2174,2406,2410),(2175,2407,2410),(2176,2408,2410),(2177,2409,2410),(2178,2411,2417),(2179,2412,2417),(2180,2413,2417),(2181,2414,2417),(2182,2415,2417),(2183,2416,2417),(2184,2418,2424),(2185,2419,2424),(2186,2420,2424),(2187,2421,2424),(2188,2422,2424),(2189,2423,2424),(2190,2425,2431),(2191,2426,2431),(2192,2427,2431),(2193,2428,2431),(2194,2429,2431),(2195,2430,2431),(2196,2432,2440),(2197,2433,2440),(2198,2434,2440),(2199,2435,2440),(2200,2436,2440),(2201,2437,2440),(2202,2438,2440),(2203,2439,2440),(2204,2441,2456),(2205,2442,2456),(2206,2443,2456),(2207,2444,2456),(2208,2445,2456),(2209,2446,2456),(2210,2447,2456),(2211,2448,2456),(2212,2449,2456),(2213,2450,2456),(2214,2451,2456),(2215,2452,2456),(2216,2453,2456),(2217,2454,2456),(2218,2455,2456),(2219,2457,2465),(2220,2458,2465),(2221,2459,2465),(2222,2460,2465),(2223,2461,2465),(2224,2462,2465),(2225,2463,2465),(2226,2464,2465),(2227,2466,2478),(2228,2467,2478),(2229,2468,2478),(2230,2469,2478),(2231,2470,2478),(2232,2471,2478),(2233,2472,2478),(2234,2473,2478),(2235,2474,2478),(2236,2475,2478),(2237,2476,2478),(2238,2477,2478),(2239,2479,2487),(2240,2480,2487),(2241,2481,2487),(2242,2482,2487),(2243,2483,2487),(2244,2484,2487),(2245,2485,2487),(2246,2486,2487),(2247,2488,2500),(2248,2489,2500),(2249,2490,2500),(2250,2491,2500),(2251,2492,2500),(2252,2493,2500),(2253,2494,2500),(2254,2495,2500),(2255,2496,2500),(2256,2497,2500),(2257,2498,2500),(2258,2499,2500),(2259,2501,2507),(2260,2502,2507),(2261,2503,2507),(2262,2504,2507),(2263,2505,2507),(2264,2506,2507),(2265,2508,2517),(2266,2509,2517),(2267,2510,2517),(2268,2511,2517),(2269,2512,2517),(2270,2513,2517),(2271,2514,2517),(2272,2515,2517),(2273,2516,2517),(2274,2518,2524),(2275,2519,2524),(2276,2520,2524),(2277,2521,2524),(2278,2522,2524),(2279,2523,2524),(2280,2525,2533),(2281,2526,2533),(2282,2527,2533),(2283,2528,2533),(2284,2529,2533),(2285,2530,2533),(2286,2531,2533),(2287,2532,2533),(2288,2534,2542),(2289,2535,2542),(2290,2536,2542),(2291,2537,2542),(2292,2538,2542),(2293,2539,2542),(2294,2540,2542),(2295,2541,2542);

--
-- Table structure for table `catalog_product_website`
--

CREATE TABLE `catalog_product_website` (
  `product_id` int(10) unsigned NOT NULL COMMENT 'Product ID',
  `website_id` smallint(5) unsigned NOT NULL COMMENT 'Website ID',
  PRIMARY KEY (`product_id`,`website_id`),
  KEY `CATALOG_PRODUCT_WEBSITE_WEBSITE_ID` (`website_id`),
  CONSTRAINT `CATALOG_PRODUCT_WEBSITE_WEBSITE_ID_STORE_WEBSITE_WEBSITE_ID` FOREIGN KEY (`website_id`) REFERENCES `store_website` (`website_id`) ON DELETE CASCADE,
  CONSTRAINT `CAT_PRD_WS_PRD_ID_CAT_PRD_ENTT_ENTT_ID` FOREIGN KEY (`product_id`) REFERENCES `catalog_product_entity` (`entity_id`) ON DELETE CASCADE
) ENGINE=InnoDB DEFAULT CHARSET=utf8 COMMENT='Catalog Product To Website Linkage Table';

--
-- Dumping data for table `catalog_product_website`
--

INSERT INTO `catalog_product_website` VALUES (1,1),(2,1),(3,1),(4,1),(5,1),(6,1),(7,1),(8,1),(9,1),(10,1),(11,1),(12,1),(15,1),(16,1),(17,1),(18,1),(19,1),(20,1),(22,1),(24,1),(25,1),(26,1),(29,1),(30,1),(31,1),(32,1),(33,1),(34,1),(35,1),(36,1),(38,1),(41,1),(42,1),(43,1),(44,1),(45,1),(46,1),(47,1),(48,1),(49,1),(50,1),(51,1),(53,1),(54,1),(55,1),(56,1),(57,1),(58,1),(59,1),(60,1),(61,1),(63,1),(64,1),(65,1),(66,1),(68,1),(69,1),(70,1),(71,1),(72,1),(73,1),(74,1),(75,1),(76,1),(77,1),(78,1),(79,1),(80,1),(81,1),(82,1),(83,1),(84,1),(85,1),(86,1),(87,1),(88,1),(89,1),(91,1),(92,1),(93,1),(95,1),(97,1),(98,1),(99,1),(100,1),(101,1),(102,1),(103,1),(104,1),(105,1),(106,1),(107,1),(108,1),(109,1),(110,1),(111,1),(112,1),(113,1),(114,1),(115,1),(116,1),(117,1),(118,1),(119,1),(120,1),(121,1),(122,1),(123,1),(124,1),(125,1),(126,1),(127,1),(128,1),(129,1),(130,1),(131,1),(132,1),(133,1),(134,1),(135,1),(136,1),(137,1),(138,1),(139,1),(140,1),(141,1),(142,1),(143,1),(144,1),(145,1),(146,1),(147,1),(148,1),(149,1),(150,1),(151,1),(152,1),(153,1),(154,1),(155,1),(156,1),(157,1),(158,1),(159,1),(160,1),(161,1),(162,1),(163,1),(164,1),(165,1),(166,1),(167,1),(168,1),(169,1),(170,1),(171,1),(172,1),(173,1),(174,1),(175,1),(176,1),(177,1),(178,1),(179,1),(180,1),(181,1),(182,1),(183,1),(184,1),(185,1),(186,1),(187,1),(188,1),(189,1),(190,1),(191,1),(192,1),(193,1),(194,1),(195,1),(196,1),(197,1),(198,1),(199,1),(200,1),(201,1),(202,1),(203,1),(204,1),(205,1),(206,1),(207,1),(208,1),(209,1),(210,1),(211,1),(212,1),(213,1),(214,1),(215,1),(216,1),(217,1),(218,1),(219,1),(220,1),(221,1),(222,1),(223,1),(224,1),(225,1),(226,1),(227,1),(228,1),(229,1),(230,1),(231,1),(232,1),(233,1),(234,1),(235,1),(236,1),(237,1),(238,1),(239,1),(240,1),(241,1),(242,1),(243,1),(244,1),(245,1),(246,1),(247,1),(248,1),(249,1),(250,1),(251,1),(252,1),(253,1),(254,1),(255,1),(256,1),(257,1),(258,1),(259,1),(260,1),(261,1),(262,1),(263,1),(264,1),(265,1),(266,1),(267,1),(268,1),(269,1),(270,1),(271,1),(272,1),(273,1),(274,1),(275,1),(276,1),(277,1),(278,1),(279,1),(280,1),(281,1),(282,1),(283,1),(284,1),(285,1),(286,1),(287,1),(288,1),(289,1),(290,1),(291,1),(292,1),(293,1),(294,1),(295,1),(296,1),(297,1),(298,1),(299,1),(300,1),(301,1),(302,1),(303,1),(304,1),(305,1),(306,1),(307,1),(308,1),(309,1),(310,1),(311,1),(312,1),(313,1),(314,1),(315,1),(316,1),(317,1),(318,1),(319,1),(320,1),(321,1),(322,1),(323,1),(324,1),(325,1),(326,1),(327,1),(328,1),(329,1),(330,1),(331,1),(332,1),(333,1),(334,1),(335,1),(336,1),(337,1),(338,1),(339,1),(340,1),(341,1),(342,1),(343,1),(344,1),(345,1),(346,1),(347,1),(348,1),(349,1),(350,1),(351,1),(352,1),(353,1),(354,1),(355,1),(356,1),(357,1),(358,1),(359,1),(360,1),(361,1),(362,1),(363,1),(364,1),(365,1),(366,1),(367,1),(368,1),(369,1),(370,1),(371,1),(372,1),(373,1),(374,1),(375,1),(376,1),(377,1),(378,1),(379,1),(380,1),(381,1),(382,1),(383,1),(384,1),(385,1),(386,1),(387,1),(388,1),(389,1),(390,1),(391,1),(392,1),(393,1),(394,1),(395,1),(396,1),(397,1),(398,1),(399,1),(400,1),(401,1),(402,1),(403,1),(404,1),(405,1),(406,1),(407,1),(408,1),(409,1),(410,1),(411,1),(412,1),(413,1),(414,1),(415,1),(416,1),(417,1),(418,1),(419,1),(420,1),(421,1),(422,1),(423,1),(424,1),(425,1),(426,1),(427,1),(428,1),(429,1),(430,1),(431,1),(432,1),(433,1),(434,1),(435,1),(436,1),(437,1),(438,1),(439,1),(440,1),(441,1),(442,1),(443,1),(444,1),(445,1),(446,1),(447,1),(448,1),(449,1),(450,1),(451,1),(452,1),(453,1),(454,1),(455,1),(456,1),(457,1),(458,1),(459,1),(460,1),(461,1),(462,1),(463,1),(464,1),(465,1),(466,1),(467,1),(468,1),(469,1),(470,1),(471,1),(472,1),(473,1),(474,1),(475,1),(476,1),(477,1),(478,1),(479,1),(480,1),(481,1),(482,1),(483,1),(484,1),(485,1),(486,1),(487,1),(488,1),(489,1),(490,1),(491,1),(492,1),(493,1),(494,1),(495,1),(496,1),(497,1),(498,1),(499,1),(500,1),(501,1),(502,1),(503,1),(504,1),(505,1),(506,1),(507,1),(508,1),(509,1),(510,1),(511,1),(512,1),(513,1),(514,1),(515,1),(516,1),(517,1),(518,1),(519,1),(520,1),(521,1),(522,1),(523,1),(524,1),(525,1),(526,1),(527,1),(528,1),(529,1),(530,1),(531,1),(532,1),(533,1),(534,1),(535,1),(536,1),(537,1),(538,1),(539,1),(540,1),(541,1),(542,1),(543,1),(544,1),(545,1),(546,1),(547,1),(548,1),(549,1),(550,1),(551,1),(552,1),(553,1),(554,1),(555,1),(556,1),(557,1),(558,1),(559,1),(560,1),(561,1),(562,1),(563,1),(564,1),(565,1),(566,1),(567,1),(568,1),(569,1),(570,1),(571,1),(572,1),(573,1),(574,1),(575,1),(576,1),(577,1),(578,1),(579,1),(580,1),(581,1),(582,1),(583,1),(584,1),(585,1),(586,1),(587,1),(588,1),(589,1),(590,1),(591,1),(592,1),(593,1),(594,1),(595,1),(596,1),(597,1),(598,1),(599,1),(600,1),(601,1),(602,1),(603,1),(604,1),(605,1),(606,1),(607,1),(608,1),(609,1),(610,1),(611,1),(612,1),(613,1),(614,1),(615,1),(616,1),(617,1),(618,1),(619,1),(620,1),(621,1),(622,1),(623,1),(624,1),(625,1),(626,1),(627,1),(628,1),(629,1),(630,1),(631,1),(632,1),(633,1),(634,1),(635,1),(636,1),(637,1),(638,1),(639,1),(640,1),(641,1),(642,1),(643,1),(644,1),(645,1),(646,1),(647,1),(648,1),(649,1),(650,1),(651,1),(652,1),(653,1),(654,1),(655,1),(656,1),(657,1),(658,1),(659,1),(660,1),(661,1),(662,1),(663,1),(664,1),(665,1),(666,1),(667,1),(668,1),(669,1),(670,1),(671,1),(672,1),(673,1),(674,1),(675,1),(676,1),(677,1),(678,1),(679,1),(680,1),(681,1),(682,1),(683,1),(684,1),(685,1),(686,1),(687,1),(688,1),(689,1),(690,1),(691,1),(692,1),(693,1),(694,1),(695,1),(696,1),(697,1),(698,1),(699,1),(700,1),(701,1),(702,1),(703,1),(704,1),(705,1),(706,1),(707,1),(708,1),(709,1),(710,1),(711,1),(712,1),(713,1),(714,1),(715,1),(716,1),(717,1),(718,1),(719,1),(720,1),(721,1),(722,1),(723,1),(724,1),(725,1),(726,1),(727,1),(728,1),(729,1),(730,1),(731,1),(732,1),(733,1),(734,1),(735,1),(736,1),(737,1),(738,1),(739,1),(740,1),(741,1),(742,1),(743,1),(744,1),(745,1),(746,1),(747,1),(748,1),(749,1),(750,1),(751,1),(752,1),(753,1),(754,1),(755,1),(756,1),(757,1),(758,1),(759,1),(760,1),(761,1),(762,1),(763,1),(764,1),(765,1),(766,1),(767,1),(768,1),(769,1),(770,1),(771,1),(772,1),(773,1),(774,1),(775,1),(776,1),(777,1),(778,1),(779,1),(780,1),(781,1),(782,1),(783,1),(784,1),(785,1),(786,1),(787,1),(788,1),(789,1),(790,1),(791,1),(792,1),(793,1),(794,1),(795,1),(796,1),(797,1),(798,1),(799,1),(800,1),(801,1),(802,1),(803,1),(804,1),(805,1),(806,1),(807,1),(808,1),(809,1),(810,1),(811,1),(812,1),(813,1),(814,1),(815,1),(816,1),(817,1),(818,1),(819,1),(820,1),(821,1),(822,1),(823,1),(824,1),(825,1),(826,1),(827,1),(828,1),(829,1),(830,1),(831,1),(832,1),(833,1),(834,1),(835,1),(836,1),(837,1),(838,1),(839,1),(840,1),(841,1),(842,1),(843,1),(844,1),(845,1),(846,1),(847,1),(848,1),(849,1),(850,1),(851,1),(852,1),(853,1),(854,1),(855,1),(856,1),(857,1),(858,1),(859,1),(860,1),(861,1),(862,1),(863,1),(864,1),(865,1),(866,1),(867,1),(868,1),(869,1),(870,1),(871,1),(872,1),(873,1),(874,1),(875,1),(876,1),(877,1),(878,1),(879,1),(880,1),(881,1),(882,1),(883,1),(884,1),(885,1),(886,1),(887,1),(888,1),(889,1),(890,1),(891,1),(892,1),(893,1),(894,1),(895,1),(896,1),(897,1),(898,1),(899,1),(900,1),(901,1),(902,1),(903,1),(904,1),(905,1),(906,1),(907,1),(908,1),(909,1),(910,1),(911,1),(912,1),(913,1),(914,1),(915,1),(924,1),(925,1),(926,1),(927,1),(928,1),(929,1),(930,1),(931,1),(932,1),(933,1),(934,1),(935,1),(936,1),(937,1),(938,1),(939,1),(940,1),(941,1),(942,1),(943,1),(944,1),(945,1),(946,1),(947,1),(948,1),(949,1),(950,1),(951,1),(952,1),(953,1),(954,1),(955,1),(956,1),(957,1),(958,1),(959,1),(972,1),(973,1),(974,1),(975,1),(976,1),(977,1),(978,1),(979,1),(980,1),(981,1),(982,1),(983,1),(984,1),(985,1),(986,1),(987,1),(988,1),(989,1),(990,1),(991,1),(992,1),(993,1),(994,1),(995,1),(996,1),(997,1),(998,1),(999,1),(1000,1),(1001,1),(1002,1),(1003,1),(1004,1),(1005,1),(1006,1),(1007,1),(1008,1),(1009,1),(1010,1),(1011,1),(1012,1),(1013,1),(1014,1),(1015,1),(1016,1),(1017,1),(1018,1),(1019,1),(1020,1),(1021,1),(1022,1),(1023,1),(1024,1),(1025,1),(1026,1),(1027,1),(1028,1),(1029,1),(1030,1),(1031,1),(1032,1),(1033,1),(1034,1),(1035,1),(1036,1),(1037,1),(1038,1),(1039,1),(1040,1),(1041,1),(1042,1),(1043,1),(1044,1),(1045,1),(1046,1),(1047,1),(1048,1),(1049,1),(1050,1),(1051,1),(1052,1),(1053,1),(1054,1),(1055,1),(1056,1),(1057,1),(1058,1),(1059,1),(1060,1),(1061,1),(1062,1),(1063,1),(1064,1),(1065,1),(1066,1),(1067,1),(1068,1),(1069,1),(1070,1),(1071,1),(1072,1),(1073,1),(1074,1),(1075,1),(1076,1),(1077,1),(1078,1),(1079,1),(1080,1),(1081,1),(1082,1),(1083,1),(1084,1),(1085,1),(1086,1),(1087,1),(1088,1),(1089,1),(1090,1),(1091,1),(1092,1),(1093,1),(1094,1),(1095,1),(1096,1),(1097,1),(1098,1),(1099,1),(1100,1),(1101,1),(1102,1),(1103,1),(1104,1),(1105,1),(1106,1),(1107,1),(1108,1),(1109,1),(1110,1),(1111,1),(1112,1),(1113,1),(1114,1),(1115,1),(1116,1),(1117,1),(1118,1),(1119,1),(1120,1),(1121,1),(1122,1),(1123,1),(1124,1),(1125,1),(1126,1),(1127,1),(1128,1),(1129,1),(1130,1),(1131,1),(1132,1),(1133,1),(1134,1),(1135,1),(1136,1),(1137,1),(1138,1),(1139,1),(1140,1),(1141,1),(1142,1),(1143,1),(1144,1),(1145,1),(1146,1),(1147,1),(1148,1),(1149,1),(1150,1),(1151,1),(1152,1),(1153,1),(1154,1),(1155,1),(1156,1),(1157,1),(1158,1),(1159,1),(1160,1),(1161,1),(1162,1),(1163,1),(1164,1),(1165,1),(1166,1),(1167,1),(1168,1),(1169,1),(1170,1),(1171,1),(1172,1),(1173,1),(1174,1),(1175,1),(1176,1),(1177,1),(1178,1),(1179,1),(1180,1),(1181,1),(1182,1),(1183,1),(1184,1),(1185,1),(1186,1),(1187,1),(1188,1),(1189,1),(1190,1),(1191,1),(1192,1),(1193,1),(1194,1),(1195,1),(1196,1),(1197,1),(1198,1),(1199,1),(1200,1),(1201,1),(1202,1),(1203,1),(1204,1),(1205,1),(1206,1),(1207,1),(1208,1),(1209,1),(1210,1),(1211,1),(1212,1),(1213,1),(1214,1),(1215,1),(1216,1),(1217,1),(1218,1),(1219,1),(1220,1),(1221,1),(1222,1),(1223,1),(1224,1),(1225,1),(1226,1),(1227,1),(1228,1),(1229,1),(1230,1),(1231,1),(1232,1),(1233,1),(1234,1),(1235,1),(1236,1),(1237,1),(1238,1),(1239,1),(1240,1),(1241,1),(1242,1),(1243,1),(1244,1),(1245,1),(1246,1),(1247,1),(1248,1),(1249,1),(1250,1),(1251,1),(1252,1),(1253,1),(1254,1),(1255,1),(1256,1),(1257,1),(1258,1),(1259,1),(1260,1),(1261,1),(1262,1),(1263,1),(1264,1),(1265,1),(1266,1),(1267,1),(1268,1),(1269,1),(1270,1),(1271,1),(1272,1),(1273,1),(1274,1),(1275,1),(1276,1),(1277,1),(1278,1),(1279,1),(1280,1),(1281,1),(1282,1),(1283,1),(1284,1),(1285,1),(1286,1),(1287,1),(1288,1),(1289,1),(1290,1),(1291,1),(1292,1),(1293,1),(1294,1),(1295,1),(1296,1),(1297,1),(1298,1),(1299,1),(1300,1),(1301,1),(1302,1),(1303,1),(1304,1),(1305,1),(1306,1),(1307,1),(1308,1),(1309,1),(1310,1),(1311,1),(1312,1),(1313,1),(1314,1),(1315,1),(1316,1),(1317,1),(1318,1),(1319,1),(1320,1),(1321,1),(1322,1),(1323,1),(1324,1),(1325,1),(1326,1),(1327,1),(1328,1),(1329,1),(1330,1),(1331,1),(1332,1),(1333,1),(1334,1),(1335,1),(1336,1),(1337,1),(1338,1),(1339,1),(1340,1),(1341,1),(1343,1),(1344,1),(1345,1),(1346,1),(1347,1),(1348,1),(1349,1),(1350,1),(1351,1),(1352,1),(1353,1),(1354,1),(1355,1),(1356,1),(1357,1),(1358,1),(1359,1),(1360,1),(1361,1),(1362,1),(1363,1),(1364,1),(1365,1),(1366,1),(1367,1),(1368,1),(1369,1),(1370,1),(1371,1),(1372,1),(1373,1),(1374,1),(1375,1),(1376,1),(1377,1),(1378,1),(1379,1),(1380,1),(1381,1),(1383,1),(1384,1),(1385,1),(1386,1),(1387,1),(1388,1),(1389,1),(1390,1),(1391,1),(1392,1),(1393,1),(1394,1),(1395,1),(1396,1),(1397,1),(1398,1),(1399,1),(1400,1),(1401,1),(1402,1),(1403,1),(1404,1),(1405,1),(1406,1),(1407,1),(1408,1),(1409,1),(1410,1),(1411,1),(1412,1),(1413,1),(1414,1),(1415,1),(1416,1),(1417,1),(1418,1),(1419,1),(1420,1),(1421,1),(1422,1),(1423,1),(1424,1),(1425,1),(1426,1),(1427,1),(1428,1),(1429,1),(1430,1),(1431,1),(1432,1),(1433,1),(1434,1),(1435,1),(1436,1),(1437,1),(1438,1),(1439,1),(1440,1),(1441,1),(1442,1),(1443,1),(1444,1),(1445,1),(1446,1),(1447,1),(1448,1),(1449,1),(1450,1),(1451,1),(1452,1),(1453,1),(1454,1),(1455,1),(1456,1),(1457,1),(1458,1),(1459,1),(1460,1),(1461,1),(1462,1),(1463,1),(1464,1),(1465,1),(1466,1),(1467,1),(1468,1),(1469,1),(1470,1),(1471,1),(1472,1),(1473,1),(1474,1),(1475,1),(1476,1),(1477,1),(1478,1),(1479,1),(1480,1),(1481,1),(1482,1),(1483,1),(1484,1),(1485,1),(1486,1),(1487,1),(1488,1),(1489,1),(1490,1),(1491,1),(1492,1),(1493,1),(1494,1),(1495,1),(1496,1),(1497,1),(1498,1),(1499,1),(1500,1),(1501,1),(1502,1),(1503,1),(1504,1),(1505,1),(1506,1),(1507,1),(1508,1),(1509,1),(1510,1),(1511,1),(1512,1),(1513,1),(1514,1),(1515,1),(1516,1),(1517,1),(1518,1),(1519,1),(1520,1),(1521,1),(1522,1),(1523,1),(1524,1),(1525,1),(1526,1),(1527,1),(1528,1),(1529,1),(1530,1),(1531,1),(1532,1),(1533,1),(1534,1),(1535,1),(1536,1),(1537,1),(1538,1),(1539,1),(1540,1),(1541,1),(1542,1),(1543,1),(1544,1),(1545,1),(1546,1),(1547,1),(1548,1),(1549,1),(1550,1),(1551,1),(1552,1),(1553,1),(1554,1),(1555,1),(1556,1),(1557,1),(1558,1),(1559,1),(1560,1),(1561,1),(1562,1),(1563,1),(1564,1),(1565,1),(1566,1),(1567,1),(1568,1),(1569,1),(1570,1),(1571,1),(1572,1),(1573,1),(1574,1),(1575,1),(1576,1),(1577,1),(1578,1),(1579,1),(1580,1),(1581,1),(1582,1),(1583,1),(1584,1),(1585,1),(1586,1),(1587,1),(1588,1),(1589,1),(1590,1),(1591,1),(1592,1),(1593,1),(1594,1),(1595,1),(1596,1),(1597,1),(1598,1),(1599,1),(1600,1),(1601,1),(1602,1),(1603,1),(1604,1),(1605,1),(1606,1),(1607,1),(1608,1),(1609,1),(1610,1),(1611,1),(1612,1),(1613,1),(1614,1),(1615,1),(1616,1),(1617,1),(1618,1),(1619,1),(1620,1),(1621,1),(1622,1),(1623,1),(1624,1),(1625,1),(1626,1),(1627,1),(1628,1),(1629,1),(1630,1),(1631,1),(1632,1),(1633,1),(1634,1),(1635,1),(1636,1),(1637,1),(1638,1),(1639,1),(1640,1),(1641,1),(1642,1),(1643,1),(1644,1),(1645,1),(1646,1),(1647,1),(1648,1),(1649,1),(1650,1),(1651,1),(1652,1),(1653,1),(1654,1),(1655,1),(1656,1),(1657,1),(1658,1),(1659,1),(1660,1),(1661,1),(1662,1),(1663,1),(1664,1),(1665,1),(1666,1),(1667,1),(1668,1),(1669,1),(1670,1),(1671,1),(1672,1),(1673,1),(1674,1),(1675,1),(1676,1),(1677,1),(1678,1),(1679,1),(1680,1),(1681,1),(1682,1),(1683,1),(1684,1),(1685,1),(1686,1),(1687,1),(1688,1),(1689,1),(1690,1),(1692,1),(1693,1),(1694,1),(1695,1),(1696,1),(1697,1),(1698,1),(1699,1),(1700,1),(1701,1),(1702,1),(1703,1),(1704,1),(1705,1),(1706,1),(1707,1),(1708,1),(1709,1),(1710,1),(1711,1),(1712,1),(1713,1),(1714,1),(1715,1),(1716,1),(1717,1),(1718,1),(1719,1),(1720,1),(1721,1),(1722,1),(1723,1),(1724,1),(1725,1),(1726,1),(1727,1),(1728,1),(1729,1),(1730,1),(1731,1),(1732,1),(1733,1),(1734,1),(1735,1),(1736,1),(1737,1),(1738,1),(1739,1),(1740,1),(1741,1),(1742,1),(1743,1),(1744,1),(1745,1),(1746,1),(1747,1),(1748,1),(1749,1),(1750,1),(1751,1),(1752,1),(1753,1),(1754,1),(1755,1),(1756,1),(1757,1),(1758,1),(1759,1),(1760,1),(1761,1),(1762,1),(1763,1),(1764,1),(1765,1),(1766,1),(1767,1),(1768,1),(1769,1),(1770,1),(1771,1),(1772,1),(1773,1),(1774,1),(1775,1),(1776,1),(1777,1),(1778,1),(1779,1),(1780,1),(1781,1),(1782,1),(1783,1),(1784,1),(1785,1),(1786,1),(1787,1),(1788,1),(1789,1),(1790,1),(1791,1),(1792,1),(1793,1),(1794,1),(1795,1),(1796,1),(1797,1),(1798,1),(1799,1),(1800,1),(1801,1),(1802,1),(1803,1),(1804,1),(1805,1),(1806,1),(1807,1),(1808,1),(1809,1),(1810,1),(1811,1),(1812,1),(1813,1),(1814,1),(1815,1),(1816,1),(1817,1),(1834,1),(1835,1),(1836,1),(1837,1),(1838,1),(1839,1),(1840,1),(1841,1),(1842,1),(1843,1),(1844,1),(1845,1),(1846,1),(1847,1),(1848,1),(1849,1),(1850,1),(1851,1),(1852,1),(1853,1),(1854,1),(1855,1),(1856,1),(1857,1),(1858,1),(1859,1),(1860,1),(1861,1),(1862,1),(1863,1),(1864,1),(1865,1),(1866,1),(1867,1),(1868,1),(1869,1),(1870,1),(1871,1),(1872,1),(1873,1),(1874,1),(1875,1),(1876,1),(1877,1),(1878,1),(1879,1),(1880,1),(1881,1),(1882,1),(1883,1),(1884,1),(1885,1),(1886,1),(1887,1),(1888,1),(1889,1),(1890,1),(1891,1),(1892,1),(1893,1),(1894,1),(1895,1),(1896,1),(1897,1),(1898,1),(1899,1),(1900,1),(1901,1),(1902,1),(1903,1),(1904,1),(1905,1),(1906,1),(1907,1),(1908,1),(1909,1),(1910,1),(1911,1),(1912,1),(1913,1),(1914,1),(1915,1),(1916,1),(1917,1),(1918,1),(1919,1),(1920,1),(1928,1),(1929,1),(1930,1),(1931,1),(1932,1),(1933,1),(1934,1),(1935,1),(1936,1),(1937,1),(1938,1),(1939,1),(1940,1),(1941,1),(1942,1),(1943,1),(1944,1),(1945,1),(1946,1),(1947,1),(1948,1),(1949,1),(1950,1),(1951,1),(1952,1),(1953,1),(1954,1),(1955,1),(1956,1),(1957,1),(1958,1),(1959,1),(1960,1),(1961,1),(1962,1),(1963,1),(1964,1),(1965,1),(1966,1),(1967,1),(1968,1),(1969,1),(1970,1),(1971,1),(1972,1),(1973,1),(1974,1),(1975,1),(1976,1),(1977,1),(1978,1),(1979,1),(1980,1),(1981,1),(1982,1),(1983,1),(1984,1),(1985,1),(1986,1),(1987,1),(1988,1),(1989,1),(1990,1),(1991,1),(1992,1),(1993,1),(1994,1),(1995,1),(1996,1),(1997,1),(1998,1),(1999,1),(2000,1),(2001,1),(2002,1),(2003,1),(2004,1),(2005,1),(2006,1),(2007,1),(2008,1),(2009,1),(2010,1),(2011,1),(2012,1),(2013,1),(2014,1),(2015,1),(2016,1),(2017,1),(2018,1),(2019,1),(2020,1),(2021,1),(2022,1),(2023,1),(2024,1),(2025,1),(2026,1),(2027,1),(2028,1),(2029,1),(2030,1),(2031,1),(2032,1),(2042,1),(2043,1),(2044,1),(2045,1),(2046,1),(2047,1),(2048,1),(2049,1),(2050,1),(2051,1),(2052,1),(2053,1),(2054,1),(2055,1),(2056,1),(2057,1),(2058,1),(2059,1),(2060,1),(2061,1),(2062,1),(2063,1),(2064,1),(2065,1),(2066,1),(2067,1),(2068,1),(2069,1),(2070,1),(2071,1),(2072,1),(2073,1),(2074,1),(2075,1),(2076,1),(2077,1),(2078,1),(2079,1),(2080,1),(2081,1),(2082,1),(2083,1),(2084,1),(2085,1),(2086,1),(2087,1),(2088,1),(2089,1),(2090,1),(2091,1),(2092,1),(2093,1),(2094,1),(2095,1),(2096,1),(2097,1),(2098,1),(2099,1),(2100,1),(2101,1),(2102,1),(2103,1),(2104,1),(2105,1),(2106,1),(2107,1),(2108,1),(2109,1),(2110,1),(2111,1),(2112,1),(2113,1),(2114,1),(2115,1),(2116,1),(2117,1),(2118,1),(2119,1),(2120,1),(2121,1),(2122,1),(2123,1),(2124,1),(2125,1),(2126,1),(2127,1),(2128,1),(2129,1),(2130,1),(2131,1),(2132,1),(2133,1),(2134,1),(2135,1),(2136,1),(2137,1),(2138,1),(2139,1),(2140,1),(2141,1),(2142,1),(2143,1),(2144,1),(2145,1),(2146,1),(2147,1),(2148,1),(2149,1),(2150,1),(2151,1),(2152,1),(2153,1),(2154,1),(2155,1),(2156,1),(2157,1),(2158,1),(2159,1),(2160,1),(2161,1),(2162,1),(2163,1),(2164,1),(2165,1),(2166,1),(2167,1),(2168,1),(2169,1),(2170,1),(2171,1),(2172,1),(2173,1),(2174,1),(2175,1),(2176,1),(2177,1),(2178,1),(2179,1),(2180,1),(2181,1),(2182,1),(2183,1),(2184,1),(2185,1),(2186,1),(2187,1),(2188,1),(2189,1),(2190,1),(2191,1),(2192,1),(2193,1),(2194,1),(2195,1),(2196,1),(2197,1),(2198,1),(2199,1),(2200,1),(2201,1),(2202,1),(2203,1),(2204,1),(2205,1),(2206,1),(2207,1),(2208,1),(2209,1),(2210,1),(2211,1),(2212,1),(2213,1),(2214,1),(2215,1),(2216,1),(2217,1),(2218,1),(2219,1),(2220,1),(2221,1),(2222,1),(2223,1),(2224,1),(2225,1),(2226,1),(2227,1),(2228,1),(2229,1),(2230,1),(2231,1),(2232,1),(2233,1),(2234,1),(2235,1),(2236,1),(2237,1),(2238,1),(2239,1),(2240,1),(2241,1),(2242,1),(2243,1),(2244,1),(2245,1),(2246,1),(2247,1),(2248,1),(2249,1),(2250,1),(2251,1),(2252,1),(2253,1),(2254,1),(2255,1),(2256,1),(2257,1),(2258,1),(2259,1),(2260,1),(2261,1),(2262,1),(2263,1),(2264,1),(2265,1),(2266,1),(2267,1),(2268,1),(2278,1),(2279,1),(2280,1),(2281,1),(2282,1),(2283,1),(2284,1),(2285,1),(2286,1),(2287,1),(2288,1),(2289,1),(2290,1),(2291,1),(2292,1),(2293,1),(2294,1),(2295,1),(2296,1),(2297,1),(2298,1),(2299,1),(2300,1),(2301,1),(2302,1),(2303,1),(2304,1),(2305,1),(2306,1),(2307,1),(2308,1),(2309,1),(2310,1),(2311,1),(2312,1),(2313,1),(2314,1),(2315,1),(2316,1),(2317,1),(2318,1),(2319,1),(2320,1),(2330,1),(2331,1),(2332,1),(2333,1),(2334,1),(2335,1),(2336,1),(2337,1),(2338,1),(2339,1),(2340,1),(2341,1),(2342,1),(2343,1),(2344,1),(2345,1),(2346,1),(2347,1),(2348,1),(2349,1),(2350,1),(2351,1),(2352,1),(2353,1),(2354,1),(2355,1),(2356,1),(2357,1),(2358,1),(2359,1),(2360,1),(2361,1),(2362,1),(2363,1),(2364,1),(2365,1),(2366,1),(2367,1),(2368,1),(2369,1),(2370,1),(2371,1),(2372,1),(2373,1),(2374,1),(2375,1),(2376,1),(2377,1),(2378,1),(2379,1),(2380,1),(2381,1),(2382,1),(2383,1),(2384,1),(2385,1),(2386,1),(2387,1),(2388,1),(2389,1),(2390,1),(2391,1),(2392,1),(2393,1),(2394,1),(2395,1),(2396,1),(2397,1),(2398,1),(2399,1),(2400,1),(2401,1),(2402,1),(2403,1),(2404,1),(2405,1),(2406,1),(2407,1),(2408,1),(2409,1),(2410,1),(2411,1),(2412,1),(2413,1),(2414,1),(2415,1),(2416,1),(2417,1),(2418,1),(2419,1),(2420,1),(2421,1),(2422,1),(2423,1),(2424,1),(2425,1),(2426,1),(2427,1),(2428,1),(2429,1),(2430,1),(2431,1),(2432,1),(2433,1),(2434,1),(2435,1),(2436,1),(2437,1),(2438,1),(2439,1),(2440,1),(2441,1),(2442,1),(2443,1),(2444,1),(2445,1),(2446,1),(2447,1),(2448,1),(2449,1),(2450,1),(2451,1),(2452,1),(2453,1),(2454,1),(2455,1),(2456,1),(2457,1),(2458,1),(2459,1),(2460,1),(2461,1),(2462,1),(2463,1),(2464,1),(2465,1),(2466,1),(2467,1),(2468,1),(2469,1),(2470,1),(2471,1),(2472,1),(2473,1),(2474,1),(2475,1),(2476,1),(2477,1),(2478,1),(2479,1),(2480,1),(2481,1),(2482,1),(2483,1),(2484,1),(2485,1),(2486,1),(2487,1),(2488,1),(2489,1),(2490,1),(2491,1),(2492,1),(2493,1),(2494,1),(2495,1),(2496,1),(2497,1),(2498,1),(2499,1),(2500,1),(2501,1),(2502,1),(2503,1),(2504,1),(2505,1),(2506,1),(2507,1),(2508,1),(2509,1),(2510,1),(2511,1),(2512,1),(2513,1),(2514,1),(2515,1),(2516,1),(2517,1),(2518,1),(2519,1),(2520,1),(2521,1),(2522,1),(2523,1),(2524,1),(2525,1),(2526,1),(2527,1),(2528,1),(2529,1),(2530,1),(2531,1),(2532,1),(2533,1),(2534,1),(2535,1),(2536,1),(2537,1),(2538,1),(2539,1),(2540,1),(2541,1),(2542,1);
DELIMITER ;;
/*!50003 CREATE*/ /*!50017 DEFINER=`magento`@`%`*/ /*!50003 TRIGGER trg_catalog_product_website_after_insert AFTER INSERT ON catalog_product_website FOR EACH ROW
BEGIN
INSERT IGNORE INTO `scconnector_google_remove_cl` (`entity_id`) VALUES (NEW.`product_id`);
END */;;
DELIMITER ;
DELIMITER ;;
/*!50003 CREATE*/ /*!50017 DEFINER=`magento`@`%`*/ /*!50003 TRIGGER trg_catalog_product_website_after_update AFTER UPDATE ON catalog_product_website FOR EACH ROW
BEGIN
IF (NEW.`product_id` <=> OLD.`product_id` OR NEW.`website_id` <=> OLD.`website_id`) THEN INSERT IGNORE INTO `scconnector_google_remove_cl` (`entity_id`) VALUES (NEW.`product_id`); END IF;
END */;;
DELIMITER ;
DELIMITER ;;
/*!50003 CREATE*/ /*!50017 DEFINER=`magento`@`%`*/ /*!50003 TRIGGER trg_catalog_product_website_after_delete AFTER DELETE ON catalog_product_website FOR EACH ROW
BEGIN
INSERT IGNORE INTO `scconnector_google_remove_cl` (`entity_id`) VALUES (OLD.`product_id`);
END */;;
DELIMITER ;

--
-- Table structure for table `catalog_url_rewrite_product_category`
--

CREATE TABLE `catalog_url_rewrite_product_category` (
  `url_rewrite_id` int(10) unsigned NOT NULL COMMENT 'url_rewrite_id',
  `category_id` int(10) unsigned NOT NULL COMMENT 'category_id',
  `product_id` int(10) unsigned NOT NULL COMMENT 'product_id',
  KEY `CAT_URL_REWRITE_PRD_CTGR_PRD_ID_CAT_PRD_ENTT_ENTT_ID` (`product_id`),
  KEY `FK_BB79E64705D7F17FE181F23144528FC8` (`url_rewrite_id`),
  KEY `CATALOG_URL_REWRITE_PRODUCT_CATEGORY_CATEGORY_ID_PRODUCT_ID` (`category_id`,`product_id`),
  CONSTRAINT `CAT_URL_REWRITE_PRD_CTGR_CTGR_ID_CAT_CTGR_ENTT_ENTT_ID` FOREIGN KEY (`category_id`) REFERENCES `catalog_category_entity` (`entity_id`) ON DELETE CASCADE,
  CONSTRAINT `CAT_URL_REWRITE_PRD_CTGR_PRD_ID_CAT_PRD_ENTT_ENTT_ID` FOREIGN KEY (`product_id`) REFERENCES `catalog_product_entity` (`entity_id`) ON DELETE CASCADE,
  CONSTRAINT `FK_BB79E64705D7F17FE181F23144528FC8` FOREIGN KEY (`url_rewrite_id`) REFERENCES `url_rewrite` (`url_rewrite_id`) ON DELETE CASCADE
) ENGINE=InnoDB DEFAULT CHARSET=utf8 COMMENT='url_rewrite_relation';

--
-- Dumping data for table `catalog_url_rewrite_product_category`
--

INSERT INTO `catalog_url_rewrite_product_category` VALUES (1714,20,1),(1715,22,1),(1720,2,1),(1722,20,2),(1723,22,2),(1728,2,2),(1730,20,3),(1731,24,3),(1735,2,3),(1737,20,4),(1738,24,4),(1742,2,4),(1744,20,5),(1745,24,5),(1749,2,5),(1751,20,6),(1752,24,6),(1756,2,6),(1758,20,8),(1759,24,8),(1763,2,8),(1765,20,15),(1766,24,15),(1770,2,15),(1772,20,16),(1773,24,16),(1777,2,16),(1779,20,20),(1780,24,20),(1784,2,20),(1786,20,25),(1787,24,25),(1791,2,25),(1793,20,29),(1794,24,29),(1798,2,29),(1800,20,34),(1801,25,34),(1805,2,34),(1807,20,35),(1808,24,35),(1812,2,35),(1814,20,36),(1815,25,36),(1819,2,36),(1821,20,38),(1822,25,38),(1826,2,38),(1828,20,42),(1829,25,42),(1833,2,42),(1835,20,43),(1836,24,43),(1840,2,43),(1842,20,46),(1843,25,46),(1847,2,46),(1849,20,47),(1850,25,47),(1854,2,47),(1856,20,49),(1857,25,49),(1861,2,49),(1863,20,51),(1864,25,51),(1868,2,51),(1870,20,53),(1871,25,53),(1875,2,53),(1877,20,55),(1878,25,55),(1882,2,55),(1884,20,63),(1885,26,63),(1889,2,63),(1891,20,66),(1892,26,66),(1896,2,66),(1898,20,68),(1899,26,68),(1903,2,68),(1905,20,71),(1906,26,71),(1910,2,71),(1912,20,76),(1913,26,76),(1917,2,76),(1919,20,78),(1920,25,78),(1924,2,78),(1926,20,79),(1927,26,79),(1931,2,79),(1933,20,83),(1934,23,83),(1939,2,83),(1941,20,85),(1942,26,85),(1946,2,85),(1948,20,87),(1949,23,87),(1954,2,87),(1956,20,88),(1957,26,88),(1961,2,88),(1963,20,91),(1964,23,91),(1969,2,91),(1971,20,92),(1972,23,92),(1977,2,92),(1979,20,93),(1980,23,93),(1985,2,93),(1987,20,95),(1988,23,95),(1993,2,95),(1995,20,97),(1996,26,97),(2000,2,97),(2002,20,98),(2003,23,98),(2008,2,98),(2010,20,99),(2011,26,99),(2015,2,99),(2017,20,100),(2018,23,100),(2023,2,100),(2025,20,101),(2026,22,101),(2031,2,101),(2033,20,102),(2034,22,102),(2039,2,102),(2041,20,103),(2042,22,103),(2047,2,103),(2049,20,104),(2050,22,104),(2055,2,104),(2076,2,110),(2071,2,109),(2073,27,110),(2068,27,109),(2074,28,110),(2069,28,109),(2086,2,105),(2093,2,106),(2100,2,107),(2107,2,108),(2081,27,105),(2088,27,106),(2095,27,107),(2102,27,108),(2082,29,105),(2089,29,106),(2096,29,107),(2103,29,108),(2124,2,50),(2187,2,81),(2131,2,56),(2138,2,59),(2145,2,64),(2152,2,70),(2159,2,72),(2166,2,73),(2173,2,77),(2180,2,80),(2117,2,41),(2119,27,50),(2182,27,81),(2126,27,56),(2133,27,59),(2140,27,64),(2147,27,70),(2154,27,72),(2161,27,73),(2168,27,77),(2175,27,80),(2112,27,41),(2120,30,50),(2183,30,81),(2127,30,56),(2134,30,59),(2141,30,64),(2148,30,70),(2155,30,72),(2162,30,73),(2169,30,77),(2176,30,80),(2113,30,41),(2197,2,7),(2211,2,10),(2232,2,17),(2218,2,11),(2253,2,26),(2225,2,12),(2239,2,19),(2204,2,9),(2246,2,24),(2192,27,7),(2206,27,10),(2227,27,17),(2213,27,11),(2248,27,26),(2220,27,12),(2234,27,19),(2199,27,9),(2193,31,7),(2207,31,10),(2228,31,17),(2214,31,11),(2249,31,26),(2221,31,12),(2235,31,19),(2200,31,9),(2242,31,24),(2241,27,24),(2284,2,57),(2263,2,18),(2270,2,22),(2277,2,30),(2279,27,57),(2258,27,18),(2265,27,22),(2272,27,30),(2280,32,57),(2259,32,18),(2266,32,22),(2273,32,30),(2301,2,60),(2308,2,69),(2315,2,75),(2322,2,82),(2329,2,84),(2336,2,86),(2343,2,89),(2294,2,54),(2296,27,60),(2303,27,69),(2310,27,75),(2317,27,82),(2324,27,84),(2331,27,86),(2338,27,89),(2289,27,54),(2297,33,60),(2304,33,69),(2311,33,75),(2318,33,82),(2325,33,84),(2332,33,86),(2339,33,89),(2290,33,54),(2401,2,112),(2399,27,112),(2400,28,112),(2405,2,113),(2403,27,113),(2404,28,113),(2413,2,115),(2411,27,115),(2412,28,115),(2418,2,117),(2416,27,117),(2417,28,117),(2562,2,120),(2560,27,120),(2561,28,120),(2566,2,119),(2564,27,119),(2565,28,119),(2570,2,123),(2568,27,123),(2569,28,123),(2574,2,122),(2572,27,122),(2573,28,122),(2578,2,45),(2576,27,45),(2577,32,45),(2582,2,33),(2580,27,33),(2581,32,33),(2625,2,31),(2621,36,31),(2620,35,31),(2632,2,32),(2628,36,32),(2627,35,32),(2639,2,48),(2635,36,48),(2634,35,48),(2646,2,58),(2642,36,58),(2641,35,58),(2653,2,61),(2649,36,61),(2648,35,61),(2660,2,65),(2656,36,65),(2655,35,65),(2667,2,74),(2663,36,74),(2662,35,74),(2674,2,111),(2670,38,111),(2669,35,111),(2680,2,114),(2677,38,114),(2676,35,114),(2687,2,118),(2684,38,118),(2683,35,118),(2693,2,121),(2690,38,121),(2689,35,121),(2699,2,124),(2696,37,124),(2695,35,124),(2703,2,125),(2702,37,125),(2701,35,125),(2707,2,126),(2706,37,126),(2705,35,126),(2713,2,127),(2710,37,127),(2709,35,127),(2717,2,128),(2716,37,128),(2715,35,128),(2721,2,523),(2720,38,523),(2719,35,523),(2725,2,545),(2724,37,545),(2723,35,545),(2744,2,1351),(2740,23,1351),(2739,20,1351),(2749,2,1413),(2748,24,1413),(2747,20,1413),(2753,2,1455),(2752,24,1455),(2751,20,1455),(2757,2,1464),(2756,23,1464),(2755,20,1464),(2761,2,1495),(2760,24,1495),(2759,20,1495),(2765,2,1526),(2764,24,1526),(2763,20,1526),(2769,2,1535),(2768,23,1535),(2767,20,1535),(2773,2,1561),(2772,24,1561),(2771,20,1561),(2777,2,1568),(2776,22,1568),(2775,20,1568),(2781,2,1583),(2780,23,1583),(2779,20,1583),(2785,2,1596),(2784,25,1596),(2783,20,1596),(2789,2,1597),(2788,24,1597),(2787,20,1597),(2793,2,1604),(2792,26,1604),(2791,20,1604),(2797,2,1630),(2796,26,1630),(2795,20,1630),(2801,2,1643),(2800,24,1643),(2799,20,1643),(2805,2,1656),(2804,23,1656),(2803,20,1656),(2809,2,1677),(2808,25,1677),(2807,20,1677),(2813,2,1699),(2812,25,1699),(2811,20,1699),(2817,2,1709),(2816,22,1709),(2815,20,1709),(2821,2,1725),(2820,25,1725),(2819,20,1725),(2825,2,1735),(2824,23,1735),(2823,20,1735),(2829,2,1756),(2828,25,1756),(2827,20,1756),(2833,2,1777),(2832,22,1777),(2831,20,1777),(2837,2,1787),(2836,26,1787),(2835,20,1787),(2841,2,1808),(2840,25,1808),(2839,20,1808),(2845,2,1817),(2844,26,1817),(2843,20,1817),(2853,2,1840),(2852,26,1840),(2851,20,1840),(2857,2,1866),(2856,25,1866),(2855,20,1866),(2861,2,1875),(2860,26,1875),(2859,20,1875),(2865,2,1888),(2864,22,1888),(2863,20,1888),(2869,2,1892),(2868,26,1892),(2867,20,1892),(2873,2,1896),(2872,26,1896),(2871,20,1896),(2877,2,1903),(2876,25,1903),(2875,20,1903),(2881,2,1910),(2880,22,1910),(2879,20,1910),(2885,2,1920),(2884,22,1920),(2883,20,1920),(2893,2,1943),(2892,24,1943),(2891,20,1943),(2897,2,1946),(2896,24,1946),(2895,20,1946),(2901,2,1961),(2900,24,1961),(2899,20,1961),(2905,2,1972),(2904,24,1972),(2903,20,1972),(2909,2,1991),(2908,24,1991),(2907,20,1991),(2913,2,44),(2912,36,44),(2911,35,44),(2917,2,1996),(2916,25,1996),(2915,20,1996),(2921,2,2001),(2920,36,2001),(2919,35,2001),(2925,2,2010),(2923,27,2010),(2924,32,2010),(2929,2,116),(2928,38,116),(2927,35,116),(2933,2,2017),(2931,27,2017),(2932,31,2017),(2937,2,2020),(2936,38,2020),(2935,35,2020),(2941,2,2029),(2939,27,2029),(2940,31,2029),(2945,2,2032),(2944,38,2032),(2943,35,2032),(2953,2,2050),(2951,27,2050),(2952,31,2050),(2957,2,2055),(2956,36,2055),(2955,35,2055),(2961,2,2060),(2959,27,2060),(2960,28,2060),(2965,2,2065),(2963,27,2065),(2964,31,2065),(2969,2,2072),(2967,27,2072),(2968,28,2072),(2973,2,2077),(2972,36,2077),(2971,35,2077),(2977,2,2084),(2975,27,2084),(2976,30,2084),(2981,2,2089),(2980,36,2089),(2979,35,2089),(2985,2,2098),(2983,27,2098),(2984,30,2098),(2989,2,2105),(2988,36,2105),(2987,35,2105),(2993,2,2116),(2991,27,2116),(2992,31,2116),(2997,2,2123),(2995,27,2123),(2996,29,2123),(3001,2,2132),(2999,27,2132),(3000,30,2132),(3005,2,2135),(3004,38,2135),(3003,35,2135),(3009,2,2138),(3008,38,2138),(3007,35,2138),(3013,2,2145),(3011,27,2145),(3012,31,2145),(3017,2,2149),(3016,37,2149),(3015,35,2149),(3021,2,2157),(3019,27,2157),(3020,30,2157),(3025,2,2168),(3023,27,2168),(3024,33,2168),(3029,2,2171),(3028,37,2171),(3027,35,2171),(3033,2,2178),(3031,27,2178),(3032,28,2178),(3037,2,2185),(3035,27,2185),(3036,28,2185),(3041,2,2190),(3040,36,2190),(3039,35,2190),(3045,2,2197),(3043,27,2197),(3044,29,2197),(3049,2,2204),(3047,27,2204),(3048,28,2204),(3053,2,2207),(3052,37,2207),(3051,35,2207),(3057,2,2212),(3056,36,2212),(3055,35,2212),(3061,2,2219),(3059,27,2219),(3060,28,2219),(3065,2,2222),(3064,37,2222),(3063,35,2222),(3069,2,2229),(3067,27,2229),(3068,29,2229),(3073,2,2234),(3072,36,2234),(3071,35,2234),(3077,2,2245),(3075,27,2245),(3076,33,2245),(3081,2,2252),(3079,27,2252),(3080,31,2252),(3085,2,2255),(3084,38,2255),(3083,35,2255),(3089,2,2268),(3087,27,2268),(3088,33,2268),(3097,2,2284),(3095,27,2284),(3096,30,2284),(3101,2,2291),(3099,27,2291),(3100,28,2291),(3105,2,2300),(3103,27,2300),(3104,30,2300),(3109,2,2309),(3107,27,2309),(3108,32,2309),(3113,2,2320),(3111,27,2320),(3112,32,2320),(3121,2,2336),(3120,23,2336),(3119,20,2336),(3125,2,2343),(3124,23,2343),(3123,20,2343),(3129,2,2350),(3127,27,2350),(3128,31,2350),(3133,2,2357),(3131,27,2357),(3132,28,2357),(3137,2,2366),(3135,27,2366),(3136,30,2366),(3141,2,2373),(3139,27,2373),(3140,28,2373),(3145,2,2389),(3144,25,2389),(3143,20,2389),(3149,2,2396),(3147,27,2396),(3148,28,2396),(3153,2,2403),(3151,27,2403),(3152,32,2403),(3157,2,2410),(3155,27,2410),(3156,31,2410),(3161,2,2417),(3159,27,2417),(3160,29,2417),(3165,2,2424),(3163,27,2424),(3164,30,2424),(3169,2,2431),(3167,27,2431),(3168,30,2431),(3173,2,2440),(3171,27,2440),(3172,32,2440),(3177,2,2456),(3175,27,2456),(3176,33,2456),(3181,2,2465),(3179,27,2465),(3180,33,2465),(3185,2,2478),(3183,27,2478),(3184,33,2478),(3189,2,2487),(3187,27,2487),(3188,32,2487),(3193,2,2500),(3191,27,2500),(3192,33,2500),(3197,2,2507),(3196,26,2507),(3195,20,2507),(3201,2,2517),(3200,26,2517),(3199,20,2517),(3205,2,2524),(3204,25,2524),(3203,20,2524),(3209,2,2533),(3207,27,2533),(3208,33,2533),(3213,2,2542),(3211,27,2542),(3212,30,2542);

--
-- Table structure for table `cataloginventory_stock`
--

CREATE TABLE `cataloginventory_stock` (
  `stock_id` smallint(5) unsigned NOT NULL AUTO_INCREMENT COMMENT 'Stock Id',
  `website_id` smallint(5) unsigned NOT NULL COMMENT 'Website Id',
  `stock_name` varchar(255) DEFAULT NULL COMMENT 'Stock Name',
  PRIMARY KEY (`stock_id`),
  KEY `CATALOGINVENTORY_STOCK_WEBSITE_ID` (`website_id`)
) ENGINE=InnoDB AUTO_INCREMENT=2 DEFAULT CHARSET=utf8 COMMENT='Cataloginventory Stock';

--
-- Dumping data for table `cataloginventory_stock`
--

INSERT INTO `cataloginventory_stock` VALUES (1,0,'Default');

--
-- Table structure for table `cataloginventory_stock_item`
--

CREATE TABLE `cataloginventory_stock_item` (
  `item_id` int(10) unsigned NOT NULL AUTO_INCREMENT COMMENT 'Item Id',
  `product_id` int(10) unsigned NOT NULL DEFAULT '0' COMMENT 'Product Id',
  `stock_id` smallint(5) unsigned NOT NULL DEFAULT '0' COMMENT 'Stock Id',
  `qty` decimal(12,4) DEFAULT NULL COMMENT 'Qty',
  `min_qty` decimal(12,4) NOT NULL DEFAULT '0.0000' COMMENT 'Min Qty',
  `use_config_min_qty` smallint(5) unsigned NOT NULL DEFAULT '1' COMMENT 'Use Config Min Qty',
  `is_qty_decimal` smallint(5) unsigned NOT NULL DEFAULT '0' COMMENT 'Is Qty Decimal',
  `backorders` smallint(5) unsigned NOT NULL DEFAULT '0' COMMENT 'Backorders',
  `use_config_backorders` smallint(5) unsigned NOT NULL DEFAULT '1' COMMENT 'Use Config Backorders',
  `min_sale_qty` decimal(12,4) NOT NULL DEFAULT '1.0000' COMMENT 'Min Sale Qty',
  `use_config_min_sale_qty` smallint(5) unsigned NOT NULL DEFAULT '1' COMMENT 'Use Config Min Sale Qty',
  `max_sale_qty` decimal(12,4) NOT NULL DEFAULT '0.0000' COMMENT 'Max Sale Qty',
  `use_config_max_sale_qty` smallint(5) unsigned NOT NULL DEFAULT '1' COMMENT 'Use Config Max Sale Qty',
  `is_in_stock` smallint(5) unsigned NOT NULL DEFAULT '0' COMMENT 'Is In Stock',
  `low_stock_date` timestamp NULL DEFAULT NULL COMMENT 'Low Stock Date',
  `notify_stock_qty` decimal(12,4) DEFAULT NULL COMMENT 'Notify Stock Qty',
  `use_config_notify_stock_qty` smallint(5) unsigned NOT NULL DEFAULT '1' COMMENT 'Use Config Notify Stock Qty',
  `manage_stock` smallint(5) unsigned NOT NULL DEFAULT '0' COMMENT 'Manage Stock',
  `use_config_manage_stock` smallint(5) unsigned NOT NULL DEFAULT '1' COMMENT 'Use Config Manage Stock',
  `stock_status_changed_auto` smallint(5) unsigned NOT NULL DEFAULT '0' COMMENT 'Stock Status Changed Automatically',
  `use_config_qty_increments` smallint(5) unsigned NOT NULL DEFAULT '1' COMMENT 'Use Config Qty Increments',
  `qty_increments` decimal(12,4) NOT NULL DEFAULT '0.0000' COMMENT 'Qty Increments',
  `use_config_enable_qty_inc` smallint(5) unsigned NOT NULL DEFAULT '1' COMMENT 'Use Config Enable Qty Increments',
  `enable_qty_increments` smallint(5) unsigned NOT NULL DEFAULT '0' COMMENT 'Enable Qty Increments',
  `is_decimal_divided` smallint(5) unsigned NOT NULL DEFAULT '0' COMMENT 'Is Divided into Multiple Boxes for Shipping',
  `website_id` smallint(5) unsigned NOT NULL DEFAULT '0' COMMENT 'Website ID',
  PRIMARY KEY (`item_id`),
  UNIQUE KEY `CATALOGINVENTORY_STOCK_ITEM_PRODUCT_ID_STOCK_ID` (`product_id`,`stock_id`),
  KEY `CATALOGINVENTORY_STOCK_ITEM_WEBSITE_ID` (`website_id`),
  KEY `CATALOGINVENTORY_STOCK_ITEM_STOCK_ID` (`stock_id`),
  CONSTRAINT `CATINV_STOCK_ITEM_PRD_ID_CAT_PRD_ENTT_ENTT_ID` FOREIGN KEY (`product_id`) REFERENCES `catalog_product_entity` (`entity_id`) ON DELETE CASCADE,
  CONSTRAINT `CATINV_STOCK_ITEM_STOCK_ID_CATINV_STOCK_STOCK_ID` FOREIGN KEY (`stock_id`) REFERENCES `cataloginventory_stock` (`stock_id`) ON DELETE CASCADE
) ENGINE=InnoDB AUTO_INCREMENT=2605 DEFAULT CHARSET=utf8 COMMENT='Cataloginventory Stock Item';

--
-- Dumping data for table `cataloginventory_stock_item`
--

INSERT INTO `cataloginventory_stock_item` VALUES (1,1,1,0.0000,0.0000,1,0,0,1,1.0000,1,10000.0000,1,1,NULL,1.0000,1,0,1,0,1,1.0000,1,0,0,0),(2,2,1,0.0000,0.0000,1,0,0,1,1.0000,1,10000.0000,1,1,NULL,1.0000,1,0,1,0,1,1.0000,1,0,0,0),(3,3,1,0.0000,0.0000,1,0,0,1,1.0000,1,10000.0000,1,1,NULL,1.0000,1,0,1,0,1,1.0000,1,0,0,0),(4,4,1,0.0000,0.0000,1,0,0,1,1.0000,1,10000.0000,1,1,NULL,1.0000,1,0,1,0,1,1.0000,1,0,0,0),(5,5,1,0.0000,0.0000,1,0,0,1,1.0000,1,10000.0000,1,1,NULL,1.0000,1,0,1,0,1,1.0000,1,0,0,0),(6,6,1,0.0000,0.0000,1,0,0,1,1.0000,1,10000.0000,1,1,NULL,1.0000,1,0,1,0,1,1.0000,1,0,0,0),(7,7,1,0.0000,0.0000,1,0,0,1,1.0000,1,10000.0000,1,1,NULL,1.0000,1,0,1,0,1,1.0000,1,0,0,0),(8,8,1,0.0000,0.0000,1,0,0,1,1.0000,1,10000.0000,1,1,NULL,1.0000,1,0,1,0,1,1.0000,1,0,0,0),(9,9,1,0.0000,0.0000,1,0,0,1,1.0000,1,10000.0000,1,1,NULL,1.0000,1,0,1,0,1,1.0000,1,0,0,0),(10,10,1,0.0000,0.0000,1,0,0,1,1.0000,1,10000.0000,1,1,NULL,1.0000,1,0,1,0,1,1.0000,1,0,0,0),(11,11,1,0.0000,0.0000,1,0,0,1,1.0000,1,10000.0000,1,1,NULL,1.0000,1,0,1,0,1,1.0000,1,0,0,0),(12,12,1,0.0000,0.0000,1,0,0,1,1.0000,1,10000.0000,1,1,NULL,1.0000,1,0,1,0,1,1.0000,1,0,0,0),(15,15,1,0.0000,0.0000,1,0,0,1,1.0000,1,10000.0000,1,1,NULL,1.0000,1,0,1,0,1,1.0000,1,0,0,0),(16,16,1,0.0000,0.0000,1,0,0,1,1.0000,1,10000.0000,1,1,NULL,1.0000,1,0,1,0,1,1.0000,1,0,0,0),(17,17,1,0.0000,0.0000,1,0,0,1,1.0000,1,10000.0000,1,1,NULL,1.0000,1,0,1,0,1,1.0000,1,0,0,0),(18,18,1,0.0000,0.0000,1,0,0,1,1.0000,1,10000.0000,1,1,NULL,1.0000,1,0,1,0,1,1.0000,1,0,0,0),(19,19,1,0.0000,0.0000,1,0,0,1,1.0000,1,10000.0000,1,1,NULL,1.0000,1,0,1,0,1,1.0000,1,0,0,0),(20,20,1,0.0000,0.0000,1,0,0,1,1.0000,1,10000.0000,1,1,NULL,1.0000,1,0,1,0,1,1.0000,1,0,0,0),(22,22,1,0.0000,0.0000,1,0,0,1,1.0000,1,10000.0000,1,1,NULL,1.0000,1,0,1,0,1,1.0000,1,0,0,0),(24,24,1,0.0000,0.0000,1,0,0,1,1.0000,1,10000.0000,1,1,NULL,1.0000,1,0,1,0,1,1.0000,1,0,0,0),(25,25,1,0.0000,0.0000,1,0,0,1,1.0000,1,10000.0000,1,1,NULL,1.0000,1,0,1,0,1,1.0000,1,0,0,0),(26,26,1,0.0000,0.0000,1,0,0,1,1.0000,1,10000.0000,1,1,NULL,1.0000,1,0,1,0,1,1.0000,1,0,0,0),(29,29,1,0.0000,0.0000,1,0,0,1,1.0000,1,10000.0000,1,1,NULL,1.0000,1,0,1,0,1,1.0000,1,0,0,0),(30,30,1,0.0000,0.0000,1,0,0,1,1.0000,1,10000.0000,1,1,NULL,1.0000,1,0,1,0,1,1.0000,1,0,0,0),(31,31,1,0.0000,0.0000,1,0,0,1,1.0000,1,10000.0000,1,1,NULL,1.0000,1,0,1,0,1,1.0000,1,0,0,0),(32,32,1,0.0000,0.0000,1,0,0,1,1.0000,1,10000.0000,1,1,NULL,1.0000,1,0,1,0,1,1.0000,1,0,0,0),(33,33,1,0.0000,0.0000,1,0,0,1,1.0000,1,10000.0000,1,1,NULL,1.0000,1,0,1,0,1,1.0000,1,0,0,0),(34,34,1,0.0000,0.0000,1,0,0,1,1.0000,1,10000.0000,1,1,NULL,1.0000,1,0,1,0,1,1.0000,1,0,0,0),(35,35,1,0.0000,0.0000,1,0,0,1,1.0000,1,10000.0000,1,1,NULL,1.0000,1,0,1,0,1,1.0000,1,0,0,0),(36,36,1,0.0000,0.0000,1,0,0,1,1.0000,1,10000.0000,1,1,NULL,1.0000,1,0,1,0,1,1.0000,1,0,0,0),(38,38,1,0.0000,0.0000,1,0,0,1,1.0000,1,10000.0000,1,1,NULL,1.0000,1,0,1,0,1,1.0000,1,0,0,0),(41,41,1,0.0000,0.0000,1,0,0,1,1.0000,1,10000.0000,1,1,NULL,1.0000,1,0,1,0,1,1.0000,1,0,0,0),(42,42,1,0.0000,0.0000,1,0,0,1,1.0000,1,10000.0000,1,1,NULL,1.0000,1,0,1,0,1,1.0000,1,0,0,0),(43,43,1,0.0000,0.0000,1,0,0,1,1.0000,1,10000.0000,1,1,NULL,1.0000,1,0,1,0,1,1.0000,1,0,0,0),(44,44,1,0.0000,0.0000,1,0,0,1,1.0000,1,10000.0000,1,1,NULL,1.0000,1,0,1,0,1,1.0000,1,0,0,0),(45,45,1,0.0000,0.0000,1,0,0,1,1.0000,1,10000.0000,1,1,NULL,1.0000,1,0,1,0,1,1.0000,1,0,0,0),(46,46,1,0.0000,0.0000,1,0,0,1,1.0000,1,10000.0000,1,1,NULL,1.0000,1,0,1,0,1,1.0000,1,0,0,0),(47,47,1,0.0000,0.0000,1,0,0,1,1.0000,1,10000.0000,1,1,NULL,1.0000,1,0,1,0,1,1.0000,1,0,0,0),(48,48,1,0.0000,0.0000,1,0,0,1,1.0000,1,10000.0000,1,1,NULL,1.0000,1,0,1,0,1,1.0000,1,0,0,0),(49,49,1,0.0000,0.0000,1,0,0,1,1.0000,1,10000.0000,1,1,NULL,1.0000,1,0,1,0,1,1.0000,1,0,0,0),(50,50,1,0.0000,0.0000,1,0,0,1,1.0000,1,10000.0000,1,1,NULL,1.0000,1,0,1,0,1,1.0000,1,0,0,0),(51,51,1,0.0000,0.0000,1,0,0,1,1.0000,1,10000.0000,1,1,NULL,1.0000,1,0,1,0,1,1.0000,1,0,0,0),(53,53,1,0.0000,0.0000,1,0,0,1,1.0000,1,10000.0000,1,1,NULL,1.0000,1,0,1,0,1,1.0000,1,0,0,0),(54,54,1,0.0000,0.0000,1,0,0,1,1.0000,1,10000.0000,1,1,NULL,1.0000,1,0,1,0,1,1.0000,1,0,0,0),(55,55,1,0.0000,0.0000,1,0,0,1,1.0000,1,10000.0000,1,1,NULL,1.0000,1,0,1,0,1,1.0000,1,0,0,0),(56,56,1,0.0000,0.0000,1,0,0,1,1.0000,1,10000.0000,1,1,NULL,1.0000,1,0,1,0,1,1.0000,1,0,0,0),(57,57,1,0.0000,0.0000,1,0,0,1,1.0000,1,10000.0000,1,1,NULL,1.0000,1,0,1,0,1,1.0000,1,0,0,0),(58,58,1,0.0000,0.0000,1,0,0,1,1.0000,1,10000.0000,1,1,NULL,1.0000,1,0,1,0,1,1.0000,1,0,0,0),(59,59,1,0.0000,0.0000,1,0,0,1,1.0000,1,10000.0000,1,1,NULL,1.0000,1,0,1,0,1,1.0000,1,0,0,0),(60,60,1,0.0000,0.0000,1,0,0,1,1.0000,1,10000.0000,1,1,NULL,1.0000,1,0,1,0,1,1.0000,1,0,0,0),(61,61,1,0.0000,0.0000,1,0,0,1,1.0000,1,10000.0000,1,1,NULL,1.0000,1,0,1,0,1,1.0000,1,0,0,0),(63,63,1,0.0000,0.0000,1,0,0,1,1.0000,1,10000.0000,1,1,NULL,1.0000,1,0,1,0,1,1.0000,1,0,0,0),(64,64,1,0.0000,0.0000,1,0,0,1,1.0000,1,10000.0000,1,1,NULL,1.0000,1,0,1,0,1,1.0000,1,0,0,0),(65,65,1,0.0000,0.0000,1,0,0,1,1.0000,1,10000.0000,1,1,NULL,1.0000,1,0,1,0,1,1.0000,1,0,0,0),(66,66,1,0.0000,0.0000,1,0,0,1,1.0000,1,10000.0000,1,1,NULL,1.0000,1,0,1,0,1,1.0000,1,0,0,0),(68,68,1,0.0000,0.0000,1,0,0,1,1.0000,1,10000.0000,1,1,NULL,1.0000,1,0,1,0,1,1.0000,1,0,0,0),(69,69,1,0.0000,0.0000,1,0,0,1,1.0000,1,10000.0000,1,1,NULL,1.0000,1,0,1,0,1,1.0000,1,0,0,0),(73,70,1,0.0000,0.0000,1,0,0,1,1.0000,1,10000.0000,1,1,NULL,1.0000,1,0,1,0,1,1.0000,1,0,0,0),(74,71,1,0.0000,0.0000,1,0,0,1,1.0000,1,10000.0000,1,1,NULL,1.0000,1,0,1,0,1,1.0000,1,0,0,0),(75,72,1,0.0000,0.0000,1,0,0,1,1.0000,1,10000.0000,1,1,NULL,1.0000,1,0,1,0,1,1.0000,1,0,0,0),(76,73,1,0.0000,0.0000,1,0,0,1,1.0000,1,10000.0000,1,1,NULL,1.0000,1,0,1,0,1,1.0000,1,0,0,0),(77,74,1,0.0000,0.0000,1,0,0,1,1.0000,1,10000.0000,1,1,NULL,1.0000,1,0,1,0,1,1.0000,1,0,0,0),(78,75,1,0.0000,0.0000,1,0,0,1,1.0000,1,10000.0000,1,1,NULL,1.0000,1,0,1,0,1,1.0000,1,0,0,0),(79,76,1,0.0000,0.0000,1,0,0,1,1.0000,1,10000.0000,1,1,NULL,1.0000,1,0,1,0,1,1.0000,1,0,0,0),(80,77,1,0.0000,0.0000,1,0,0,1,1.0000,1,10000.0000,1,1,NULL,1.0000,1,0,1,0,1,1.0000,1,0,0,0),(81,78,1,0.0000,0.0000,1,0,0,1,1.0000,1,10000.0000,1,1,NULL,1.0000,1,0,1,0,1,1.0000,1,0,0,0),(82,79,1,0.0000,0.0000,1,0,0,1,1.0000,1,10000.0000,1,1,NULL,1.0000,1,0,1,0,1,1.0000,1,0,0,0),(83,80,1,0.0000,0.0000,1,0,0,1,1.0000,1,10000.0000,1,1,NULL,1.0000,1,0,1,0,1,1.0000,1,0,0,0),(84,81,1,0.0000,0.0000,1,0,0,1,1.0000,1,10000.0000,1,1,NULL,1.0000,1,0,1,0,1,1.0000,1,0,0,0),(86,82,1,0.0000,0.0000,1,0,0,1,1.0000,1,10000.0000,1,1,NULL,1.0000,1,0,1,0,1,1.0000,1,0,0,0),(87,83,1,0.0000,0.0000,1,0,0,1,1.0000,1,10000.0000,1,1,NULL,1.0000,1,0,1,0,1,1.0000,1,0,0,0),(88,84,1,0.0000,0.0000,1,0,0,1,1.0000,1,10000.0000,1,1,NULL,1.0000,1,0,1,0,1,1.0000,1,0,0,0),(90,85,1,0.0000,0.0000,1,0,0,1,1.0000,1,10000.0000,1,1,NULL,1.0000,1,0,1,0,1,1.0000,1,0,0,0),(91,86,1,0.0000,0.0000,1,0,0,1,1.0000,1,10000.0000,1,1,NULL,1.0000,1,0,1,0,1,1.0000,1,0,0,0),(92,87,1,0.0000,0.0000,1,0,0,1,1.0000,1,10000.0000,1,1,NULL,1.0000,1,0,1,0,1,1.0000,1,0,0,0),(93,88,1,0.0000,0.0000,1,0,0,1,1.0000,1,10000.0000,1,1,NULL,1.0000,1,0,1,0,1,1.0000,1,0,0,0),(94,89,1,0.0000,0.0000,1,0,0,1,1.0000,1,10000.0000,1,1,NULL,1.0000,1,0,1,0,1,1.0000,1,0,0,0),(97,91,1,0.0000,0.0000,1,0,0,1,1.0000,1,10000.0000,1,1,NULL,1.0000,1,0,1,0,1,1.0000,1,0,0,0),(98,92,1,0.0000,0.0000,1,0,0,1,1.0000,1,10000.0000,1,1,NULL,1.0000,1,0,1,0,1,1.0000,1,0,0,0),(99,93,1,0.0000,0.0000,1,0,0,1,1.0000,1,10000.0000,1,1,NULL,1.0000,1,0,1,0,1,1.0000,1,0,0,0),(101,95,1,0.0000,0.0000,1,0,0,1,1.0000,1,10000.0000,1,1,NULL,1.0000,1,0,1,0,1,1.0000,1,0,0,0),(111,97,1,0.0000,0.0000,1,0,0,1,1.0000,1,10000.0000,1,1,NULL,1.0000,1,0,1,0,1,1.0000,1,0,0,0),(117,98,1,0.0000,0.0000,1,0,0,1,1.0000,1,10000.0000,1,1,NULL,1.0000,1,0,1,0,1,1.0000,1,0,0,0),(120,99,1,0.0000,0.0000,1,0,0,1,1.0000,1,10000.0000,1,1,NULL,1.0000,1,0,1,0,1,1.0000,1,0,0,0),(125,100,1,0.0000,0.0000,1,0,0,1,1.0000,1,10000.0000,1,1,NULL,1.0000,1,0,1,0,1,1.0000,1,0,0,0),(143,101,1,0.0000,0.0000,1,0,0,1,1.0000,1,10000.0000,1,1,NULL,1.0000,1,0,1,0,1,1.0000,1,0,0,0),(149,102,1,0.0000,0.0000,1,0,0,1,1.0000,1,10000.0000,1,1,NULL,1.0000,1,0,1,0,1,1.0000,1,0,0,0),(163,103,1,0.0000,0.0000,1,0,0,1,1.0000,1,10000.0000,1,1,NULL,1.0000,1,0,1,0,1,1.0000,1,0,0,0),(165,104,1,0.0000,0.0000,1,0,0,1,1.0000,1,10000.0000,1,1,NULL,1.0000,1,0,1,0,1,1.0000,1,0,0,0),(166,105,1,0.0000,0.0000,1,0,0,1,1.0000,1,10000.0000,1,1,NULL,1.0000,1,0,1,0,1,1.0000,1,0,0,0),(167,106,1,0.0000,0.0000,1,0,0,1,1.0000,1,10000.0000,1,1,'2018-12-03 12:28:29',1.0000,1,0,1,0,1,1.0000,1,0,0,0),(168,107,1,0.0000,0.0000,1,0,0,1,1.0000,1,10000.0000,1,1,'2018-12-03 12:27:47',1.0000,1,0,1,0,1,1.0000,1,0,0,0),(169,108,1,0.0000,0.0000,1,0,0,1,1.0000,1,10000.0000,1,1,'2018-12-03 12:26:44',1.0000,1,0,1,0,1,1.0000,1,0,0,0),(170,109,1,0.0000,0.0000,1,0,0,1,1.0000,1,10000.0000,1,1,'2018-11-30 21:02:02',1.0000,1,0,1,0,1,1.0000,1,0,0,0),(171,110,1,0.0000,0.0000,1,0,0,1,1.0000,1,10000.0000,1,1,'2018-11-30 21:01:38',1.0000,1,0,1,0,1,1.0000,1,0,0,0),(172,111,1,0.0000,0.0000,1,0,0,1,1.0000,1,10000.0000,1,1,'2018-11-30 21:08:49',1.0000,1,0,1,0,1,1.0000,1,0,0,0),(174,112,1,0.0000,0.0000,1,0,0,1,1.0000,1,10000.0000,1,1,'2018-11-30 21:47:47',1.0000,1,0,1,0,1,1.0000,1,0,0,0),(175,113,1,0.0000,0.0000,1,0,0,1,1.0000,1,10000.0000,1,1,'2018-11-30 21:00:39',1.0000,1,0,1,0,1,1.0000,1,0,0,0),(176,114,1,0.0000,0.0000,1,0,0,1,1.0000,1,10000.0000,1,1,'2018-11-30 21:09:27',1.0000,1,0,1,0,1,1.0000,1,0,0,0),(177,115,1,0.0000,0.0000,1,0,0,1,1.0000,1,10000.0000,1,1,'2018-12-03 09:32:36',1.0000,1,0,1,0,1,1.0000,1,0,0,0),(178,116,1,0.0000,0.0000,1,0,0,1,1.0000,1,10000.0000,1,1,'2018-11-30 21:07:04',1.0000,1,0,1,0,1,1.0000,1,0,0,0),(179,117,1,0.0000,0.0000,1,0,0,1,1.0000,1,10000.0000,1,1,'2018-11-30 21:47:24',1.0000,1,0,1,0,1,1.0000,1,0,0,0),(180,118,1,0.0000,0.0000,1,0,0,1,1.0000,1,10000.0000,1,1,'2018-11-30 20:58:39',1.0000,1,0,1,0,1,1.0000,1,0,0,0),(181,119,1,0.0000,0.0000,1,0,0,1,1.0000,1,10000.0000,1,1,NULL,1.0000,1,0,1,0,1,1.0000,1,0,0,0),(182,120,1,0.0000,0.0000,1,0,0,1,1.0000,1,10000.0000,1,1,'2018-12-03 10:20:03',1.0000,1,0,1,0,1,1.0000,1,0,0,0),(183,121,1,0.0000,0.0000,1,0,0,1,1.0000,1,10000.0000,1,1,'2018-11-30 21:08:02',1.0000,1,0,1,0,1,1.0000,1,0,0,0),(184,122,1,0.0000,0.0000,1,0,0,1,1.0000,1,10000.0000,1,1,'2018-12-03 10:15:12',1.0000,1,0,1,0,1,1.0000,1,0,0,0),(185,123,1,0.0000,0.0000,1,0,0,1,1.0000,1,10000.0000,1,1,'2018-12-03 16:20:06',1.0000,1,0,1,0,1,1.0000,1,0,0,0),(186,124,1,0.0000,0.0000,1,0,0,1,1.0000,1,10000.0000,1,1,'2018-11-30 22:11:27',1.0000,1,0,1,0,1,1.0000,1,0,0,0),(187,125,1,0.0000,0.0000,1,0,0,1,1.0000,1,10000.0000,1,1,'2018-12-02 12:50:30',1.0000,1,0,1,0,1,1.0000,1,0,0,0),(188,126,1,0.0000,0.0000,1,0,0,1,1.0000,1,10000.0000,1,1,'2018-12-02 12:50:41',1.0000,1,0,1,0,1,1.0000,1,0,0,0),(189,127,1,0.0000,0.0000,1,0,0,1,1.0000,1,10000.0000,1,1,'2018-12-03 13:19:34',1.0000,1,0,1,0,1,1.0000,1,0,0,0),(190,128,1,0.0000,0.0000,1,0,0,1,1.0000,1,10000.0000,1,1,'2018-12-03 09:35:28',1.0000,1,0,1,0,1,1.0000,1,0,0,0),(191,129,1,NULL,0.0000,1,0,0,1,1.0000,1,10000.0000,1,1,'2019-02-08 08:12:04',1.0000,1,0,1,0,1,1.0000,1,0,0,0),(192,130,1,45.0000,0.0000,1,0,0,1,1.0000,1,10000.0000,1,1,NULL,1.0000,1,0,1,0,1,1.0000,1,0,0,0),(193,131,1,45.0000,0.0000,1,0,0,1,1.0000,1,10000.0000,1,1,NULL,1.0000,1,0,1,0,1,1.0000,1,0,0,0),(194,132,1,NULL,0.0000,1,0,0,1,1.0000,1,10000.0000,1,1,'2019-02-08 14:39:09',1.0000,1,0,1,0,1,1.0000,1,0,0,0),(195,133,1,NULL,0.0000,1,0,0,1,1.0000,1,10000.0000,1,1,'2019-02-08 14:39:09',1.0000,1,0,1,0,1,1.0000,1,0,0,0),(196,134,1,NULL,0.0000,1,0,0,1,1.0000,1,10000.0000,1,1,'2019-02-08 14:39:10',1.0000,1,0,1,0,1,1.0000,1,0,0,0),(197,135,1,NULL,0.0000,1,0,0,1,1.0000,1,10000.0000,1,1,'2019-02-08 14:54:37',1.0000,1,0,1,0,1,1.0000,1,0,0,0),(198,136,1,NULL,0.0000,1,0,0,1,1.0000,1,10000.0000,1,1,'2019-02-08 14:54:37',1.0000,1,0,1,0,1,1.0000,1,0,0,0),(199,137,1,NULL,0.0000,1,0,0,1,1.0000,1,10000.0000,1,1,'2019-02-08 14:54:38',1.0000,1,0,1,0,1,1.0000,1,0,0,0),(200,138,1,0.0000,0.0000,1,0,0,1,1.0000,1,10000.0000,1,1,'2019-03-07 13:06:29',1.0000,1,0,1,0,1,1.0000,1,0,0,0),(201,139,1,0.0000,0.0000,1,0,0,1,1.0000,1,10000.0000,1,1,'2019-03-07 13:06:27',1.0000,1,0,1,0,1,1.0000,1,0,0,0),(202,140,1,0.0000,0.0000,1,0,0,1,1.0000,1,10000.0000,1,1,'2019-03-07 13:05:21',1.0000,1,0,1,0,1,1.0000,1,0,0,0),(203,141,1,0.0000,0.0000,1,0,0,1,1.0000,1,10000.0000,1,1,'2019-03-07 13:05:19',1.0000,1,0,1,0,1,1.0000,1,0,0,0),(204,142,1,0.0000,0.0000,1,0,0,1,1.0000,1,10000.0000,1,1,'2019-03-07 13:05:17',1.0000,1,0,1,0,1,1.0000,1,0,0,0),(205,143,1,0.0000,0.0000,1,0,0,1,1.0000,1,10000.0000,1,1,'2019-03-07 13:05:14',1.0000,1,0,1,0,1,1.0000,1,0,0,0),(206,144,1,0.0000,0.0000,1,0,0,1,1.0000,1,10000.0000,1,1,'2019-03-07 13:05:12',1.0000,1,0,1,0,1,1.0000,1,0,0,0),(207,145,1,NULL,0.0000,1,0,0,1,1.0000,1,10000.0000,1,1,'2019-02-08 16:20:29',1.0000,1,0,1,0,1,1.0000,1,0,0,0),(208,146,1,NULL,0.0000,1,0,0,1,1.0000,1,10000.0000,1,1,'2019-02-08 16:20:30',1.0000,1,0,1,0,1,1.0000,1,0,0,0),(209,147,1,NULL,0.0000,1,0,0,1,1.0000,1,10000.0000,1,1,'2019-02-08 16:20:30',1.0000,1,0,1,0,1,1.0000,1,0,0,0),(210,148,1,NULL,0.0000,1,0,0,1,1.0000,1,10000.0000,1,1,'2019-02-08 16:20:30',1.0000,1,0,1,0,1,1.0000,1,0,0,0),(211,149,1,NULL,0.0000,1,0,0,1,1.0000,1,10000.0000,1,1,'2019-02-08 16:20:31',1.0000,1,0,1,0,1,1.0000,1,0,0,0),(212,150,1,NULL,0.0000,1,0,0,1,1.0000,1,10000.0000,1,1,'2019-02-08 16:22:14',1.0000,1,0,1,0,1,1.0000,1,0,0,0),(213,151,1,NULL,0.0000,1,0,0,1,1.0000,1,10000.0000,1,1,'2019-02-08 16:22:14',1.0000,1,0,1,0,1,1.0000,1,0,0,0),(214,152,1,NULL,0.0000,1,0,0,1,1.0000,1,10000.0000,1,1,'2019-02-08 16:22:15',1.0000,1,0,1,0,1,1.0000,1,0,0,0),(215,153,1,NULL,0.0000,1,0,0,1,1.0000,1,10000.0000,1,1,'2019-02-08 16:23:50',1.0000,1,0,1,0,1,1.0000,1,0,0,0),(216,154,1,NULL,0.0000,1,0,0,1,1.0000,1,10000.0000,1,1,'2019-02-08 16:23:51',1.0000,1,0,1,0,1,1.0000,1,0,0,0),(217,155,1,NULL,0.0000,1,0,0,1,1.0000,1,10000.0000,1,1,'2019-02-08 16:23:51',1.0000,1,0,1,0,1,1.0000,1,0,0,0),(218,156,1,NULL,0.0000,1,0,0,1,1.0000,1,10000.0000,1,1,'2019-02-08 16:23:51',1.0000,1,0,1,0,1,1.0000,1,0,0,0),(219,157,1,56.0000,0.0000,1,0,0,1,1.0000,1,10000.0000,1,1,NULL,1.0000,1,0,1,0,1,1.0000,1,0,0,0),(220,158,1,56.0000,0.0000,1,0,0,1,1.0000,1,10000.0000,1,1,NULL,1.0000,1,0,1,0,1,1.0000,1,0,0,0),(221,159,1,56.0000,0.0000,1,0,0,1,1.0000,1,10000.0000,1,1,NULL,1.0000,1,0,1,0,1,1.0000,1,0,0,0),(222,160,1,NULL,0.0000,1,0,0,1,1.0000,1,10000.0000,1,1,'2019-02-08 16:27:31',1.0000,1,0,1,0,1,1.0000,1,0,0,0),(223,161,1,NULL,0.0000,1,0,0,1,1.0000,1,10000.0000,1,1,'2019-02-08 16:27:31',1.0000,1,0,1,0,1,1.0000,1,0,0,0),(224,162,1,NULL,0.0000,1,0,0,1,1.0000,1,10000.0000,1,1,'2019-02-08 16:27:31',1.0000,1,0,1,0,1,1.0000,1,0,0,0),(225,163,1,56.0000,0.0000,1,0,0,1,1.0000,1,10000.0000,1,1,NULL,1.0000,1,0,1,0,1,1.0000,1,0,0,0),(226,164,1,56.0000,0.0000,1,0,0,1,1.0000,1,10000.0000,1,1,NULL,1.0000,1,0,1,0,1,1.0000,1,0,0,0),(227,165,1,56.0000,0.0000,1,0,0,1,1.0000,1,10000.0000,1,1,NULL,1.0000,1,0,1,0,1,1.0000,1,0,0,0),(228,166,1,45.0000,0.0000,1,0,0,1,1.0000,1,10000.0000,1,1,NULL,1.0000,1,0,1,0,1,1.0000,1,0,0,0),(229,167,1,45.0000,0.0000,1,0,0,1,1.0000,1,10000.0000,1,1,NULL,1.0000,1,0,1,0,1,1.0000,1,0,0,0),(230,168,1,45.0000,0.0000,1,0,0,1,1.0000,1,10000.0000,1,1,NULL,1.0000,1,0,1,0,1,1.0000,1,0,0,0),(231,169,1,45.0000,0.0000,1,0,0,1,1.0000,1,10000.0000,1,1,NULL,1.0000,1,0,1,0,1,1.0000,1,0,0,0),(232,170,1,35.0000,0.0000,1,0,0,1,1.0000,1,10000.0000,1,1,NULL,1.0000,1,0,1,0,1,1.0000,1,0,0,0),(233,171,1,35.0000,0.0000,1,0,0,1,1.0000,1,10000.0000,1,1,NULL,1.0000,1,0,1,0,1,1.0000,1,0,0,0),(234,172,1,56.0000,0.0000,1,0,0,1,1.0000,1,10000.0000,1,1,NULL,1.0000,1,0,1,0,1,1.0000,1,0,0,0),(235,173,1,56.0000,0.0000,1,0,0,1,1.0000,1,10000.0000,1,1,NULL,1.0000,1,0,1,0,1,1.0000,1,0,0,0),(236,174,1,56.0000,0.0000,1,0,0,1,1.0000,1,10000.0000,1,1,NULL,1.0000,1,0,1,0,1,1.0000,1,0,0,0),(237,175,1,NULL,0.0000,1,0,0,1,1.0000,1,10000.0000,1,1,'2019-02-11 06:52:48',1.0000,1,0,1,0,1,1.0000,1,0,0,0),(238,176,1,NULL,0.0000,1,0,0,1,1.0000,1,10000.0000,1,1,'2019-02-11 06:52:49',1.0000,1,0,1,0,1,1.0000,1,0,0,0),(239,177,1,NULL,0.0000,1,0,0,1,1.0000,1,10000.0000,1,1,'2019-02-11 06:52:49',1.0000,1,0,1,0,1,1.0000,1,0,0,0),(240,178,1,NULL,0.0000,1,0,0,1,1.0000,1,10000.0000,1,1,'2019-02-11 06:52:50',1.0000,1,0,1,0,1,1.0000,1,0,0,0),(241,179,1,NULL,0.0000,1,0,0,1,1.0000,1,10000.0000,1,1,'2019-02-11 06:52:50',1.0000,1,0,1,0,1,1.0000,1,0,0,0),(242,180,1,NULL,0.0000,1,0,0,1,1.0000,1,10000.0000,1,1,'2019-02-11 06:53:31',1.0000,1,0,1,0,1,1.0000,1,0,0,0),(243,181,1,NULL,0.0000,1,0,0,1,1.0000,1,10000.0000,1,1,'2019-02-11 06:53:32',1.0000,1,0,1,0,1,1.0000,1,0,0,0),(244,182,1,NULL,0.0000,1,0,0,1,1.0000,1,10000.0000,1,1,'2019-02-11 06:53:32',1.0000,1,0,1,0,1,1.0000,1,0,0,0),(245,183,1,NULL,0.0000,1,0,0,1,1.0000,1,10000.0000,1,1,'2019-02-11 06:53:32',1.0000,1,0,1,0,1,1.0000,1,0,0,0),(246,184,1,NULL,0.0000,1,0,0,1,1.0000,1,10000.0000,1,1,'2019-02-11 06:53:33',1.0000,1,0,1,0,1,1.0000,1,0,0,0),(247,185,1,NULL,0.0000,1,0,0,1,1.0000,1,10000.0000,1,1,'2019-02-11 06:53:33',1.0000,1,0,1,0,1,1.0000,1,0,0,0),(248,186,1,45.0000,0.0000,1,0,0,1,1.0000,1,10000.0000,1,1,NULL,1.0000,1,0,1,0,1,1.0000,1,0,0,0),(249,187,1,45.0000,0.0000,1,0,0,1,1.0000,1,10000.0000,1,1,NULL,1.0000,1,0,1,0,1,1.0000,1,0,0,0),(250,188,1,45.0000,0.0000,1,0,0,1,1.0000,1,10000.0000,1,1,NULL,1.0000,1,0,1,0,1,1.0000,1,0,0,0),(251,189,1,45.0000,0.0000,1,0,0,1,1.0000,1,10000.0000,1,1,NULL,1.0000,1,0,1,0,1,1.0000,1,0,0,0),(252,190,1,67.0000,0.0000,1,0,0,1,1.0000,1,10000.0000,1,1,NULL,1.0000,1,0,1,0,1,1.0000,1,0,0,0),(253,191,1,67.0000,0.0000,1,0,0,1,1.0000,1,10000.0000,1,1,NULL,1.0000,1,0,1,0,1,1.0000,1,0,0,0),(254,192,1,67.0000,0.0000,1,0,0,1,1.0000,1,10000.0000,1,1,NULL,1.0000,1,0,1,0,1,1.0000,1,0,0,0),(255,193,1,67.0000,0.0000,1,0,0,1,1.0000,1,10000.0000,1,1,NULL,1.0000,1,0,1,0,1,1.0000,1,0,0,0),(256,194,1,55.0000,0.0000,1,0,0,1,1.0000,1,10000.0000,1,1,NULL,1.0000,1,0,1,0,1,1.0000,1,0,0,0),(257,195,1,55.0000,0.0000,1,0,0,1,1.0000,1,10000.0000,1,1,NULL,1.0000,1,0,1,0,1,1.0000,1,0,0,0),(258,196,1,55.0000,0.0000,1,0,0,1,1.0000,1,10000.0000,1,1,NULL,1.0000,1,0,1,0,1,1.0000,1,0,0,0),(259,197,1,NULL,0.0000,1,0,0,1,1.0000,1,10000.0000,1,1,'2019-02-11 06:55:49',1.0000,1,0,1,0,1,1.0000,1,0,0,0),(260,198,1,NULL,0.0000,1,0,0,1,1.0000,1,10000.0000,1,1,'2019-02-11 06:55:50',1.0000,1,0,1,0,1,1.0000,1,0,0,0),(261,199,1,NULL,0.0000,1,0,0,1,1.0000,1,10000.0000,1,1,'2019-02-11 06:55:50',1.0000,1,0,1,0,1,1.0000,1,0,0,0),(262,200,1,NULL,0.0000,1,0,0,1,1.0000,1,10000.0000,1,1,'2019-02-11 06:55:51',1.0000,1,0,1,0,1,1.0000,1,0,0,0),(263,201,1,NULL,0.0000,1,0,0,1,1.0000,1,10000.0000,1,1,'2019-02-11 06:55:51',1.0000,1,0,1,0,1,1.0000,1,0,0,0),(264,202,1,NULL,0.0000,1,0,0,1,1.0000,1,10000.0000,1,1,'2019-02-11 06:55:51',1.0000,1,0,1,0,1,1.0000,1,0,0,0),(265,203,1,67.0000,0.0000,1,0,0,1,1.0000,1,10000.0000,1,1,NULL,1.0000,1,0,1,0,1,1.0000,1,0,0,0),(266,204,1,67.0000,0.0000,1,0,0,1,1.0000,1,10000.0000,1,1,NULL,1.0000,1,0,1,0,1,1.0000,1,0,0,0),(267,205,1,67.0000,0.0000,1,0,0,1,1.0000,1,10000.0000,1,1,NULL,1.0000,1,0,1,0,1,1.0000,1,0,0,0),(268,206,1,67.0000,0.0000,1,0,0,1,1.0000,1,10000.0000,1,1,NULL,1.0000,1,0,1,0,1,1.0000,1,0,0,0),(269,207,1,56.0000,0.0000,1,0,0,1,1.0000,1,10000.0000,1,1,NULL,1.0000,1,0,1,0,1,1.0000,1,0,0,0),(270,208,1,56.0000,0.0000,1,0,0,1,1.0000,1,10000.0000,1,1,NULL,1.0000,1,0,1,0,1,1.0000,1,0,0,0),(271,209,1,56.0000,0.0000,1,0,0,1,1.0000,1,10000.0000,1,1,NULL,1.0000,1,0,1,0,1,1.0000,1,0,0,0),(272,210,1,NULL,0.0000,1,0,0,1,1.0000,1,10000.0000,1,1,'2019-02-11 06:58:50',1.0000,1,0,1,0,1,1.0000,1,0,0,0),(273,211,1,NULL,0.0000,1,0,0,1,1.0000,1,10000.0000,1,1,'2019-02-11 06:58:50',1.0000,1,0,1,0,1,1.0000,1,0,0,0),(274,212,1,NULL,0.0000,1,0,0,1,1.0000,1,10000.0000,1,1,'2019-02-11 06:58:50',1.0000,1,0,1,0,1,1.0000,1,0,0,0),(275,213,1,NULL,0.0000,1,0,0,1,1.0000,1,10000.0000,1,1,'2019-02-11 06:58:51',1.0000,1,0,1,0,1,1.0000,1,0,0,0),(276,214,1,NULL,0.0000,1,0,0,1,1.0000,1,10000.0000,1,1,'2019-02-11 06:58:51',1.0000,1,0,1,0,1,1.0000,1,0,0,0),(277,215,1,NULL,0.0000,1,0,0,1,1.0000,1,10000.0000,1,1,'2019-02-11 06:58:51',1.0000,1,0,1,0,1,1.0000,1,0,0,0),(278,216,1,NULL,0.0000,1,0,0,1,1.0000,1,10000.0000,1,1,'2019-02-11 06:58:52',1.0000,1,0,1,0,1,1.0000,1,0,0,0),(279,217,1,56.0000,0.0000,1,0,0,1,1.0000,1,10000.0000,1,1,NULL,1.0000,1,0,1,0,1,1.0000,1,0,0,0),(280,218,1,56.0000,0.0000,1,0,0,1,1.0000,1,10000.0000,1,1,NULL,1.0000,1,0,1,0,1,1.0000,1,0,0,0),(281,219,1,56.0000,0.0000,1,0,0,1,1.0000,1,10000.0000,1,1,NULL,1.0000,1,0,1,0,1,1.0000,1,0,0,0),(282,220,1,56.0000,0.0000,1,0,0,1,1.0000,1,10000.0000,1,1,NULL,1.0000,1,0,1,0,1,1.0000,1,0,0,0),(283,221,1,56.0000,0.0000,1,0,0,1,1.0000,1,10000.0000,1,1,NULL,1.0000,1,0,1,0,1,1.0000,1,0,0,0),(284,222,1,NULL,0.0000,1,0,0,1,1.0000,1,10000.0000,1,1,'2019-02-11 07:00:05',1.0000,1,0,1,0,1,1.0000,1,0,0,0),(285,223,1,NULL,0.0000,1,0,0,1,1.0000,1,10000.0000,1,1,'2019-02-11 07:00:06',1.0000,1,0,1,0,1,1.0000,1,0,0,0),(286,224,1,NULL,0.0000,1,0,0,1,1.0000,1,10000.0000,1,1,'2019-02-11 07:00:06',1.0000,1,0,1,0,1,1.0000,1,0,0,0),(287,225,1,NULL,0.0000,1,0,0,1,1.0000,1,10000.0000,1,1,'2019-02-11 07:00:06',1.0000,1,0,1,0,1,1.0000,1,0,0,0),(288,226,1,NULL,0.0000,1,0,0,1,1.0000,1,10000.0000,1,1,'2019-02-11 07:00:07',1.0000,1,0,1,0,1,1.0000,1,0,0,0),(289,227,1,NULL,0.0000,1,0,0,1,1.0000,1,10000.0000,1,1,'2019-02-11 07:00:07',1.0000,1,0,1,0,1,1.0000,1,0,0,0),(290,228,1,55.0000,0.0000,1,0,0,1,1.0000,1,10000.0000,1,1,NULL,1.0000,1,0,1,0,1,1.0000,1,0,0,0),(291,229,1,55.0000,0.0000,1,0,0,1,1.0000,1,10000.0000,1,1,NULL,1.0000,1,0,1,0,1,1.0000,1,0,0,0),(292,230,1,55.0000,0.0000,1,0,0,1,1.0000,1,10000.0000,1,1,NULL,1.0000,1,0,1,0,1,1.0000,1,0,0,0),(293,231,1,57.0000,0.0000,1,0,0,1,1.0000,1,10000.0000,1,1,NULL,1.0000,1,0,1,0,1,1.0000,1,0,0,0),(294,232,1,57.0000,0.0000,1,0,0,1,1.0000,1,10000.0000,1,1,NULL,1.0000,1,0,1,0,1,1.0000,1,0,0,0),(295,233,1,57.0000,0.0000,1,0,0,1,1.0000,1,10000.0000,1,1,NULL,1.0000,1,0,1,0,1,1.0000,1,0,0,0),(296,234,1,57.0000,0.0000,1,0,0,1,1.0000,1,10000.0000,1,1,NULL,1.0000,1,0,1,0,1,1.0000,1,0,0,0),(297,235,1,56.0000,0.0000,1,0,0,1,1.0000,1,10000.0000,1,1,NULL,1.0000,1,0,1,0,1,1.0000,1,0,0,0),(298,236,1,56.0000,0.0000,1,0,0,1,1.0000,1,10000.0000,1,1,NULL,1.0000,1,0,1,0,1,1.0000,1,0,0,0),(299,237,1,56.0000,0.0000,1,0,0,1,1.0000,1,10000.0000,1,1,NULL,1.0000,1,0,1,0,1,1.0000,1,0,0,0),(300,238,1,56.0000,0.0000,1,0,0,1,1.0000,1,10000.0000,1,1,NULL,1.0000,1,0,1,0,1,1.0000,1,0,0,0),(301,239,1,NULL,0.0000,1,0,0,1,1.0000,1,10000.0000,1,1,'2019-02-11 07:03:34',1.0000,1,0,1,0,1,1.0000,1,0,0,0),(302,240,1,NULL,0.0000,1,0,0,1,1.0000,1,10000.0000,1,1,'2019-02-11 07:03:35',1.0000,1,0,1,0,1,1.0000,1,0,0,0),(303,241,1,NULL,0.0000,1,0,0,1,1.0000,1,10000.0000,1,1,'2019-02-11 07:03:35',1.0000,1,0,1,0,1,1.0000,1,0,0,0),(304,242,1,NULL,0.0000,1,0,0,1,1.0000,1,10000.0000,1,1,'2019-02-11 07:03:35',1.0000,1,0,1,0,1,1.0000,1,0,0,0),(305,243,1,NULL,0.0000,1,0,0,1,1.0000,1,10000.0000,1,1,'2019-02-11 07:04:15',1.0000,1,0,1,0,1,1.0000,1,0,0,0),(306,244,1,NULL,0.0000,1,0,0,1,1.0000,1,10000.0000,1,1,'2019-02-11 07:04:15',1.0000,1,0,1,0,1,1.0000,1,0,0,0),(307,245,1,NULL,0.0000,1,0,0,1,1.0000,1,10000.0000,1,1,'2019-02-11 07:04:15',1.0000,1,0,1,0,1,1.0000,1,0,0,0),(308,246,1,NULL,0.0000,1,0,0,1,1.0000,1,10000.0000,1,1,'2019-02-11 07:04:16',1.0000,1,0,1,0,1,1.0000,1,0,0,0),(309,247,1,NULL,0.0000,1,0,0,1,1.0000,1,10000.0000,1,1,'2019-02-11 07:04:16',1.0000,1,0,1,0,1,1.0000,1,0,0,0),(310,248,1,NULL,0.0000,1,0,0,1,1.0000,1,10000.0000,1,1,'2019-02-11 07:04:16',1.0000,1,0,1,0,1,1.0000,1,0,0,0),(311,249,1,NULL,0.0000,1,0,0,1,1.0000,1,10000.0000,1,1,'2019-02-11 07:05:02',1.0000,1,0,1,0,1,1.0000,1,0,0,0),(312,250,1,NULL,0.0000,1,0,0,1,1.0000,1,10000.0000,1,1,'2019-02-11 07:05:02',1.0000,1,0,1,0,1,1.0000,1,0,0,0),(313,251,1,NULL,0.0000,1,0,0,1,1.0000,1,10000.0000,1,1,'2019-02-11 07:05:02',1.0000,1,0,1,0,1,1.0000,1,0,0,0),(314,252,1,NULL,0.0000,1,0,0,1,1.0000,1,10000.0000,1,1,'2019-02-11 07:05:03',1.0000,1,0,1,0,1,1.0000,1,0,0,0),(315,253,1,NULL,0.0000,1,0,0,1,1.0000,1,10000.0000,1,1,'2019-02-11 07:05:03',1.0000,1,0,1,0,1,1.0000,1,0,0,0),(316,254,1,NULL,0.0000,1,0,0,1,1.0000,1,10000.0000,1,1,'2019-02-11 07:05:34',1.0000,1,0,1,0,1,1.0000,1,0,0,0),(317,255,1,NULL,0.0000,1,0,0,1,1.0000,1,10000.0000,1,1,'2019-02-11 07:05:35',1.0000,1,0,1,0,1,1.0000,1,0,0,0),(318,256,1,NULL,0.0000,1,0,0,1,1.0000,1,10000.0000,1,1,'2019-02-11 07:05:35',1.0000,1,0,1,0,1,1.0000,1,0,0,0),(319,257,1,67.0000,0.0000,1,0,0,1,1.0000,1,10000.0000,1,1,NULL,1.0000,1,0,1,0,1,1.0000,1,0,0,0),(320,258,1,67.0000,0.0000,1,0,0,1,1.0000,1,10000.0000,1,1,NULL,1.0000,1,0,1,0,1,1.0000,1,0,0,0),(321,259,1,67.0000,0.0000,1,0,0,1,1.0000,1,10000.0000,1,1,NULL,1.0000,1,0,1,0,1,1.0000,1,0,0,0),(322,260,1,67.0000,0.0000,1,0,0,1,1.0000,1,10000.0000,1,1,NULL,1.0000,1,0,1,0,1,1.0000,1,0,0,0),(323,261,1,NULL,0.0000,1,0,0,1,1.0000,1,10000.0000,1,1,'2019-02-11 07:06:42',1.0000,1,0,1,0,1,1.0000,1,0,0,0),(324,262,1,NULL,0.0000,1,0,0,1,1.0000,1,10000.0000,1,1,'2019-02-11 07:06:42',1.0000,1,0,1,0,1,1.0000,1,0,0,0),(325,263,1,NULL,0.0000,1,0,0,1,1.0000,1,10000.0000,1,1,'2019-02-11 07:06:43',1.0000,1,0,1,0,1,1.0000,1,0,0,0),(326,264,1,NULL,0.0000,1,0,0,1,1.0000,1,10000.0000,1,1,'2019-02-11 07:06:43',1.0000,1,0,1,0,1,1.0000,1,0,0,0),(327,265,1,67.0000,0.0000,1,0,0,1,1.0000,1,10000.0000,1,1,NULL,1.0000,1,0,1,0,1,1.0000,1,0,0,0),(328,266,1,67.0000,0.0000,1,0,0,1,1.0000,1,10000.0000,1,1,NULL,1.0000,1,0,1,0,1,1.0000,1,0,0,0),(329,267,1,67.0000,0.0000,1,0,0,1,1.0000,1,10000.0000,1,1,NULL,1.0000,1,0,1,0,1,1.0000,1,0,0,0),(330,268,1,67.0000,0.0000,1,0,0,1,1.0000,1,10000.0000,1,1,NULL,1.0000,1,0,1,0,1,1.0000,1,0,0,0),(331,269,1,67.0000,0.0000,1,0,0,1,1.0000,1,10000.0000,1,1,NULL,1.0000,1,0,1,0,1,1.0000,1,0,0,0),(332,270,1,67.0000,0.0000,1,0,0,1,1.0000,1,10000.0000,1,1,NULL,1.0000,1,0,1,0,1,1.0000,1,0,0,0),(333,271,1,67.0000,0.0000,1,0,0,1,1.0000,1,10000.0000,1,1,NULL,1.0000,1,0,1,0,1,1.0000,1,0,0,0),(334,272,1,67.0000,0.0000,1,0,0,1,1.0000,1,10000.0000,1,1,NULL,1.0000,1,0,1,0,1,1.0000,1,0,0,0),(335,273,1,67.0000,0.0000,1,0,0,1,1.0000,1,10000.0000,1,1,NULL,1.0000,1,0,1,0,1,1.0000,1,0,0,0),(336,274,1,67.0000,0.0000,1,0,0,1,1.0000,1,10000.0000,1,1,NULL,1.0000,1,0,1,0,1,1.0000,1,0,0,0),(337,275,1,67.0000,0.0000,1,0,0,1,1.0000,1,10000.0000,1,1,NULL,1.0000,1,0,1,0,1,1.0000,1,0,0,0),(338,276,1,67.0000,0.0000,1,0,0,1,1.0000,1,10000.0000,1,1,NULL,1.0000,1,0,1,0,1,1.0000,1,0,0,0),(339,277,1,NULL,0.0000,1,0,0,1,1.0000,1,10000.0000,1,1,'2019-02-11 07:10:32',1.0000,1,0,1,0,1,1.0000,1,0,0,0),(340,278,1,NULL,0.0000,1,0,0,1,1.0000,1,10000.0000,1,1,'2019-02-11 07:10:33',1.0000,1,0,1,0,1,1.0000,1,0,0,0),(341,279,1,NULL,0.0000,1,0,0,1,1.0000,1,10000.0000,1,1,'2019-02-11 07:10:33',1.0000,1,0,1,0,1,1.0000,1,0,0,0),(342,280,1,NULL,0.0000,1,0,0,1,1.0000,1,10000.0000,1,1,'2019-02-11 07:10:33',1.0000,1,0,1,0,1,1.0000,1,0,0,0),(343,281,1,NULL,0.0000,1,0,0,1,1.0000,1,10000.0000,1,1,'2019-02-11 07:10:57',1.0000,1,0,1,0,1,1.0000,1,0,0,0),(344,282,1,NULL,0.0000,1,0,0,1,1.0000,1,10000.0000,1,1,'2019-02-11 07:10:58',1.0000,1,0,1,0,1,1.0000,1,0,0,0),(345,283,1,NULL,0.0000,1,0,0,1,1.0000,1,10000.0000,1,1,'2019-02-11 07:10:58',1.0000,1,0,1,0,1,1.0000,1,0,0,0),(346,284,1,NULL,0.0000,1,0,0,1,1.0000,1,10000.0000,1,1,'2019-02-11 07:10:58',1.0000,1,0,1,0,1,1.0000,1,0,0,0),(347,285,1,56.0000,0.0000,1,0,0,1,1.0000,1,10000.0000,1,1,NULL,1.0000,1,0,1,0,1,1.0000,1,0,0,0),(348,286,1,56.0000,0.0000,1,0,0,1,1.0000,1,10000.0000,1,1,NULL,1.0000,1,0,1,0,1,1.0000,1,0,0,0),(349,287,1,NULL,0.0000,1,0,0,1,1.0000,1,10000.0000,1,1,'2019-02-11 07:12:06',1.0000,1,0,1,0,1,1.0000,1,0,0,0),(350,288,1,NULL,0.0000,1,0,0,1,1.0000,1,10000.0000,1,1,'2019-02-11 07:12:07',1.0000,1,0,1,0,1,1.0000,1,0,0,0),(351,289,1,NULL,0.0000,1,0,0,1,1.0000,1,10000.0000,1,1,'2019-02-11 07:12:07',1.0000,1,0,1,0,1,1.0000,1,0,0,0),(352,290,1,65.0000,0.0000,1,0,0,1,1.0000,1,10000.0000,1,1,NULL,1.0000,1,0,1,0,1,1.0000,1,0,0,0),(353,291,1,65.0000,0.0000,1,0,0,1,1.0000,1,10000.0000,1,1,NULL,1.0000,1,0,1,0,1,1.0000,1,0,0,0),(354,292,1,65.0000,0.0000,1,0,0,1,1.0000,1,10000.0000,1,1,NULL,1.0000,1,0,1,0,1,1.0000,1,0,0,0),(355,293,1,NULL,0.0000,1,0,0,1,1.0000,1,10000.0000,1,1,'2019-02-11 07:12:44',1.0000,1,0,1,0,1,1.0000,1,0,0,0),(356,294,1,NULL,0.0000,1,0,0,1,1.0000,1,10000.0000,1,1,'2019-02-11 07:12:45',1.0000,1,0,1,0,1,1.0000,1,0,0,0),(357,295,1,NULL,0.0000,1,0,0,1,1.0000,1,10000.0000,1,1,'2019-02-11 07:12:45',1.0000,1,0,1,0,1,1.0000,1,0,0,0),(358,296,1,NULL,0.0000,1,0,0,1,1.0000,1,10000.0000,1,1,'2019-02-11 07:13:15',1.0000,1,0,1,0,1,1.0000,1,0,0,0),(359,297,1,NULL,0.0000,1,0,0,1,1.0000,1,10000.0000,1,1,'2019-02-11 07:13:16',1.0000,1,0,1,0,1,1.0000,1,0,0,0),(360,298,1,NULL,0.0000,1,0,0,1,1.0000,1,10000.0000,1,1,'2019-02-11 07:13:16',1.0000,1,0,1,0,1,1.0000,1,0,0,0),(361,299,1,NULL,0.0000,1,0,0,1,1.0000,1,10000.0000,1,1,'2019-02-11 07:13:16',1.0000,1,0,1,0,1,1.0000,1,0,0,0),(362,300,1,65.0000,0.0000,1,0,0,1,1.0000,1,10000.0000,1,1,NULL,1.0000,1,0,1,0,1,1.0000,1,0,0,0),(363,301,1,65.0000,0.0000,1,0,0,1,1.0000,1,10000.0000,1,1,NULL,1.0000,1,0,1,0,1,1.0000,1,0,0,0),(364,302,1,65.0000,0.0000,1,0,0,1,1.0000,1,10000.0000,1,1,NULL,1.0000,1,0,1,0,1,1.0000,1,0,0,0),(365,303,1,65.0000,0.0000,1,0,0,1,1.0000,1,10000.0000,1,1,NULL,1.0000,1,0,1,0,1,1.0000,1,0,0,0),(366,304,1,65.0000,0.0000,1,0,0,1,1.0000,1,10000.0000,1,1,NULL,1.0000,1,0,1,0,1,1.0000,1,0,0,0),(367,305,1,65.0000,0.0000,1,0,0,1,1.0000,1,10000.0000,1,1,NULL,1.0000,1,0,1,0,1,1.0000,1,0,0,0),(368,306,1,NULL,0.0000,1,0,0,1,1.0000,1,10000.0000,1,1,'2019-02-11 07:16:09',1.0000,1,0,1,0,1,1.0000,1,0,0,0),(369,307,1,NULL,0.0000,1,0,0,1,1.0000,1,10000.0000,1,1,'2019-02-11 07:16:09',1.0000,1,0,1,0,1,1.0000,1,0,0,0),(370,308,1,NULL,0.0000,1,0,0,1,1.0000,1,10000.0000,1,1,'2019-02-11 07:16:10',1.0000,1,0,1,0,1,1.0000,1,0,0,0),(371,309,1,55.0000,0.0000,1,0,0,1,1.0000,1,10000.0000,1,1,NULL,1.0000,1,0,1,0,1,1.0000,1,0,0,0),(372,310,1,55.0000,0.0000,1,0,0,1,1.0000,1,10000.0000,1,1,NULL,1.0000,1,0,1,0,1,1.0000,1,0,0,0),(373,311,1,55.0000,0.0000,1,0,0,1,1.0000,1,10000.0000,1,1,NULL,1.0000,1,0,1,0,1,1.0000,1,0,0,0),(374,312,1,45.0000,0.0000,1,0,0,1,1.0000,1,10000.0000,1,1,NULL,1.0000,1,0,1,0,1,1.0000,1,0,0,0),(375,313,1,45.0000,0.0000,1,0,0,1,1.0000,1,10000.0000,1,1,NULL,1.0000,1,0,1,0,1,1.0000,1,0,0,0),(376,314,1,45.0000,0.0000,1,0,0,1,1.0000,1,10000.0000,1,1,NULL,1.0000,1,0,1,0,1,1.0000,1,0,0,0),(377,315,1,45.0000,0.0000,1,0,0,1,1.0000,1,10000.0000,1,1,NULL,1.0000,1,0,1,0,1,1.0000,1,0,0,0),(378,316,1,56.0000,0.0000,1,0,0,1,1.0000,1,10000.0000,1,1,NULL,1.0000,1,0,1,0,1,1.0000,1,0,0,0),(379,317,1,56.0000,0.0000,1,0,0,1,1.0000,1,10000.0000,1,1,NULL,1.0000,1,0,1,0,1,1.0000,1,0,0,0),(380,318,1,45.0000,0.0000,1,0,0,1,1.0000,1,10000.0000,1,1,NULL,1.0000,1,0,1,0,1,1.0000,1,0,0,0),(381,319,1,45.0000,0.0000,1,0,0,1,1.0000,1,10000.0000,1,1,NULL,1.0000,1,0,1,0,1,1.0000,1,0,0,0),(382,320,1,45.0000,0.0000,1,0,0,1,1.0000,1,10000.0000,1,1,NULL,1.0000,1,0,1,0,1,1.0000,1,0,0,0),(383,321,1,45.0000,0.0000,1,0,0,1,1.0000,1,10000.0000,1,1,NULL,1.0000,1,0,1,0,1,1.0000,1,0,0,0),(384,322,1,56.0000,0.0000,1,0,0,1,1.0000,1,10000.0000,1,1,NULL,1.0000,1,0,1,0,1,1.0000,1,0,0,0),(385,323,1,56.0000,0.0000,1,0,0,1,1.0000,1,10000.0000,1,1,NULL,1.0000,1,0,1,0,1,1.0000,1,0,0,0),(386,324,1,56.0000,0.0000,1,0,0,1,1.0000,1,10000.0000,1,1,NULL,1.0000,1,0,1,0,1,1.0000,1,0,0,0),(387,325,1,56.0000,0.0000,1,0,0,1,1.0000,1,10000.0000,1,1,NULL,1.0000,1,0,1,0,1,1.0000,1,0,0,0),(388,326,1,56.0000,0.0000,1,0,0,1,1.0000,1,10000.0000,1,1,NULL,1.0000,1,0,1,0,1,1.0000,1,0,0,0),(389,327,1,56.0000,0.0000,1,0,0,1,1.0000,1,10000.0000,1,1,NULL,1.0000,1,0,1,0,1,1.0000,1,0,0,0),(390,328,1,57.0000,0.0000,1,0,0,1,1.0000,1,10000.0000,1,1,NULL,1.0000,1,0,1,0,1,1.0000,1,0,0,0),(391,329,1,57.0000,0.0000,1,0,0,1,1.0000,1,10000.0000,1,1,NULL,1.0000,1,0,1,0,1,1.0000,1,0,0,0),(392,330,1,NULL,0.0000,1,0,0,1,1.0000,1,10000.0000,1,1,'2019-02-11 07:26:13',1.0000,1,0,1,0,1,1.0000,1,0,0,0),(393,331,1,NULL,0.0000,1,0,0,1,1.0000,1,10000.0000,1,1,'2019-02-11 07:26:14',1.0000,1,0,1,0,1,1.0000,1,0,0,0),(394,332,1,NULL,0.0000,1,0,0,1,1.0000,1,10000.0000,1,1,'2019-02-11 07:26:14',1.0000,1,0,1,0,1,1.0000,1,0,0,0),(395,333,1,NULL,0.0000,1,0,0,1,1.0000,1,10000.0000,1,1,'2019-02-11 07:26:14',1.0000,1,0,1,0,1,1.0000,1,0,0,0),(396,334,1,45.0000,0.0000,1,0,0,1,1.0000,1,10000.0000,1,1,NULL,1.0000,1,0,1,0,1,1.0000,1,0,0,0),(397,335,1,45.0000,0.0000,1,0,0,1,1.0000,1,10000.0000,1,1,NULL,1.0000,1,0,1,0,1,1.0000,1,0,0,0),(398,336,1,45.0000,0.0000,1,0,0,1,1.0000,1,10000.0000,1,1,NULL,1.0000,1,0,1,0,1,1.0000,1,0,0,0),(399,337,1,45.0000,0.0000,1,0,0,1,1.0000,1,10000.0000,1,1,NULL,1.0000,1,0,1,0,1,1.0000,1,0,0,0),(400,338,1,58.0000,0.0000,1,0,0,1,1.0000,1,10000.0000,1,1,NULL,1.0000,1,0,1,0,1,1.0000,1,0,0,0),(401,339,1,58.0000,0.0000,1,0,0,1,1.0000,1,10000.0000,1,1,NULL,1.0000,1,0,1,0,1,1.0000,1,0,0,0),(402,340,1,58.0000,0.0000,1,0,0,1,1.0000,1,10000.0000,1,1,NULL,1.0000,1,0,1,0,1,1.0000,1,0,0,0),(403,341,1,45.0000,0.0000,1,0,0,1,1.0000,1,10000.0000,1,1,NULL,1.0000,1,0,1,0,1,1.0000,1,0,0,0),(404,342,1,45.0000,0.0000,1,0,0,1,1.0000,1,10000.0000,1,1,NULL,1.0000,1,0,1,0,1,1.0000,1,0,0,0),(405,343,1,45.0000,0.0000,1,0,0,1,1.0000,1,10000.0000,1,1,NULL,1.0000,1,0,1,0,1,1.0000,1,0,0,0),(406,344,1,45.0000,0.0000,1,0,0,1,1.0000,1,10000.0000,1,1,NULL,1.0000,1,0,1,0,1,1.0000,1,0,0,0),(407,345,1,45.0000,0.0000,1,0,0,1,1.0000,1,10000.0000,1,1,NULL,1.0000,1,0,1,0,1,1.0000,1,0,0,0),(408,346,1,NULL,0.0000,1,0,0,1,1.0000,1,10000.0000,1,1,'2019-02-11 07:28:06',1.0000,1,0,1,0,1,1.0000,1,0,0,0),(409,347,1,NULL,0.0000,1,0,0,1,1.0000,1,10000.0000,1,1,'2019-02-11 07:28:07',1.0000,1,0,1,0,1,1.0000,1,0,0,0),(410,348,1,NULL,0.0000,1,0,0,1,1.0000,1,10000.0000,1,1,'2019-02-11 07:28:07',1.0000,1,0,1,0,1,1.0000,1,0,0,0),(411,349,1,NULL,0.0000,1,0,0,1,1.0000,1,10000.0000,1,1,'2019-02-11 07:28:07',1.0000,1,0,1,0,1,1.0000,1,0,0,0),(412,350,1,56.0000,0.0000,1,0,0,1,1.0000,1,10000.0000,1,1,NULL,1.0000,1,0,1,0,1,1.0000,1,0,0,0),(413,351,1,56.0000,0.0000,1,0,0,1,1.0000,1,10000.0000,1,1,NULL,1.0000,1,0,1,0,1,1.0000,1,0,0,0),(414,352,1,56.0000,0.0000,1,0,0,1,1.0000,1,10000.0000,1,1,NULL,1.0000,1,0,1,0,1,1.0000,1,0,0,0),(415,353,1,56.0000,0.0000,1,0,0,1,1.0000,1,10000.0000,1,1,NULL,1.0000,1,0,1,0,1,1.0000,1,0,0,0),(416,354,1,56.0000,0.0000,1,0,0,1,1.0000,1,10000.0000,1,1,NULL,1.0000,1,0,1,0,1,1.0000,1,0,0,0),(417,355,1,56.0000,0.0000,1,0,0,1,1.0000,1,10000.0000,1,1,NULL,1.0000,1,0,1,0,1,1.0000,1,0,0,0),(418,356,1,56.0000,0.0000,1,0,0,1,1.0000,1,10000.0000,1,1,NULL,1.0000,1,0,1,0,1,1.0000,1,0,0,0),(419,357,1,56.0000,0.0000,1,0,0,1,1.0000,1,10000.0000,1,1,NULL,1.0000,1,0,1,0,1,1.0000,1,0,0,0),(420,358,1,56.0000,0.0000,1,0,0,1,1.0000,1,10000.0000,1,1,NULL,1.0000,1,0,1,0,1,1.0000,1,0,0,0),(421,359,1,56.0000,0.0000,1,0,0,1,1.0000,1,10000.0000,1,1,NULL,1.0000,1,0,1,0,1,1.0000,1,0,0,0),(422,360,1,56.0000,0.0000,1,0,0,1,1.0000,1,10000.0000,1,1,NULL,1.0000,1,0,1,0,1,1.0000,1,0,0,0),(423,361,1,NULL,0.0000,1,0,0,1,1.0000,1,10000.0000,1,1,'2019-02-11 07:31:01',1.0000,1,0,1,0,1,1.0000,1,0,0,0),(424,362,1,NULL,0.0000,1,0,0,1,1.0000,1,10000.0000,1,1,'2019-02-11 07:31:01',1.0000,1,0,1,0,1,1.0000,1,0,0,0),(425,363,1,NULL,0.0000,1,0,0,1,1.0000,1,10000.0000,1,1,'2019-02-11 07:31:01',1.0000,1,0,1,0,1,1.0000,1,0,0,0),(426,364,1,45.0000,0.0000,1,0,0,1,1.0000,1,10000.0000,1,1,NULL,1.0000,1,0,1,0,1,1.0000,1,0,0,0),(427,365,1,45.0000,0.0000,1,0,0,1,1.0000,1,10000.0000,1,1,NULL,1.0000,1,0,1,0,1,1.0000,1,0,0,0),(428,366,1,45.0000,0.0000,1,0,0,1,1.0000,1,10000.0000,1,1,NULL,1.0000,1,0,1,0,1,1.0000,1,0,0,0),(429,367,1,45.0000,0.0000,1,0,0,1,1.0000,1,10000.0000,1,1,NULL,1.0000,1,0,1,0,1,1.0000,1,0,0,0),(430,368,1,67.0000,0.0000,1,0,0,1,1.0000,1,10000.0000,1,1,NULL,1.0000,1,0,1,0,1,1.0000,1,0,0,0),(431,369,1,67.0000,0.0000,1,0,0,1,1.0000,1,10000.0000,1,1,NULL,1.0000,1,0,1,0,1,1.0000,1,0,0,0),(432,370,1,67.0000,0.0000,1,0,0,1,1.0000,1,10000.0000,1,1,NULL,1.0000,1,0,1,0,1,1.0000,1,0,0,0),(433,371,1,67.0000,0.0000,1,0,0,1,1.0000,1,10000.0000,1,1,NULL,1.0000,1,0,1,0,1,1.0000,1,0,0,0),(434,372,1,67.0000,0.0000,1,0,0,1,1.0000,1,10000.0000,1,1,NULL,1.0000,1,0,1,0,1,1.0000,1,0,0,0),(435,373,1,67.0000,0.0000,1,0,0,1,1.0000,1,10000.0000,1,1,NULL,1.0000,1,0,1,0,1,1.0000,1,0,0,0),(436,374,1,67.0000,0.0000,1,0,0,1,1.0000,1,10000.0000,1,1,NULL,1.0000,1,0,1,0,1,1.0000,1,0,0,0),(437,375,1,67.0000,0.0000,1,0,0,1,1.0000,1,10000.0000,1,1,NULL,1.0000,1,0,1,0,1,1.0000,1,0,0,0),(438,376,1,NULL,0.0000,1,0,0,1,1.0000,1,10000.0000,1,1,'2019-02-11 07:33:27',1.0000,1,0,1,0,1,1.0000,1,0,0,0),(439,377,1,NULL,0.0000,1,0,0,1,1.0000,1,10000.0000,1,1,'2019-02-11 07:33:28',1.0000,1,0,1,0,1,1.0000,1,0,0,0),(440,378,1,45.0000,0.0000,1,0,0,1,1.0000,1,10000.0000,1,1,NULL,1.0000,1,0,1,0,1,1.0000,1,0,0,0),(441,379,1,45.0000,0.0000,1,0,0,1,1.0000,1,10000.0000,1,1,NULL,1.0000,1,0,1,0,1,1.0000,1,0,0,0),(442,380,1,45.0000,0.0000,1,0,0,1,1.0000,1,10000.0000,1,1,NULL,1.0000,1,0,1,0,1,1.0000,1,0,0,0),(443,381,1,45.0000,0.0000,1,0,0,1,1.0000,1,10000.0000,1,1,NULL,1.0000,1,0,1,0,1,1.0000,1,0,0,0),(444,382,1,45.0000,0.0000,1,0,0,1,1.0000,1,10000.0000,1,1,NULL,1.0000,1,0,1,0,1,1.0000,1,0,0,0),(445,383,1,45.0000,0.0000,1,0,0,1,1.0000,1,10000.0000,1,1,NULL,1.0000,1,0,1,0,1,1.0000,1,0,0,0),(446,384,1,45.0000,0.0000,1,0,0,1,1.0000,1,10000.0000,1,1,NULL,1.0000,1,0,1,0,1,1.0000,1,0,0,0),(447,385,1,45.0000,0.0000,1,0,0,1,1.0000,1,10000.0000,1,1,NULL,1.0000,1,0,1,0,1,1.0000,1,0,0,0),(448,386,1,45.0000,0.0000,1,0,0,1,1.0000,1,10000.0000,1,1,NULL,1.0000,1,0,1,0,1,1.0000,1,0,0,0),(449,387,1,45.0000,0.0000,1,0,0,1,1.0000,1,10000.0000,1,1,NULL,1.0000,1,0,1,0,1,1.0000,1,0,0,0),(450,388,1,56.0000,0.0000,1,0,0,1,1.0000,1,10000.0000,1,1,NULL,1.0000,1,0,1,0,1,1.0000,1,0,0,0),(451,389,1,56.0000,0.0000,1,0,0,1,1.0000,1,10000.0000,1,1,NULL,1.0000,1,0,1,0,1,1.0000,1,0,0,0),(452,390,1,56.0000,0.0000,1,0,0,1,1.0000,1,10000.0000,1,1,NULL,1.0000,1,0,1,0,1,1.0000,1,0,0,0),(453,391,1,NULL,0.0000,1,0,0,1,1.0000,1,10000.0000,1,1,'2019-02-11 07:37:25',1.0000,1,0,1,0,1,1.0000,1,0,0,0),(454,392,1,NULL,0.0000,1,0,0,1,1.0000,1,10000.0000,1,1,'2019-02-11 07:37:26',1.0000,1,0,1,0,1,1.0000,1,0,0,0),(455,393,1,NULL,0.0000,1,0,0,1,1.0000,1,10000.0000,1,1,'2019-02-11 07:37:26',1.0000,1,0,1,0,1,1.0000,1,0,0,0),(456,394,1,45.0000,0.0000,1,0,0,1,1.0000,1,10000.0000,1,1,NULL,1.0000,1,0,1,0,1,1.0000,1,0,0,0),(457,395,1,NULL,0.0000,1,0,0,1,1.0000,1,10000.0000,1,1,'2019-02-11 07:38:02',1.0000,1,0,1,0,1,1.0000,1,0,0,0),(458,396,1,NULL,0.0000,1,0,0,1,1.0000,1,10000.0000,1,1,'2019-02-11 07:38:02',1.0000,1,0,1,0,1,1.0000,1,0,0,0),(459,397,1,56.0000,0.0000,1,0,0,1,1.0000,1,10000.0000,1,1,NULL,1.0000,1,0,1,0,1,1.0000,1,0,0,0),(460,398,1,56.0000,0.0000,1,0,0,1,1.0000,1,10000.0000,1,1,NULL,1.0000,1,0,1,0,1,1.0000,1,0,0,0),(461,399,1,56.0000,0.0000,1,0,0,1,1.0000,1,10000.0000,1,1,NULL,1.0000,1,0,1,0,1,1.0000,1,0,0,0),(462,400,1,56.0000,0.0000,1,0,0,1,1.0000,1,10000.0000,1,1,NULL,1.0000,1,0,1,0,1,1.0000,1,0,0,0),(463,401,1,NULL,0.0000,1,0,0,1,1.0000,1,10000.0000,1,1,'2019-02-11 07:40:21',1.0000,1,0,1,0,1,1.0000,1,0,0,0),(464,402,1,NULL,0.0000,1,0,0,1,1.0000,1,10000.0000,1,1,'2019-02-11 07:40:22',1.0000,1,0,1,0,1,1.0000,1,0,0,0),(465,403,1,NULL,0.0000,1,0,0,1,1.0000,1,10000.0000,1,1,'2019-02-11 07:40:22',1.0000,1,0,1,0,1,1.0000,1,0,0,0),(466,404,1,NULL,0.0000,1,0,0,1,1.0000,1,10000.0000,1,1,'2019-02-11 07:40:22',1.0000,1,0,1,0,1,1.0000,1,0,0,0),(467,405,1,NULL,0.0000,1,0,0,1,1.0000,1,10000.0000,1,1,'2019-02-11 07:40:23',1.0000,1,0,1,0,1,1.0000,1,0,0,0),(468,406,1,NULL,0.0000,1,0,0,1,1.0000,1,10000.0000,1,1,'2019-02-11 07:40:23',1.0000,1,0,1,0,1,1.0000,1,0,0,0),(469,407,1,45.0000,0.0000,1,0,0,1,1.0000,1,10000.0000,1,1,NULL,1.0000,1,0,1,0,1,1.0000,1,0,0,0),(470,408,1,45.0000,0.0000,1,0,0,1,1.0000,1,10000.0000,1,1,NULL,1.0000,1,0,1,0,1,1.0000,1,0,0,0),(471,409,1,45.0000,0.0000,1,0,0,1,1.0000,1,10000.0000,1,1,NULL,1.0000,1,0,1,0,1,1.0000,1,0,0,0),(472,410,1,45.0000,0.0000,1,0,0,1,1.0000,1,10000.0000,1,1,NULL,1.0000,1,0,1,0,1,1.0000,1,0,0,0),(473,411,1,45.0000,0.0000,1,0,0,1,1.0000,1,10000.0000,1,1,NULL,1.0000,1,0,1,0,1,1.0000,1,0,0,0),(474,412,1,NULL,0.0000,1,0,0,1,1.0000,1,10000.0000,1,1,'2019-02-11 07:41:15',1.0000,1,0,1,0,1,1.0000,1,0,0,0),(475,413,1,NULL,0.0000,1,0,0,1,1.0000,1,10000.0000,1,1,'2019-02-11 07:41:15',1.0000,1,0,1,0,1,1.0000,1,0,0,0),(476,414,1,NULL,0.0000,1,0,0,1,1.0000,1,10000.0000,1,1,'2019-02-11 07:41:16',1.0000,1,0,1,0,1,1.0000,1,0,0,0),(477,415,1,NULL,0.0000,1,0,0,1,1.0000,1,10000.0000,1,1,'2019-02-11 07:41:16',1.0000,1,0,1,0,1,1.0000,1,0,0,0),(478,416,1,56.0000,0.0000,1,0,0,1,1.0000,1,10000.0000,1,1,NULL,1.0000,1,0,1,0,1,1.0000,1,0,0,0),(479,417,1,56.0000,0.0000,1,0,0,1,1.0000,1,10000.0000,1,1,NULL,1.0000,1,0,1,0,1,1.0000,1,0,0,0),(480,418,1,56.0000,0.0000,1,0,0,1,1.0000,1,10000.0000,1,1,NULL,1.0000,1,0,1,0,1,1.0000,1,0,0,0),(481,419,1,56.0000,0.0000,1,0,0,1,1.0000,1,10000.0000,1,1,NULL,1.0000,1,0,1,0,1,1.0000,1,0,0,0),(482,420,1,56.0000,0.0000,1,0,0,1,1.0000,1,10000.0000,1,1,NULL,1.0000,1,0,1,0,1,1.0000,1,0,0,0),(483,421,1,56.0000,0.0000,1,0,0,1,1.0000,1,10000.0000,1,1,NULL,1.0000,1,0,1,0,1,1.0000,1,0,0,0),(484,422,1,56.0000,0.0000,1,0,0,1,1.0000,1,10000.0000,1,1,NULL,1.0000,1,0,1,0,1,1.0000,1,0,0,0),(485,423,1,56.0000,0.0000,1,0,0,1,1.0000,1,10000.0000,1,1,NULL,1.0000,1,0,1,0,1,1.0000,1,0,0,0),(486,424,1,56.0000,0.0000,1,0,0,1,1.0000,1,10000.0000,1,1,NULL,1.0000,1,0,1,0,1,1.0000,1,0,0,0),(487,425,1,56.0000,0.0000,1,0,0,1,1.0000,1,10000.0000,1,1,NULL,1.0000,1,0,1,0,1,1.0000,1,0,0,0),(488,426,1,NULL,0.0000,1,0,0,1,1.0000,1,10000.0000,1,1,'2019-02-11 07:42:16',1.0000,1,0,1,0,1,1.0000,1,0,0,0),(489,427,1,NULL,0.0000,1,0,0,1,1.0000,1,10000.0000,1,1,'2019-02-11 07:42:17',1.0000,1,0,1,0,1,1.0000,1,0,0,0),(490,428,1,NULL,0.0000,1,0,0,1,1.0000,1,10000.0000,1,1,'2019-02-11 07:42:17',1.0000,1,0,1,0,1,1.0000,1,0,0,0),(491,429,1,NULL,0.0000,1,0,0,1,1.0000,1,10000.0000,1,1,'2019-02-11 07:42:43',1.0000,1,0,1,0,1,1.0000,1,0,0,0),(492,430,1,NULL,0.0000,1,0,0,1,1.0000,1,10000.0000,1,1,'2019-02-11 07:42:43',1.0000,1,0,1,0,1,1.0000,1,0,0,0),(493,431,1,NULL,0.0000,1,0,0,1,1.0000,1,10000.0000,1,1,'2019-02-11 07:42:43',1.0000,1,0,1,0,1,1.0000,1,0,0,0),(494,432,1,NULL,0.0000,1,0,0,1,1.0000,1,10000.0000,1,1,'2019-02-11 07:42:44',1.0000,1,0,1,0,1,1.0000,1,0,0,0),(495,433,1,NULL,0.0000,1,0,0,1,1.0000,1,10000.0000,1,1,'2019-02-11 07:42:44',1.0000,1,0,1,0,1,1.0000,1,0,0,0),(496,434,1,NULL,0.0000,1,0,0,1,1.0000,1,10000.0000,1,1,'2019-02-11 07:42:44',1.0000,1,0,1,0,1,1.0000,1,0,0,0),(497,435,1,NULL,0.0000,1,0,0,1,1.0000,1,10000.0000,1,1,'2019-02-11 07:42:45',1.0000,1,0,1,0,1,1.0000,1,0,0,0),(498,436,1,NULL,0.0000,1,0,0,1,1.0000,1,10000.0000,1,1,'2019-02-11 07:42:45',1.0000,1,0,1,0,1,1.0000,1,0,0,0),(499,437,1,65.0000,0.0000,1,0,0,1,1.0000,1,10000.0000,1,1,NULL,1.0000,1,0,1,0,1,1.0000,1,0,0,0),(500,438,1,65.0000,0.0000,1,0,0,1,1.0000,1,10000.0000,1,1,NULL,1.0000,1,0,1,0,1,1.0000,1,0,0,0),(501,439,1,65.0000,0.0000,1,0,0,1,1.0000,1,10000.0000,1,1,NULL,1.0000,1,0,1,0,1,1.0000,1,0,0,0),(502,440,1,45.0000,0.0000,1,0,0,1,1.0000,1,10000.0000,1,1,NULL,1.0000,1,0,1,0,1,1.0000,1,0,0,0),(503,441,1,45.0000,0.0000,1,0,0,1,1.0000,1,10000.0000,1,1,NULL,1.0000,1,0,1,0,1,1.0000,1,0,0,0),(504,442,1,45.0000,0.0000,1,0,0,1,1.0000,1,10000.0000,1,1,NULL,1.0000,1,0,1,0,1,1.0000,1,0,0,0),(505,443,1,NULL,0.0000,1,0,0,1,1.0000,1,10000.0000,1,1,'2019-02-11 07:44:08',1.0000,1,0,1,0,1,1.0000,1,0,0,0),(506,444,1,NULL,0.0000,1,0,0,1,1.0000,1,10000.0000,1,1,'2019-02-11 07:44:08',1.0000,1,0,1,0,1,1.0000,1,0,0,0),(507,445,1,NULL,0.0000,1,0,0,1,1.0000,1,10000.0000,1,1,'2019-02-11 07:44:09',1.0000,1,0,1,0,1,1.0000,1,0,0,0),(508,446,1,NULL,0.0000,1,0,0,1,1.0000,1,10000.0000,1,1,'2019-02-11 07:44:09',1.0000,1,0,1,0,1,1.0000,1,0,0,0),(509,447,1,NULL,0.0000,1,0,0,1,1.0000,1,10000.0000,1,1,'2019-02-11 07:44:09',1.0000,1,0,1,0,1,1.0000,1,0,0,0),(510,448,1,NULL,0.0000,1,0,0,1,1.0000,1,10000.0000,1,1,'2019-02-11 07:44:10',1.0000,1,0,1,0,1,1.0000,1,0,0,0),(511,449,1,67.0000,0.0000,1,0,0,1,1.0000,1,10000.0000,1,1,NULL,1.0000,1,0,1,0,1,1.0000,1,0,0,0),(512,450,1,67.0000,0.0000,1,0,0,1,1.0000,1,10000.0000,1,1,NULL,1.0000,1,0,1,0,1,1.0000,1,0,0,0),(513,451,1,67.0000,0.0000,1,0,0,1,1.0000,1,10000.0000,1,1,NULL,1.0000,1,0,1,0,1,1.0000,1,0,0,0),(514,452,1,67.0000,0.0000,1,0,0,1,1.0000,1,10000.0000,1,1,NULL,1.0000,1,0,1,0,1,1.0000,1,0,0,0),(515,453,1,67.0000,0.0000,1,0,0,1,1.0000,1,10000.0000,1,1,NULL,1.0000,1,0,1,0,1,1.0000,1,0,0,0),(516,454,1,67.0000,0.0000,1,0,0,1,1.0000,1,10000.0000,1,1,NULL,1.0000,1,0,1,0,1,1.0000,1,0,0,0),(517,455,1,45.0000,0.0000,1,0,0,1,1.0000,1,10000.0000,1,1,NULL,1.0000,1,0,1,0,1,1.0000,1,0,0,0),(518,456,1,45.0000,0.0000,1,0,0,1,1.0000,1,10000.0000,1,1,NULL,1.0000,1,0,1,0,1,1.0000,1,0,0,0),(519,457,1,45.0000,0.0000,1,0,0,1,1.0000,1,10000.0000,1,1,NULL,1.0000,1,0,1,0,1,1.0000,1,0,0,0),(520,458,1,NULL,0.0000,1,0,0,1,1.0000,1,10000.0000,1,1,'2019-02-11 07:45:00',1.0000,1,0,1,0,1,1.0000,1,0,0,0),(521,459,1,NULL,0.0000,1,0,0,1,1.0000,1,10000.0000,1,1,'2019-02-11 07:45:00',1.0000,1,0,1,0,1,1.0000,1,0,0,0),(522,460,1,NULL,0.0000,1,0,0,1,1.0000,1,10000.0000,1,1,'2019-02-11 07:45:00',1.0000,1,0,1,0,1,1.0000,1,0,0,0),(523,461,1,56.0000,0.0000,1,0,0,1,1.0000,1,10000.0000,1,1,NULL,1.0000,1,0,1,0,1,1.0000,1,0,0,0),(524,462,1,56.0000,0.0000,1,0,0,1,1.0000,1,10000.0000,1,1,NULL,1.0000,1,0,1,0,1,1.0000,1,0,0,0),(525,463,1,56.0000,0.0000,1,0,0,1,1.0000,1,10000.0000,1,1,NULL,1.0000,1,0,1,0,1,1.0000,1,0,0,0),(526,464,1,56.0000,0.0000,1,0,0,1,1.0000,1,10000.0000,1,1,NULL,1.0000,1,0,1,0,1,1.0000,1,0,0,0),(527,465,1,45.0000,0.0000,1,0,0,1,1.0000,1,10000.0000,1,1,NULL,1.0000,1,0,1,0,1,1.0000,1,0,0,0),(528,466,1,45.0000,0.0000,1,0,0,1,1.0000,1,10000.0000,1,1,NULL,1.0000,1,0,1,0,1,1.0000,1,0,0,0),(529,467,1,45.0000,0.0000,1,0,0,1,1.0000,1,10000.0000,1,1,NULL,1.0000,1,0,1,0,1,1.0000,1,0,0,0),(530,468,1,NULL,0.0000,1,0,0,1,1.0000,1,10000.0000,1,1,'2019-02-11 07:46:18',1.0000,1,0,1,0,1,1.0000,1,0,0,0),(531,469,1,NULL,0.0000,1,0,0,1,1.0000,1,10000.0000,1,1,'2019-02-11 07:46:18',1.0000,1,0,1,0,1,1.0000,1,0,0,0),(532,470,1,NULL,0.0000,1,0,0,1,1.0000,1,10000.0000,1,1,'2019-02-11 07:46:19',1.0000,1,0,1,0,1,1.0000,1,0,0,0),(533,471,1,56.0000,0.0000,1,0,0,1,1.0000,1,10000.0000,1,1,NULL,1.0000,1,0,1,0,1,1.0000,1,0,0,0),(534,472,1,56.0000,0.0000,1,0,0,1,1.0000,1,10000.0000,1,1,NULL,1.0000,1,0,1,0,1,1.0000,1,0,0,0),(535,473,1,56.0000,0.0000,1,0,0,1,1.0000,1,10000.0000,1,1,NULL,1.0000,1,0,1,0,1,1.0000,1,0,0,0),(536,474,1,56.0000,0.0000,1,0,0,1,1.0000,1,10000.0000,1,1,NULL,1.0000,1,0,1,0,1,1.0000,1,0,0,0),(537,475,1,NULL,0.0000,1,0,0,1,1.0000,1,10000.0000,1,1,'2019-02-11 07:47:10',1.0000,1,0,1,0,1,1.0000,1,0,0,0),(538,476,1,NULL,0.0000,1,0,0,1,1.0000,1,10000.0000,1,1,'2019-02-11 07:47:10',1.0000,1,0,1,0,1,1.0000,1,0,0,0),(539,477,1,NULL,0.0000,1,0,0,1,1.0000,1,10000.0000,1,1,'2019-02-11 07:47:10',1.0000,1,0,1,0,1,1.0000,1,0,0,0),(540,478,1,45.0000,0.0000,1,0,0,1,1.0000,1,10000.0000,1,1,NULL,1.0000,1,0,1,0,1,1.0000,1,0,0,0),(541,479,1,45.0000,0.0000,1,0,0,1,1.0000,1,10000.0000,1,1,NULL,1.0000,1,0,1,0,1,1.0000,1,0,0,0),(542,480,1,45.0000,0.0000,1,0,0,1,1.0000,1,10000.0000,1,1,NULL,1.0000,1,0,1,0,1,1.0000,1,0,0,0),(543,481,1,NULL,0.0000,1,0,0,1,1.0000,1,10000.0000,1,1,'2019-02-11 07:51:31',1.0000,1,0,1,0,1,1.0000,1,0,0,0),(544,482,1,NULL,0.0000,1,0,0,1,1.0000,1,10000.0000,1,1,'2019-02-11 07:51:32',1.0000,1,0,1,0,1,1.0000,1,0,0,0),(545,483,1,NULL,0.0000,1,0,0,1,1.0000,1,10000.0000,1,1,'2019-02-11 07:51:32',1.0000,1,0,1,0,1,1.0000,1,0,0,0),(546,484,1,NULL,0.0000,1,0,0,1,1.0000,1,10000.0000,1,1,'2019-02-11 07:51:33',1.0000,1,0,1,0,1,1.0000,1,0,0,0),(547,485,1,NULL,0.0000,1,0,0,1,1.0000,1,10000.0000,1,1,'2019-02-11 07:52:00',1.0000,1,0,1,0,1,1.0000,1,0,0,0),(548,486,1,NULL,0.0000,1,0,0,1,1.0000,1,10000.0000,1,1,'2019-02-11 07:52:00',1.0000,1,0,1,0,1,1.0000,1,0,0,0),(549,487,1,NULL,0.0000,1,0,0,1,1.0000,1,10000.0000,1,1,'2019-02-11 07:52:01',1.0000,1,0,1,0,1,1.0000,1,0,0,0),(550,488,1,34.0000,0.0000,1,0,0,1,1.0000,1,10000.0000,1,1,NULL,1.0000,1,0,1,0,1,1.0000,1,0,0,0),(551,489,1,34.0000,0.0000,1,0,0,1,1.0000,1,10000.0000,1,1,NULL,1.0000,1,0,1,0,1,1.0000,1,0,0,0),(552,490,1,34.0000,0.0000,1,0,0,1,1.0000,1,10000.0000,1,1,NULL,1.0000,1,0,1,0,1,1.0000,1,0,0,0),(553,491,1,NULL,0.0000,1,0,0,1,1.0000,1,10000.0000,1,1,'2019-02-11 07:53:01',1.0000,1,0,1,0,1,1.0000,1,0,0,0),(554,492,1,NULL,0.0000,1,0,0,1,1.0000,1,10000.0000,1,1,'2019-02-11 07:53:02',1.0000,1,0,1,0,1,1.0000,1,0,0,0),(555,493,1,NULL,0.0000,1,0,0,1,1.0000,1,10000.0000,1,1,'2019-02-11 07:53:02',1.0000,1,0,1,0,1,1.0000,1,0,0,0),(556,494,1,NULL,0.0000,1,0,0,1,1.0000,1,10000.0000,1,1,'2019-02-11 07:53:03',1.0000,1,0,1,0,1,1.0000,1,0,0,0),(557,495,1,45.0000,0.0000,1,0,0,1,1.0000,1,10000.0000,1,1,NULL,1.0000,1,0,1,0,1,1.0000,1,0,0,0),(558,496,1,45.0000,0.0000,1,0,0,1,1.0000,1,10000.0000,1,1,NULL,1.0000,1,0,1,0,1,1.0000,1,0,0,0),(559,497,1,45.0000,0.0000,1,0,0,1,1.0000,1,10000.0000,1,1,NULL,1.0000,1,0,1,0,1,1.0000,1,0,0,0),(560,498,1,45.0000,0.0000,1,0,0,1,1.0000,1,10000.0000,1,1,NULL,1.0000,1,0,1,0,1,1.0000,1,0,0,0),(561,499,1,45.0000,0.0000,1,0,0,1,1.0000,1,10000.0000,1,1,NULL,1.0000,1,0,1,0,1,1.0000,1,0,0,0),(562,500,1,45.0000,0.0000,1,0,0,1,1.0000,1,10000.0000,1,1,NULL,1.0000,1,0,1,0,1,1.0000,1,0,0,0),(563,501,1,45.0000,0.0000,1,0,0,1,1.0000,1,10000.0000,1,1,NULL,1.0000,1,0,1,0,1,1.0000,1,0,0,0),(564,502,1,45.0000,0.0000,1,0,0,1,1.0000,1,10000.0000,1,1,NULL,1.0000,1,0,1,0,1,1.0000,1,0,0,0),(565,503,1,45.0000,0.0000,1,0,0,1,1.0000,1,10000.0000,1,1,NULL,1.0000,1,0,1,0,1,1.0000,1,0,0,0),(566,504,1,34.0000,0.0000,1,0,0,1,1.0000,1,10000.0000,1,1,NULL,1.0000,1,0,1,0,1,1.0000,1,0,0,0),(567,505,1,34.0000,0.0000,1,0,0,1,1.0000,1,10000.0000,1,1,NULL,1.0000,1,0,1,0,1,1.0000,1,0,0,0),(568,506,1,34.0000,0.0000,1,0,0,1,1.0000,1,10000.0000,1,1,NULL,1.0000,1,0,1,0,1,1.0000,1,0,0,0),(569,507,1,34.0000,0.0000,1,0,0,1,1.0000,1,10000.0000,1,1,NULL,1.0000,1,0,1,0,1,1.0000,1,0,0,0),(570,508,1,34.0000,0.0000,1,0,0,1,1.0000,1,10000.0000,1,1,NULL,1.0000,1,0,1,0,1,1.0000,1,0,0,0),(571,509,1,34.0000,0.0000,1,0,0,1,1.0000,1,10000.0000,1,1,NULL,1.0000,1,0,1,0,1,1.0000,1,0,0,0),(572,510,1,45.0000,0.0000,1,0,0,1,1.0000,1,10000.0000,1,1,NULL,1.0000,1,0,1,0,1,1.0000,1,0,0,0),(573,511,1,45.0000,0.0000,1,0,0,1,1.0000,1,10000.0000,1,1,NULL,1.0000,1,0,1,0,1,1.0000,1,0,0,0),(574,512,1,45.0000,0.0000,1,0,0,1,1.0000,1,10000.0000,1,1,NULL,1.0000,1,0,1,0,1,1.0000,1,0,0,0),(575,513,1,56.0000,0.0000,1,0,0,1,1.0000,1,10000.0000,1,1,NULL,1.0000,1,0,1,0,1,1.0000,1,0,0,0),(576,514,1,56.0000,0.0000,1,0,0,1,1.0000,1,10000.0000,1,1,NULL,1.0000,1,0,1,0,1,1.0000,1,0,0,0),(577,515,1,56.0000,0.0000,1,0,0,1,1.0000,1,10000.0000,1,1,NULL,1.0000,1,0,1,0,1,1.0000,1,0,0,0),(578,516,1,67.0000,0.0000,1,0,0,1,1.0000,1,10000.0000,1,1,NULL,1.0000,1,0,1,0,1,1.0000,1,0,0,0),(579,517,1,56.0000,0.0000,1,0,0,1,1.0000,1,10000.0000,1,1,NULL,1.0000,1,0,1,0,1,1.0000,1,0,0,0),(580,518,1,56.0000,0.0000,1,0,0,1,1.0000,1,10000.0000,1,1,NULL,1.0000,1,0,1,0,1,1.0000,1,0,0,0),(581,519,1,56.0000,0.0000,1,0,0,1,1.0000,1,10000.0000,1,1,NULL,1.0000,1,0,1,0,1,1.0000,1,0,0,0),(582,520,1,45.0000,0.0000,1,0,0,1,1.0000,1,10000.0000,1,1,NULL,1.0000,1,0,1,0,1,1.0000,1,0,0,0),(583,521,1,45.0000,0.0000,1,0,0,1,1.0000,1,10000.0000,1,1,NULL,1.0000,1,0,1,0,1,1.0000,1,0,0,0),(584,522,1,45.0000,0.0000,1,0,0,1,1.0000,1,10000.0000,1,1,NULL,1.0000,1,0,1,0,1,1.0000,1,0,0,0),(585,523,1,45.0000,0.0000,1,0,0,1,1.0000,1,10000.0000,1,1,NULL,1.0000,1,0,1,0,1,1.0000,1,0,0,0),(586,524,1,34.0000,0.0000,1,0,0,1,1.0000,1,10000.0000,1,1,NULL,1.0000,1,0,1,0,1,1.0000,1,0,0,0),(587,525,1,34.0000,0.0000,1,0,0,1,1.0000,1,10000.0000,1,1,NULL,1.0000,1,0,1,0,1,1.0000,1,0,0,0),(588,526,1,34.0000,0.0000,1,0,0,1,1.0000,1,10000.0000,1,1,NULL,1.0000,1,0,1,0,1,1.0000,1,0,0,0),(589,527,1,57.0000,0.0000,1,0,0,1,1.0000,1,10000.0000,1,1,NULL,1.0000,1,0,1,0,1,1.0000,1,0,0,0),(590,528,1,65.0000,0.0000,1,0,0,1,1.0000,1,10000.0000,1,1,NULL,1.0000,1,0,1,0,1,1.0000,1,0,0,0),(591,529,1,65.0000,0.0000,1,0,0,1,1.0000,1,10000.0000,1,1,NULL,1.0000,1,0,1,0,1,1.0000,1,0,0,0),(592,530,1,65.0000,0.0000,1,0,0,1,1.0000,1,10000.0000,1,1,NULL,1.0000,1,0,1,0,1,1.0000,1,0,0,0),(593,531,1,60.0000,0.0000,1,0,0,1,1.0000,1,10000.0000,1,1,NULL,1.0000,1,0,1,0,1,1.0000,1,0,0,0),(594,532,1,67.0000,0.0000,1,0,0,1,1.0000,1,10000.0000,1,1,NULL,1.0000,1,0,1,0,1,1.0000,1,0,0,0),(595,533,1,67.0000,0.0000,1,0,0,1,1.0000,1,10000.0000,1,1,NULL,1.0000,1,0,1,0,1,1.0000,1,0,0,0),(596,534,1,67.0000,0.0000,1,0,0,1,1.0000,1,10000.0000,1,1,NULL,1.0000,1,0,1,0,1,1.0000,1,0,0,0),(597,535,1,34.0000,0.0000,1,0,0,1,1.0000,1,10000.0000,1,1,NULL,1.0000,1,0,1,0,1,1.0000,1,0,0,0),(598,536,1,34.0000,0.0000,1,0,0,1,1.0000,1,10000.0000,1,1,NULL,1.0000,1,0,1,0,1,1.0000,1,0,0,0),(599,537,1,34.0000,0.0000,1,0,0,1,1.0000,1,10000.0000,1,1,NULL,1.0000,1,0,1,0,1,1.0000,1,0,0,0),(600,538,1,56.0000,0.0000,1,0,0,1,1.0000,1,10000.0000,1,1,NULL,1.0000,1,0,1,0,1,1.0000,1,0,0,0),(601,539,1,56.0000,0.0000,1,0,0,1,1.0000,1,10000.0000,1,1,NULL,1.0000,1,0,1,0,1,1.0000,1,0,0,0),(602,540,1,56.0000,0.0000,1,0,0,1,1.0000,1,10000.0000,1,1,NULL,1.0000,1,0,1,0,1,1.0000,1,0,0,0),(603,541,1,68.0000,0.0000,1,0,0,1,1.0000,1,10000.0000,1,1,NULL,1.0000,1,0,1,0,1,1.0000,1,0,0,0),(604,542,1,56.0000,0.0000,1,0,0,1,1.0000,1,10000.0000,1,1,NULL,1.0000,1,0,1,0,1,1.0000,1,0,0,0),(605,543,1,56.0000,0.0000,1,0,0,1,1.0000,1,10000.0000,1,1,NULL,1.0000,1,0,1,0,1,1.0000,1,0,0,0),(606,544,1,57.0000,0.0000,1,0,0,1,1.0000,1,10000.0000,1,1,NULL,1.0000,1,0,1,0,1,1.0000,1,0,0,0),(607,545,1,56.0000,0.0000,1,0,0,1,1.0000,1,10000.0000,1,1,NULL,1.0000,1,0,1,0,1,1.0000,1,0,0,0),(608,546,1,58.0000,0.0000,1,0,0,1,1.0000,1,10000.0000,1,1,NULL,1.0000,1,0,1,0,1,1.0000,1,0,0,0),(609,547,1,56.0000,0.0000,1,0,0,1,1.0000,1,10000.0000,1,1,NULL,1.0000,1,0,1,0,1,1.0000,1,0,0,0),(610,548,1,45.0000,0.0000,1,0,0,1,1.0000,1,10000.0000,1,1,NULL,1.0000,1,0,1,0,1,1.0000,1,0,0,0),(611,549,1,45.0000,0.0000,1,0,0,1,1.0000,1,10000.0000,1,1,NULL,1.0000,1,0,1,0,1,1.0000,1,0,0,0),(612,550,1,45.0000,0.0000,1,0,0,1,1.0000,1,10000.0000,1,1,NULL,1.0000,1,0,1,0,1,1.0000,1,0,0,0),(613,551,1,45.0000,0.0000,1,0,0,1,1.0000,1,10000.0000,1,1,NULL,1.0000,1,0,1,0,1,1.0000,1,0,0,0),(614,552,1,45.0000,0.0000,1,0,0,1,1.0000,1,10000.0000,1,1,NULL,1.0000,1,0,1,0,1,1.0000,1,0,0,0),(615,553,1,45.0000,0.0000,1,0,0,1,1.0000,1,10000.0000,1,1,NULL,1.0000,1,0,1,0,1,1.0000,1,0,0,0),(616,554,1,45.0000,0.0000,1,0,0,1,1.0000,1,10000.0000,1,1,NULL,1.0000,1,0,1,0,1,1.0000,1,0,0,0),(617,555,1,45.0000,0.0000,1,0,0,1,1.0000,1,10000.0000,1,1,NULL,1.0000,1,0,1,0,1,1.0000,1,0,0,0),(618,556,1,45.0000,0.0000,1,0,0,1,1.0000,1,10000.0000,1,1,NULL,1.0000,1,0,1,0,1,1.0000,1,0,0,0),(619,557,1,45.0000,0.0000,1,0,0,1,1.0000,1,10000.0000,1,1,NULL,1.0000,1,0,1,0,1,1.0000,1,0,0,0),(620,558,1,45.0000,0.0000,1,0,0,1,1.0000,1,10000.0000,1,1,NULL,1.0000,1,0,1,0,1,1.0000,1,0,0,0),(621,559,1,45.0000,0.0000,1,0,0,1,1.0000,1,10000.0000,1,1,NULL,1.0000,1,0,1,0,1,1.0000,1,0,0,0),(622,560,1,45.0000,0.0000,1,0,0,1,1.0000,1,10000.0000,1,1,NULL,1.0000,1,0,1,0,1,1.0000,1,0,0,0),(623,561,1,45.0000,0.0000,1,0,0,1,1.0000,1,10000.0000,1,1,NULL,1.0000,1,0,1,0,1,1.0000,1,0,0,0),(624,562,1,45.0000,0.0000,1,0,0,1,1.0000,1,10000.0000,1,1,NULL,1.0000,1,0,1,0,1,1.0000,1,0,0,0),(625,563,1,45.0000,0.0000,1,0,0,1,1.0000,1,10000.0000,1,1,NULL,1.0000,1,0,1,0,1,1.0000,1,0,0,0),(626,564,1,45.0000,0.0000,1,0,0,1,1.0000,1,10000.0000,1,1,NULL,1.0000,1,0,1,0,1,1.0000,1,0,0,0),(627,565,1,45.0000,0.0000,1,0,0,1,1.0000,1,10000.0000,1,1,NULL,1.0000,1,0,1,0,1,1.0000,1,0,0,0),(628,566,1,45.0000,0.0000,1,0,0,1,1.0000,1,10000.0000,1,1,NULL,1.0000,1,0,1,0,1,1.0000,1,0,0,0),(629,567,1,45.0000,0.0000,1,0,0,1,1.0000,1,10000.0000,1,1,NULL,1.0000,1,0,1,0,1,1.0000,1,0,0,0),(630,568,1,45.0000,0.0000,1,0,0,1,1.0000,1,10000.0000,1,1,NULL,1.0000,1,0,1,0,1,1.0000,1,0,0,0),(631,569,1,45.0000,0.0000,1,0,0,1,1.0000,1,10000.0000,1,1,NULL,1.0000,1,0,1,0,1,1.0000,1,0,0,0),(632,570,1,45.0000,0.0000,1,0,0,1,1.0000,1,10000.0000,1,1,NULL,1.0000,1,0,1,0,1,1.0000,1,0,0,0),(633,571,1,45.0000,0.0000,1,0,0,1,1.0000,1,10000.0000,1,1,NULL,1.0000,1,0,1,0,1,1.0000,1,0,0,0),(634,572,1,45.0000,0.0000,1,0,0,1,1.0000,1,10000.0000,1,1,NULL,1.0000,1,0,1,0,1,1.0000,1,0,0,0),(635,573,1,45.0000,0.0000,1,0,0,1,1.0000,1,10000.0000,1,1,NULL,1.0000,1,0,1,0,1,1.0000,1,0,0,0),(636,574,1,45.0000,0.0000,1,0,0,1,1.0000,1,10000.0000,1,1,NULL,1.0000,1,0,1,0,1,1.0000,1,0,0,0),(637,575,1,45.0000,0.0000,1,0,0,1,1.0000,1,10000.0000,1,1,NULL,1.0000,1,0,1,0,1,1.0000,1,0,0,0),(638,576,1,45.0000,0.0000,1,0,0,1,1.0000,1,10000.0000,1,1,NULL,1.0000,1,0,1,0,1,1.0000,1,0,0,0),(639,577,1,45.0000,0.0000,1,0,0,1,1.0000,1,10000.0000,1,1,NULL,1.0000,1,0,1,0,1,1.0000,1,0,0,0),(640,578,1,45.0000,0.0000,1,0,0,1,1.0000,1,10000.0000,1,1,NULL,1.0000,1,0,1,0,1,1.0000,1,0,0,0),(641,579,1,68.0000,0.0000,1,0,0,1,1.0000,1,10000.0000,1,1,NULL,1.0000,1,0,1,0,1,1.0000,1,0,0,0),(642,580,1,68.0000,0.0000,1,0,0,1,1.0000,1,10000.0000,1,1,NULL,1.0000,1,0,1,0,1,1.0000,1,0,0,0),(643,581,1,68.0000,0.0000,1,0,0,1,1.0000,1,10000.0000,1,1,NULL,1.0000,1,0,1,0,1,1.0000,1,0,0,0),(644,582,1,68.0000,0.0000,1,0,0,1,1.0000,1,10000.0000,1,1,NULL,1.0000,1,0,1,0,1,1.0000,1,0,0,0),(645,583,1,68.0000,0.0000,1,0,0,1,1.0000,1,10000.0000,1,1,NULL,1.0000,1,0,1,0,1,1.0000,1,0,0,0),(646,584,1,68.0000,0.0000,1,0,0,1,1.0000,1,10000.0000,1,1,NULL,1.0000,1,0,1,0,1,1.0000,1,0,0,0),(647,585,1,68.0000,0.0000,1,0,0,1,1.0000,1,10000.0000,1,1,NULL,1.0000,1,0,1,0,1,1.0000,1,0,0,0),(648,586,1,68.0000,0.0000,1,0,0,1,1.0000,1,10000.0000,1,1,NULL,1.0000,1,0,1,0,1,1.0000,1,0,0,0),(649,587,1,68.0000,0.0000,1,0,0,1,1.0000,1,10000.0000,1,1,NULL,1.0000,1,0,1,0,1,1.0000,1,0,0,0),(650,588,1,68.0000,0.0000,1,0,0,1,1.0000,1,10000.0000,1,1,NULL,1.0000,1,0,1,0,1,1.0000,1,0,0,0),(651,589,1,68.0000,0.0000,1,0,0,1,1.0000,1,10000.0000,1,1,NULL,1.0000,1,0,1,0,1,1.0000,1,0,0,0),(652,590,1,68.0000,0.0000,1,0,0,1,1.0000,1,10000.0000,1,1,NULL,1.0000,1,0,1,0,1,1.0000,1,0,0,0),(653,591,1,68.0000,0.0000,1,0,0,1,1.0000,1,10000.0000,1,1,NULL,1.0000,1,0,1,0,1,1.0000,1,0,0,0),(654,592,1,68.0000,0.0000,1,0,0,1,1.0000,1,10000.0000,1,1,NULL,1.0000,1,0,1,0,1,1.0000,1,0,0,0),(655,593,1,68.0000,0.0000,1,0,0,1,1.0000,1,10000.0000,1,1,NULL,1.0000,1,0,1,0,1,1.0000,1,0,0,0),(656,594,1,68.0000,0.0000,1,0,0,1,1.0000,1,10000.0000,1,1,NULL,1.0000,1,0,1,0,1,1.0000,1,0,0,0),(657,595,1,68.0000,0.0000,1,0,0,1,1.0000,1,10000.0000,1,1,NULL,1.0000,1,0,1,0,1,1.0000,1,0,0,0),(658,596,1,68.0000,0.0000,1,0,0,1,1.0000,1,10000.0000,1,1,NULL,1.0000,1,0,1,0,1,1.0000,1,0,0,0),(659,597,1,68.0000,0.0000,1,0,0,1,1.0000,1,10000.0000,1,1,NULL,1.0000,1,0,1,0,1,1.0000,1,0,0,0),(660,598,1,68.0000,0.0000,1,0,0,1,1.0000,1,10000.0000,1,1,NULL,1.0000,1,0,1,0,1,1.0000,1,0,0,0),(661,599,1,68.0000,0.0000,1,0,0,1,1.0000,1,10000.0000,1,1,NULL,1.0000,1,0,1,0,1,1.0000,1,0,0,0),(662,600,1,68.0000,0.0000,1,0,0,1,1.0000,1,10000.0000,1,1,NULL,1.0000,1,0,1,0,1,1.0000,1,0,0,0),(663,601,1,68.0000,0.0000,1,0,0,1,1.0000,1,10000.0000,1,1,NULL,1.0000,1,0,1,0,1,1.0000,1,0,0,0),(664,602,1,68.0000,0.0000,1,0,0,1,1.0000,1,10000.0000,1,1,NULL,1.0000,1,0,1,0,1,1.0000,1,0,0,0),(665,603,1,68.0000,0.0000,1,0,0,1,1.0000,1,10000.0000,1,1,NULL,1.0000,1,0,1,0,1,1.0000,1,0,0,0),(666,604,1,68.0000,0.0000,1,0,0,1,1.0000,1,10000.0000,1,1,NULL,1.0000,1,0,1,0,1,1.0000,1,0,0,0),(667,605,1,68.0000,0.0000,1,0,0,1,1.0000,1,10000.0000,1,1,NULL,1.0000,1,0,1,0,1,1.0000,1,0,0,0),(668,606,1,68.0000,0.0000,1,0,0,1,1.0000,1,10000.0000,1,1,NULL,1.0000,1,0,1,0,1,1.0000,1,0,0,0),(669,607,1,68.0000,0.0000,1,0,0,1,1.0000,1,10000.0000,1,1,NULL,1.0000,1,0,1,0,1,1.0000,1,0,0,0),(670,608,1,68.0000,0.0000,1,0,0,1,1.0000,1,10000.0000,1,1,NULL,1.0000,1,0,1,0,1,1.0000,1,0,0,0),(671,609,1,68.0000,0.0000,1,0,0,1,1.0000,1,10000.0000,1,1,NULL,1.0000,1,0,1,0,1,1.0000,1,0,0,0),(672,610,1,68.0000,0.0000,1,0,0,1,1.0000,1,10000.0000,1,1,NULL,1.0000,1,0,1,0,1,1.0000,1,0,0,0),(673,611,1,68.0000,0.0000,1,0,0,1,1.0000,1,10000.0000,1,1,NULL,1.0000,1,0,1,0,1,1.0000,1,0,0,0),(674,612,1,68.0000,0.0000,1,0,0,1,1.0000,1,10000.0000,1,1,NULL,1.0000,1,0,1,0,1,1.0000,1,0,0,0),(675,613,1,68.0000,0.0000,1,0,0,1,1.0000,1,10000.0000,1,1,NULL,1.0000,1,0,1,0,1,1.0000,1,0,0,0),(676,614,1,55.0000,0.0000,1,0,0,1,1.0000,1,10000.0000,1,1,NULL,1.0000,1,0,1,0,1,1.0000,1,0,0,0),(677,615,1,55.0000,0.0000,1,0,0,1,1.0000,1,10000.0000,1,1,NULL,1.0000,1,0,1,0,1,1.0000,1,0,0,0),(678,616,1,55.0000,0.0000,1,0,0,1,1.0000,1,10000.0000,1,1,NULL,1.0000,1,0,1,0,1,1.0000,1,0,0,0),(679,617,1,55.0000,0.0000,1,0,0,1,1.0000,1,10000.0000,1,1,NULL,1.0000,1,0,1,0,1,1.0000,1,0,0,0),(680,618,1,55.0000,0.0000,1,0,0,1,1.0000,1,10000.0000,1,1,NULL,1.0000,1,0,1,0,1,1.0000,1,0,0,0),(681,619,1,55.0000,0.0000,1,0,0,1,1.0000,1,10000.0000,1,1,NULL,1.0000,1,0,1,0,1,1.0000,1,0,0,0),(682,620,1,55.0000,0.0000,1,0,0,1,1.0000,1,10000.0000,1,1,NULL,1.0000,1,0,1,0,1,1.0000,1,0,0,0),(683,621,1,55.0000,0.0000,1,0,0,1,1.0000,1,10000.0000,1,1,NULL,1.0000,1,0,1,0,1,1.0000,1,0,0,0),(684,622,1,55.0000,0.0000,1,0,0,1,1.0000,1,10000.0000,1,1,NULL,1.0000,1,0,1,0,1,1.0000,1,0,0,0),(685,623,1,55.0000,0.0000,1,0,0,1,1.0000,1,10000.0000,1,1,NULL,1.0000,1,0,1,0,1,1.0000,1,0,0,0),(686,624,1,55.0000,0.0000,1,0,0,1,1.0000,1,10000.0000,1,1,NULL,1.0000,1,0,1,0,1,1.0000,1,0,0,0),(687,625,1,55.0000,0.0000,1,0,0,1,1.0000,1,10000.0000,1,1,NULL,1.0000,1,0,1,0,1,1.0000,1,0,0,0),(688,626,1,55.0000,0.0000,1,0,0,1,1.0000,1,10000.0000,1,1,NULL,1.0000,1,0,1,0,1,1.0000,1,0,0,0),(689,627,1,55.0000,0.0000,1,0,0,1,1.0000,1,10000.0000,1,1,NULL,1.0000,1,0,1,0,1,1.0000,1,0,0,0),(690,628,1,55.0000,0.0000,1,0,0,1,1.0000,1,10000.0000,1,1,NULL,1.0000,1,0,1,0,1,1.0000,1,0,0,0),(691,629,1,55.0000,0.0000,1,0,0,1,1.0000,1,10000.0000,1,1,NULL,1.0000,1,0,1,0,1,1.0000,1,0,0,0),(692,630,1,55.0000,0.0000,1,0,0,1,1.0000,1,10000.0000,1,1,NULL,1.0000,1,0,1,0,1,1.0000,1,0,0,0),(693,631,1,55.0000,0.0000,1,0,0,1,1.0000,1,10000.0000,1,1,NULL,1.0000,1,0,1,0,1,1.0000,1,0,0,0),(694,632,1,55.0000,0.0000,1,0,0,1,1.0000,1,10000.0000,1,1,NULL,1.0000,1,0,1,0,1,1.0000,1,0,0,0),(695,633,1,55.0000,0.0000,1,0,0,1,1.0000,1,10000.0000,1,1,NULL,1.0000,1,0,1,0,1,1.0000,1,0,0,0),(696,634,1,55.0000,0.0000,1,0,0,1,1.0000,1,10000.0000,1,1,NULL,1.0000,1,0,1,0,1,1.0000,1,0,0,0),(697,635,1,55.0000,0.0000,1,0,0,1,1.0000,1,10000.0000,1,1,NULL,1.0000,1,0,1,0,1,1.0000,1,0,0,0),(698,636,1,55.0000,0.0000,1,0,0,1,1.0000,1,10000.0000,1,1,NULL,1.0000,1,0,1,0,1,1.0000,1,0,0,0),(699,637,1,55.0000,0.0000,1,0,0,1,1.0000,1,10000.0000,1,1,NULL,1.0000,1,0,1,0,1,1.0000,1,0,0,0),(700,638,1,55.0000,0.0000,1,0,0,1,1.0000,1,10000.0000,1,1,NULL,1.0000,1,0,1,0,1,1.0000,1,0,0,0),(701,639,1,55.0000,0.0000,1,0,0,1,1.0000,1,10000.0000,1,1,NULL,1.0000,1,0,1,0,1,1.0000,1,0,0,0),(702,640,1,55.0000,0.0000,1,0,0,1,1.0000,1,10000.0000,1,1,NULL,1.0000,1,0,1,0,1,1.0000,1,0,0,0),(703,641,1,55.0000,0.0000,1,0,0,1,1.0000,1,10000.0000,1,1,NULL,1.0000,1,0,1,0,1,1.0000,1,0,0,0),(704,642,1,55.0000,0.0000,1,0,0,1,1.0000,1,10000.0000,1,1,NULL,1.0000,1,0,1,0,1,1.0000,1,0,0,0),(705,643,1,55.0000,0.0000,1,0,0,1,1.0000,1,10000.0000,1,1,NULL,1.0000,1,0,1,0,1,1.0000,1,0,0,0),(706,644,1,65.0000,0.0000,1,0,0,1,1.0000,1,10000.0000,1,1,NULL,1.0000,1,0,1,0,1,1.0000,1,0,0,0),(707,645,1,65.0000,0.0000,1,0,0,1,1.0000,1,10000.0000,1,1,NULL,1.0000,1,0,1,0,1,1.0000,1,0,0,0),(708,646,1,65.0000,0.0000,1,0,0,1,1.0000,1,10000.0000,1,1,NULL,1.0000,1,0,1,0,1,1.0000,1,0,0,0),(709,647,1,65.0000,0.0000,1,0,0,1,1.0000,1,10000.0000,1,1,NULL,1.0000,1,0,1,0,1,1.0000,1,0,0,0),(710,648,1,65.0000,0.0000,1,0,0,1,1.0000,1,10000.0000,1,1,NULL,1.0000,1,0,1,0,1,1.0000,1,0,0,0),(711,649,1,65.0000,0.0000,1,0,0,1,1.0000,1,10000.0000,1,1,NULL,1.0000,1,0,1,0,1,1.0000,1,0,0,0),(712,650,1,65.0000,0.0000,1,0,0,1,1.0000,1,10000.0000,1,1,NULL,1.0000,1,0,1,0,1,1.0000,1,0,0,0),(713,651,1,65.0000,0.0000,1,0,0,1,1.0000,1,10000.0000,1,1,NULL,1.0000,1,0,1,0,1,1.0000,1,0,0,0),(714,652,1,65.0000,0.0000,1,0,0,1,1.0000,1,10000.0000,1,1,NULL,1.0000,1,0,1,0,1,1.0000,1,0,0,0),(715,653,1,65.0000,0.0000,1,0,0,1,1.0000,1,10000.0000,1,1,NULL,1.0000,1,0,1,0,1,1.0000,1,0,0,0),(716,654,1,65.0000,0.0000,1,0,0,1,1.0000,1,10000.0000,1,1,NULL,1.0000,1,0,1,0,1,1.0000,1,0,0,0),(717,655,1,65.0000,0.0000,1,0,0,1,1.0000,1,10000.0000,1,1,NULL,1.0000,1,0,1,0,1,1.0000,1,0,0,0),(718,656,1,65.0000,0.0000,1,0,0,1,1.0000,1,10000.0000,1,1,NULL,1.0000,1,0,1,0,1,1.0000,1,0,0,0),(719,657,1,65.0000,0.0000,1,0,0,1,1.0000,1,10000.0000,1,1,NULL,1.0000,1,0,1,0,1,1.0000,1,0,0,0),(720,658,1,65.0000,0.0000,1,0,0,1,1.0000,1,10000.0000,1,1,NULL,1.0000,1,0,1,0,1,1.0000,1,0,0,0),(721,659,1,65.0000,0.0000,1,0,0,1,1.0000,1,10000.0000,1,1,NULL,1.0000,1,0,1,0,1,1.0000,1,0,0,0),(722,660,1,65.0000,0.0000,1,0,0,1,1.0000,1,10000.0000,1,1,NULL,1.0000,1,0,1,0,1,1.0000,1,0,0,0),(723,661,1,65.0000,0.0000,1,0,0,1,1.0000,1,10000.0000,1,1,NULL,1.0000,1,0,1,0,1,1.0000,1,0,0,0),(724,662,1,65.0000,0.0000,1,0,0,1,1.0000,1,10000.0000,1,1,NULL,1.0000,1,0,1,0,1,1.0000,1,0,0,0),(725,663,1,65.0000,0.0000,1,0,0,1,1.0000,1,10000.0000,1,1,NULL,1.0000,1,0,1,0,1,1.0000,1,0,0,0),(726,664,1,65.0000,0.0000,1,0,0,1,1.0000,1,10000.0000,1,1,NULL,1.0000,1,0,1,0,1,1.0000,1,0,0,0),(727,665,1,65.0000,0.0000,1,0,0,1,1.0000,1,10000.0000,1,1,NULL,1.0000,1,0,1,0,1,1.0000,1,0,0,0),(728,666,1,65.0000,0.0000,1,0,0,1,1.0000,1,10000.0000,1,1,NULL,1.0000,1,0,1,0,1,1.0000,1,0,0,0),(729,667,1,65.0000,0.0000,1,0,0,1,1.0000,1,10000.0000,1,1,NULL,1.0000,1,0,1,0,1,1.0000,1,0,0,0),(730,668,1,65.0000,0.0000,1,0,0,1,1.0000,1,10000.0000,1,1,NULL,1.0000,1,0,1,0,1,1.0000,1,0,0,0),(731,669,1,65.0000,0.0000,1,0,0,1,1.0000,1,10000.0000,1,1,NULL,1.0000,1,0,1,0,1,1.0000,1,0,0,0),(732,670,1,65.0000,0.0000,1,0,0,1,1.0000,1,10000.0000,1,1,NULL,1.0000,1,0,1,0,1,1.0000,1,0,0,0),(733,671,1,65.0000,0.0000,1,0,0,1,1.0000,1,10000.0000,1,1,NULL,1.0000,1,0,1,0,1,1.0000,1,0,0,0),(734,672,1,65.0000,0.0000,1,0,0,1,1.0000,1,10000.0000,1,1,NULL,1.0000,1,0,1,0,1,1.0000,1,0,0,0),(735,673,1,65.0000,0.0000,1,0,0,1,1.0000,1,10000.0000,1,1,NULL,1.0000,1,0,1,0,1,1.0000,1,0,0,0),(736,674,1,78.0000,0.0000,1,0,0,1,1.0000,1,10000.0000,1,1,NULL,1.0000,1,0,1,0,1,1.0000,1,0,0,0),(737,675,1,78.0000,0.0000,1,0,0,1,1.0000,1,10000.0000,1,1,NULL,1.0000,1,0,1,0,1,1.0000,1,0,0,0),(738,676,1,78.0000,0.0000,1,0,0,1,1.0000,1,10000.0000,1,1,NULL,1.0000,1,0,1,0,1,1.0000,1,0,0,0),(739,677,1,78.0000,0.0000,1,0,0,1,1.0000,1,10000.0000,1,1,NULL,1.0000,1,0,1,0,1,1.0000,1,0,0,0),(740,678,1,78.0000,0.0000,1,0,0,1,1.0000,1,10000.0000,1,1,NULL,1.0000,1,0,1,0,1,1.0000,1,0,0,0),(741,679,1,78.0000,0.0000,1,0,0,1,1.0000,1,10000.0000,1,1,NULL,1.0000,1,0,1,0,1,1.0000,1,0,0,0),(742,680,1,78.0000,0.0000,1,0,0,1,1.0000,1,10000.0000,1,1,NULL,1.0000,1,0,1,0,1,1.0000,1,0,0,0),(743,681,1,78.0000,0.0000,1,0,0,1,1.0000,1,10000.0000,1,1,NULL,1.0000,1,0,1,0,1,1.0000,1,0,0,0),(744,682,1,78.0000,0.0000,1,0,0,1,1.0000,1,10000.0000,1,1,NULL,1.0000,1,0,1,0,1,1.0000,1,0,0,0),(745,683,1,78.0000,0.0000,1,0,0,1,1.0000,1,10000.0000,1,1,NULL,1.0000,1,0,1,0,1,1.0000,1,0,0,0),(746,684,1,78.0000,0.0000,1,0,0,1,1.0000,1,10000.0000,1,1,NULL,1.0000,1,0,1,0,1,1.0000,1,0,0,0),(747,685,1,78.0000,0.0000,1,0,0,1,1.0000,1,10000.0000,1,1,NULL,1.0000,1,0,1,0,1,1.0000,1,0,0,0),(748,686,1,78.0000,0.0000,1,0,0,1,1.0000,1,10000.0000,1,1,NULL,1.0000,1,0,1,0,1,1.0000,1,0,0,0),(749,687,1,78.0000,0.0000,1,0,0,1,1.0000,1,10000.0000,1,1,NULL,1.0000,1,0,1,0,1,1.0000,1,0,0,0),(750,688,1,78.0000,0.0000,1,0,0,1,1.0000,1,10000.0000,1,1,NULL,1.0000,1,0,1,0,1,1.0000,1,0,0,0),(751,689,1,78.0000,0.0000,1,0,0,1,1.0000,1,10000.0000,1,1,NULL,1.0000,1,0,1,0,1,1.0000,1,0,0,0),(752,690,1,78.0000,0.0000,1,0,0,1,1.0000,1,10000.0000,1,1,NULL,1.0000,1,0,1,0,1,1.0000,1,0,0,0),(753,691,1,78.0000,0.0000,1,0,0,1,1.0000,1,10000.0000,1,1,NULL,1.0000,1,0,1,0,1,1.0000,1,0,0,0),(754,692,1,78.0000,0.0000,1,0,0,1,1.0000,1,10000.0000,1,1,NULL,1.0000,1,0,1,0,1,1.0000,1,0,0,0),(755,693,1,78.0000,0.0000,1,0,0,1,1.0000,1,10000.0000,1,1,NULL,1.0000,1,0,1,0,1,1.0000,1,0,0,0),(756,694,1,78.0000,0.0000,1,0,0,1,1.0000,1,10000.0000,1,1,NULL,1.0000,1,0,1,0,1,1.0000,1,0,0,0),(757,695,1,78.0000,0.0000,1,0,0,1,1.0000,1,10000.0000,1,1,NULL,1.0000,1,0,1,0,1,1.0000,1,0,0,0),(758,696,1,78.0000,0.0000,1,0,0,1,1.0000,1,10000.0000,1,1,NULL,1.0000,1,0,1,0,1,1.0000,1,0,0,0),(759,697,1,78.0000,0.0000,1,0,0,1,1.0000,1,10000.0000,1,1,NULL,1.0000,1,0,1,0,1,1.0000,1,0,0,0),(760,698,1,78.0000,0.0000,1,0,0,1,1.0000,1,10000.0000,1,1,NULL,1.0000,1,0,1,0,1,1.0000,1,0,0,0),(761,699,1,56.0000,0.0000,1,0,0,1,1.0000,1,10000.0000,1,1,NULL,1.0000,1,0,1,0,1,1.0000,1,0,0,0),(762,700,1,56.0000,0.0000,1,0,0,1,1.0000,1,10000.0000,1,1,NULL,1.0000,1,0,1,0,1,1.0000,1,0,0,0),(763,701,1,56.0000,0.0000,1,0,0,1,1.0000,1,10000.0000,1,1,NULL,1.0000,1,0,1,0,1,1.0000,1,0,0,0),(764,702,1,56.0000,0.0000,1,0,0,1,1.0000,1,10000.0000,1,1,NULL,1.0000,1,0,1,0,1,1.0000,1,0,0,0),(765,703,1,56.0000,0.0000,1,0,0,1,1.0000,1,10000.0000,1,1,NULL,1.0000,1,0,1,0,1,1.0000,1,0,0,0),(766,704,1,56.0000,0.0000,1,0,0,1,1.0000,1,10000.0000,1,1,NULL,1.0000,1,0,1,0,1,1.0000,1,0,0,0),(767,705,1,56.0000,0.0000,1,0,0,1,1.0000,1,10000.0000,1,1,NULL,1.0000,1,0,1,0,1,1.0000,1,0,0,0),(768,706,1,56.0000,0.0000,1,0,0,1,1.0000,1,10000.0000,1,1,NULL,1.0000,1,0,1,0,1,1.0000,1,0,0,0),(769,707,1,56.0000,0.0000,1,0,0,1,1.0000,1,10000.0000,1,1,NULL,1.0000,1,0,1,0,1,1.0000,1,0,0,0),(770,708,1,56.0000,0.0000,1,0,0,1,1.0000,1,10000.0000,1,1,NULL,1.0000,1,0,1,0,1,1.0000,1,0,0,0),(771,709,1,56.0000,0.0000,1,0,0,1,1.0000,1,10000.0000,1,1,NULL,1.0000,1,0,1,0,1,1.0000,1,0,0,0),(772,710,1,56.0000,0.0000,1,0,0,1,1.0000,1,10000.0000,1,1,NULL,1.0000,1,0,1,0,1,1.0000,1,0,0,0),(773,711,1,56.0000,0.0000,1,0,0,1,1.0000,1,10000.0000,1,1,NULL,1.0000,1,0,1,0,1,1.0000,1,0,0,0),(774,712,1,56.0000,0.0000,1,0,0,1,1.0000,1,10000.0000,1,1,NULL,1.0000,1,0,1,0,1,1.0000,1,0,0,0),(775,713,1,56.0000,0.0000,1,0,0,1,1.0000,1,10000.0000,1,1,NULL,1.0000,1,0,1,0,1,1.0000,1,0,0,0),(776,714,1,56.0000,0.0000,1,0,0,1,1.0000,1,10000.0000,1,1,NULL,1.0000,1,0,1,0,1,1.0000,1,0,0,0),(777,715,1,56.0000,0.0000,1,0,0,1,1.0000,1,10000.0000,1,1,NULL,1.0000,1,0,1,0,1,1.0000,1,0,0,0),(778,716,1,56.0000,0.0000,1,0,0,1,1.0000,1,10000.0000,1,1,NULL,1.0000,1,0,1,0,1,1.0000,1,0,0,0),(779,717,1,56.0000,0.0000,1,0,0,1,1.0000,1,10000.0000,1,1,NULL,1.0000,1,0,1,0,1,1.0000,1,0,0,0),(780,718,1,56.0000,0.0000,1,0,0,1,1.0000,1,10000.0000,1,1,NULL,1.0000,1,0,1,0,1,1.0000,1,0,0,0),(781,719,1,56.0000,0.0000,1,0,0,1,1.0000,1,10000.0000,1,1,NULL,1.0000,1,0,1,0,1,1.0000,1,0,0,0),(782,720,1,56.0000,0.0000,1,0,0,1,1.0000,1,10000.0000,1,1,NULL,1.0000,1,0,1,0,1,1.0000,1,0,0,0),(783,721,1,56.0000,0.0000,1,0,0,1,1.0000,1,10000.0000,1,1,NULL,1.0000,1,0,1,0,1,1.0000,1,0,0,0),(784,722,1,56.0000,0.0000,1,0,0,1,1.0000,1,10000.0000,1,1,NULL,1.0000,1,0,1,0,1,1.0000,1,0,0,0),(785,723,1,56.0000,0.0000,1,0,0,1,1.0000,1,10000.0000,1,1,NULL,1.0000,1,0,1,0,1,1.0000,1,0,0,0),(786,724,1,56.0000,0.0000,1,0,0,1,1.0000,1,10000.0000,1,1,NULL,1.0000,1,0,1,0,1,1.0000,1,0,0,0),(787,725,1,56.0000,0.0000,1,0,0,1,1.0000,1,10000.0000,1,1,NULL,1.0000,1,0,1,0,1,1.0000,1,0,0,0),(788,726,1,56.0000,0.0000,1,0,0,1,1.0000,1,10000.0000,1,1,NULL,1.0000,1,0,1,0,1,1.0000,1,0,0,0),(789,727,1,56.0000,0.0000,1,0,0,1,1.0000,1,10000.0000,1,1,NULL,1.0000,1,0,1,0,1,1.0000,1,0,0,0),(790,728,1,56.0000,0.0000,1,0,0,1,1.0000,1,10000.0000,1,1,NULL,1.0000,1,0,1,0,1,1.0000,1,0,0,0),(791,729,1,56.0000,0.0000,1,0,0,1,1.0000,1,10000.0000,1,1,NULL,1.0000,1,0,1,0,1,1.0000,1,0,0,0),(792,730,1,56.0000,0.0000,1,0,0,1,1.0000,1,10000.0000,1,1,NULL,1.0000,1,0,1,0,1,1.0000,1,0,0,0),(793,731,1,56.0000,0.0000,1,0,0,1,1.0000,1,10000.0000,1,1,NULL,1.0000,1,0,1,0,1,1.0000,1,0,0,0),(794,732,1,56.0000,0.0000,1,0,0,1,1.0000,1,10000.0000,1,1,NULL,1.0000,1,0,1,0,1,1.0000,1,0,0,0),(795,733,1,56.0000,0.0000,1,0,0,1,1.0000,1,10000.0000,1,1,NULL,1.0000,1,0,1,0,1,1.0000,1,0,0,0),(796,734,1,35.0000,0.0000,1,0,0,1,1.0000,1,10000.0000,1,1,NULL,1.0000,1,0,1,0,1,1.0000,1,0,0,0),(797,735,1,35.0000,0.0000,1,0,0,1,1.0000,1,10000.0000,1,1,NULL,1.0000,1,0,1,0,1,1.0000,1,0,0,0),(798,736,1,35.0000,0.0000,1,0,0,1,1.0000,1,10000.0000,1,1,NULL,1.0000,1,0,1,0,1,1.0000,1,0,0,0),(799,737,1,35.0000,0.0000,1,0,0,1,1.0000,1,10000.0000,1,1,NULL,1.0000,1,0,1,0,1,1.0000,1,0,0,0),(800,738,1,35.0000,0.0000,1,0,0,1,1.0000,1,10000.0000,1,1,NULL,1.0000,1,0,1,0,1,1.0000,1,0,0,0),(801,739,1,35.0000,0.0000,1,0,0,1,1.0000,1,10000.0000,1,1,NULL,1.0000,1,0,1,0,1,1.0000,1,0,0,0),(802,740,1,35.0000,0.0000,1,0,0,1,1.0000,1,10000.0000,1,1,NULL,1.0000,1,0,1,0,1,1.0000,1,0,0,0),(803,741,1,35.0000,0.0000,1,0,0,1,1.0000,1,10000.0000,1,1,NULL,1.0000,1,0,1,0,1,1.0000,1,0,0,0),(804,742,1,35.0000,0.0000,1,0,0,1,1.0000,1,10000.0000,1,1,NULL,1.0000,1,0,1,0,1,1.0000,1,0,0,0),(805,743,1,35.0000,0.0000,1,0,0,1,1.0000,1,10000.0000,1,1,NULL,1.0000,1,0,1,0,1,1.0000,1,0,0,0),(806,744,1,35.0000,0.0000,1,0,0,1,1.0000,1,10000.0000,1,1,NULL,1.0000,1,0,1,0,1,1.0000,1,0,0,0),(807,745,1,35.0000,0.0000,1,0,0,1,1.0000,1,10000.0000,1,1,NULL,1.0000,1,0,1,0,1,1.0000,1,0,0,0),(808,746,1,35.0000,0.0000,1,0,0,1,1.0000,1,10000.0000,1,1,NULL,1.0000,1,0,1,0,1,1.0000,1,0,0,0),(809,747,1,35.0000,0.0000,1,0,0,1,1.0000,1,10000.0000,1,1,NULL,1.0000,1,0,1,0,1,1.0000,1,0,0,0),(810,748,1,35.0000,0.0000,1,0,0,1,1.0000,1,10000.0000,1,1,NULL,1.0000,1,0,1,0,1,1.0000,1,0,0,0),(811,749,1,56.0000,0.0000,1,0,0,1,1.0000,1,10000.0000,1,1,NULL,1.0000,1,0,1,0,1,1.0000,1,0,0,0),(812,750,1,56.0000,0.0000,1,0,0,1,1.0000,1,10000.0000,1,1,NULL,1.0000,1,0,1,0,1,1.0000,1,0,0,0),(813,751,1,56.0000,0.0000,1,0,0,1,1.0000,1,10000.0000,1,1,NULL,1.0000,1,0,1,0,1,1.0000,1,0,0,0),(814,752,1,56.0000,0.0000,1,0,0,1,1.0000,1,10000.0000,1,1,NULL,1.0000,1,0,1,0,1,1.0000,1,0,0,0),(815,753,1,56.0000,0.0000,1,0,0,1,1.0000,1,10000.0000,1,1,NULL,1.0000,1,0,1,0,1,1.0000,1,0,0,0),(816,754,1,56.0000,0.0000,1,0,0,1,1.0000,1,10000.0000,1,1,NULL,1.0000,1,0,1,0,1,1.0000,1,0,0,0),(817,755,1,56.0000,0.0000,1,0,0,1,1.0000,1,10000.0000,1,1,NULL,1.0000,1,0,1,0,1,1.0000,1,0,0,0),(818,756,1,56.0000,0.0000,1,0,0,1,1.0000,1,10000.0000,1,1,NULL,1.0000,1,0,1,0,1,1.0000,1,0,0,0),(819,757,1,56.0000,0.0000,1,0,0,1,1.0000,1,10000.0000,1,1,NULL,1.0000,1,0,1,0,1,1.0000,1,0,0,0),(820,758,1,56.0000,0.0000,1,0,0,1,1.0000,1,10000.0000,1,1,NULL,1.0000,1,0,1,0,1,1.0000,1,0,0,0),(821,759,1,56.0000,0.0000,1,0,0,1,1.0000,1,10000.0000,1,1,NULL,1.0000,1,0,1,0,1,1.0000,1,0,0,0),(822,760,1,56.0000,0.0000,1,0,0,1,1.0000,1,10000.0000,1,1,NULL,1.0000,1,0,1,0,1,1.0000,1,0,0,0),(823,761,1,56.0000,0.0000,1,0,0,1,1.0000,1,10000.0000,1,1,NULL,1.0000,1,0,1,0,1,1.0000,1,0,0,0),(824,762,1,56.0000,0.0000,1,0,0,1,1.0000,1,10000.0000,1,1,NULL,1.0000,1,0,1,0,1,1.0000,1,0,0,0),(825,763,1,56.0000,0.0000,1,0,0,1,1.0000,1,10000.0000,1,1,NULL,1.0000,1,0,1,0,1,1.0000,1,0,0,0),(826,764,1,56.0000,0.0000,1,0,0,1,1.0000,1,10000.0000,1,1,NULL,1.0000,1,0,1,0,1,1.0000,1,0,0,0),(827,765,1,56.0000,0.0000,1,0,0,1,1.0000,1,10000.0000,1,1,NULL,1.0000,1,0,1,0,1,1.0000,1,0,0,0),(828,766,1,56.0000,0.0000,1,0,0,1,1.0000,1,10000.0000,1,1,NULL,1.0000,1,0,1,0,1,1.0000,1,0,0,0),(829,767,1,56.0000,0.0000,1,0,0,1,1.0000,1,10000.0000,1,1,NULL,1.0000,1,0,1,0,1,1.0000,1,0,0,0),(830,768,1,56.0000,0.0000,1,0,0,1,1.0000,1,10000.0000,1,1,NULL,1.0000,1,0,1,0,1,1.0000,1,0,0,0),(831,769,1,35.0000,0.0000,1,0,0,1,1.0000,1,10000.0000,1,1,NULL,1.0000,1,0,1,0,1,1.0000,1,0,0,0),(832,770,1,35.0000,0.0000,1,0,0,1,1.0000,1,10000.0000,1,1,NULL,1.0000,1,0,1,0,1,1.0000,1,0,0,0),(833,771,1,35.0000,0.0000,1,0,0,1,1.0000,1,10000.0000,1,1,NULL,1.0000,1,0,1,0,1,1.0000,1,0,0,0),(834,772,1,35.0000,0.0000,1,0,0,1,1.0000,1,10000.0000,1,1,NULL,1.0000,1,0,1,0,1,1.0000,1,0,0,0),(835,773,1,35.0000,0.0000,1,0,0,1,1.0000,1,10000.0000,1,1,NULL,1.0000,1,0,1,0,1,1.0000,1,0,0,0),(836,774,1,35.0000,0.0000,1,0,0,1,1.0000,1,10000.0000,1,1,NULL,1.0000,1,0,1,0,1,1.0000,1,0,0,0),(837,775,1,35.0000,0.0000,1,0,0,1,1.0000,1,10000.0000,1,1,NULL,1.0000,1,0,1,0,1,1.0000,1,0,0,0),(838,776,1,35.0000,0.0000,1,0,0,1,1.0000,1,10000.0000,1,1,NULL,1.0000,1,0,1,0,1,1.0000,1,0,0,0),(839,777,1,35.0000,0.0000,1,0,0,1,1.0000,1,10000.0000,1,1,NULL,1.0000,1,0,1,0,1,1.0000,1,0,0,0),(840,778,1,35.0000,0.0000,1,0,0,1,1.0000,1,10000.0000,1,1,NULL,1.0000,1,0,1,0,1,1.0000,1,0,0,0),(841,779,1,35.0000,0.0000,1,0,0,1,1.0000,1,10000.0000,1,1,NULL,1.0000,1,0,1,0,1,1.0000,1,0,0,0),(842,780,1,35.0000,0.0000,1,0,0,1,1.0000,1,10000.0000,1,1,NULL,1.0000,1,0,1,0,1,1.0000,1,0,0,0),(843,781,1,35.0000,0.0000,1,0,0,1,1.0000,1,10000.0000,1,1,NULL,1.0000,1,0,1,0,1,1.0000,1,0,0,0),(844,782,1,35.0000,0.0000,1,0,0,1,1.0000,1,10000.0000,1,1,NULL,1.0000,1,0,1,0,1,1.0000,1,0,0,0),(845,783,1,35.0000,0.0000,1,0,0,1,1.0000,1,10000.0000,1,1,NULL,1.0000,1,0,1,0,1,1.0000,1,0,0,0),(846,784,1,35.0000,0.0000,1,0,0,1,1.0000,1,10000.0000,1,1,NULL,1.0000,1,0,1,0,1,1.0000,1,0,0,0),(847,785,1,35.0000,0.0000,1,0,0,1,1.0000,1,10000.0000,1,1,NULL,1.0000,1,0,1,0,1,1.0000,1,0,0,0),(848,786,1,35.0000,0.0000,1,0,0,1,1.0000,1,10000.0000,1,1,NULL,1.0000,1,0,1,0,1,1.0000,1,0,0,0),(849,787,1,35.0000,0.0000,1,0,0,1,1.0000,1,10000.0000,1,1,NULL,1.0000,1,0,1,0,1,1.0000,1,0,0,0),(850,788,1,35.0000,0.0000,1,0,0,1,1.0000,1,10000.0000,1,1,NULL,1.0000,1,0,1,0,1,1.0000,1,0,0,0),(851,789,1,45.0000,0.0000,1,0,0,1,1.0000,1,10000.0000,1,1,NULL,1.0000,1,0,1,0,1,1.0000,1,0,0,0),(852,790,1,45.0000,0.0000,1,0,0,1,1.0000,1,10000.0000,1,1,NULL,1.0000,1,0,1,0,1,1.0000,1,0,0,0),(853,791,1,45.0000,0.0000,1,0,0,1,1.0000,1,10000.0000,1,1,NULL,1.0000,1,0,1,0,1,1.0000,1,0,0,0),(854,792,1,45.0000,0.0000,1,0,0,1,1.0000,1,10000.0000,1,1,NULL,1.0000,1,0,1,0,1,1.0000,1,0,0,0),(855,793,1,45.0000,0.0000,1,0,0,1,1.0000,1,10000.0000,1,1,NULL,1.0000,1,0,1,0,1,1.0000,1,0,0,0),(856,794,1,45.0000,0.0000,1,0,0,1,1.0000,1,10000.0000,1,1,NULL,1.0000,1,0,1,0,1,1.0000,1,0,0,0),(857,795,1,45.0000,0.0000,1,0,0,1,1.0000,1,10000.0000,1,1,NULL,1.0000,1,0,1,0,1,1.0000,1,0,0,0),(858,796,1,45.0000,0.0000,1,0,0,1,1.0000,1,10000.0000,1,1,NULL,1.0000,1,0,1,0,1,1.0000,1,0,0,0),(859,797,1,45.0000,0.0000,1,0,0,1,1.0000,1,10000.0000,1,1,NULL,1.0000,1,0,1,0,1,1.0000,1,0,0,0),(860,798,1,45.0000,0.0000,1,0,0,1,1.0000,1,10000.0000,1,1,NULL,1.0000,1,0,1,0,1,1.0000,1,0,0,0),(861,799,1,45.0000,0.0000,1,0,0,1,1.0000,1,10000.0000,1,1,NULL,1.0000,1,0,1,0,1,1.0000,1,0,0,0),(862,800,1,45.0000,0.0000,1,0,0,1,1.0000,1,10000.0000,1,1,NULL,1.0000,1,0,1,0,1,1.0000,1,0,0,0),(863,801,1,45.0000,0.0000,1,0,0,1,1.0000,1,10000.0000,1,1,NULL,1.0000,1,0,1,0,1,1.0000,1,0,0,0),(864,802,1,45.0000,0.0000,1,0,0,1,1.0000,1,10000.0000,1,1,NULL,1.0000,1,0,1,0,1,1.0000,1,0,0,0),(865,803,1,45.0000,0.0000,1,0,0,1,1.0000,1,10000.0000,1,1,NULL,1.0000,1,0,1,0,1,1.0000,1,0,0,0),(866,804,1,45.0000,0.0000,1,0,0,1,1.0000,1,10000.0000,1,1,NULL,1.0000,1,0,1,0,1,1.0000,1,0,0,0),(867,805,1,45.0000,0.0000,1,0,0,1,1.0000,1,10000.0000,1,1,NULL,1.0000,1,0,1,0,1,1.0000,1,0,0,0),(868,806,1,45.0000,0.0000,1,0,0,1,1.0000,1,10000.0000,1,1,NULL,1.0000,1,0,1,0,1,1.0000,1,0,0,0),(869,807,1,45.0000,0.0000,1,0,0,1,1.0000,1,10000.0000,1,1,NULL,1.0000,1,0,1,0,1,1.0000,1,0,0,0),(870,808,1,45.0000,0.0000,1,0,0,1,1.0000,1,10000.0000,1,1,NULL,1.0000,1,0,1,0,1,1.0000,1,0,0,0),(871,809,1,45.0000,0.0000,1,0,0,1,1.0000,1,10000.0000,1,1,NULL,1.0000,1,0,1,0,1,1.0000,1,0,0,0),(872,810,1,45.0000,0.0000,1,0,0,1,1.0000,1,10000.0000,1,1,NULL,1.0000,1,0,1,0,1,1.0000,1,0,0,0),(873,811,1,45.0000,0.0000,1,0,0,1,1.0000,1,10000.0000,1,1,NULL,1.0000,1,0,1,0,1,1.0000,1,0,0,0),(874,812,1,45.0000,0.0000,1,0,0,1,1.0000,1,10000.0000,1,1,NULL,1.0000,1,0,1,0,1,1.0000,1,0,0,0),(875,813,1,45.0000,0.0000,1,0,0,1,1.0000,1,10000.0000,1,1,NULL,1.0000,1,0,1,0,1,1.0000,1,0,0,0),(876,814,1,45.0000,0.0000,1,0,0,1,1.0000,1,10000.0000,1,1,NULL,1.0000,1,0,1,0,1,1.0000,1,0,0,0),(877,815,1,45.0000,0.0000,1,0,0,1,1.0000,1,10000.0000,1,1,NULL,1.0000,1,0,1,0,1,1.0000,1,0,0,0),(878,816,1,45.0000,0.0000,1,0,0,1,1.0000,1,10000.0000,1,1,NULL,1.0000,1,0,1,0,1,1.0000,1,0,0,0),(879,817,1,45.0000,0.0000,1,0,0,1,1.0000,1,10000.0000,1,1,NULL,1.0000,1,0,1,0,1,1.0000,1,0,0,0),(880,818,1,45.0000,0.0000,1,0,0,1,1.0000,1,10000.0000,1,1,NULL,1.0000,1,0,1,0,1,1.0000,1,0,0,0),(881,819,1,45.0000,0.0000,1,0,0,1,1.0000,1,10000.0000,1,1,NULL,1.0000,1,0,1,0,1,1.0000,1,0,0,0),(882,820,1,45.0000,0.0000,1,0,0,1,1.0000,1,10000.0000,1,1,NULL,1.0000,1,0,1,0,1,1.0000,1,0,0,0),(883,821,1,45.0000,0.0000,1,0,0,1,1.0000,1,10000.0000,1,1,NULL,1.0000,1,0,1,0,1,1.0000,1,0,0,0),(884,822,1,45.0000,0.0000,1,0,0,1,1.0000,1,10000.0000,1,1,NULL,1.0000,1,0,1,0,1,1.0000,1,0,0,0),(885,823,1,45.0000,0.0000,1,0,0,1,1.0000,1,10000.0000,1,1,NULL,1.0000,1,0,1,0,1,1.0000,1,0,0,0),(886,824,1,67.0000,0.0000,1,0,0,1,1.0000,1,10000.0000,1,1,NULL,1.0000,1,0,1,0,1,1.0000,1,0,0,0),(887,825,1,67.0000,0.0000,1,0,0,1,1.0000,1,10000.0000,1,1,NULL,1.0000,1,0,1,0,1,1.0000,1,0,0,0),(888,826,1,67.0000,0.0000,1,0,0,1,1.0000,1,10000.0000,1,1,NULL,1.0000,1,0,1,0,1,1.0000,1,0,0,0),(889,827,1,67.0000,0.0000,1,0,0,1,1.0000,1,10000.0000,1,1,NULL,1.0000,1,0,1,0,1,1.0000,1,0,0,0),(890,828,1,67.0000,0.0000,1,0,0,1,1.0000,1,10000.0000,1,1,NULL,1.0000,1,0,1,0,1,1.0000,1,0,0,0),(891,829,1,67.0000,0.0000,1,0,0,1,1.0000,1,10000.0000,1,1,NULL,1.0000,1,0,1,0,1,1.0000,1,0,0,0),(892,830,1,67.0000,0.0000,1,0,0,1,1.0000,1,10000.0000,1,1,NULL,1.0000,1,0,1,0,1,1.0000,1,0,0,0),(893,831,1,67.0000,0.0000,1,0,0,1,1.0000,1,10000.0000,1,1,NULL,1.0000,1,0,1,0,1,1.0000,1,0,0,0),(894,832,1,67.0000,0.0000,1,0,0,1,1.0000,1,10000.0000,1,1,NULL,1.0000,1,0,1,0,1,1.0000,1,0,0,0),(895,833,1,67.0000,0.0000,1,0,0,1,1.0000,1,10000.0000,1,1,NULL,1.0000,1,0,1,0,1,1.0000,1,0,0,0),(896,834,1,67.0000,0.0000,1,0,0,1,1.0000,1,10000.0000,1,1,NULL,1.0000,1,0,1,0,1,1.0000,1,0,0,0),(897,835,1,67.0000,0.0000,1,0,0,1,1.0000,1,10000.0000,1,1,NULL,1.0000,1,0,1,0,1,1.0000,1,0,0,0),(898,836,1,67.0000,0.0000,1,0,0,1,1.0000,1,10000.0000,1,1,NULL,1.0000,1,0,1,0,1,1.0000,1,0,0,0),(899,837,1,67.0000,0.0000,1,0,0,1,1.0000,1,10000.0000,1,1,NULL,1.0000,1,0,1,0,1,1.0000,1,0,0,0),(900,838,1,67.0000,0.0000,1,0,0,1,1.0000,1,10000.0000,1,1,NULL,1.0000,1,0,1,0,1,1.0000,1,0,0,0),(901,839,1,67.0000,0.0000,1,0,0,1,1.0000,1,10000.0000,1,1,NULL,1.0000,1,0,1,0,1,1.0000,1,0,0,0),(902,840,1,67.0000,0.0000,1,0,0,1,1.0000,1,10000.0000,1,1,NULL,1.0000,1,0,1,0,1,1.0000,1,0,0,0),(903,841,1,67.0000,0.0000,1,0,0,1,1.0000,1,10000.0000,1,1,NULL,1.0000,1,0,1,0,1,1.0000,1,0,0,0),(904,842,1,67.0000,0.0000,1,0,0,1,1.0000,1,10000.0000,1,1,NULL,1.0000,1,0,1,0,1,1.0000,1,0,0,0),(905,843,1,67.0000,0.0000,1,0,0,1,1.0000,1,10000.0000,1,1,NULL,1.0000,1,0,1,0,1,1.0000,1,0,0,0),(906,844,1,36.0000,0.0000,1,0,0,1,1.0000,1,10000.0000,1,1,NULL,1.0000,1,0,1,0,1,1.0000,1,0,0,0),(907,845,1,36.0000,0.0000,1,0,0,1,1.0000,1,10000.0000,1,1,NULL,1.0000,1,0,1,0,1,1.0000,1,0,0,0),(908,846,1,36.0000,0.0000,1,0,0,1,1.0000,1,10000.0000,1,1,NULL,1.0000,1,0,1,0,1,1.0000,1,0,0,0),(909,847,1,36.0000,0.0000,1,0,0,1,1.0000,1,10000.0000,1,1,NULL,1.0000,1,0,1,0,1,1.0000,1,0,0,0),(910,848,1,36.0000,0.0000,1,0,0,1,1.0000,1,10000.0000,1,1,NULL,1.0000,1,0,1,0,1,1.0000,1,0,0,0),(911,849,1,36.0000,0.0000,1,0,0,1,1.0000,1,10000.0000,1,1,NULL,1.0000,1,0,1,0,1,1.0000,1,0,0,0),(912,850,1,36.0000,0.0000,1,0,0,1,1.0000,1,10000.0000,1,1,NULL,1.0000,1,0,1,0,1,1.0000,1,0,0,0),(913,851,1,36.0000,0.0000,1,0,0,1,1.0000,1,10000.0000,1,1,NULL,1.0000,1,0,1,0,1,1.0000,1,0,0,0),(914,852,1,36.0000,0.0000,1,0,0,1,1.0000,1,10000.0000,1,1,NULL,1.0000,1,0,1,0,1,1.0000,1,0,0,0),(915,853,1,36.0000,0.0000,1,0,0,1,1.0000,1,10000.0000,1,1,NULL,1.0000,1,0,1,0,1,1.0000,1,0,0,0),(916,854,1,36.0000,0.0000,1,0,0,1,1.0000,1,10000.0000,1,1,NULL,1.0000,1,0,1,0,1,1.0000,1,0,0,0),(917,855,1,36.0000,0.0000,1,0,0,1,1.0000,1,10000.0000,1,1,NULL,1.0000,1,0,1,0,1,1.0000,1,0,0,0),(918,856,1,36.0000,0.0000,1,0,0,1,1.0000,1,10000.0000,1,1,NULL,1.0000,1,0,1,0,1,1.0000,1,0,0,0),(919,857,1,36.0000,0.0000,1,0,0,1,1.0000,1,10000.0000,1,1,NULL,1.0000,1,0,1,0,1,1.0000,1,0,0,0),(920,858,1,36.0000,0.0000,1,0,0,1,1.0000,1,10000.0000,1,1,NULL,1.0000,1,0,1,0,1,1.0000,1,0,0,0),(921,859,1,36.0000,0.0000,1,0,0,1,1.0000,1,10000.0000,1,1,NULL,1.0000,1,0,1,0,1,1.0000,1,0,0,0),(922,860,1,36.0000,0.0000,1,0,0,1,1.0000,1,10000.0000,1,1,NULL,1.0000,1,0,1,0,1,1.0000,1,0,0,0),(923,861,1,36.0000,0.0000,1,0,0,1,1.0000,1,10000.0000,1,1,NULL,1.0000,1,0,1,0,1,1.0000,1,0,0,0),(924,862,1,36.0000,0.0000,1,0,0,1,1.0000,1,10000.0000,1,1,NULL,1.0000,1,0,1,0,1,1.0000,1,0,0,0),(925,863,1,36.0000,0.0000,1,0,0,1,1.0000,1,10000.0000,1,1,NULL,1.0000,1,0,1,0,1,1.0000,1,0,0,0),(926,864,1,34.0000,0.0000,1,0,0,1,1.0000,1,10000.0000,1,1,NULL,1.0000,1,0,1,0,1,1.0000,1,0,0,0),(927,865,1,34.0000,0.0000,1,0,0,1,1.0000,1,10000.0000,1,1,NULL,1.0000,1,0,1,0,1,1.0000,1,0,0,0),(928,866,1,34.0000,0.0000,1,0,0,1,1.0000,1,10000.0000,1,1,NULL,1.0000,1,0,1,0,1,1.0000,1,0,0,0),(929,867,1,34.0000,0.0000,1,0,0,1,1.0000,1,10000.0000,1,1,NULL,1.0000,1,0,1,0,1,1.0000,1,0,0,0),(930,868,1,34.0000,0.0000,1,0,0,1,1.0000,1,10000.0000,1,1,NULL,1.0000,1,0,1,0,1,1.0000,1,0,0,0),(931,869,1,34.0000,0.0000,1,0,0,1,1.0000,1,10000.0000,1,1,NULL,1.0000,1,0,1,0,1,1.0000,1,0,0,0),(932,870,1,34.0000,0.0000,1,0,0,1,1.0000,1,10000.0000,1,1,NULL,1.0000,1,0,1,0,1,1.0000,1,0,0,0),(933,871,1,34.0000,0.0000,1,0,0,1,1.0000,1,10000.0000,1,1,NULL,1.0000,1,0,1,0,1,1.0000,1,0,0,0),(934,872,1,34.0000,0.0000,1,0,0,1,1.0000,1,10000.0000,1,1,NULL,1.0000,1,0,1,0,1,1.0000,1,0,0,0),(935,873,1,34.0000,0.0000,1,0,0,1,1.0000,1,10000.0000,1,1,NULL,1.0000,1,0,1,0,1,1.0000,1,0,0,0),(936,874,1,34.0000,0.0000,1,0,0,1,1.0000,1,10000.0000,1,1,NULL,1.0000,1,0,1,0,1,1.0000,1,0,0,0),(937,875,1,34.0000,0.0000,1,0,0,1,1.0000,1,10000.0000,1,1,NULL,1.0000,1,0,1,0,1,1.0000,1,0,0,0),(938,876,1,34.0000,0.0000,1,0,0,1,1.0000,1,10000.0000,1,1,NULL,1.0000,1,0,1,0,1,1.0000,1,0,0,0),(939,877,1,34.0000,0.0000,1,0,0,1,1.0000,1,10000.0000,1,1,NULL,1.0000,1,0,1,0,1,1.0000,1,0,0,0),(940,878,1,34.0000,0.0000,1,0,0,1,1.0000,1,10000.0000,1,1,NULL,1.0000,1,0,1,0,1,1.0000,1,0,0,0),(941,879,1,45.0000,0.0000,1,0,0,1,1.0000,1,10000.0000,1,1,NULL,1.0000,1,0,1,0,1,1.0000,1,0,0,0),(942,880,1,45.0000,0.0000,1,0,0,1,1.0000,1,10000.0000,1,1,NULL,1.0000,1,0,1,0,1,1.0000,1,0,0,0),(943,881,1,45.0000,0.0000,1,0,0,1,1.0000,1,10000.0000,1,1,NULL,1.0000,1,0,1,0,1,1.0000,1,0,0,0),(944,882,1,45.0000,0.0000,1,0,0,1,1.0000,1,10000.0000,1,1,NULL,1.0000,1,0,1,0,1,1.0000,1,0,0,0),(945,883,1,45.0000,0.0000,1,0,0,1,1.0000,1,10000.0000,1,1,NULL,1.0000,1,0,1,0,1,1.0000,1,0,0,0),(946,884,1,45.0000,0.0000,1,0,0,1,1.0000,1,10000.0000,1,1,NULL,1.0000,1,0,1,0,1,1.0000,1,0,0,0),(947,885,1,45.0000,0.0000,1,0,0,1,1.0000,1,10000.0000,1,1,NULL,1.0000,1,0,1,0,1,1.0000,1,0,0,0),(948,886,1,45.0000,0.0000,1,0,0,1,1.0000,1,10000.0000,1,1,NULL,1.0000,1,0,1,0,1,1.0000,1,0,0,0),(949,887,1,45.0000,0.0000,1,0,0,1,1.0000,1,10000.0000,1,1,NULL,1.0000,1,0,1,0,1,1.0000,1,0,0,0),(950,888,1,45.0000,0.0000,1,0,0,1,1.0000,1,10000.0000,1,1,NULL,1.0000,1,0,1,0,1,1.0000,1,0,0,0),(951,889,1,45.0000,0.0000,1,0,0,1,1.0000,1,10000.0000,1,1,NULL,1.0000,1,0,1,0,1,1.0000,1,0,0,0),(952,890,1,45.0000,0.0000,1,0,0,1,1.0000,1,10000.0000,1,1,NULL,1.0000,1,0,1,0,1,1.0000,1,0,0,0),(953,891,1,45.0000,0.0000,1,0,0,1,1.0000,1,10000.0000,1,1,NULL,1.0000,1,0,1,0,1,1.0000,1,0,0,0),(954,892,1,45.0000,0.0000,1,0,0,1,1.0000,1,10000.0000,1,1,NULL,1.0000,1,0,1,0,1,1.0000,1,0,0,0),(955,893,1,45.0000,0.0000,1,0,0,1,1.0000,1,10000.0000,1,1,NULL,1.0000,1,0,1,0,1,1.0000,1,0,0,0),(956,894,1,45.0000,0.0000,1,0,0,1,1.0000,1,10000.0000,1,1,NULL,1.0000,1,0,1,0,1,1.0000,1,0,0,0),(957,895,1,45.0000,0.0000,1,0,0,1,1.0000,1,10000.0000,1,1,NULL,1.0000,1,0,1,0,1,1.0000,1,0,0,0),(958,896,1,45.0000,0.0000,1,0,0,1,1.0000,1,10000.0000,1,1,NULL,1.0000,1,0,1,0,1,1.0000,1,0,0,0),(959,897,1,45.0000,0.0000,1,0,0,1,1.0000,1,10000.0000,1,1,NULL,1.0000,1,0,1,0,1,1.0000,1,0,0,0),(960,898,1,45.0000,0.0000,1,0,0,1,1.0000,1,10000.0000,1,1,NULL,1.0000,1,0,1,0,1,1.0000,1,0,0,0),(961,899,1,45.0000,0.0000,1,0,0,1,1.0000,1,10000.0000,1,1,NULL,1.0000,1,0,1,0,1,1.0000,1,0,0,0),(962,900,1,45.0000,0.0000,1,0,0,1,1.0000,1,10000.0000,1,1,NULL,1.0000,1,0,1,0,1,1.0000,1,0,0,0),(963,901,1,45.0000,0.0000,1,0,0,1,1.0000,1,10000.0000,1,1,NULL,1.0000,1,0,1,0,1,1.0000,1,0,0,0),(964,902,1,45.0000,0.0000,1,0,0,1,1.0000,1,10000.0000,1,1,NULL,1.0000,1,0,1,0,1,1.0000,1,0,0,0),(965,903,1,45.0000,0.0000,1,0,0,1,1.0000,1,10000.0000,1,1,NULL,1.0000,1,0,1,0,1,1.0000,1,0,0,0),(966,904,1,80.0000,0.0000,1,0,0,1,1.0000,1,10000.0000,1,1,NULL,1.0000,1,0,1,0,1,1.0000,1,0,0,0),(967,905,1,80.0000,0.0000,1,0,0,1,1.0000,1,10000.0000,1,1,NULL,1.0000,1,0,1,0,1,1.0000,1,0,0,0),(968,906,1,80.0000,0.0000,1,0,0,1,1.0000,1,10000.0000,1,1,NULL,1.0000,1,0,1,0,1,1.0000,1,0,0,0),(969,907,1,80.0000,0.0000,1,0,0,1,1.0000,1,10000.0000,1,1,NULL,1.0000,1,0,1,0,1,1.0000,1,0,0,0),(970,908,1,80.0000,0.0000,1,0,0,1,1.0000,1,10000.0000,1,1,NULL,1.0000,1,0,1,0,1,1.0000,1,0,0,0),(971,909,1,80.0000,0.0000,1,0,0,1,1.0000,1,10000.0000,1,1,NULL,1.0000,1,0,1,0,1,1.0000,1,0,0,0),(972,910,1,80.0000,0.0000,1,0,0,1,1.0000,1,10000.0000,1,1,NULL,1.0000,1,0,1,0,1,1.0000,1,0,0,0),(973,911,1,80.0000,0.0000,1,0,0,1,1.0000,1,10000.0000,1,1,NULL,1.0000,1,0,1,0,1,1.0000,1,0,0,0),(974,912,1,80.0000,0.0000,1,0,0,1,1.0000,1,10000.0000,1,1,NULL,1.0000,1,0,1,0,1,1.0000,1,0,0,0),(975,913,1,80.0000,0.0000,1,0,0,1,1.0000,1,10000.0000,1,1,NULL,1.0000,1,0,1,0,1,1.0000,1,0,0,0),(976,914,1,80.0000,0.0000,1,0,0,1,1.0000,1,10000.0000,1,1,NULL,1.0000,1,0,1,0,1,1.0000,1,0,0,0),(977,915,1,80.0000,0.0000,1,0,0,1,1.0000,1,10000.0000,1,1,NULL,1.0000,1,0,1,0,1,1.0000,1,0,0,0),(986,924,1,23.0000,0.0000,1,0,0,1,1.0000,1,10000.0000,1,1,NULL,1.0000,1,0,1,0,1,1.0000,1,0,0,0),(987,925,1,23.0000,0.0000,1,0,0,1,1.0000,1,10000.0000,1,1,NULL,1.0000,1,0,1,0,1,1.0000,1,0,0,0),(988,926,1,23.0000,0.0000,1,0,0,1,1.0000,1,10000.0000,1,1,NULL,1.0000,1,0,1,0,1,1.0000,1,0,0,0),(989,927,1,23.0000,0.0000,1,0,0,1,1.0000,1,10000.0000,1,1,NULL,1.0000,1,0,1,0,1,1.0000,1,0,0,0),(990,928,1,23.0000,0.0000,1,0,0,1,1.0000,1,10000.0000,1,1,NULL,1.0000,1,0,1,0,1,1.0000,1,0,0,0),(991,929,1,23.0000,0.0000,1,0,0,1,1.0000,1,10000.0000,1,1,NULL,1.0000,1,0,1,0,1,1.0000,1,0,0,0),(992,930,1,34.0000,0.0000,1,0,0,1,1.0000,1,10000.0000,1,1,NULL,1.0000,1,0,1,0,1,1.0000,1,0,0,0),(993,931,1,34.0000,0.0000,1,0,0,1,1.0000,1,10000.0000,1,1,NULL,1.0000,1,0,1,0,1,1.0000,1,0,0,0),(994,932,1,34.0000,0.0000,1,0,0,1,1.0000,1,10000.0000,1,1,NULL,1.0000,1,0,1,0,1,1.0000,1,0,0,0),(995,933,1,576.0000,0.0000,1,0,0,1,1.0000,1,10000.0000,1,1,NULL,1.0000,1,0,1,0,1,1.0000,1,0,0,0),(996,934,1,576.0000,0.0000,1,0,0,1,1.0000,1,10000.0000,1,1,NULL,1.0000,1,0,1,0,1,1.0000,1,0,0,0),(997,935,1,576.0000,0.0000,1,0,0,1,1.0000,1,10000.0000,1,1,NULL,1.0000,1,0,1,0,1,1.0000,1,0,0,0),(998,936,1,576.0000,0.0000,1,0,0,1,1.0000,1,10000.0000,1,1,NULL,1.0000,1,0,1,0,1,1.0000,1,0,0,0),(999,937,1,576.0000,0.0000,1,0,0,1,1.0000,1,10000.0000,1,1,NULL,1.0000,1,0,1,0,1,1.0000,1,0,0,0),(1000,938,1,576.0000,0.0000,1,0,0,1,1.0000,1,10000.0000,1,1,NULL,1.0000,1,0,1,0,1,1.0000,1,0,0,0),(1001,939,1,25.0000,0.0000,1,0,0,1,1.0000,1,10000.0000,1,1,NULL,1.0000,1,0,1,0,1,1.0000,1,0,0,0),(1002,940,1,25.0000,0.0000,1,0,0,1,1.0000,1,10000.0000,1,1,NULL,1.0000,1,0,1,0,1,1.0000,1,0,0,0),(1003,941,1,25.0000,0.0000,1,0,0,1,1.0000,1,10000.0000,1,1,NULL,1.0000,1,0,1,0,1,1.0000,1,0,0,0),(1004,942,1,34.0000,0.0000,1,0,0,1,1.0000,1,10000.0000,1,1,NULL,1.0000,1,0,1,0,1,1.0000,1,0,0,0),(1005,943,1,34.0000,0.0000,1,0,0,1,1.0000,1,10000.0000,1,1,NULL,1.0000,1,0,1,0,1,1.0000,1,0,0,0),(1006,944,1,34.0000,0.0000,1,0,0,1,1.0000,1,10000.0000,1,1,NULL,1.0000,1,0,1,0,1,1.0000,1,0,0,0),(1007,945,1,34.0000,0.0000,1,0,0,1,1.0000,1,10000.0000,1,1,NULL,1.0000,1,0,1,0,1,1.0000,1,0,0,0),(1008,946,1,34.0000,0.0000,1,0,0,1,1.0000,1,10000.0000,1,1,NULL,1.0000,1,0,1,0,1,1.0000,1,0,0,0),(1009,947,1,34.0000,0.0000,1,0,0,1,1.0000,1,10000.0000,1,1,NULL,1.0000,1,0,1,0,1,1.0000,1,0,0,0),(1010,948,1,67.0000,0.0000,1,0,0,1,1.0000,1,10000.0000,1,1,NULL,1.0000,1,0,1,0,1,1.0000,1,0,0,0),(1011,949,1,67.0000,0.0000,1,0,0,1,1.0000,1,10000.0000,1,1,NULL,1.0000,1,0,1,0,1,1.0000,1,0,0,0),(1012,950,1,67.0000,0.0000,1,0,0,1,1.0000,1,10000.0000,1,1,NULL,1.0000,1,0,1,0,1,1.0000,1,0,0,0),(1013,951,1,67.0000,0.0000,1,0,0,1,1.0000,1,10000.0000,1,1,NULL,1.0000,1,0,1,0,1,1.0000,1,0,0,0),(1014,952,1,67.0000,0.0000,1,0,0,1,1.0000,1,10000.0000,1,1,NULL,1.0000,1,0,1,0,1,1.0000,1,0,0,0),(1015,953,1,67.0000,0.0000,1,0,0,1,1.0000,1,10000.0000,1,1,NULL,1.0000,1,0,1,0,1,1.0000,1,0,0,0),(1016,954,1,67.0000,0.0000,1,0,0,1,1.0000,1,10000.0000,1,1,NULL,1.0000,1,0,1,0,1,1.0000,1,0,0,0),(1017,955,1,67.0000,0.0000,1,0,0,1,1.0000,1,10000.0000,1,1,NULL,1.0000,1,0,1,0,1,1.0000,1,0,0,0),(1018,956,1,67.0000,0.0000,1,0,0,1,1.0000,1,10000.0000,1,1,NULL,1.0000,1,0,1,0,1,1.0000,1,0,0,0),(1019,957,1,67.0000,0.0000,1,0,0,1,1.0000,1,10000.0000,1,1,NULL,1.0000,1,0,1,0,1,1.0000,1,0,0,0),(1020,958,1,45.0000,0.0000,1,0,0,1,1.0000,1,10000.0000,1,1,NULL,1.0000,1,0,1,0,1,1.0000,1,0,0,0),(1021,959,1,45.0000,0.0000,1,0,0,1,1.0000,1,10000.0000,1,1,NULL,1.0000,1,0,1,0,1,1.0000,1,0,0,0),(1034,972,1,34.0000,0.0000,1,0,0,1,1.0000,1,10000.0000,1,1,NULL,1.0000,1,0,1,0,1,1.0000,1,0,0,0),(1035,973,1,34.0000,0.0000,1,0,0,1,1.0000,1,10000.0000,1,1,NULL,1.0000,1,0,1,0,1,1.0000,1,0,0,0),(1036,974,1,34.0000,0.0000,1,0,0,1,1.0000,1,10000.0000,1,1,NULL,1.0000,1,0,1,0,1,1.0000,1,0,0,0),(1037,975,1,34.0000,0.0000,1,0,0,1,1.0000,1,10000.0000,1,1,NULL,1.0000,1,0,1,0,1,1.0000,1,0,0,0),(1038,976,1,34.0000,0.0000,1,0,0,1,1.0000,1,10000.0000,1,1,NULL,1.0000,1,0,1,0,1,1.0000,1,0,0,0),(1039,977,1,34.0000,0.0000,1,0,0,1,1.0000,1,10000.0000,1,1,NULL,1.0000,1,0,1,0,1,1.0000,1,0,0,0),(1040,978,1,34.0000,0.0000,1,0,0,1,1.0000,1,10000.0000,1,1,NULL,1.0000,1,0,1,0,1,1.0000,1,0,0,0),(1041,979,1,34.0000,0.0000,1,0,0,1,1.0000,1,10000.0000,1,1,NULL,1.0000,1,0,1,0,1,1.0000,1,0,0,0),(1042,980,1,34.0000,0.0000,1,0,0,1,1.0000,1,10000.0000,1,1,NULL,1.0000,1,0,1,0,1,1.0000,1,0,0,0),(1043,981,1,34.0000,0.0000,1,0,0,1,1.0000,1,10000.0000,1,1,NULL,1.0000,1,0,1,0,1,1.0000,1,0,0,0),(1044,982,1,34.0000,0.0000,1,0,0,1,1.0000,1,10000.0000,1,1,NULL,1.0000,1,0,1,0,1,1.0000,1,0,0,0),(1045,983,1,34.0000,0.0000,1,0,0,1,1.0000,1,10000.0000,1,1,NULL,1.0000,1,0,1,0,1,1.0000,1,0,0,0),(1046,984,1,34.0000,0.0000,1,0,0,1,1.0000,1,10000.0000,1,1,NULL,1.0000,1,0,1,0,1,1.0000,1,0,0,0),(1047,985,1,34.0000,0.0000,1,0,0,1,1.0000,1,10000.0000,1,1,NULL,1.0000,1,0,1,0,1,1.0000,1,0,0,0),(1048,986,1,56.0000,0.0000,1,0,0,1,1.0000,1,10000.0000,1,1,NULL,1.0000,1,0,1,0,1,1.0000,1,0,0,0),(1049,987,1,56.0000,0.0000,1,0,0,1,1.0000,1,10000.0000,1,1,NULL,1.0000,1,0,1,0,1,1.0000,1,0,0,0),(1050,988,1,56.0000,0.0000,1,0,0,1,1.0000,1,10000.0000,1,1,NULL,1.0000,1,0,1,0,1,1.0000,1,0,0,0),(1051,989,1,56.0000,0.0000,1,0,0,1,1.0000,1,10000.0000,1,1,NULL,1.0000,1,0,1,0,1,1.0000,1,0,0,0),(1052,990,1,56.0000,0.0000,1,0,0,1,1.0000,1,10000.0000,1,1,NULL,1.0000,1,0,1,0,1,1.0000,1,0,0,0),(1053,991,1,56.0000,0.0000,1,0,0,1,1.0000,1,10000.0000,1,1,NULL,1.0000,1,0,1,0,1,1.0000,1,0,0,0),(1054,992,1,56.0000,0.0000,1,0,0,1,1.0000,1,10000.0000,1,1,NULL,1.0000,1,0,1,0,1,1.0000,1,0,0,0),(1055,993,1,56.0000,0.0000,1,0,0,1,1.0000,1,10000.0000,1,1,NULL,1.0000,1,0,1,0,1,1.0000,1,0,0,0),(1056,994,1,56.0000,0.0000,1,0,0,1,1.0000,1,10000.0000,1,1,NULL,1.0000,1,0,1,0,1,1.0000,1,0,0,0),(1057,995,1,56.0000,0.0000,1,0,0,1,1.0000,1,10000.0000,1,1,NULL,1.0000,1,0,1,0,1,1.0000,1,0,0,0),(1058,996,1,56.0000,0.0000,1,0,0,1,1.0000,1,10000.0000,1,1,NULL,1.0000,1,0,1,0,1,1.0000,1,0,0,0),(1059,997,1,56.0000,0.0000,1,0,0,1,1.0000,1,10000.0000,1,1,NULL,1.0000,1,0,1,0,1,1.0000,1,0,0,0),(1060,998,1,56.0000,0.0000,1,0,0,1,1.0000,1,10000.0000,1,1,NULL,1.0000,1,0,1,0,1,1.0000,1,0,0,0),(1061,999,1,56.0000,0.0000,1,0,0,1,1.0000,1,10000.0000,1,1,NULL,1.0000,1,0,1,0,1,1.0000,1,0,0,0),(1062,1000,1,56.0000,0.0000,1,0,0,1,1.0000,1,10000.0000,1,1,NULL,1.0000,1,0,1,0,1,1.0000,1,0,0,0),(1063,1001,1,56.0000,0.0000,1,0,0,1,1.0000,1,10000.0000,1,1,NULL,1.0000,1,0,1,0,1,1.0000,1,0,0,0),(1064,1002,1,56.0000,0.0000,1,0,0,1,1.0000,1,10000.0000,1,1,NULL,1.0000,1,0,1,0,1,1.0000,1,0,0,0),(1065,1003,1,56.0000,0.0000,1,0,0,1,1.0000,1,10000.0000,1,1,NULL,1.0000,1,0,1,0,1,1.0000,1,0,0,0),(1066,1004,1,45.0000,0.0000,1,0,0,1,1.0000,1,10000.0000,1,1,NULL,1.0000,1,0,1,0,1,1.0000,1,0,0,0),(1067,1005,1,45.0000,0.0000,1,0,0,1,1.0000,1,10000.0000,1,1,NULL,1.0000,1,0,1,0,1,1.0000,1,0,0,0),(1068,1006,1,45.0000,0.0000,1,0,0,1,1.0000,1,10000.0000,1,1,NULL,1.0000,1,0,1,0,1,1.0000,1,0,0,0),(1069,1007,1,45.0000,0.0000,1,0,0,1,1.0000,1,10000.0000,1,1,NULL,1.0000,1,0,1,0,1,1.0000,1,0,0,0),(1070,1008,1,45.0000,0.0000,1,0,0,1,1.0000,1,10000.0000,1,1,NULL,1.0000,1,0,1,0,1,1.0000,1,0,0,0),(1071,1009,1,45.0000,0.0000,1,0,0,1,1.0000,1,10000.0000,1,1,NULL,1.0000,1,0,1,0,1,1.0000,1,0,0,0),(1072,1010,1,45.0000,0.0000,1,0,0,1,1.0000,1,10000.0000,1,1,NULL,1.0000,1,0,1,0,1,1.0000,1,0,0,0),(1073,1011,1,45.0000,0.0000,1,0,0,1,1.0000,1,10000.0000,1,1,NULL,1.0000,1,0,1,0,1,1.0000,1,0,0,0),(1074,1012,1,45.0000,0.0000,1,0,0,1,1.0000,1,10000.0000,1,1,NULL,1.0000,1,0,1,0,1,1.0000,1,0,0,0),(1075,1013,1,45.0000,0.0000,1,0,0,1,1.0000,1,10000.0000,1,1,NULL,1.0000,1,0,1,0,1,1.0000,1,0,0,0),(1076,1014,1,45.0000,0.0000,1,0,0,1,1.0000,1,10000.0000,1,1,NULL,1.0000,1,0,1,0,1,1.0000,1,0,0,0),(1077,1015,1,45.0000,0.0000,1,0,0,1,1.0000,1,10000.0000,1,1,NULL,1.0000,1,0,1,0,1,1.0000,1,0,0,0),(1078,1016,1,45.0000,0.0000,1,0,0,1,1.0000,1,10000.0000,1,1,NULL,1.0000,1,0,1,0,1,1.0000,1,0,0,0),(1079,1017,1,45.0000,0.0000,1,0,0,1,1.0000,1,10000.0000,1,1,NULL,1.0000,1,0,1,0,1,1.0000,1,0,0,0),(1080,1018,1,45.0000,0.0000,1,0,0,1,1.0000,1,10000.0000,1,1,NULL,1.0000,1,0,1,0,1,1.0000,1,0,0,0),(1081,1019,1,45.0000,0.0000,1,0,0,1,1.0000,1,10000.0000,1,1,NULL,1.0000,1,0,1,0,1,1.0000,1,0,0,0),(1082,1020,1,45.0000,0.0000,1,0,0,1,1.0000,1,10000.0000,1,1,NULL,1.0000,1,0,1,0,1,1.0000,1,0,0,0),(1083,1021,1,45.0000,0.0000,1,0,0,1,1.0000,1,10000.0000,1,1,NULL,1.0000,1,0,1,0,1,1.0000,1,0,0,0),(1084,1022,1,45.0000,0.0000,1,0,0,1,1.0000,1,10000.0000,1,1,NULL,1.0000,1,0,1,0,1,1.0000,1,0,0,0),(1085,1023,1,67.0000,0.0000,1,0,0,1,1.0000,1,10000.0000,1,1,NULL,1.0000,1,0,1,0,1,1.0000,1,0,0,0),(1086,1024,1,67.0000,0.0000,1,0,0,1,1.0000,1,10000.0000,1,1,NULL,1.0000,1,0,1,0,1,1.0000,1,0,0,0),(1087,1025,1,67.0000,0.0000,1,0,0,1,1.0000,1,10000.0000,1,1,NULL,1.0000,1,0,1,0,1,1.0000,1,0,0,0),(1088,1026,1,67.0000,0.0000,1,0,0,1,1.0000,1,10000.0000,1,1,NULL,1.0000,1,0,1,0,1,1.0000,1,0,0,0),(1089,1027,1,67.0000,0.0000,1,0,0,1,1.0000,1,10000.0000,1,1,NULL,1.0000,1,0,1,0,1,1.0000,1,0,0,0),(1090,1028,1,67.0000,0.0000,1,0,0,1,1.0000,1,10000.0000,1,1,NULL,1.0000,1,0,1,0,1,1.0000,1,0,0,0),(1091,1029,1,45.0000,0.0000,1,0,0,1,1.0000,1,10000.0000,1,1,NULL,1.0000,1,0,1,0,1,1.0000,1,0,0,0),(1092,1030,1,45.0000,0.0000,1,0,0,1,1.0000,1,10000.0000,1,1,NULL,1.0000,1,0,1,0,1,1.0000,1,0,0,0),(1093,1031,1,45.0000,0.0000,1,0,0,1,1.0000,1,10000.0000,1,1,NULL,1.0000,1,0,1,0,1,1.0000,1,0,0,0),(1094,1032,1,45.0000,0.0000,1,0,0,1,1.0000,1,10000.0000,1,1,NULL,1.0000,1,0,1,0,1,1.0000,1,0,0,0),(1095,1033,1,45.0000,0.0000,1,0,0,1,1.0000,1,10000.0000,1,1,NULL,1.0000,1,0,1,0,1,1.0000,1,0,0,0),(1096,1034,1,45.0000,0.0000,1,0,0,1,1.0000,1,10000.0000,1,1,NULL,1.0000,1,0,1,0,1,1.0000,1,0,0,0),(1097,1035,1,45.0000,0.0000,1,0,0,1,1.0000,1,10000.0000,1,1,NULL,1.0000,1,0,1,0,1,1.0000,1,0,0,0),(1098,1036,1,45.0000,0.0000,1,0,0,1,1.0000,1,10000.0000,1,1,NULL,1.0000,1,0,1,0,1,1.0000,1,0,0,0),(1099,1037,1,45.0000,0.0000,1,0,0,1,1.0000,1,10000.0000,1,1,NULL,1.0000,1,0,1,0,1,1.0000,1,0,0,0),(1100,1038,1,45.0000,0.0000,1,0,0,1,1.0000,1,10000.0000,1,1,NULL,1.0000,1,0,1,0,1,1.0000,1,0,0,0),(1101,1039,1,45.0000,0.0000,1,0,0,1,1.0000,1,10000.0000,1,1,NULL,1.0000,1,0,1,0,1,1.0000,1,0,0,0),(1102,1040,1,45.0000,0.0000,1,0,0,1,1.0000,1,10000.0000,1,1,NULL,1.0000,1,0,1,0,1,1.0000,1,0,0,0),(1103,1041,1,45.0000,0.0000,1,0,0,1,1.0000,1,10000.0000,1,1,NULL,1.0000,1,0,1,0,1,1.0000,1,0,0,0),(1104,1042,1,45.0000,0.0000,1,0,0,1,1.0000,1,10000.0000,1,1,NULL,1.0000,1,0,1,0,1,1.0000,1,0,0,0),(1105,1043,1,56.0000,0.0000,1,0,0,1,1.0000,1,10000.0000,1,1,NULL,1.0000,1,0,1,0,1,1.0000,1,0,0,0),(1106,1044,1,56.0000,0.0000,1,0,0,1,1.0000,1,10000.0000,1,1,NULL,1.0000,1,0,1,0,1,1.0000,1,0,0,0),(1107,1045,1,56.0000,0.0000,1,0,0,1,1.0000,1,10000.0000,1,1,NULL,1.0000,1,0,1,0,1,1.0000,1,0,0,0),(1108,1046,1,56.0000,0.0000,1,0,0,1,1.0000,1,10000.0000,1,1,NULL,1.0000,1,0,1,0,1,1.0000,1,0,0,0),(1109,1047,1,56.0000,0.0000,1,0,0,1,1.0000,1,10000.0000,1,1,NULL,1.0000,1,0,1,0,1,1.0000,1,0,0,0),(1110,1048,1,56.0000,0.0000,1,0,0,1,1.0000,1,10000.0000,1,1,NULL,1.0000,1,0,1,0,1,1.0000,1,0,0,0),(1111,1049,1,56.0000,0.0000,1,0,0,1,1.0000,1,10000.0000,1,1,NULL,1.0000,1,0,1,0,1,1.0000,1,0,0,0),(1112,1050,1,56.0000,0.0000,1,0,0,1,1.0000,1,10000.0000,1,1,NULL,1.0000,1,0,1,0,1,1.0000,1,0,0,0),(1113,1051,1,56.0000,0.0000,1,0,0,1,1.0000,1,10000.0000,1,1,NULL,1.0000,1,0,1,0,1,1.0000,1,0,0,0),(1114,1052,1,56.0000,0.0000,1,0,0,1,1.0000,1,10000.0000,1,1,NULL,1.0000,1,0,1,0,1,1.0000,1,0,0,0),(1115,1053,1,56.0000,0.0000,1,0,0,1,1.0000,1,10000.0000,1,1,NULL,1.0000,1,0,1,0,1,1.0000,1,0,0,0),(1116,1054,1,56.0000,0.0000,1,0,0,1,1.0000,1,10000.0000,1,1,NULL,1.0000,1,0,1,0,1,1.0000,1,0,0,0),(1117,1055,1,56.0000,0.0000,1,0,0,1,1.0000,1,10000.0000,1,1,NULL,1.0000,1,0,1,0,1,1.0000,1,0,0,0),(1118,1056,1,56.0000,0.0000,1,0,0,1,1.0000,1,10000.0000,1,1,NULL,1.0000,1,0,1,0,1,1.0000,1,0,0,0),(1119,1057,1,46.0000,0.0000,1,0,0,1,1.0000,1,10000.0000,1,1,NULL,1.0000,1,0,1,0,1,1.0000,1,0,0,0),(1120,1058,1,46.0000,0.0000,1,0,0,1,1.0000,1,10000.0000,1,1,NULL,1.0000,1,0,1,0,1,1.0000,1,0,0,0),(1121,1059,1,46.0000,0.0000,1,0,0,1,1.0000,1,10000.0000,1,1,NULL,1.0000,1,0,1,0,1,1.0000,1,0,0,0),(1122,1060,1,46.0000,0.0000,1,0,0,1,1.0000,1,10000.0000,1,1,NULL,1.0000,1,0,1,0,1,1.0000,1,0,0,0),(1123,1061,1,46.0000,0.0000,1,0,0,1,1.0000,1,10000.0000,1,1,NULL,1.0000,1,0,1,0,1,1.0000,1,0,0,0),(1124,1062,1,46.0000,0.0000,1,0,0,1,1.0000,1,10000.0000,1,1,NULL,1.0000,1,0,1,0,1,1.0000,1,0,0,0),(1125,1063,1,45.0000,0.0000,1,0,0,1,1.0000,1,10000.0000,1,1,NULL,1.0000,1,0,1,0,1,1.0000,1,0,0,0),(1126,1064,1,45.0000,0.0000,1,0,0,1,1.0000,1,10000.0000,1,1,NULL,1.0000,1,0,1,0,1,1.0000,1,0,0,0),(1127,1065,1,45.0000,0.0000,1,0,0,1,1.0000,1,10000.0000,1,1,NULL,1.0000,1,0,1,0,1,1.0000,1,0,0,0),(1128,1066,1,45.0000,0.0000,1,0,0,1,1.0000,1,10000.0000,1,1,NULL,1.0000,1,0,1,0,1,1.0000,1,0,0,0),(1129,1067,1,45.0000,0.0000,1,0,0,1,1.0000,1,10000.0000,1,1,NULL,1.0000,1,0,1,0,1,1.0000,1,0,0,0),(1130,1068,1,45.0000,0.0000,1,0,0,1,1.0000,1,10000.0000,1,1,NULL,1.0000,1,0,1,0,1,1.0000,1,0,0,0),(1131,1069,1,56.0000,0.0000,1,0,0,1,1.0000,1,10000.0000,1,1,NULL,1.0000,1,0,1,0,1,1.0000,1,0,0,0),(1132,1070,1,56.0000,0.0000,1,0,0,1,1.0000,1,10000.0000,1,1,NULL,1.0000,1,0,1,0,1,1.0000,1,0,0,0),(1133,1071,1,56.0000,0.0000,1,0,0,1,1.0000,1,10000.0000,1,1,NULL,1.0000,1,0,1,0,1,1.0000,1,0,0,0),(1134,1072,1,56.0000,0.0000,1,0,0,1,1.0000,1,10000.0000,1,1,NULL,1.0000,1,0,1,0,1,1.0000,1,0,0,0),(1135,1073,1,56.0000,0.0000,1,0,0,1,1.0000,1,10000.0000,1,1,NULL,1.0000,1,0,1,0,1,1.0000,1,0,0,0),(1136,1074,1,56.0000,0.0000,1,0,0,1,1.0000,1,10000.0000,1,1,NULL,1.0000,1,0,1,0,1,1.0000,1,0,0,0),(1137,1075,1,54.0000,0.0000,1,0,0,1,1.0000,1,10000.0000,1,1,NULL,1.0000,1,0,1,0,1,1.0000,1,0,0,0),(1138,1076,1,54.0000,0.0000,1,0,0,1,1.0000,1,10000.0000,1,1,NULL,1.0000,1,0,1,0,1,1.0000,1,0,0,0),(1139,1077,1,54.0000,0.0000,1,0,0,1,1.0000,1,10000.0000,1,1,NULL,1.0000,1,0,1,0,1,1.0000,1,0,0,0),(1140,1078,1,54.0000,0.0000,1,0,0,1,1.0000,1,10000.0000,1,1,NULL,1.0000,1,0,1,0,1,1.0000,1,0,0,0),(1141,1079,1,54.0000,0.0000,1,0,0,1,1.0000,1,10000.0000,1,1,NULL,1.0000,1,0,1,0,1,1.0000,1,0,0,0),(1142,1080,1,54.0000,0.0000,1,0,0,1,1.0000,1,10000.0000,1,1,NULL,1.0000,1,0,1,0,1,1.0000,1,0,0,0),(1143,1081,1,54.0000,0.0000,1,0,0,1,1.0000,1,10000.0000,1,1,NULL,1.0000,1,0,1,0,1,1.0000,1,0,0,0),(1144,1082,1,54.0000,0.0000,1,0,0,1,1.0000,1,10000.0000,1,1,NULL,1.0000,1,0,1,0,1,1.0000,1,0,0,0),(1145,1083,1,45.0000,0.0000,1,0,0,1,1.0000,1,10000.0000,1,1,NULL,1.0000,1,0,1,0,1,1.0000,1,0,0,0),(1146,1084,1,45.0000,0.0000,1,0,0,1,1.0000,1,10000.0000,1,1,NULL,1.0000,1,0,1,0,1,1.0000,1,0,0,0),(1147,1085,1,45.0000,0.0000,1,0,0,1,1.0000,1,10000.0000,1,1,NULL,1.0000,1,0,1,0,1,1.0000,1,0,0,0),(1148,1086,1,45.0000,0.0000,1,0,0,1,1.0000,1,10000.0000,1,1,NULL,1.0000,1,0,1,0,1,1.0000,1,0,0,0),(1149,1087,1,45.0000,0.0000,1,0,0,1,1.0000,1,10000.0000,1,1,NULL,1.0000,1,0,1,0,1,1.0000,1,0,0,0),(1150,1088,1,45.0000,0.0000,1,0,0,1,1.0000,1,10000.0000,1,1,NULL,1.0000,1,0,1,0,1,1.0000,1,0,0,0),(1151,1089,1,45.0000,0.0000,1,0,0,1,1.0000,1,10000.0000,1,1,NULL,1.0000,1,0,1,0,1,1.0000,1,0,0,0),(1152,1090,1,45.0000,0.0000,1,0,0,1,1.0000,1,10000.0000,1,1,NULL,1.0000,1,0,1,0,1,1.0000,1,0,0,0),(1153,1091,1,54.0000,0.0000,1,0,0,1,1.0000,1,10000.0000,1,1,NULL,1.0000,1,0,1,0,1,1.0000,1,0,0,0),(1154,1092,1,54.0000,0.0000,1,0,0,1,1.0000,1,10000.0000,1,1,NULL,1.0000,1,0,1,0,1,1.0000,1,0,0,0),(1155,1093,1,54.0000,0.0000,1,0,0,1,1.0000,1,10000.0000,1,1,NULL,1.0000,1,0,1,0,1,1.0000,1,0,0,0),(1156,1094,1,54.0000,0.0000,1,0,0,1,1.0000,1,10000.0000,1,1,NULL,1.0000,1,0,1,0,1,1.0000,1,0,0,0),(1157,1095,1,56.0000,0.0000,1,0,0,1,1.0000,1,10000.0000,1,1,NULL,1.0000,1,0,1,0,1,1.0000,1,0,0,0),(1158,1096,1,56.0000,0.0000,1,0,0,1,1.0000,1,10000.0000,1,1,NULL,1.0000,1,0,1,0,1,1.0000,1,0,0,0),(1159,1097,1,56.0000,0.0000,1,0,0,1,1.0000,1,10000.0000,1,1,NULL,1.0000,1,0,1,0,1,1.0000,1,0,0,0),(1160,1098,1,45.0000,0.0000,1,0,0,1,1.0000,1,10000.0000,1,1,NULL,1.0000,1,0,1,0,1,1.0000,1,0,0,0),(1161,1099,1,45.0000,0.0000,1,0,0,1,1.0000,1,10000.0000,1,1,NULL,1.0000,1,0,1,0,1,1.0000,1,0,0,0),(1162,1100,1,45.0000,0.0000,1,0,0,1,1.0000,1,10000.0000,1,1,NULL,1.0000,1,0,1,0,1,1.0000,1,0,0,0),(1163,1101,1,46.0000,0.0000,1,0,0,1,1.0000,1,10000.0000,1,1,NULL,1.0000,1,0,1,0,1,1.0000,1,0,0,0),(1164,1102,1,46.0000,0.0000,1,0,0,1,1.0000,1,10000.0000,1,1,NULL,1.0000,1,0,1,0,1,1.0000,1,0,0,0),(1165,1103,1,46.0000,0.0000,1,0,0,1,1.0000,1,10000.0000,1,1,NULL,1.0000,1,0,1,0,1,1.0000,1,0,0,0),(1166,1104,1,65.0000,0.0000,1,0,0,1,1.0000,1,10000.0000,1,1,NULL,1.0000,1,0,1,0,1,1.0000,1,0,0,0),(1167,1105,1,65.0000,0.0000,1,0,0,1,1.0000,1,10000.0000,1,1,NULL,1.0000,1,0,1,0,1,1.0000,1,0,0,0),(1168,1106,1,65.0000,0.0000,1,0,0,1,1.0000,1,10000.0000,1,1,NULL,1.0000,1,0,1,0,1,1.0000,1,0,0,0),(1169,1107,1,34.0000,0.0000,1,0,0,1,1.0000,1,10000.0000,1,1,NULL,1.0000,1,0,1,0,1,1.0000,1,0,0,0),(1170,1108,1,34.0000,0.0000,1,0,0,1,1.0000,1,10000.0000,1,1,NULL,1.0000,1,0,1,0,1,1.0000,1,0,0,0),(1171,1109,1,34.0000,0.0000,1,0,0,1,1.0000,1,10000.0000,1,1,NULL,1.0000,1,0,1,0,1,1.0000,1,0,0,0),(1172,1110,1,56.0000,0.0000,1,0,0,1,1.0000,1,10000.0000,1,1,NULL,1.0000,1,0,1,0,1,1.0000,1,0,0,0),(1173,1111,1,56.0000,0.0000,1,0,0,1,1.0000,1,10000.0000,1,1,NULL,1.0000,1,0,1,0,1,1.0000,1,0,0,0),(1174,1112,1,56.0000,0.0000,1,0,0,1,1.0000,1,10000.0000,1,1,NULL,1.0000,1,0,1,0,1,1.0000,1,0,0,0),(1175,1113,1,56.0000,0.0000,1,0,0,1,1.0000,1,10000.0000,1,1,NULL,1.0000,1,0,1,0,1,1.0000,1,0,0,0),(1176,1114,1,56.0000,0.0000,1,0,0,1,1.0000,1,10000.0000,1,1,NULL,1.0000,1,0,1,0,1,1.0000,1,0,0,0),(1177,1115,1,56.0000,0.0000,1,0,0,1,1.0000,1,10000.0000,1,1,NULL,1.0000,1,0,1,0,1,1.0000,1,0,0,0),(1178,1116,1,56.0000,0.0000,1,0,0,1,1.0000,1,10000.0000,1,1,NULL,1.0000,1,0,1,0,1,1.0000,1,0,0,0),(1179,1117,1,56.0000,0.0000,1,0,0,1,1.0000,1,10000.0000,1,1,NULL,1.0000,1,0,1,0,1,1.0000,1,0,0,0),(1180,1118,1,45.0000,0.0000,1,0,0,1,1.0000,1,10000.0000,1,1,NULL,1.0000,1,0,1,0,1,1.0000,1,0,0,0),(1181,1119,1,45.0000,0.0000,1,0,0,1,1.0000,1,10000.0000,1,1,NULL,1.0000,1,0,1,0,1,1.0000,1,0,0,0),(1182,1120,1,45.0000,0.0000,1,0,0,1,1.0000,1,10000.0000,1,1,NULL,1.0000,1,0,1,0,1,1.0000,1,0,0,0),(1183,1121,1,45.0000,0.0000,1,0,0,1,1.0000,1,10000.0000,1,1,NULL,1.0000,1,0,1,0,1,1.0000,1,0,0,0),(1184,1122,1,45.0000,0.0000,1,0,0,1,1.0000,1,10000.0000,1,1,NULL,1.0000,1,0,1,0,1,1.0000,1,0,0,0),(1185,1123,1,45.0000,0.0000,1,0,0,1,1.0000,1,10000.0000,1,1,NULL,1.0000,1,0,1,0,1,1.0000,1,0,0,0),(1186,1124,1,45.0000,0.0000,1,0,0,1,1.0000,1,10000.0000,1,1,NULL,1.0000,1,0,1,0,1,1.0000,1,0,0,0),(1187,1125,1,45.0000,0.0000,1,0,0,1,1.0000,1,10000.0000,1,1,NULL,1.0000,1,0,1,0,1,1.0000,1,0,0,0),(1188,1126,1,45.0000,0.0000,1,0,0,1,1.0000,1,10000.0000,1,1,NULL,1.0000,1,0,1,0,1,1.0000,1,0,0,0),(1189,1127,1,45.0000,0.0000,1,0,0,1,1.0000,1,10000.0000,1,1,NULL,1.0000,1,0,1,0,1,1.0000,1,0,0,0),(1190,1128,1,45.0000,0.0000,1,0,0,1,1.0000,1,10000.0000,1,1,NULL,1.0000,1,0,1,0,1,1.0000,1,0,0,0),(1191,1129,1,45.0000,0.0000,1,0,0,1,1.0000,1,10000.0000,1,1,NULL,1.0000,1,0,1,0,1,1.0000,1,0,0,0),(1192,1130,1,56.0000,0.0000,1,0,0,1,1.0000,1,10000.0000,1,1,NULL,1.0000,1,0,1,0,1,1.0000,1,0,0,0),(1193,1131,1,56.0000,0.0000,1,0,0,1,1.0000,1,10000.0000,1,1,NULL,1.0000,1,0,1,0,1,1.0000,1,0,0,0),(1194,1132,1,56.0000,0.0000,1,0,0,1,1.0000,1,10000.0000,1,1,NULL,1.0000,1,0,1,0,1,1.0000,1,0,0,0),(1195,1133,1,45.0000,0.0000,1,0,0,1,1.0000,1,10000.0000,1,1,NULL,1.0000,1,0,1,0,1,1.0000,1,0,0,0),(1196,1134,1,45.0000,0.0000,1,0,0,1,1.0000,1,10000.0000,1,1,NULL,1.0000,1,0,1,0,1,1.0000,1,0,0,0),(1197,1135,1,56.0000,0.0000,1,0,0,1,1.0000,1,10000.0000,1,1,NULL,1.0000,1,0,1,0,1,1.0000,1,0,0,0),(1198,1136,1,56.0000,0.0000,1,0,0,1,1.0000,1,10000.0000,1,1,NULL,1.0000,1,0,1,0,1,1.0000,1,0,0,0),(1199,1137,1,56.0000,0.0000,1,0,0,1,1.0000,1,10000.0000,1,1,NULL,1.0000,1,0,1,0,1,1.0000,1,0,0,0),(1200,1138,1,45.0000,0.0000,1,0,0,1,1.0000,1,10000.0000,1,1,NULL,1.0000,1,0,1,0,1,1.0000,1,0,0,0),(1201,1139,1,45.0000,0.0000,1,0,0,1,1.0000,1,10000.0000,1,1,NULL,1.0000,1,0,1,0,1,1.0000,1,0,0,0),(1202,1140,1,45.0000,0.0000,1,0,0,1,1.0000,1,10000.0000,1,1,NULL,1.0000,1,0,1,0,1,1.0000,1,0,0,0),(1203,1141,1,56.0000,0.0000,1,0,0,1,1.0000,1,10000.0000,1,1,NULL,1.0000,1,0,1,0,1,1.0000,1,0,0,0),(1204,1142,1,56.0000,0.0000,1,0,0,1,1.0000,1,10000.0000,1,1,NULL,1.0000,1,0,1,0,1,1.0000,1,0,0,0),(1205,1143,1,56.0000,0.0000,1,0,0,1,1.0000,1,10000.0000,1,1,NULL,1.0000,1,0,1,0,1,1.0000,1,0,0,0),(1206,1144,1,56.0000,0.0000,1,0,0,1,1.0000,1,10000.0000,1,1,NULL,1.0000,1,0,1,0,1,1.0000,1,0,0,0),(1207,1145,1,56.0000,0.0000,1,0,0,1,1.0000,1,10000.0000,1,1,NULL,1.0000,1,0,1,0,1,1.0000,1,0,0,0),(1208,1146,1,56.0000,0.0000,1,0,0,1,1.0000,1,10000.0000,1,1,NULL,1.0000,1,0,1,0,1,1.0000,1,0,0,0),(1209,1147,1,56.0000,0.0000,1,0,0,1,1.0000,1,10000.0000,1,1,NULL,1.0000,1,0,1,0,1,1.0000,1,0,0,0),(1210,1148,1,45.0000,0.0000,1,0,0,1,1.0000,1,10000.0000,1,1,NULL,1.0000,1,0,1,0,1,1.0000,1,0,0,0),(1211,1149,1,45.0000,0.0000,1,0,0,1,1.0000,1,10000.0000,1,1,NULL,1.0000,1,0,1,0,1,1.0000,1,0,0,0),(1212,1150,1,45.0000,0.0000,1,0,0,1,1.0000,1,10000.0000,1,1,NULL,1.0000,1,0,1,0,1,1.0000,1,0,0,0),(1213,1151,1,45.0000,0.0000,1,0,0,1,1.0000,1,10000.0000,1,1,NULL,1.0000,1,0,1,0,1,1.0000,1,0,0,0),(1214,1152,1,56.0000,0.0000,1,0,0,1,1.0000,1,10000.0000,1,1,NULL,1.0000,1,0,1,0,1,1.0000,1,0,0,0),(1215,1153,1,56.0000,0.0000,1,0,0,1,1.0000,1,10000.0000,1,1,NULL,1.0000,1,0,1,0,1,1.0000,1,0,0,0),(1216,1154,1,56.0000,0.0000,1,0,0,1,1.0000,1,10000.0000,1,1,NULL,1.0000,1,0,1,0,1,1.0000,1,0,0,0),(1217,1155,1,56.0000,0.0000,1,0,0,1,1.0000,1,10000.0000,1,1,NULL,1.0000,1,0,1,0,1,1.0000,1,0,0,0),(1218,1156,1,45.0000,0.0000,1,0,0,1,1.0000,1,10000.0000,1,1,NULL,1.0000,1,0,1,0,1,1.0000,1,0,0,0),(1219,1157,1,45.0000,0.0000,1,0,0,1,1.0000,1,10000.0000,1,1,NULL,1.0000,1,0,1,0,1,1.0000,1,0,0,0),(1220,1158,1,45.0000,0.0000,1,0,0,1,1.0000,1,10000.0000,1,1,NULL,1.0000,1,0,1,0,1,1.0000,1,0,0,0),(1221,1159,1,45.0000,0.0000,1,0,0,1,1.0000,1,10000.0000,1,1,NULL,1.0000,1,0,1,0,1,1.0000,1,0,0,0),(1222,1160,1,56.0000,0.0000,1,0,0,1,1.0000,1,10000.0000,1,1,NULL,1.0000,1,0,1,0,1,1.0000,1,0,0,0),(1223,1161,1,56.0000,0.0000,1,0,0,1,1.0000,1,10000.0000,1,1,NULL,1.0000,1,0,1,0,1,1.0000,1,0,0,0),(1224,1162,1,35.0000,0.0000,1,0,0,1,1.0000,1,10000.0000,1,1,NULL,1.0000,1,0,1,0,1,1.0000,1,0,0,0),(1225,1163,1,35.0000,0.0000,1,0,0,1,1.0000,1,10000.0000,1,1,NULL,1.0000,1,0,1,0,1,1.0000,1,0,0,0),(1226,1164,1,34.0000,0.0000,1,0,0,1,1.0000,1,10000.0000,1,1,NULL,1.0000,1,0,1,0,1,1.0000,1,0,0,0),(1227,1165,1,34.0000,0.0000,1,0,0,1,1.0000,1,10000.0000,1,1,NULL,1.0000,1,0,1,0,1,1.0000,1,0,0,0),(1228,1166,1,34.0000,0.0000,1,0,0,1,1.0000,1,10000.0000,1,1,NULL,1.0000,1,0,1,0,1,1.0000,1,0,0,0),(1229,1167,1,45.0000,0.0000,1,0,0,1,1.0000,1,10000.0000,1,1,NULL,1.0000,1,0,1,0,1,1.0000,1,0,0,0),(1230,1168,1,45.0000,0.0000,1,0,0,1,1.0000,1,10000.0000,1,1,NULL,1.0000,1,0,1,0,1,1.0000,1,0,0,0),(1231,1169,1,45.0000,0.0000,1,0,0,1,1.0000,1,10000.0000,1,1,NULL,1.0000,1,0,1,0,1,1.0000,1,0,0,0),(1232,1170,1,45.0000,0.0000,1,0,0,1,1.0000,1,10000.0000,1,1,NULL,1.0000,1,0,1,0,1,1.0000,1,0,0,0),(1233,1171,1,56.0000,0.0000,1,0,0,1,1.0000,1,10000.0000,1,1,NULL,1.0000,1,0,1,0,1,1.0000,1,0,0,0),(1234,1172,1,56.0000,0.0000,1,0,0,1,1.0000,1,10000.0000,1,1,NULL,1.0000,1,0,1,0,1,1.0000,1,0,0,0),(1235,1173,1,56.0000,0.0000,1,0,0,1,1.0000,1,10000.0000,1,1,NULL,1.0000,1,0,1,0,1,1.0000,1,0,0,0),(1236,1174,1,56.0000,0.0000,1,0,0,1,1.0000,1,10000.0000,1,1,NULL,1.0000,1,0,1,0,1,1.0000,1,0,0,0),(1237,1175,1,56.0000,0.0000,1,0,0,1,1.0000,1,10000.0000,1,1,NULL,1.0000,1,0,1,0,1,1.0000,1,0,0,0),(1238,1176,1,56.0000,0.0000,1,0,0,1,1.0000,1,10000.0000,1,1,NULL,1.0000,1,0,1,0,1,1.0000,1,0,0,0),(1239,1177,1,56.0000,0.0000,1,0,0,1,1.0000,1,10000.0000,1,1,NULL,1.0000,1,0,1,0,1,1.0000,1,0,0,0),(1240,1178,1,56.0000,0.0000,1,0,0,1,1.0000,1,10000.0000,1,1,NULL,1.0000,1,0,1,0,1,1.0000,1,0,0,0),(1241,1179,1,56.0000,0.0000,1,0,0,1,1.0000,1,10000.0000,1,1,NULL,1.0000,1,0,1,0,1,1.0000,1,0,0,0),(1242,1180,1,45.0000,0.0000,1,0,0,1,1.0000,1,10000.0000,1,1,NULL,1.0000,1,0,1,0,1,1.0000,1,0,0,0),(1243,1181,1,45.0000,0.0000,1,0,0,1,1.0000,1,10000.0000,1,1,NULL,1.0000,1,0,1,0,1,1.0000,1,0,0,0),(1244,1182,1,45.0000,0.0000,1,0,0,1,1.0000,1,10000.0000,1,1,NULL,1.0000,1,0,1,0,1,1.0000,1,0,0,0),(1245,1183,1,45.0000,0.0000,1,0,0,1,1.0000,1,10000.0000,1,1,NULL,1.0000,1,0,1,0,1,1.0000,1,0,0,0),(1246,1184,1,56.0000,0.0000,1,0,0,1,1.0000,1,10000.0000,1,1,NULL,1.0000,1,0,1,0,1,1.0000,1,0,0,0),(1247,1185,1,56.0000,0.0000,1,0,0,1,1.0000,1,10000.0000,1,1,NULL,1.0000,1,0,1,0,1,1.0000,1,0,0,0),(1248,1186,1,56.0000,0.0000,1,0,0,1,1.0000,1,10000.0000,1,1,NULL,1.0000,1,0,1,0,1,1.0000,1,0,0,0),(1249,1187,1,45.0000,0.0000,1,0,0,1,1.0000,1,10000.0000,1,1,NULL,1.0000,1,0,1,0,1,1.0000,1,0,0,0),(1250,1188,1,45.0000,0.0000,1,0,0,1,1.0000,1,10000.0000,1,1,NULL,1.0000,1,0,1,0,1,1.0000,1,0,0,0),(1251,1189,1,45.0000,0.0000,1,0,0,1,1.0000,1,10000.0000,1,1,NULL,1.0000,1,0,1,0,1,1.0000,1,0,0,0),(1252,1190,1,45.0000,0.0000,1,0,0,1,1.0000,1,10000.0000,1,1,NULL,1.0000,1,0,1,0,1,1.0000,1,0,0,0),(1253,1191,1,45.0000,0.0000,1,0,0,1,1.0000,1,10000.0000,1,1,NULL,1.0000,1,0,1,0,1,1.0000,1,0,0,0),(1254,1192,1,45.0000,0.0000,1,0,0,1,1.0000,1,10000.0000,1,1,NULL,1.0000,1,0,1,0,1,1.0000,1,0,0,0),(1255,1193,1,45.0000,0.0000,1,0,0,1,1.0000,1,10000.0000,1,1,NULL,1.0000,1,0,1,0,1,1.0000,1,0,0,0),(1256,1194,1,45.0000,0.0000,1,0,0,1,1.0000,1,10000.0000,1,1,NULL,1.0000,1,0,1,0,1,1.0000,1,0,0,0),(1257,1195,1,45.0000,0.0000,1,0,0,1,1.0000,1,10000.0000,1,1,NULL,1.0000,1,0,1,0,1,1.0000,1,0,0,0),(1258,1196,1,34.0000,0.0000,1,0,0,1,1.0000,1,10000.0000,1,1,NULL,1.0000,1,0,1,0,1,1.0000,1,0,0,0),(1259,1197,1,34.0000,0.0000,1,0,0,1,1.0000,1,10000.0000,1,1,NULL,1.0000,1,0,1,0,1,1.0000,1,0,0,0),(1260,1198,1,34.0000,0.0000,1,0,0,1,1.0000,1,10000.0000,1,1,NULL,1.0000,1,0,1,0,1,1.0000,1,0,0,0),(1261,1199,1,56.0000,0.0000,1,0,0,1,1.0000,1,10000.0000,1,1,NULL,1.0000,1,0,1,0,1,1.0000,1,0,0,0),(1262,1200,1,56.0000,0.0000,1,0,0,1,1.0000,1,10000.0000,1,1,NULL,1.0000,1,0,1,0,1,1.0000,1,0,0,0),(1263,1201,1,56.0000,0.0000,1,0,0,1,1.0000,1,10000.0000,1,1,NULL,1.0000,1,0,1,0,1,1.0000,1,0,0,0),(1264,1202,1,45.0000,0.0000,1,0,0,1,1.0000,1,10000.0000,1,1,NULL,1.0000,1,0,1,0,1,1.0000,1,0,0,0),(1265,1203,1,45.0000,0.0000,1,0,0,1,1.0000,1,10000.0000,1,1,NULL,1.0000,1,0,1,0,1,1.0000,1,0,0,0),(1266,1204,1,45.0000,0.0000,1,0,0,1,1.0000,1,10000.0000,1,1,NULL,1.0000,1,0,1,0,1,1.0000,1,0,0,0),(1267,1205,1,65.0000,0.0000,1,0,0,1,1.0000,1,10000.0000,1,1,NULL,1.0000,1,0,1,0,1,1.0000,1,0,0,0),(1268,1206,1,65.0000,0.0000,1,0,0,1,1.0000,1,10000.0000,1,1,NULL,1.0000,1,0,1,0,1,1.0000,1,0,0,0),(1269,1207,1,65.0000,0.0000,1,0,0,1,1.0000,1,10000.0000,1,1,NULL,1.0000,1,0,1,0,1,1.0000,1,0,0,0),(1270,1208,1,45.0000,0.0000,1,0,0,1,1.0000,1,10000.0000,1,1,NULL,1.0000,1,0,1,0,1,1.0000,1,0,0,0),(1271,1209,1,45.0000,0.0000,1,0,0,1,1.0000,1,10000.0000,1,1,NULL,1.0000,1,0,1,0,1,1.0000,1,0,0,0),(1272,1210,1,45.0000,0.0000,1,0,0,1,1.0000,1,10000.0000,1,1,NULL,1.0000,1,0,1,0,1,1.0000,1,0,0,0),(1273,1211,1,45.0000,0.0000,1,0,0,1,1.0000,1,10000.0000,1,1,NULL,1.0000,1,0,1,0,1,1.0000,1,0,0,0),(1274,1212,1,45.0000,0.0000,1,0,0,1,1.0000,1,10000.0000,1,1,NULL,1.0000,1,0,1,0,1,1.0000,1,0,0,0),(1275,1213,1,45.0000,0.0000,1,0,0,1,1.0000,1,10000.0000,1,1,NULL,1.0000,1,0,1,0,1,1.0000,1,0,0,0),(1276,1214,1,45.0000,0.0000,1,0,0,1,1.0000,1,10000.0000,1,1,NULL,1.0000,1,0,1,0,1,1.0000,1,0,0,0),(1277,1215,1,45.0000,0.0000,1,0,0,1,1.0000,1,10000.0000,1,1,NULL,1.0000,1,0,1,0,1,1.0000,1,0,0,0),(1278,1216,1,45.0000,0.0000,1,0,0,1,1.0000,1,10000.0000,1,1,NULL,1.0000,1,0,1,0,1,1.0000,1,0,0,0),(1279,1217,1,45.0000,0.0000,1,0,0,1,1.0000,1,10000.0000,1,1,NULL,1.0000,1,0,1,0,1,1.0000,1,0,0,0),(1280,1218,1,45.0000,0.0000,1,0,0,1,1.0000,1,10000.0000,1,1,NULL,1.0000,1,0,1,0,1,1.0000,1,0,0,0),(1281,1219,1,55.0000,0.0000,1,0,0,1,1.0000,1,10000.0000,1,1,NULL,1.0000,1,0,1,0,1,1.0000,1,0,0,0),(1282,1220,1,55.0000,0.0000,1,0,0,1,1.0000,1,10000.0000,1,1,NULL,1.0000,1,0,1,0,1,1.0000,1,0,0,0),(1283,1221,1,55.0000,0.0000,1,0,0,1,1.0000,1,10000.0000,1,1,NULL,1.0000,1,0,1,0,1,1.0000,1,0,0,0),(1284,1222,1,65.0000,0.0000,1,0,0,1,1.0000,1,10000.0000,1,1,NULL,1.0000,1,0,1,0,1,1.0000,1,0,0,0),(1285,1223,1,65.0000,0.0000,1,0,0,1,1.0000,1,10000.0000,1,1,NULL,1.0000,1,0,1,0,1,1.0000,1,0,0,0),(1286,1224,1,65.0000,0.0000,1,0,0,1,1.0000,1,10000.0000,1,1,NULL,1.0000,1,0,1,0,1,1.0000,1,0,0,0),(1287,1225,1,65.0000,0.0000,1,0,0,1,1.0000,1,10000.0000,1,1,NULL,1.0000,1,0,1,0,1,1.0000,1,0,0,0),(1288,1226,1,65.0000,0.0000,1,0,0,1,1.0000,1,10000.0000,1,1,NULL,1.0000,1,0,1,0,1,1.0000,1,0,0,0),(1289,1227,1,65.0000,0.0000,1,0,0,1,1.0000,1,10000.0000,1,1,NULL,1.0000,1,0,1,0,1,1.0000,1,0,0,0),(1290,1228,1,65.0000,0.0000,1,0,0,1,1.0000,1,10000.0000,1,1,NULL,1.0000,1,0,1,0,1,1.0000,1,0,0,0),(1291,1229,1,65.0000,0.0000,1,0,0,1,1.0000,1,10000.0000,1,1,NULL,1.0000,1,0,1,0,1,1.0000,1,0,0,0),(1292,1230,1,65.0000,0.0000,1,0,0,1,1.0000,1,10000.0000,1,1,NULL,1.0000,1,0,1,0,1,1.0000,1,0,0,0),(1293,1231,1,67.0000,0.0000,1,0,0,1,1.0000,1,10000.0000,1,1,NULL,1.0000,1,0,1,0,1,1.0000,1,0,0,0),(1294,1232,1,67.0000,0.0000,1,0,0,1,1.0000,1,10000.0000,1,1,NULL,1.0000,1,0,1,0,1,1.0000,1,0,0,0),(1295,1233,1,67.0000,0.0000,1,0,0,1,1.0000,1,10000.0000,1,1,NULL,1.0000,1,0,1,0,1,1.0000,1,0,0,0),(1296,1234,1,67.0000,0.0000,1,0,0,1,1.0000,1,10000.0000,1,1,NULL,1.0000,1,0,1,0,1,1.0000,1,0,0,0),(1297,1235,1,67.0000,0.0000,1,0,0,1,1.0000,1,10000.0000,1,1,NULL,1.0000,1,0,1,0,1,1.0000,1,0,0,0),(1298,1236,1,67.0000,0.0000,1,0,0,1,1.0000,1,10000.0000,1,1,NULL,1.0000,1,0,1,0,1,1.0000,1,0,0,0),(1299,1237,1,67.0000,0.0000,1,0,0,1,1.0000,1,10000.0000,1,1,NULL,1.0000,1,0,1,0,1,1.0000,1,0,0,0),(1300,1238,1,67.0000,0.0000,1,0,0,1,1.0000,1,10000.0000,1,1,NULL,1.0000,1,0,1,0,1,1.0000,1,0,0,0),(1301,1239,1,67.0000,0.0000,1,0,0,1,1.0000,1,10000.0000,1,1,NULL,1.0000,1,0,1,0,1,1.0000,1,0,0,0),(1302,1240,1,67.0000,0.0000,1,0,0,1,1.0000,1,10000.0000,1,1,NULL,1.0000,1,0,1,0,1,1.0000,1,0,0,0),(1303,1241,1,67.0000,0.0000,1,0,0,1,1.0000,1,10000.0000,1,1,NULL,1.0000,1,0,1,0,1,1.0000,1,0,0,0),(1304,1242,1,67.0000,0.0000,1,0,0,1,1.0000,1,10000.0000,1,1,NULL,1.0000,1,0,1,0,1,1.0000,1,0,0,0),(1305,1243,1,67.0000,0.0000,1,0,0,1,1.0000,1,10000.0000,1,1,NULL,1.0000,1,0,1,0,1,1.0000,1,0,0,0),(1306,1244,1,67.0000,0.0000,1,0,0,1,1.0000,1,10000.0000,1,1,NULL,1.0000,1,0,1,0,1,1.0000,1,0,0,0),(1307,1245,1,67.0000,0.0000,1,0,0,1,1.0000,1,10000.0000,1,1,NULL,1.0000,1,0,1,0,1,1.0000,1,0,0,0),(1308,1246,1,67.0000,0.0000,1,0,0,1,1.0000,1,10000.0000,1,1,NULL,1.0000,1,0,1,0,1,1.0000,1,0,0,0),(1309,1247,1,56.0000,0.0000,1,0,0,1,1.0000,1,10000.0000,1,1,NULL,1.0000,1,0,1,0,1,1.0000,1,0,0,0),(1310,1248,1,56.0000,0.0000,1,0,0,1,1.0000,1,10000.0000,1,1,NULL,1.0000,1,0,1,0,1,1.0000,1,0,0,0),(1311,1249,1,56.0000,0.0000,1,0,0,1,1.0000,1,10000.0000,1,1,NULL,1.0000,1,0,1,0,1,1.0000,1,0,0,0),(1312,1250,1,56.0000,0.0000,1,0,0,1,1.0000,1,10000.0000,1,1,NULL,1.0000,1,0,1,0,1,1.0000,1,0,0,0),(1313,1251,1,56.0000,0.0000,1,0,0,1,1.0000,1,10000.0000,1,1,NULL,1.0000,1,0,1,0,1,1.0000,1,0,0,0),(1314,1252,1,56.0000,0.0000,1,0,0,1,1.0000,1,10000.0000,1,1,NULL,1.0000,1,0,1,0,1,1.0000,1,0,0,0),(1315,1253,1,56.0000,0.0000,1,0,0,1,1.0000,1,10000.0000,1,1,NULL,1.0000,1,0,1,0,1,1.0000,1,0,0,0),(1316,1254,1,56.0000,0.0000,1,0,0,1,1.0000,1,10000.0000,1,1,NULL,1.0000,1,0,1,0,1,1.0000,1,0,0,0),(1317,1255,1,56.0000,0.0000,1,0,0,1,1.0000,1,10000.0000,1,1,NULL,1.0000,1,0,1,0,1,1.0000,1,0,0,0),(1318,1256,1,56.0000,0.0000,1,0,0,1,1.0000,1,10000.0000,1,1,NULL,1.0000,1,0,1,0,1,1.0000,1,0,0,0),(1319,1257,1,45.0000,0.0000,1,0,0,1,1.0000,1,10000.0000,1,1,NULL,1.0000,1,0,1,0,1,1.0000,1,0,0,0),(1320,1258,1,45.0000,0.0000,1,0,0,1,1.0000,1,10000.0000,1,1,NULL,1.0000,1,0,1,0,1,1.0000,1,0,0,0),(1321,1259,1,45.0000,0.0000,1,0,0,1,1.0000,1,10000.0000,1,1,NULL,1.0000,1,0,1,0,1,1.0000,1,0,0,0),(1322,1260,1,45.0000,0.0000,1,0,0,1,1.0000,1,10000.0000,1,1,NULL,1.0000,1,0,1,0,1,1.0000,1,0,0,0),(1323,1261,1,56.0000,0.0000,1,0,0,1,1.0000,1,10000.0000,1,1,NULL,1.0000,1,0,1,0,1,1.0000,1,0,0,0),(1324,1262,1,56.0000,0.0000,1,0,0,1,1.0000,1,10000.0000,1,1,NULL,1.0000,1,0,1,0,1,1.0000,1,0,0,0),(1325,1263,1,56.0000,0.0000,1,0,0,1,1.0000,1,10000.0000,1,1,NULL,1.0000,1,0,1,0,1,1.0000,1,0,0,0),(1326,1264,1,56.0000,0.0000,1,0,0,1,1.0000,1,10000.0000,1,1,NULL,1.0000,1,0,1,0,1,1.0000,1,0,0,0),(1327,1265,1,56.0000,0.0000,1,0,0,1,1.0000,1,10000.0000,1,1,NULL,1.0000,1,0,1,0,1,1.0000,1,0,0,0),(1328,1266,1,67.0000,0.0000,1,0,0,1,1.0000,1,10000.0000,1,1,NULL,1.0000,1,0,1,0,1,1.0000,1,0,0,0),(1329,1267,1,67.0000,0.0000,1,0,0,1,1.0000,1,10000.0000,1,1,NULL,1.0000,1,0,1,0,1,1.0000,1,0,0,0),(1330,1268,1,67.0000,0.0000,1,0,0,1,1.0000,1,10000.0000,1,1,NULL,1.0000,1,0,1,0,1,1.0000,1,0,0,0),(1331,1269,1,67.0000,0.0000,1,0,0,1,1.0000,1,10000.0000,1,1,NULL,1.0000,1,0,1,0,1,1.0000,1,0,0,0),(1332,1270,1,67.0000,0.0000,1,0,0,1,1.0000,1,10000.0000,1,1,NULL,1.0000,1,0,1,0,1,1.0000,1,0,0,0),(1333,1271,1,67.0000,0.0000,1,0,0,1,1.0000,1,10000.0000,1,1,NULL,1.0000,1,0,1,0,1,1.0000,1,0,0,0),(1334,1272,1,66.0000,0.0000,1,0,0,1,1.0000,1,10000.0000,1,1,NULL,1.0000,1,0,1,0,1,1.0000,1,0,0,0),(1335,1273,1,66.0000,0.0000,1,0,0,1,1.0000,1,10000.0000,1,1,NULL,1.0000,1,0,1,0,1,1.0000,1,0,0,0),(1336,1274,1,66.0000,0.0000,1,0,0,1,1.0000,1,10000.0000,1,1,NULL,1.0000,1,0,1,0,1,1.0000,1,0,0,0),(1337,1275,1,66.0000,0.0000,1,0,0,1,1.0000,1,10000.0000,1,1,NULL,1.0000,1,0,1,0,1,1.0000,1,0,0,0),(1338,1276,1,66.0000,0.0000,1,0,0,1,1.0000,1,10000.0000,1,1,NULL,1.0000,1,0,1,0,1,1.0000,1,0,0,0),(1339,1277,1,66.0000,0.0000,1,0,0,1,1.0000,1,10000.0000,1,1,NULL,1.0000,1,0,1,0,1,1.0000,1,0,0,0),(1340,1278,1,66.0000,0.0000,1,0,0,1,1.0000,1,10000.0000,1,1,NULL,1.0000,1,0,1,0,1,1.0000,1,0,0,0),(1341,1279,1,66.0000,0.0000,1,0,0,1,1.0000,1,10000.0000,1,1,NULL,1.0000,1,0,1,0,1,1.0000,1,0,0,0),(1342,1280,1,67.0000,0.0000,1,0,0,1,1.0000,1,10000.0000,1,1,NULL,1.0000,1,0,1,0,1,1.0000,1,0,0,0),(1343,1281,1,67.0000,0.0000,1,0,0,1,1.0000,1,10000.0000,1,1,NULL,1.0000,1,0,1,0,1,1.0000,1,0,0,0),(1344,1282,1,67.0000,0.0000,1,0,0,1,1.0000,1,10000.0000,1,1,NULL,1.0000,1,0,1,0,1,1.0000,1,0,0,0),(1345,1283,1,67.0000,0.0000,1,0,0,1,1.0000,1,10000.0000,1,1,NULL,1.0000,1,0,1,0,1,1.0000,1,0,0,0),(1346,1284,1,55.0000,0.0000,1,0,0,1,1.0000,1,10000.0000,1,1,NULL,1.0000,1,0,1,0,1,1.0000,1,0,0,0),(1347,1285,1,55.0000,0.0000,1,0,0,1,1.0000,1,10000.0000,1,1,NULL,1.0000,1,0,1,0,1,1.0000,1,0,0,0),(1348,1286,1,55.0000,0.0000,1,0,0,1,1.0000,1,10000.0000,1,1,NULL,1.0000,1,0,1,0,1,1.0000,1,0,0,0),(1349,1287,1,56.0000,0.0000,1,0,0,1,1.0000,1,10000.0000,1,1,NULL,1.0000,1,0,1,0,1,1.0000,1,0,0,0),(1350,1288,1,56.0000,0.0000,1,0,0,1,1.0000,1,10000.0000,1,1,NULL,1.0000,1,0,1,0,1,1.0000,1,0,0,0),(1351,1289,1,56.0000,0.0000,1,0,0,1,1.0000,1,10000.0000,1,1,NULL,1.0000,1,0,1,0,1,1.0000,1,0,0,0),(1352,1290,1,56.0000,0.0000,1,0,0,1,1.0000,1,10000.0000,1,1,NULL,1.0000,1,0,1,0,1,1.0000,1,0,0,0),(1353,1291,1,56.0000,0.0000,1,0,0,1,1.0000,1,10000.0000,1,1,NULL,1.0000,1,0,1,0,1,1.0000,1,0,0,0),(1354,1292,1,56.0000,0.0000,1,0,0,1,1.0000,1,10000.0000,1,1,NULL,1.0000,1,0,1,0,1,1.0000,1,0,0,0),(1355,1293,1,55.0000,0.0000,1,0,0,1,1.0000,1,10000.0000,1,1,NULL,1.0000,1,0,1,0,1,1.0000,1,0,0,0),(1356,1294,1,55.0000,0.0000,1,0,0,1,1.0000,1,10000.0000,1,1,NULL,1.0000,1,0,1,0,1,1.0000,1,0,0,0),(1357,1295,1,55.0000,0.0000,1,0,0,1,1.0000,1,10000.0000,1,1,NULL,1.0000,1,0,1,0,1,1.0000,1,0,0,0),(1358,1296,1,56.0000,0.0000,1,0,0,1,1.0000,1,10000.0000,1,1,NULL,1.0000,1,0,1,0,1,1.0000,1,0,0,0),(1359,1297,1,56.0000,0.0000,1,0,0,1,1.0000,1,10000.0000,1,1,NULL,1.0000,1,0,1,0,1,1.0000,1,0,0,0),(1360,1298,1,56.0000,0.0000,1,0,0,1,1.0000,1,10000.0000,1,1,NULL,1.0000,1,0,1,0,1,1.0000,1,0,0,0),(1361,1299,1,45.0000,0.0000,1,0,0,1,1.0000,1,10000.0000,1,1,NULL,1.0000,1,0,1,0,1,1.0000,1,0,0,0),(1362,1300,1,45.0000,0.0000,1,0,0,1,1.0000,1,10000.0000,1,1,NULL,1.0000,1,0,1,0,1,1.0000,1,0,0,0),(1363,1301,1,45.0000,0.0000,1,0,0,1,1.0000,1,10000.0000,1,1,NULL,1.0000,1,0,1,0,1,1.0000,1,0,0,0),(1364,1302,1,56.0000,0.0000,1,0,0,1,1.0000,1,10000.0000,1,1,NULL,1.0000,1,0,1,0,1,1.0000,1,0,0,0),(1365,1303,1,56.0000,0.0000,1,0,0,1,1.0000,1,10000.0000,1,1,NULL,1.0000,1,0,1,0,1,1.0000,1,0,0,0),(1366,1304,1,56.0000,0.0000,1,0,0,1,1.0000,1,10000.0000,1,1,NULL,1.0000,1,0,1,0,1,1.0000,1,0,0,0),(1367,1305,1,56.0000,0.0000,1,0,0,1,1.0000,1,10000.0000,1,1,NULL,1.0000,1,0,1,0,1,1.0000,1,0,0,0),(1368,1306,1,56.0000,0.0000,1,0,0,1,1.0000,1,10000.0000,1,1,NULL,1.0000,1,0,1,0,1,1.0000,1,0,0,0),(1369,1307,1,56.0000,0.0000,1,0,0,1,1.0000,1,10000.0000,1,1,NULL,1.0000,1,0,1,0,1,1.0000,1,0,0,0),(1370,1308,1,45.0000,0.0000,1,0,0,1,1.0000,1,10000.0000,1,1,NULL,1.0000,1,0,1,0,1,1.0000,1,0,0,0),(1371,1309,1,56.0000,0.0000,1,0,0,1,1.0000,1,10000.0000,1,1,NULL,1.0000,1,0,1,0,1,1.0000,1,0,0,0),(1372,1310,1,56.0000,0.0000,1,0,0,1,1.0000,1,10000.0000,1,1,NULL,1.0000,1,0,1,0,1,1.0000,1,0,0,0),(1373,1311,1,45.0000,0.0000,1,0,0,1,1.0000,1,10000.0000,1,1,NULL,1.0000,1,0,1,0,1,1.0000,1,0,0,0),(1374,1312,1,57.0000,0.0000,1,0,0,1,1.0000,1,10000.0000,1,1,NULL,1.0000,1,0,1,0,1,1.0000,1,0,0,0),(1375,1313,1,57.0000,0.0000,1,0,0,1,1.0000,1,10000.0000,1,1,NULL,1.0000,1,0,1,0,1,1.0000,1,0,0,0),(1376,1314,1,56.0000,0.0000,1,0,0,1,1.0000,1,10000.0000,1,1,NULL,1.0000,1,0,1,0,1,1.0000,1,0,0,0),(1377,1315,1,56.0000,0.0000,1,0,0,1,1.0000,1,10000.0000,1,1,NULL,1.0000,1,0,1,0,1,1.0000,1,0,0,0),(1378,1316,1,56.0000,0.0000,1,0,0,1,1.0000,1,10000.0000,1,1,NULL,1.0000,1,0,1,0,1,1.0000,1,0,0,0),(1379,1317,1,58.0000,0.0000,1,0,0,1,1.0000,1,10000.0000,1,1,NULL,1.0000,1,0,1,0,1,1.0000,1,0,0,0),(1380,1318,1,56.0000,0.0000,1,0,0,1,1.0000,1,10000.0000,1,1,NULL,1.0000,1,0,1,0,1,1.0000,1,0,0,0),(1381,1319,1,57.0000,0.0000,1,0,0,1,1.0000,1,10000.0000,1,1,NULL,1.0000,1,0,1,0,1,1.0000,1,0,0,0),(1382,1320,1,68.0000,0.0000,1,0,0,1,1.0000,1,10000.0000,1,1,NULL,1.0000,1,0,1,0,1,1.0000,1,0,0,0),(1383,1321,1,60.0000,0.0000,1,0,0,1,1.0000,1,10000.0000,1,1,NULL,1.0000,1,0,1,0,1,1.0000,1,0,0,0),(1384,1322,1,58.0000,0.0000,1,0,0,1,1.0000,1,10000.0000,1,1,NULL,1.0000,1,0,1,0,1,1.0000,1,0,0,0),(1385,1323,1,58.0000,0.0000,1,0,0,1,1.0000,1,10000.0000,1,1,NULL,1.0000,1,0,1,0,1,1.0000,1,0,0,0),(1386,1324,1,58.0000,0.0000,1,0,0,1,1.0000,1,10000.0000,1,1,NULL,1.0000,1,0,1,0,1,1.0000,1,0,0,0),(1387,1325,1,45.0000,0.0000,1,0,0,1,1.0000,1,10000.0000,1,1,NULL,1.0000,1,0,1,0,1,1.0000,1,0,0,0),(1388,1326,1,45.0000,0.0000,1,0,0,1,1.0000,1,10000.0000,1,1,NULL,1.0000,1,0,1,0,1,1.0000,1,0,0,0),(1389,1327,1,57.0000,0.0000,1,0,0,1,1.0000,1,10000.0000,1,1,NULL,1.0000,1,0,1,0,1,1.0000,1,0,0,0),(1390,1328,1,57.0000,0.0000,1,0,0,1,1.0000,1,10000.0000,1,1,NULL,1.0000,1,0,1,0,1,1.0000,1,0,0,0),(1391,1329,1,57.0000,0.0000,1,0,0,1,1.0000,1,10000.0000,1,1,NULL,1.0000,1,0,1,0,1,1.0000,1,0,0,0),(1392,1330,1,57.0000,0.0000,1,0,0,1,1.0000,1,10000.0000,1,1,NULL,1.0000,1,0,1,0,1,1.0000,1,0,0,0),(1393,1331,1,67.0000,0.0000,1,0,0,1,1.0000,1,10000.0000,1,1,NULL,1.0000,1,0,1,0,1,1.0000,1,0,0,0),(1394,1332,1,57.0000,0.0000,1,0,0,1,1.0000,1,10000.0000,1,1,NULL,1.0000,1,0,1,0,1,1.0000,1,0,0,0),(1395,1333,1,NULL,0.0000,1,0,0,1,1.0000,1,10000.0000,1,0,'2019-03-06 10:04:46',1.0000,1,0,1,0,1,1.0000,1,0,0,0),(1396,1334,1,NULL,0.0000,1,0,0,1,1.0000,1,10000.0000,1,0,'2019-03-06 10:04:48',1.0000,1,0,1,0,1,1.0000,1,0,0,0),(1397,1335,1,NULL,0.0000,1,0,0,1,1.0000,1,10000.0000,1,0,'2019-03-06 10:04:48',1.0000,1,0,1,0,1,1.0000,1,0,0,0),(1398,1336,1,NULL,0.0000,1,0,0,1,1.0000,1,10000.0000,1,0,'2019-03-06 10:04:49',1.0000,1,0,1,0,1,1.0000,1,0,0,0),(1399,1337,1,NULL,0.0000,1,0,0,1,1.0000,1,10000.0000,1,0,'2019-03-06 10:04:50',1.0000,1,0,1,0,1,1.0000,1,0,0,0),(1400,1338,1,NULL,0.0000,1,0,0,1,1.0000,1,10000.0000,1,0,'2019-03-06 10:04:50',1.0000,1,0,1,0,1,1.0000,1,0,0,0),(1401,1339,1,NULL,0.0000,1,0,0,1,1.0000,1,10000.0000,1,0,'2019-03-06 10:04:51',1.0000,1,0,1,0,1,1.0000,1,0,0,0),(1402,1340,1,NULL,0.0000,1,0,0,1,1.0000,1,10000.0000,1,0,'2019-03-06 10:04:52',1.0000,1,0,1,0,1,1.0000,1,0,0,0),(1403,1341,1,NULL,0.0000,1,0,0,1,1.0000,1,10000.0000,1,0,'2019-03-06 10:04:53',1.0000,1,0,1,0,1,1.0000,1,0,0,0),(1405,1343,1,67.0000,0.0000,1,0,0,1,1.0000,1,10000.0000,1,1,NULL,1.0000,1,0,1,0,1,1.0000,1,0,0,0),(1406,1344,1,67.0000,0.0000,1,0,0,1,1.0000,1,10000.0000,1,1,NULL,1.0000,1,0,1,0,1,1.0000,1,0,0,0),(1407,1345,1,NULL,0.0000,1,0,0,1,1.0000,1,10000.0000,1,0,'2019-03-06 12:21:31',1.0000,1,0,1,0,1,1.0000,1,0,0,0),(1408,1346,1,NULL,0.0000,1,0,0,1,1.0000,1,10000.0000,1,0,'2019-03-06 12:21:34',1.0000,1,0,1,0,1,1.0000,1,0,0,0),(1409,1347,1,NULL,0.0000,1,0,0,1,1.0000,1,10000.0000,1,0,'2019-03-06 12:21:37',1.0000,1,0,1,0,1,1.0000,1,0,0,0),(1410,1348,1,NULL,0.0000,1,0,0,1,1.0000,1,10000.0000,1,0,'2019-03-06 12:21:39',1.0000,1,0,1,0,1,1.0000,1,0,0,0),(1411,1349,1,NULL,0.0000,1,0,0,1,1.0000,1,10000.0000,1,0,'2019-03-06 12:21:42',1.0000,1,0,1,0,1,1.0000,1,0,0,0),(1412,1350,1,NULL,0.0000,1,0,0,1,1.0000,1,10000.0000,1,0,'2019-03-06 12:21:45',1.0000,1,0,1,0,1,1.0000,1,0,0,0),(1413,1351,1,0.0000,0.0000,1,0,0,1,1.0000,1,10000.0000,1,1,'2019-03-06 12:24:48',1.0000,1,0,1,0,1,1.0000,1,0,0,0),(1414,1352,1,NULL,0.0000,1,0,0,1,1.0000,1,10000.0000,1,0,'2019-03-06 10:48:28',1.0000,1,0,1,0,1,1.0000,1,0,0,0),(1415,1353,1,NULL,0.0000,1,0,0,1,1.0000,1,10000.0000,1,0,'2019-03-06 10:48:29',1.0000,1,0,1,0,1,1.0000,1,0,0,0),(1416,1354,1,NULL,0.0000,1,0,0,1,1.0000,1,10000.0000,1,0,'2019-03-06 10:48:30',1.0000,1,0,1,0,1,1.0000,1,0,0,0),(1417,1355,1,NULL,0.0000,1,0,0,1,1.0000,1,10000.0000,1,0,'2019-03-06 10:48:31',1.0000,1,0,1,0,1,1.0000,1,0,0,0),(1418,1356,1,NULL,0.0000,1,0,0,1,1.0000,1,10000.0000,1,0,'2019-03-06 10:48:31',1.0000,1,0,1,0,1,1.0000,1,0,0,0),(1419,1357,1,NULL,0.0000,1,0,0,1,1.0000,1,10000.0000,1,0,'2019-03-06 10:48:32',1.0000,1,0,1,0,1,1.0000,1,0,0,0),(1420,1358,1,NULL,0.0000,1,0,0,1,1.0000,1,10000.0000,1,0,'2019-03-06 10:48:32',1.0000,1,0,1,0,1,1.0000,1,0,0,0),(1421,1359,1,NULL,0.0000,1,0,0,1,1.0000,1,10000.0000,1,0,'2019-03-06 10:48:33',1.0000,1,0,1,0,1,1.0000,1,0,0,0),(1422,1360,1,NULL,0.0000,1,0,0,1,1.0000,1,10000.0000,1,0,'2019-03-06 10:48:33',1.0000,1,0,1,0,1,1.0000,1,0,0,0),(1423,1361,1,NULL,0.0000,1,0,0,1,1.0000,1,10000.0000,1,0,'2019-03-06 10:48:34',1.0000,1,0,1,0,1,1.0000,1,0,0,0),(1424,1362,1,NULL,0.0000,1,0,0,1,1.0000,1,10000.0000,1,0,'2019-03-06 10:48:35',1.0000,1,0,1,0,1,1.0000,1,0,0,0),(1425,1363,1,NULL,0.0000,1,0,0,1,1.0000,1,10000.0000,1,0,'2019-03-06 10:48:35',1.0000,1,0,1,0,1,1.0000,1,0,0,0),(1426,1364,1,NULL,0.0000,1,0,0,1,1.0000,1,10000.0000,1,0,'2019-03-06 10:48:36',1.0000,1,0,1,0,1,1.0000,1,0,0,0),(1427,1365,1,NULL,0.0000,1,0,0,1,1.0000,1,10000.0000,1,0,'2019-03-06 10:48:36',1.0000,1,0,1,0,1,1.0000,1,0,0,0),(1428,1366,1,NULL,0.0000,1,0,0,1,1.0000,1,10000.0000,1,0,'2019-03-06 10:48:37',1.0000,1,0,1,0,1,1.0000,1,0,0,0),(1429,1367,1,NULL,0.0000,1,0,0,1,1.0000,1,10000.0000,1,0,'2019-03-06 10:48:38',1.0000,1,0,1,0,1,1.0000,1,0,0,0),(1430,1368,1,NULL,0.0000,1,0,0,1,1.0000,1,10000.0000,1,0,'2019-03-06 10:48:38',1.0000,1,0,1,0,1,1.0000,1,0,0,0),(1431,1369,1,NULL,0.0000,1,0,0,1,1.0000,1,10000.0000,1,0,'2019-03-06 10:48:39',1.0000,1,0,1,0,1,1.0000,1,0,0,0),(1432,1370,1,NULL,0.0000,1,0,0,1,1.0000,1,10000.0000,1,0,'2019-03-06 10:48:39',1.0000,1,0,1,0,1,1.0000,1,0,0,0),(1433,1371,1,NULL,0.0000,1,0,0,1,1.0000,1,10000.0000,1,0,'2019-03-06 10:48:40',1.0000,1,0,1,0,1,1.0000,1,0,0,0),(1434,1372,1,NULL,0.0000,1,0,0,1,1.0000,1,10000.0000,1,0,'2019-03-06 10:48:40',1.0000,1,0,1,0,1,1.0000,1,0,0,0),(1435,1373,1,NULL,0.0000,1,0,0,1,1.0000,1,10000.0000,1,0,'2019-03-06 10:48:40',1.0000,1,0,1,0,1,1.0000,1,0,0,0),(1436,1374,1,NULL,0.0000,1,0,0,1,1.0000,1,10000.0000,1,0,'2019-03-06 10:48:41',1.0000,1,0,1,0,1,1.0000,1,0,0,0),(1437,1375,1,NULL,0.0000,1,0,0,1,1.0000,1,10000.0000,1,0,'2019-03-06 10:48:41',1.0000,1,0,1,0,1,1.0000,1,0,0,0),(1438,1376,1,NULL,0.0000,1,0,0,1,1.0000,1,10000.0000,1,0,'2019-03-06 10:48:42',1.0000,1,0,1,0,1,1.0000,1,0,0,0),(1439,1377,1,NULL,0.0000,1,0,0,1,1.0000,1,10000.0000,1,0,'2019-03-06 10:48:43',1.0000,1,0,1,0,1,1.0000,1,0,0,0),(1440,1378,1,NULL,0.0000,1,0,0,1,1.0000,1,10000.0000,1,0,'2019-03-06 10:48:44',1.0000,1,0,1,0,1,1.0000,1,0,0,0),(1441,1379,1,NULL,0.0000,1,0,0,1,1.0000,1,10000.0000,1,0,'2019-03-06 10:48:45',1.0000,1,0,1,0,1,1.0000,1,0,0,0),(1442,1380,1,NULL,0.0000,1,0,0,1,1.0000,1,10000.0000,1,0,'2019-03-06 10:48:45',1.0000,1,0,1,0,1,1.0000,1,0,0,0),(1443,1381,1,NULL,0.0000,1,0,0,1,1.0000,1,10000.0000,1,0,'2019-03-06 10:48:46',1.0000,1,0,1,0,1,1.0000,1,0,0,0),(1445,1383,1,NULL,0.0000,1,0,0,1,1.0000,1,10000.0000,1,0,'2019-03-06 11:18:31',1.0000,1,0,1,0,1,1.0000,1,0,0,0),(1446,1384,1,NULL,0.0000,1,0,0,1,1.0000,1,10000.0000,1,0,'2019-03-06 11:18:36',1.0000,1,0,1,0,1,1.0000,1,0,0,0),(1447,1385,1,NULL,0.0000,1,0,0,1,1.0000,1,10000.0000,1,0,'2019-03-06 11:18:37',1.0000,1,0,1,0,1,1.0000,1,0,0,0),(1448,1386,1,NULL,0.0000,1,0,0,1,1.0000,1,10000.0000,1,0,'2019-03-06 11:18:39',1.0000,1,0,1,0,1,1.0000,1,0,0,0),(1449,1387,1,NULL,0.0000,1,0,0,1,1.0000,1,10000.0000,1,0,'2019-03-06 11:18:40',1.0000,1,0,1,0,1,1.0000,1,0,0,0),(1450,1388,1,NULL,0.0000,1,0,0,1,1.0000,1,10000.0000,1,0,'2019-03-06 11:18:41',1.0000,1,0,1,0,1,1.0000,1,0,0,0),(1451,1389,1,NULL,0.0000,1,0,0,1,1.0000,1,10000.0000,1,0,'2019-03-06 11:18:43',1.0000,1,0,1,0,1,1.0000,1,0,0,0),(1452,1390,1,NULL,0.0000,1,0,0,1,1.0000,1,10000.0000,1,0,'2019-03-06 11:18:44',1.0000,1,0,1,0,1,1.0000,1,0,0,0),(1453,1391,1,NULL,0.0000,1,0,0,1,1.0000,1,10000.0000,1,0,'2019-03-06 11:18:45',1.0000,1,0,1,0,1,1.0000,1,0,0,0),(1454,1392,1,NULL,0.0000,1,0,0,1,1.0000,1,10000.0000,1,0,'2019-03-06 11:18:47',1.0000,1,0,1,0,1,1.0000,1,0,0,0),(1455,1393,1,NULL,0.0000,1,0,0,1,1.0000,1,10000.0000,1,0,'2019-03-06 11:18:48',1.0000,1,0,1,0,1,1.0000,1,0,0,0),(1456,1394,1,NULL,0.0000,1,0,0,1,1.0000,1,10000.0000,1,0,'2019-03-06 11:18:49',1.0000,1,0,1,0,1,1.0000,1,0,0,0),(1457,1395,1,NULL,0.0000,1,0,0,1,1.0000,1,10000.0000,1,0,'2019-03-06 11:18:51',1.0000,1,0,1,0,1,1.0000,1,0,0,0),(1458,1396,1,NULL,0.0000,1,0,0,1,1.0000,1,10000.0000,1,0,'2019-03-06 11:18:52',1.0000,1,0,1,0,1,1.0000,1,0,0,0),(1459,1397,1,NULL,0.0000,1,0,0,1,1.0000,1,10000.0000,1,0,'2019-03-06 11:18:53',1.0000,1,0,1,0,1,1.0000,1,0,0,0),(1460,1398,1,NULL,0.0000,1,0,0,1,1.0000,1,10000.0000,1,0,'2019-03-06 11:18:54',1.0000,1,0,1,0,1,1.0000,1,0,0,0),(1461,1399,1,NULL,0.0000,1,0,0,1,1.0000,1,10000.0000,1,0,'2019-03-06 11:18:56',1.0000,1,0,1,0,1,1.0000,1,0,0,0),(1462,1400,1,NULL,0.0000,1,0,0,1,1.0000,1,10000.0000,1,0,'2019-03-06 11:18:57',1.0000,1,0,1,0,1,1.0000,1,0,0,0),(1463,1401,1,NULL,0.0000,1,0,0,1,1.0000,1,10000.0000,1,0,'2019-03-06 11:18:58',1.0000,1,0,1,0,1,1.0000,1,0,0,0),(1464,1402,1,NULL,0.0000,1,0,0,1,1.0000,1,10000.0000,1,0,'2019-03-06 11:19:00',1.0000,1,0,1,0,1,1.0000,1,0,0,0),(1465,1403,1,NULL,0.0000,1,0,0,1,1.0000,1,10000.0000,1,0,'2019-03-06 11:19:01',1.0000,1,0,1,0,1,1.0000,1,0,0,0),(1466,1404,1,NULL,0.0000,1,0,0,1,1.0000,1,10000.0000,1,0,'2019-03-06 11:19:02',1.0000,1,0,1,0,1,1.0000,1,0,0,0),(1467,1405,1,NULL,0.0000,1,0,0,1,1.0000,1,10000.0000,1,0,'2019-03-06 11:19:04',1.0000,1,0,1,0,1,1.0000,1,0,0,0),(1468,1406,1,NULL,0.0000,1,0,0,1,1.0000,1,10000.0000,1,0,'2019-03-06 11:19:05',1.0000,1,0,1,0,1,1.0000,1,0,0,0),(1469,1407,1,NULL,0.0000,1,0,0,1,1.0000,1,10000.0000,1,0,'2019-03-06 11:19:06',1.0000,1,0,1,0,1,1.0000,1,0,0,0),(1470,1408,1,NULL,0.0000,1,0,0,1,1.0000,1,10000.0000,1,0,'2019-03-06 11:19:07',1.0000,1,0,1,0,1,1.0000,1,0,0,0),(1471,1409,1,NULL,0.0000,1,0,0,1,1.0000,1,10000.0000,1,0,'2019-03-06 11:19:09',1.0000,1,0,1,0,1,1.0000,1,0,0,0),(1472,1410,1,NULL,0.0000,1,0,0,1,1.0000,1,10000.0000,1,0,'2019-03-06 11:19:10',1.0000,1,0,1,0,1,1.0000,1,0,0,0),(1473,1411,1,NULL,0.0000,1,0,0,1,1.0000,1,10000.0000,1,0,'2019-03-06 11:19:11',1.0000,1,0,1,0,1,1.0000,1,0,0,0),(1474,1412,1,NULL,0.0000,1,0,0,1,1.0000,1,10000.0000,1,0,'2019-03-06 11:19:12',1.0000,1,0,1,0,1,1.0000,1,0,0,0),(1475,1413,1,0.0000,0.0000,1,0,0,1,1.0000,1,10000.0000,1,1,NULL,1.0000,1,0,1,0,1,1.0000,1,0,0,0),(1476,1414,1,NULL,0.0000,1,0,0,1,1.0000,1,10000.0000,1,1,'2019-03-06 13:08:29',1.0000,1,0,1,0,1,1.0000,1,0,0,0),(1477,1415,1,NULL,0.0000,1,0,0,1,1.0000,1,10000.0000,1,1,'2019-03-06 13:08:34',1.0000,1,0,1,0,1,1.0000,1,0,0,0),(1478,1416,1,NULL,0.0000,1,0,0,1,1.0000,1,10000.0000,1,1,'2019-03-06 13:08:38',1.0000,1,0,1,0,1,1.0000,1,0,0,0),(1479,1417,1,NULL,0.0000,1,0,0,1,1.0000,1,10000.0000,1,1,'2019-03-06 13:08:41',1.0000,1,0,1,0,1,1.0000,1,0,0,0),(1480,1418,1,NULL,0.0000,1,0,0,1,1.0000,1,10000.0000,1,1,'2019-03-06 13:08:45',1.0000,1,0,1,0,1,1.0000,1,0,0,0),(1481,1419,1,NULL,0.0000,1,0,0,1,1.0000,1,10000.0000,1,1,'2019-03-06 13:08:49',1.0000,1,0,1,0,1,1.0000,1,0,0,0),(1482,1420,1,NULL,0.0000,1,0,0,1,1.0000,1,10000.0000,1,0,'2019-03-06 12:31:11',1.0000,1,0,1,0,1,1.0000,1,0,0,0),(1483,1421,1,NULL,0.0000,1,0,0,1,1.0000,1,10000.0000,1,0,'2019-03-06 12:31:16',1.0000,1,0,1,0,1,1.0000,1,0,0,0),(1484,1422,1,NULL,0.0000,1,0,0,1,1.0000,1,10000.0000,1,0,'2019-03-06 12:31:21',1.0000,1,0,1,0,1,1.0000,1,0,0,0),(1485,1423,1,NULL,0.0000,1,0,0,1,1.0000,1,10000.0000,1,0,'2019-03-06 12:31:25',1.0000,1,0,1,0,1,1.0000,1,0,0,0),(1486,1424,1,NULL,0.0000,1,0,0,1,1.0000,1,10000.0000,1,0,'2019-03-06 12:31:30',1.0000,1,0,1,0,1,1.0000,1,0,0,0),(1487,1425,1,NULL,0.0000,1,0,0,1,1.0000,1,10000.0000,1,0,'2019-03-06 12:31:35',1.0000,1,0,1,0,1,1.0000,1,0,0,0),(1488,1426,1,NULL,0.0000,1,0,0,1,1.0000,1,10000.0000,1,0,'2019-03-06 12:31:39',1.0000,1,0,1,0,1,1.0000,1,0,0,0),(1489,1427,1,NULL,0.0000,1,0,0,1,1.0000,1,10000.0000,1,0,'2019-03-06 12:31:44',1.0000,1,0,1,0,1,1.0000,1,0,0,0),(1490,1428,1,NULL,0.0000,1,0,0,1,1.0000,1,10000.0000,1,0,'2019-03-06 12:31:49',1.0000,1,0,1,0,1,1.0000,1,0,0,0),(1491,1429,1,NULL,0.0000,1,0,0,1,1.0000,1,10000.0000,1,0,'2019-03-06 12:31:53',1.0000,1,0,1,0,1,1.0000,1,0,0,0),(1492,1430,1,NULL,0.0000,1,0,0,1,1.0000,1,10000.0000,1,0,'2019-03-06 12:31:56',1.0000,1,0,1,0,1,1.0000,1,0,0,0),(1493,1431,1,NULL,0.0000,1,0,0,1,1.0000,1,10000.0000,1,0,'2019-03-06 12:32:01',1.0000,1,0,1,0,1,1.0000,1,0,0,0),(1494,1432,1,NULL,0.0000,1,0,0,1,1.0000,1,10000.0000,1,0,'2019-03-06 12:32:06',1.0000,1,0,1,0,1,1.0000,1,0,0,0),(1495,1433,1,NULL,0.0000,1,0,0,1,1.0000,1,10000.0000,1,0,'2019-03-06 12:32:10',1.0000,1,0,1,0,1,1.0000,1,0,0,0),(1496,1434,1,NULL,0.0000,1,0,0,1,1.0000,1,10000.0000,1,0,'2019-03-06 12:32:14',1.0000,1,0,1,0,1,1.0000,1,0,0,0),(1497,1435,1,NULL,0.0000,1,0,0,1,1.0000,1,10000.0000,1,0,'2019-03-06 12:32:17',1.0000,1,0,1,0,1,1.0000,1,0,0,0),(1498,1436,1,NULL,0.0000,1,0,0,1,1.0000,1,10000.0000,1,0,'2019-03-06 12:32:20',1.0000,1,0,1,0,1,1.0000,1,0,0,0),(1499,1437,1,NULL,0.0000,1,0,0,1,1.0000,1,10000.0000,1,0,'2019-03-06 12:32:24',1.0000,1,0,1,0,1,1.0000,1,0,0,0),(1500,1438,1,NULL,0.0000,1,0,0,1,1.0000,1,10000.0000,1,0,'2019-03-06 12:32:27',1.0000,1,0,1,0,1,1.0000,1,0,0,0),(1501,1439,1,NULL,0.0000,1,0,0,1,1.0000,1,10000.0000,1,0,'2019-03-06 12:32:34',1.0000,1,0,1,0,1,1.0000,1,0,0,0),(1502,1440,1,NULL,0.0000,1,0,0,1,1.0000,1,10000.0000,1,0,'2019-03-06 12:32:37',1.0000,1,0,1,0,1,1.0000,1,0,0,0),(1503,1441,1,NULL,0.0000,1,0,0,1,1.0000,1,10000.0000,1,0,'2019-03-06 12:32:40',1.0000,1,0,1,0,1,1.0000,1,0,0,0),(1504,1442,1,NULL,0.0000,1,0,0,1,1.0000,1,10000.0000,1,0,'2019-03-06 12:32:44',1.0000,1,0,1,0,1,1.0000,1,0,0,0),(1505,1443,1,NULL,0.0000,1,0,0,1,1.0000,1,10000.0000,1,0,'2019-03-06 12:32:48',1.0000,1,0,1,0,1,1.0000,1,0,0,0),(1506,1444,1,NULL,0.0000,1,0,0,1,1.0000,1,10000.0000,1,0,'2019-03-06 12:32:52',1.0000,1,0,1,0,1,1.0000,1,0,0,0),(1507,1445,1,NULL,0.0000,1,0,0,1,1.0000,1,10000.0000,1,0,'2019-03-06 12:32:55',1.0000,1,0,1,0,1,1.0000,1,0,0,0),(1508,1446,1,NULL,0.0000,1,0,0,1,1.0000,1,10000.0000,1,0,'2019-03-06 12:32:59',1.0000,1,0,1,0,1,1.0000,1,0,0,0),(1509,1447,1,NULL,0.0000,1,0,0,1,1.0000,1,10000.0000,1,0,'2019-03-06 12:33:04',1.0000,1,0,1,0,1,1.0000,1,0,0,0),(1510,1448,1,NULL,0.0000,1,0,0,1,1.0000,1,10000.0000,1,0,'2019-03-06 12:33:09',1.0000,1,0,1,0,1,1.0000,1,0,0,0),(1511,1449,1,NULL,0.0000,1,0,0,1,1.0000,1,10000.0000,1,0,'2019-03-06 12:33:13',1.0000,1,0,1,0,1,1.0000,1,0,0,0),(1512,1450,1,NULL,0.0000,1,0,0,1,1.0000,1,10000.0000,1,0,'2019-03-06 12:33:17',1.0000,1,0,1,0,1,1.0000,1,0,0,0),(1513,1451,1,NULL,0.0000,1,0,0,1,1.0000,1,10000.0000,1,0,'2019-03-06 12:33:21',1.0000,1,0,1,0,1,1.0000,1,0,0,0),(1514,1452,1,NULL,0.0000,1,0,0,1,1.0000,1,10000.0000,1,0,'2019-03-06 12:33:24',1.0000,1,0,1,0,1,1.0000,1,0,0,0),(1515,1453,1,NULL,0.0000,1,0,0,1,1.0000,1,10000.0000,1,0,'2019-03-06 12:33:28',1.0000,1,0,1,0,1,1.0000,1,0,0,0),(1516,1454,1,NULL,0.0000,1,0,0,1,1.0000,1,10000.0000,1,0,'2019-03-06 12:33:32',1.0000,1,0,1,0,1,1.0000,1,0,0,0),(1517,1455,1,0.0000,0.0000,1,0,0,1,1.0000,1,10000.0000,1,1,NULL,1.0000,1,0,1,0,1,1.0000,1,0,0,0),(1518,1456,1,NULL,0.0000,1,0,0,1,1.0000,1,10000.0000,1,0,'2019-03-06 12:43:39',1.0000,1,0,1,0,1,1.0000,1,0,0,0),(1519,1457,1,NULL,0.0000,1,0,0,1,1.0000,1,10000.0000,1,0,'2019-03-06 12:43:44',1.0000,1,0,1,0,1,1.0000,1,0,0,0),(1520,1458,1,NULL,0.0000,1,0,0,1,1.0000,1,10000.0000,1,0,'2019-03-06 12:43:48',1.0000,1,0,1,0,1,1.0000,1,0,0,0),(1521,1459,1,NULL,0.0000,1,0,0,1,1.0000,1,10000.0000,1,0,'2019-03-06 12:43:51',1.0000,1,0,1,0,1,1.0000,1,0,0,0),(1522,1460,1,NULL,0.0000,1,0,0,1,1.0000,1,10000.0000,1,0,'2019-03-06 12:43:55',1.0000,1,0,1,0,1,1.0000,1,0,0,0),(1523,1461,1,NULL,0.0000,1,0,0,1,1.0000,1,10000.0000,1,0,'2019-03-06 12:43:59',1.0000,1,0,1,0,1,1.0000,1,0,0,0),(1524,1462,1,NULL,0.0000,1,0,0,1,1.0000,1,10000.0000,1,0,'2019-03-06 12:44:04',1.0000,1,0,1,0,1,1.0000,1,0,0,0),(1525,1463,1,NULL,0.0000,1,0,0,1,1.0000,1,10000.0000,1,0,'2019-03-06 12:44:10',1.0000,1,0,1,0,1,1.0000,1,0,0,0),(1526,1464,1,0.0000,0.0000,1,0,0,1,1.0000,1,10000.0000,1,1,NULL,1.0000,1,0,1,0,1,1.0000,1,0,0,0),(1527,1465,1,NULL,0.0000,1,0,0,1,1.0000,1,10000.0000,1,0,'2019-03-06 12:51:44',1.0000,1,0,1,0,1,1.0000,1,0,0,0),(1528,1466,1,NULL,0.0000,1,0,0,1,1.0000,1,10000.0000,1,0,'2019-03-06 12:51:46',1.0000,1,0,1,0,1,1.0000,1,0,0,0),(1529,1467,1,NULL,0.0000,1,0,0,1,1.0000,1,10000.0000,1,0,'2019-03-06 12:51:48',1.0000,1,0,1,0,1,1.0000,1,0,0,0),(1530,1468,1,NULL,0.0000,1,0,0,1,1.0000,1,10000.0000,1,0,'2019-03-06 12:51:49',1.0000,1,0,1,0,1,1.0000,1,0,0,0),(1531,1469,1,NULL,0.0000,1,0,0,1,1.0000,1,10000.0000,1,0,'2019-03-06 12:51:51',1.0000,1,0,1,0,1,1.0000,1,0,0,0),(1532,1470,1,NULL,0.0000,1,0,0,1,1.0000,1,10000.0000,1,0,'2019-03-06 12:51:52',1.0000,1,0,1,0,1,1.0000,1,0,0,0),(1533,1471,1,NULL,0.0000,1,0,0,1,1.0000,1,10000.0000,1,0,'2019-03-06 12:51:54',1.0000,1,0,1,0,1,1.0000,1,0,0,0),(1534,1472,1,NULL,0.0000,1,0,0,1,1.0000,1,10000.0000,1,0,'2019-03-06 12:51:56',1.0000,1,0,1,0,1,1.0000,1,0,0,0),(1535,1473,1,NULL,0.0000,1,0,0,1,1.0000,1,10000.0000,1,0,'2019-03-06 12:51:57',1.0000,1,0,1,0,1,1.0000,1,0,0,0),(1536,1474,1,NULL,0.0000,1,0,0,1,1.0000,1,10000.0000,1,0,'2019-03-06 12:51:59',1.0000,1,0,1,0,1,1.0000,1,0,0,0),(1537,1475,1,NULL,0.0000,1,0,0,1,1.0000,1,10000.0000,1,0,'2019-03-06 12:52:02',1.0000,1,0,1,0,1,1.0000,1,0,0,0),(1538,1476,1,NULL,0.0000,1,0,0,1,1.0000,1,10000.0000,1,0,'2019-03-06 12:52:04',1.0000,1,0,1,0,1,1.0000,1,0,0,0),(1539,1477,1,NULL,0.0000,1,0,0,1,1.0000,1,10000.0000,1,0,'2019-03-06 12:52:05',1.0000,1,0,1,0,1,1.0000,1,0,0,0),(1540,1478,1,NULL,0.0000,1,0,0,1,1.0000,1,10000.0000,1,0,'2019-03-06 12:52:07',1.0000,1,0,1,0,1,1.0000,1,0,0,0),(1541,1479,1,NULL,0.0000,1,0,0,1,1.0000,1,10000.0000,1,0,'2019-03-06 12:52:08',1.0000,1,0,1,0,1,1.0000,1,0,0,0),(1542,1480,1,NULL,0.0000,1,0,0,1,1.0000,1,10000.0000,1,0,'2019-03-06 12:52:10',1.0000,1,0,1,0,1,1.0000,1,0,0,0),(1543,1481,1,NULL,0.0000,1,0,0,1,1.0000,1,10000.0000,1,0,'2019-03-06 12:52:12',1.0000,1,0,1,0,1,1.0000,1,0,0,0),(1544,1482,1,NULL,0.0000,1,0,0,1,1.0000,1,10000.0000,1,0,'2019-03-06 12:52:16',1.0000,1,0,1,0,1,1.0000,1,0,0,0),(1545,1483,1,NULL,0.0000,1,0,0,1,1.0000,1,10000.0000,1,0,'2019-03-06 12:52:19',1.0000,1,0,1,0,1,1.0000,1,0,0,0),(1546,1484,1,NULL,0.0000,1,0,0,1,1.0000,1,10000.0000,1,0,'2019-03-06 12:52:22',1.0000,1,0,1,0,1,1.0000,1,0,0,0),(1547,1485,1,NULL,0.0000,1,0,0,1,1.0000,1,10000.0000,1,0,'2019-03-06 12:52:25',1.0000,1,0,1,0,1,1.0000,1,0,0,0),(1548,1486,1,NULL,0.0000,1,0,0,1,1.0000,1,10000.0000,1,0,'2019-03-06 12:52:27',1.0000,1,0,1,0,1,1.0000,1,0,0,0),(1549,1487,1,NULL,0.0000,1,0,0,1,1.0000,1,10000.0000,1,0,'2019-03-06 12:52:30',1.0000,1,0,1,0,1,1.0000,1,0,0,0),(1550,1488,1,NULL,0.0000,1,0,0,1,1.0000,1,10000.0000,1,0,'2019-03-06 12:52:34',1.0000,1,0,1,0,1,1.0000,1,0,0,0),(1551,1489,1,NULL,0.0000,1,0,0,1,1.0000,1,10000.0000,1,0,'2019-03-06 12:52:37',1.0000,1,0,1,0,1,1.0000,1,0,0,0),(1552,1490,1,NULL,0.0000,1,0,0,1,1.0000,1,10000.0000,1,0,'2019-03-06 12:52:40',1.0000,1,0,1,0,1,1.0000,1,0,0,0),(1553,1491,1,NULL,0.0000,1,0,0,1,1.0000,1,10000.0000,1,0,'2019-03-06 12:52:42',1.0000,1,0,1,0,1,1.0000,1,0,0,0),(1554,1492,1,NULL,0.0000,1,0,0,1,1.0000,1,10000.0000,1,0,'2019-03-06 12:52:45',1.0000,1,0,1,0,1,1.0000,1,0,0,0),(1555,1493,1,NULL,0.0000,1,0,0,1,1.0000,1,10000.0000,1,0,'2019-03-06 12:52:47',1.0000,1,0,1,0,1,1.0000,1,0,0,0),(1556,1494,1,NULL,0.0000,1,0,0,1,1.0000,1,10000.0000,1,0,'2019-03-06 12:52:49',1.0000,1,0,1,0,1,1.0000,1,0,0,0),(1557,1495,1,0.0000,0.0000,1,0,0,1,1.0000,1,10000.0000,1,1,NULL,1.0000,1,0,1,0,1,1.0000,1,0,0,0),(1558,1496,1,NULL,0.0000,1,0,0,1,1.0000,1,10000.0000,1,0,'2019-03-06 13:12:52',1.0000,1,0,1,0,1,1.0000,1,0,0,0),(1559,1497,1,NULL,0.0000,1,0,0,1,1.0000,1,10000.0000,1,0,'2019-03-06 13:12:57',1.0000,1,0,1,0,1,1.0000,1,0,0,0),(1560,1498,1,NULL,0.0000,1,0,0,1,1.0000,1,10000.0000,1,0,'2019-03-06 13:12:59',1.0000,1,0,1,0,1,1.0000,1,0,0,0),(1561,1499,1,NULL,0.0000,1,0,0,1,1.0000,1,10000.0000,1,0,'2019-03-06 13:13:01',1.0000,1,0,1,0,1,1.0000,1,0,0,0),(1562,1500,1,NULL,0.0000,1,0,0,1,1.0000,1,10000.0000,1,0,'2019-03-06 13:13:03',1.0000,1,0,1,0,1,1.0000,1,0,0,0),(1563,1501,1,NULL,0.0000,1,0,0,1,1.0000,1,10000.0000,1,0,'2019-03-06 13:13:06',1.0000,1,0,1,0,1,1.0000,1,0,0,0),(1564,1502,1,NULL,0.0000,1,0,0,1,1.0000,1,10000.0000,1,0,'2019-03-06 13:13:08',1.0000,1,0,1,0,1,1.0000,1,0,0,0),(1565,1503,1,NULL,0.0000,1,0,0,1,1.0000,1,10000.0000,1,0,'2019-03-06 13:13:10',1.0000,1,0,1,0,1,1.0000,1,0,0,0),(1566,1504,1,NULL,0.0000,1,0,0,1,1.0000,1,10000.0000,1,0,'2019-03-06 13:13:12',1.0000,1,0,1,0,1,1.0000,1,0,0,0),(1567,1505,1,NULL,0.0000,1,0,0,1,1.0000,1,10000.0000,1,0,'2019-03-06 13:13:14',1.0000,1,0,1,0,1,1.0000,1,0,0,0),(1568,1506,1,NULL,0.0000,1,0,0,1,1.0000,1,10000.0000,1,0,'2019-03-06 13:13:16',1.0000,1,0,1,0,1,1.0000,1,0,0,0),(1569,1507,1,NULL,0.0000,1,0,0,1,1.0000,1,10000.0000,1,0,'2019-03-06 13:13:18',1.0000,1,0,1,0,1,1.0000,1,0,0,0),(1570,1508,1,NULL,0.0000,1,0,0,1,1.0000,1,10000.0000,1,0,'2019-03-06 13:13:20',1.0000,1,0,1,0,1,1.0000,1,0,0,0),(1571,1509,1,NULL,0.0000,1,0,0,1,1.0000,1,10000.0000,1,0,'2019-03-06 13:13:22',1.0000,1,0,1,0,1,1.0000,1,0,0,0),(1572,1510,1,NULL,0.0000,1,0,0,1,1.0000,1,10000.0000,1,0,'2019-03-06 13:13:24',1.0000,1,0,1,0,1,1.0000,1,0,0,0),(1573,1511,1,NULL,0.0000,1,0,0,1,1.0000,1,10000.0000,1,0,'2019-03-06 13:13:26',1.0000,1,0,1,0,1,1.0000,1,0,0,0),(1574,1512,1,NULL,0.0000,1,0,0,1,1.0000,1,10000.0000,1,0,'2019-03-06 13:13:28',1.0000,1,0,1,0,1,1.0000,1,0,0,0),(1575,1513,1,NULL,0.0000,1,0,0,1,1.0000,1,10000.0000,1,0,'2019-03-06 13:13:30',1.0000,1,0,1,0,1,1.0000,1,0,0,0),(1576,1514,1,NULL,0.0000,1,0,0,1,1.0000,1,10000.0000,1,0,'2019-03-06 13:13:32',1.0000,1,0,1,0,1,1.0000,1,0,0,0),(1577,1515,1,NULL,0.0000,1,0,0,1,1.0000,1,10000.0000,1,0,'2019-03-06 13:13:37',1.0000,1,0,1,0,1,1.0000,1,0,0,0),(1578,1516,1,NULL,0.0000,1,0,0,1,1.0000,1,10000.0000,1,0,'2019-03-06 13:13:39',1.0000,1,0,1,0,1,1.0000,1,0,0,0),(1579,1517,1,NULL,0.0000,1,0,0,1,1.0000,1,10000.0000,1,0,'2019-03-06 13:13:42',1.0000,1,0,1,0,1,1.0000,1,0,0,0),(1580,1518,1,NULL,0.0000,1,0,0,1,1.0000,1,10000.0000,1,0,'2019-03-06 13:13:47',1.0000,1,0,1,0,1,1.0000,1,0,0,0),(1581,1519,1,NULL,0.0000,1,0,0,1,1.0000,1,10000.0000,1,0,'2019-03-06 13:13:49',1.0000,1,0,1,0,1,1.0000,1,0,0,0),(1582,1520,1,NULL,0.0000,1,0,0,1,1.0000,1,10000.0000,1,0,'2019-03-06 13:13:51',1.0000,1,0,1,0,1,1.0000,1,0,0,0),(1583,1521,1,NULL,0.0000,1,0,0,1,1.0000,1,10000.0000,1,0,'2019-03-06 13:13:53',1.0000,1,0,1,0,1,1.0000,1,0,0,0),(1584,1522,1,NULL,0.0000,1,0,0,1,1.0000,1,10000.0000,1,0,'2019-03-06 13:13:56',1.0000,1,0,1,0,1,1.0000,1,0,0,0),(1585,1523,1,NULL,0.0000,1,0,0,1,1.0000,1,10000.0000,1,0,'2019-03-06 13:13:58',1.0000,1,0,1,0,1,1.0000,1,0,0,0),(1586,1524,1,NULL,0.0000,1,0,0,1,1.0000,1,10000.0000,1,0,'2019-03-06 13:14:00',1.0000,1,0,1,0,1,1.0000,1,0,0,0),(1587,1525,1,NULL,0.0000,1,0,0,1,1.0000,1,10000.0000,1,0,'2019-03-06 13:14:02',1.0000,1,0,1,0,1,1.0000,1,0,0,0),(1588,1526,1,0.0000,0.0000,1,0,0,1,1.0000,1,10000.0000,1,1,NULL,1.0000,1,0,1,0,1,1.0000,1,0,0,0),(1589,1527,1,NULL,0.0000,1,0,0,1,1.0000,1,10000.0000,1,0,'2019-03-06 13:16:31',1.0000,1,0,1,0,1,1.0000,1,0,0,0),(1590,1528,1,NULL,0.0000,1,0,0,1,1.0000,1,10000.0000,1,0,'2019-03-06 13:16:36',1.0000,1,0,1,0,1,1.0000,1,0,0,0),(1591,1529,1,NULL,0.0000,1,0,0,1,1.0000,1,10000.0000,1,0,'2019-03-06 13:16:40',1.0000,1,0,1,0,1,1.0000,1,0,0,0),(1592,1530,1,NULL,0.0000,1,0,0,1,1.0000,1,10000.0000,1,0,'2019-03-06 13:16:43',1.0000,1,0,1,0,1,1.0000,1,0,0,0),(1593,1531,1,NULL,0.0000,1,0,0,1,1.0000,1,10000.0000,1,0,'2019-03-06 13:16:47',1.0000,1,0,1,0,1,1.0000,1,0,0,0),(1594,1532,1,NULL,0.0000,1,0,0,1,1.0000,1,10000.0000,1,0,'2019-03-06 13:16:51',1.0000,1,0,1,0,1,1.0000,1,0,0,0),(1595,1533,1,NULL,0.0000,1,0,0,1,1.0000,1,10000.0000,1,0,'2019-03-06 13:16:55',1.0000,1,0,1,0,1,1.0000,1,0,0,0),(1596,1534,1,NULL,0.0000,1,0,0,1,1.0000,1,10000.0000,1,0,'2019-03-06 13:16:59',1.0000,1,0,1,0,1,1.0000,1,0,0,0),(1597,1535,1,0.0000,0.0000,1,0,0,1,1.0000,1,10000.0000,1,1,NULL,1.0000,1,0,1,0,1,1.0000,1,0,0,0),(1598,1536,1,NULL,0.0000,1,0,0,1,1.0000,1,10000.0000,1,0,'2019-03-06 13:25:45',1.0000,1,0,1,0,1,1.0000,1,0,0,0),(1599,1537,1,NULL,0.0000,1,0,0,1,1.0000,1,10000.0000,1,0,'2019-03-06 13:25:48',1.0000,1,0,1,0,1,1.0000,1,0,0,0),(1600,1538,1,NULL,0.0000,1,0,0,1,1.0000,1,10000.0000,1,0,'2019-03-06 13:25:50',1.0000,1,0,1,0,1,1.0000,1,0,0,0),(1601,1539,1,NULL,0.0000,1,0,0,1,1.0000,1,10000.0000,1,0,'2019-03-06 13:25:52',1.0000,1,0,1,0,1,1.0000,1,0,0,0),(1602,1540,1,NULL,0.0000,1,0,0,1,1.0000,1,10000.0000,1,0,'2019-03-06 13:25:54',1.0000,1,0,1,0,1,1.0000,1,0,0,0),(1603,1541,1,NULL,0.0000,1,0,0,1,1.0000,1,10000.0000,1,0,'2019-03-06 13:25:56',1.0000,1,0,1,0,1,1.0000,1,0,0,0),(1604,1542,1,NULL,0.0000,1,0,0,1,1.0000,1,10000.0000,1,0,'2019-03-06 13:25:58',1.0000,1,0,1,0,1,1.0000,1,0,0,0),(1605,1543,1,NULL,0.0000,1,0,0,1,1.0000,1,10000.0000,1,0,'2019-03-06 13:26:00',1.0000,1,0,1,0,1,1.0000,1,0,0,0),(1606,1544,1,NULL,0.0000,1,0,0,1,1.0000,1,10000.0000,1,0,'2019-03-06 13:26:02',1.0000,1,0,1,0,1,1.0000,1,0,0,0),(1607,1545,1,NULL,0.0000,1,0,0,1,1.0000,1,10000.0000,1,0,'2019-03-06 13:26:05',1.0000,1,0,1,0,1,1.0000,1,0,0,0),(1608,1546,1,NULL,0.0000,1,0,0,1,1.0000,1,10000.0000,1,0,'2019-03-06 13:26:07',1.0000,1,0,1,0,1,1.0000,1,0,0,0),(1609,1547,1,NULL,0.0000,1,0,0,1,1.0000,1,10000.0000,1,0,'2019-03-06 13:26:09',1.0000,1,0,1,0,1,1.0000,1,0,0,0),(1610,1548,1,NULL,0.0000,1,0,0,1,1.0000,1,10000.0000,1,0,'2019-03-06 13:26:11',1.0000,1,0,1,0,1,1.0000,1,0,0,0),(1611,1549,1,NULL,0.0000,1,0,0,1,1.0000,1,10000.0000,1,0,'2019-03-06 13:26:13',1.0000,1,0,1,0,1,1.0000,1,0,0,0),(1612,1550,1,NULL,0.0000,1,0,0,1,1.0000,1,10000.0000,1,0,'2019-03-06 13:26:16',1.0000,1,0,1,0,1,1.0000,1,0,0,0),(1613,1551,1,NULL,0.0000,1,0,0,1,1.0000,1,10000.0000,1,0,'2019-03-06 13:26:19',1.0000,1,0,1,0,1,1.0000,1,0,0,0),(1614,1552,1,NULL,0.0000,1,0,0,1,1.0000,1,10000.0000,1,0,'2019-03-06 13:26:21',1.0000,1,0,1,0,1,1.0000,1,0,0,0),(1615,1553,1,NULL,0.0000,1,0,0,1,1.0000,1,10000.0000,1,0,'2019-03-06 13:26:23',1.0000,1,0,1,0,1,1.0000,1,0,0,0),(1616,1554,1,NULL,0.0000,1,0,0,1,1.0000,1,10000.0000,1,0,'2019-03-06 13:26:25',1.0000,1,0,1,0,1,1.0000,1,0,0,0),(1617,1555,1,NULL,0.0000,1,0,0,1,1.0000,1,10000.0000,1,0,'2019-03-06 13:26:26',1.0000,1,0,1,0,1,1.0000,1,0,0,0),(1618,1556,1,NULL,0.0000,1,0,0,1,1.0000,1,10000.0000,1,0,'2019-03-06 13:26:28',1.0000,1,0,1,0,1,1.0000,1,0,0,0),(1619,1557,1,NULL,0.0000,1,0,0,1,1.0000,1,10000.0000,1,0,'2019-03-06 13:26:30',1.0000,1,0,1,0,1,1.0000,1,0,0,0),(1620,1558,1,NULL,0.0000,1,0,0,1,1.0000,1,10000.0000,1,0,'2019-03-06 13:26:32',1.0000,1,0,1,0,1,1.0000,1,0,0,0),(1621,1559,1,NULL,0.0000,1,0,0,1,1.0000,1,10000.0000,1,0,'2019-03-06 13:26:34',1.0000,1,0,1,0,1,1.0000,1,0,0,0),(1622,1560,1,NULL,0.0000,1,0,0,1,1.0000,1,10000.0000,1,0,'2019-03-06 13:26:36',1.0000,1,0,1,0,1,1.0000,1,0,0,0),(1623,1561,1,0.0000,0.0000,1,0,0,1,1.0000,1,10000.0000,1,1,NULL,1.0000,1,0,1,0,1,1.0000,1,0,0,0),(1624,1562,1,NULL,0.0000,1,0,0,1,1.0000,1,10000.0000,1,0,'2019-03-06 13:28:20',1.0000,1,0,1,0,1,1.0000,1,0,0,0),(1625,1563,1,NULL,0.0000,1,0,0,1,1.0000,1,10000.0000,1,0,'2019-03-06 13:28:25',1.0000,1,0,1,0,1,1.0000,1,0,0,0),(1626,1564,1,NULL,0.0000,1,0,0,1,1.0000,1,10000.0000,1,0,'2019-03-06 13:28:30',1.0000,1,0,1,0,1,1.0000,1,0,0,0),(1627,1565,1,NULL,0.0000,1,0,0,1,1.0000,1,10000.0000,1,0,'2019-03-06 13:28:34',1.0000,1,0,1,0,1,1.0000,1,0,0,0),(1628,1566,1,NULL,0.0000,1,0,0,1,1.0000,1,10000.0000,1,0,'2019-03-06 13:28:39',1.0000,1,0,1,0,1,1.0000,1,0,0,0),(1629,1567,1,NULL,0.0000,1,0,0,1,1.0000,1,10000.0000,1,0,'2019-03-06 13:28:42',1.0000,1,0,1,0,1,1.0000,1,0,0,0),(1630,1568,1,0.0000,0.0000,1,0,0,1,1.0000,1,10000.0000,1,1,NULL,1.0000,1,0,1,0,1,1.0000,1,0,0,0),(1631,1569,1,NULL,0.0000,1,0,0,1,1.0000,1,10000.0000,1,0,'2019-03-06 13:37:38',1.0000,1,0,1,0,1,1.0000,1,0,0,0),(1632,1570,1,NULL,0.0000,1,0,0,1,1.0000,1,10000.0000,1,0,'2019-03-06 13:37:44',1.0000,1,0,1,0,1,1.0000,1,0,0,0),(1633,1571,1,NULL,0.0000,1,0,0,1,1.0000,1,10000.0000,1,0,'2019-03-06 13:37:48',1.0000,1,0,1,0,1,1.0000,1,0,0,0),(1634,1572,1,NULL,0.0000,1,0,0,1,1.0000,1,10000.0000,1,0,'2019-03-06 13:37:52',1.0000,1,0,1,0,1,1.0000,1,0,0,0),(1635,1573,1,NULL,0.0000,1,0,0,1,1.0000,1,10000.0000,1,0,'2019-03-06 13:37:54',1.0000,1,0,1,0,1,1.0000,1,0,0,0),(1636,1574,1,NULL,0.0000,1,0,0,1,1.0000,1,10000.0000,1,0,'2019-03-06 13:37:57',1.0000,1,0,1,0,1,1.0000,1,0,0,0),(1637,1575,1,NULL,0.0000,1,0,0,1,1.0000,1,10000.0000,1,0,'2019-03-06 13:38:00',1.0000,1,0,1,0,1,1.0000,1,0,0,0),(1638,1576,1,NULL,0.0000,1,0,0,1,1.0000,1,10000.0000,1,0,'2019-03-06 13:38:00',1.0000,1,0,1,0,1,1.0000,1,0,0,0),(1639,1577,1,NULL,0.0000,1,0,0,1,1.0000,1,10000.0000,1,0,'2019-03-06 13:38:03',1.0000,1,0,1,0,1,1.0000,1,0,0,0),(1640,1578,1,NULL,0.0000,1,0,0,1,1.0000,1,10000.0000,1,0,'2019-03-06 13:38:06',1.0000,1,0,1,0,1,1.0000,1,0,0,0),(1641,1579,1,NULL,0.0000,1,0,0,1,1.0000,1,10000.0000,1,0,'2019-03-06 13:38:08',1.0000,1,0,1,0,1,1.0000,1,0,0,0),(1642,1580,1,NULL,0.0000,1,0,0,1,1.0000,1,10000.0000,1,0,'2019-03-06 13:38:09',1.0000,1,0,1,0,1,1.0000,1,0,0,0),(1643,1581,1,NULL,0.0000,1,0,0,1,1.0000,1,10000.0000,1,0,'2019-03-06 13:38:12',1.0000,1,0,1,0,1,1.0000,1,0,0,0),(1644,1582,1,NULL,0.0000,1,0,0,1,1.0000,1,10000.0000,1,0,'2019-03-06 13:38:15',1.0000,1,0,1,0,1,1.0000,1,0,0,0),(1645,1583,1,0.0000,0.0000,1,0,0,1,1.0000,1,10000.0000,1,1,NULL,1.0000,1,0,1,0,1,1.0000,1,0,0,0),(1646,1584,1,NULL,0.0000,1,0,0,1,1.0000,1,10000.0000,1,0,'2019-03-06 13:38:18',1.0000,1,0,1,0,1,1.0000,1,0,0,0),(1647,1585,1,NULL,0.0000,1,0,0,1,1.0000,1,10000.0000,1,0,'2019-03-06 13:38:21',1.0000,1,0,1,0,1,1.0000,1,0,0,0),(1648,1586,1,NULL,0.0000,1,0,0,1,1.0000,1,10000.0000,1,0,'2019-03-06 13:38:24',1.0000,1,0,1,0,1,1.0000,1,0,0,0),(1649,1587,1,NULL,0.0000,1,0,0,1,1.0000,1,10000.0000,1,0,'2019-03-06 13:38:26',1.0000,1,0,1,0,1,1.0000,1,0,0,0),(1650,1588,1,NULL,0.0000,1,0,0,1,1.0000,1,10000.0000,1,0,'2019-03-06 13:38:28',1.0000,1,0,1,0,1,1.0000,1,0,0,0),(1651,1589,1,NULL,0.0000,1,0,0,1,1.0000,1,10000.0000,1,0,'2019-03-06 13:38:30',1.0000,1,0,1,0,1,1.0000,1,0,0,0),(1652,1590,1,NULL,0.0000,1,0,0,1,1.0000,1,10000.0000,1,0,'2019-03-06 13:38:32',1.0000,1,0,1,0,1,1.0000,1,0,0,0),(1653,1591,1,NULL,0.0000,1,0,0,1,1.0000,1,10000.0000,1,0,'2019-03-06 13:38:34',1.0000,1,0,1,0,1,1.0000,1,0,0,0),(1654,1592,1,NULL,0.0000,1,0,0,1,1.0000,1,10000.0000,1,0,'2019-03-06 13:38:36',1.0000,1,0,1,0,1,1.0000,1,0,0,0),(1655,1593,1,NULL,0.0000,1,0,0,1,1.0000,1,10000.0000,1,0,'2019-03-06 13:38:40',1.0000,1,0,1,0,1,1.0000,1,0,0,0),(1656,1594,1,NULL,0.0000,1,0,0,1,1.0000,1,10000.0000,1,0,'2019-03-06 13:38:41',1.0000,1,0,1,0,1,1.0000,1,0,0,0),(1657,1595,1,NULL,0.0000,1,0,0,1,1.0000,1,10000.0000,1,0,'2019-03-06 13:38:44',1.0000,1,0,1,0,1,1.0000,1,0,0,0),(1658,1596,1,0.0000,0.0000,1,0,0,1,1.0000,1,10000.0000,1,1,NULL,1.0000,1,0,1,0,1,1.0000,1,0,0,0),(1659,1597,1,0.0000,0.0000,1,0,0,1,1.0000,1,10000.0000,1,1,'2019-03-06 14:06:08',1.0000,1,0,1,0,1,1.0000,1,0,0,0),(1660,1598,1,NULL,0.0000,1,0,0,1,1.0000,1,10000.0000,1,0,'2019-03-06 14:10:33',1.0000,1,0,1,0,1,1.0000,1,0,0,0),(1661,1599,1,NULL,0.0000,1,0,0,1,1.0000,1,10000.0000,1,0,'2019-03-06 14:10:35',1.0000,1,0,1,0,1,1.0000,1,0,0,0),(1662,1600,1,NULL,0.0000,1,0,0,1,1.0000,1,10000.0000,1,0,'2019-03-06 14:10:36',1.0000,1,0,1,0,1,1.0000,1,0,0,0),(1663,1601,1,NULL,0.0000,1,0,0,1,1.0000,1,10000.0000,1,0,'2019-03-06 14:10:38',1.0000,1,0,1,0,1,1.0000,1,0,0,0),(1664,1602,1,NULL,0.0000,1,0,0,1,1.0000,1,10000.0000,1,0,'2019-03-06 14:10:41',1.0000,1,0,1,0,1,1.0000,1,0,0,0),(1665,1603,1,NULL,0.0000,1,0,0,1,1.0000,1,10000.0000,1,0,'2019-03-06 14:10:43',1.0000,1,0,1,0,1,1.0000,1,0,0,0),(1666,1604,1,0.0000,0.0000,1,0,0,1,1.0000,1,10000.0000,1,1,NULL,1.0000,1,0,1,0,1,1.0000,1,0,0,0),(1667,1605,1,NULL,0.0000,1,0,0,1,1.0000,1,10000.0000,1,1,'2019-03-06 14:14:58',1.0000,1,0,1,0,1,1.0000,1,0,0,0),(1668,1606,1,NULL,0.0000,1,0,0,1,1.0000,1,10000.0000,1,1,'2019-03-06 14:15:01',1.0000,1,0,1,0,1,1.0000,1,0,0,0),(1669,1607,1,NULL,0.0000,1,0,0,1,1.0000,1,10000.0000,1,1,'2019-03-06 14:15:03',1.0000,1,0,1,0,1,1.0000,1,0,0,0),(1670,1608,1,NULL,0.0000,1,0,0,1,1.0000,1,10000.0000,1,1,'2019-03-06 14:15:06',1.0000,1,0,1,0,1,1.0000,1,0,0,0),(1671,1609,1,NULL,0.0000,1,0,0,1,1.0000,1,10000.0000,1,1,'2019-03-06 14:15:10',1.0000,1,0,1,0,1,1.0000,1,0,0,0),(1672,1610,1,NULL,0.0000,1,0,0,1,1.0000,1,10000.0000,1,1,'2019-03-06 14:15:12',1.0000,1,0,1,0,1,1.0000,1,0,0,0),(1673,1611,1,NULL,0.0000,1,0,0,1,1.0000,1,10000.0000,1,1,'2019-03-06 14:15:14',1.0000,1,0,1,0,1,1.0000,1,0,0,0),(1674,1612,1,NULL,0.0000,1,0,0,1,1.0000,1,10000.0000,1,1,'2019-03-06 14:15:16',1.0000,1,0,1,0,1,1.0000,1,0,0,0),(1675,1613,1,NULL,0.0000,1,0,0,1,1.0000,1,10000.0000,1,1,'2019-03-06 14:15:19',1.0000,1,0,1,0,1,1.0000,1,0,0,0),(1676,1614,1,NULL,0.0000,1,0,0,1,1.0000,1,10000.0000,1,1,'2019-03-06 14:15:21',1.0000,1,0,1,0,1,1.0000,1,0,0,0),(1677,1615,1,NULL,0.0000,1,0,0,1,1.0000,1,10000.0000,1,1,'2019-03-06 14:15:23',1.0000,1,0,1,0,1,1.0000,1,0,0,0),(1678,1616,1,NULL,0.0000,1,0,0,1,1.0000,1,10000.0000,1,1,'2019-03-06 14:15:25',1.0000,1,0,1,0,1,1.0000,1,0,0,0),(1679,1617,1,NULL,0.0000,1,0,0,1,1.0000,1,10000.0000,1,1,'2019-03-06 14:15:27',1.0000,1,0,1,0,1,1.0000,1,0,0,0),(1680,1618,1,NULL,0.0000,1,0,0,1,1.0000,1,10000.0000,1,1,'2019-03-06 14:15:29',1.0000,1,0,1,0,1,1.0000,1,0,0,0),(1681,1619,1,NULL,0.0000,1,0,0,1,1.0000,1,10000.0000,1,1,'2019-03-06 14:15:30',1.0000,1,0,1,0,1,1.0000,1,0,0,0),(1682,1620,1,NULL,0.0000,1,0,0,1,1.0000,1,10000.0000,1,0,'2019-03-06 14:20:49',1.0000,1,0,1,0,1,1.0000,1,0,0,0),(1683,1621,1,NULL,0.0000,1,0,0,1,1.0000,1,10000.0000,1,0,'2019-03-06 14:20:53',1.0000,1,0,1,0,1,1.0000,1,0,0,0),(1684,1622,1,NULL,0.0000,1,0,0,1,1.0000,1,10000.0000,1,0,'2019-03-06 14:20:55',1.0000,1,0,1,0,1,1.0000,1,0,0,0),(1685,1623,1,NULL,0.0000,1,0,0,1,1.0000,1,10000.0000,1,0,'2019-03-06 14:20:58',1.0000,1,0,1,0,1,1.0000,1,0,0,0),(1686,1624,1,NULL,0.0000,1,0,0,1,1.0000,1,10000.0000,1,0,'2019-03-06 14:21:00',1.0000,1,0,1,0,1,1.0000,1,0,0,0),(1687,1625,1,NULL,0.0000,1,0,0,1,1.0000,1,10000.0000,1,0,'2019-03-06 14:21:02',1.0000,1,0,1,0,1,1.0000,1,0,0,0),(1688,1626,1,NULL,0.0000,1,0,0,1,1.0000,1,10000.0000,1,0,'2019-03-06 14:21:03',1.0000,1,0,1,0,1,1.0000,1,0,0,0),(1689,1627,1,NULL,0.0000,1,0,0,1,1.0000,1,10000.0000,1,0,'2019-03-06 14:21:05',1.0000,1,0,1,0,1,1.0000,1,0,0,0),(1690,1628,1,NULL,0.0000,1,0,0,1,1.0000,1,10000.0000,1,0,'2019-03-06 14:21:06',1.0000,1,0,1,0,1,1.0000,1,0,0,0),(1691,1629,1,NULL,0.0000,1,0,0,1,1.0000,1,10000.0000,1,0,'2019-03-06 14:21:08',1.0000,1,0,1,0,1,1.0000,1,0,0,0),(1692,1630,1,0.0000,0.0000,1,0,0,1,1.0000,1,10000.0000,1,1,NULL,1.0000,1,0,1,0,1,1.0000,1,0,0,0),(1693,1631,1,NULL,0.0000,1,0,0,1,1.0000,1,10000.0000,1,0,'2019-03-06 14:24:18',1.0000,1,0,1,0,1,1.0000,1,0,0,0),(1694,1632,1,NULL,0.0000,1,0,0,1,1.0000,1,10000.0000,1,0,'2019-03-06 14:24:20',1.0000,1,0,1,0,1,1.0000,1,0,0,0),(1695,1633,1,NULL,0.0000,1,0,0,1,1.0000,1,10000.0000,1,0,'2019-03-06 14:24:22',1.0000,1,0,1,0,1,1.0000,1,0,0,0),(1696,1634,1,NULL,0.0000,1,0,0,1,1.0000,1,10000.0000,1,0,'2019-03-06 14:24:24',1.0000,1,0,1,0,1,1.0000,1,0,0,0),(1697,1635,1,NULL,0.0000,1,0,0,1,1.0000,1,10000.0000,1,0,'2019-03-06 14:24:25',1.0000,1,0,1,0,1,1.0000,1,0,0,0),(1698,1636,1,NULL,0.0000,1,0,0,1,1.0000,1,10000.0000,1,0,'2019-03-06 14:24:27',1.0000,1,0,1,0,1,1.0000,1,0,0,0),(1699,1637,1,NULL,0.0000,1,0,0,1,1.0000,1,10000.0000,1,0,'2019-03-06 14:24:29',1.0000,1,0,1,0,1,1.0000,1,0,0,0),(1700,1638,1,NULL,0.0000,1,0,0,1,1.0000,1,10000.0000,1,0,'2019-03-06 14:24:30',1.0000,1,0,1,0,1,1.0000,1,0,0,0),(1701,1639,1,NULL,0.0000,1,0,0,1,1.0000,1,10000.0000,1,0,'2019-03-06 14:24:32',1.0000,1,0,1,0,1,1.0000,1,0,0,0),(1702,1640,1,NULL,0.0000,1,0,0,1,1.0000,1,10000.0000,1,0,'2019-03-06 14:24:34',1.0000,1,0,1,0,1,1.0000,1,0,0,0),(1703,1641,1,NULL,0.0000,1,0,0,1,1.0000,1,10000.0000,1,0,'2019-03-06 14:24:35',1.0000,1,0,1,0,1,1.0000,1,0,0,0),(1704,1642,1,NULL,0.0000,1,0,0,1,1.0000,1,10000.0000,1,0,'2019-03-06 14:24:37',1.0000,1,0,1,0,1,1.0000,1,0,0,0),(1705,1643,1,0.0000,0.0000,1,0,0,1,1.0000,1,10000.0000,1,1,NULL,1.0000,1,0,1,0,1,1.0000,1,0,0,0),(1706,1644,1,NULL,0.0000,1,0,0,1,1.0000,1,10000.0000,1,0,'2019-03-06 14:31:37',1.0000,1,0,1,0,1,1.0000,1,0,0,0),(1707,1645,1,NULL,0.0000,1,0,0,1,1.0000,1,10000.0000,1,0,'2019-03-06 14:31:39',1.0000,1,0,1,0,1,1.0000,1,0,0,0),(1708,1646,1,NULL,0.0000,1,0,0,1,1.0000,1,10000.0000,1,0,'2019-03-06 14:31:41',1.0000,1,0,1,0,1,1.0000,1,0,0,0),(1709,1647,1,NULL,0.0000,1,0,0,1,1.0000,1,10000.0000,1,0,'2019-03-06 14:31:42',1.0000,1,0,1,0,1,1.0000,1,0,0,0),(1710,1648,1,NULL,0.0000,1,0,0,1,1.0000,1,10000.0000,1,0,'2019-03-06 14:31:43',1.0000,1,0,1,0,1,1.0000,1,0,0,0),(1711,1649,1,NULL,0.0000,1,0,0,1,1.0000,1,10000.0000,1,0,'2019-03-06 14:31:45',1.0000,1,0,1,0,1,1.0000,1,0,0,0),(1712,1650,1,NULL,0.0000,1,0,0,1,1.0000,1,10000.0000,1,0,'2019-03-06 14:31:46',1.0000,1,0,1,0,1,1.0000,1,0,0,0),(1713,1651,1,NULL,0.0000,1,0,0,1,1.0000,1,10000.0000,1,0,'2019-03-06 14:31:48',1.0000,1,0,1,0,1,1.0000,1,0,0,0),(1714,1652,1,NULL,0.0000,1,0,0,1,1.0000,1,10000.0000,1,0,'2019-03-06 14:31:49',1.0000,1,0,1,0,1,1.0000,1,0,0,0),(1715,1653,1,NULL,0.0000,1,0,0,1,1.0000,1,10000.0000,1,0,'2019-03-06 14:31:51',1.0000,1,0,1,0,1,1.0000,1,0,0,0),(1716,1654,1,NULL,0.0000,1,0,0,1,1.0000,1,10000.0000,1,0,'2019-03-06 14:31:52',1.0000,1,0,1,0,1,1.0000,1,0,0,0),(1717,1655,1,NULL,0.0000,1,0,0,1,1.0000,1,10000.0000,1,0,'2019-03-06 14:31:54',1.0000,1,0,1,0,1,1.0000,1,0,0,0),(1718,1656,1,0.0000,0.0000,1,0,0,1,1.0000,1,10000.0000,1,1,NULL,1.0000,1,0,1,0,1,1.0000,1,0,0,0),(1719,1657,1,NULL,0.0000,1,0,0,1,1.0000,1,10000.0000,1,0,'2019-03-06 14:34:31',1.0000,1,0,1,0,1,1.0000,1,0,0,0),(1720,1658,1,NULL,0.0000,1,0,0,1,1.0000,1,10000.0000,1,0,'2019-03-06 14:34:33',1.0000,1,0,1,0,1,1.0000,1,0,0,0),(1721,1659,1,NULL,0.0000,1,0,0,1,1.0000,1,10000.0000,1,0,'2019-03-06 14:34:35',1.0000,1,0,1,0,1,1.0000,1,0,0,0),(1722,1660,1,NULL,0.0000,1,0,0,1,1.0000,1,10000.0000,1,0,'2019-03-06 14:34:37',1.0000,1,0,1,0,1,1.0000,1,0,0,0),(1723,1661,1,NULL,0.0000,1,0,0,1,1.0000,1,10000.0000,1,0,'2019-03-06 14:34:38',1.0000,1,0,1,0,1,1.0000,1,0,0,0),(1724,1662,1,NULL,0.0000,1,0,0,1,1.0000,1,10000.0000,1,0,'2019-03-06 14:34:40',1.0000,1,0,1,0,1,1.0000,1,0,0,0),(1725,1663,1,NULL,0.0000,1,0,0,1,1.0000,1,10000.0000,1,0,'2019-03-06 14:34:43',1.0000,1,0,1,0,1,1.0000,1,0,0,0),(1726,1664,1,NULL,0.0000,1,0,0,1,1.0000,1,10000.0000,1,0,'2019-03-06 14:34:45',1.0000,1,0,1,0,1,1.0000,1,0,0,0),(1727,1665,1,NULL,0.0000,1,0,0,1,1.0000,1,10000.0000,1,0,'2019-03-06 14:34:46',1.0000,1,0,1,0,1,1.0000,1,0,0,0),(1728,1666,1,NULL,0.0000,1,0,0,1,1.0000,1,10000.0000,1,0,'2019-03-06 14:34:48',1.0000,1,0,1,0,1,1.0000,1,0,0,0),(1729,1667,1,NULL,0.0000,1,0,0,1,1.0000,1,10000.0000,1,0,'2019-03-06 14:34:50',1.0000,1,0,1,0,1,1.0000,1,0,0,0),(1730,1668,1,NULL,0.0000,1,0,0,1,1.0000,1,10000.0000,1,0,'2019-03-06 14:34:53',1.0000,1,0,1,0,1,1.0000,1,0,0,0),(1731,1669,1,NULL,0.0000,1,0,0,1,1.0000,1,10000.0000,1,0,'2019-03-06 14:34:55',1.0000,1,0,1,0,1,1.0000,1,0,0,0),(1732,1670,1,NULL,0.0000,1,0,0,1,1.0000,1,10000.0000,1,0,'2019-03-06 14:34:57',1.0000,1,0,1,0,1,1.0000,1,0,0,0),(1733,1671,1,NULL,0.0000,1,0,0,1,1.0000,1,10000.0000,1,0,'2019-03-06 14:34:58',1.0000,1,0,1,0,1,1.0000,1,0,0,0),(1734,1672,1,NULL,0.0000,1,0,0,1,1.0000,1,10000.0000,1,0,'2019-03-06 14:35:00',1.0000,1,0,1,0,1,1.0000,1,0,0,0),(1735,1673,1,NULL,0.0000,1,0,0,1,1.0000,1,10000.0000,1,0,'2019-03-06 14:35:01',1.0000,1,0,1,0,1,1.0000,1,0,0,0),(1736,1674,1,NULL,0.0000,1,0,0,1,1.0000,1,10000.0000,1,0,'2019-03-06 14:35:03',1.0000,1,0,1,0,1,1.0000,1,0,0,0),(1737,1675,1,NULL,0.0000,1,0,0,1,1.0000,1,10000.0000,1,0,'2019-03-06 14:35:05',1.0000,1,0,1,0,1,1.0000,1,0,0,0),(1738,1676,1,NULL,0.0000,1,0,0,1,1.0000,1,10000.0000,1,0,'2019-03-06 14:35:06',1.0000,1,0,1,0,1,1.0000,1,0,0,0),(1739,1677,1,0.0000,0.0000,1,0,0,1,1.0000,1,10000.0000,1,1,NULL,1.0000,1,0,1,0,1,1.0000,1,0,0,0),(1740,1678,1,NULL,0.0000,1,0,0,1,1.0000,1,10000.0000,1,0,'2019-03-06 14:41:31',1.0000,1,0,1,0,1,1.0000,1,0,0,0),(1741,1679,1,NULL,0.0000,1,0,0,1,1.0000,1,10000.0000,1,0,'2019-03-06 14:41:34',1.0000,1,0,1,0,1,1.0000,1,0,0,0),(1742,1680,1,NULL,0.0000,1,0,0,1,1.0000,1,10000.0000,1,0,'2019-03-06 14:41:35',1.0000,1,0,1,0,1,1.0000,1,0,0,0),(1743,1681,1,NULL,0.0000,1,0,0,1,1.0000,1,10000.0000,1,0,'2019-03-06 14:41:37',1.0000,1,0,1,0,1,1.0000,1,0,0,0),(1744,1682,1,NULL,0.0000,1,0,0,1,1.0000,1,10000.0000,1,0,'2019-03-06 14:41:39',1.0000,1,0,1,0,1,1.0000,1,0,0,0),(1745,1683,1,NULL,0.0000,1,0,0,1,1.0000,1,10000.0000,1,0,'2019-03-06 14:41:41',1.0000,1,0,1,0,1,1.0000,1,0,0,0),(1746,1684,1,NULL,0.0000,1,0,0,1,1.0000,1,10000.0000,1,0,'2019-03-06 14:41:42',1.0000,1,0,1,0,1,1.0000,1,0,0,0),(1747,1685,1,NULL,0.0000,1,0,0,1,1.0000,1,10000.0000,1,0,'2019-03-06 14:41:44',1.0000,1,0,1,0,1,1.0000,1,0,0,0),(1748,1686,1,NULL,0.0000,1,0,0,1,1.0000,1,10000.0000,1,0,'2019-03-06 14:41:45',1.0000,1,0,1,0,1,1.0000,1,0,0,0),(1749,1687,1,NULL,0.0000,1,0,0,1,1.0000,1,10000.0000,1,0,'2019-03-06 14:41:47',1.0000,1,0,1,0,1,1.0000,1,0,0,0),(1750,1688,1,NULL,0.0000,1,0,0,1,1.0000,1,10000.0000,1,0,'2019-03-06 14:41:49',1.0000,1,0,1,0,1,1.0000,1,0,0,0),(1751,1689,1,NULL,0.0000,1,0,0,1,1.0000,1,10000.0000,1,0,'2019-03-06 14:41:50',1.0000,1,0,1,0,1,1.0000,1,0,0,0),(1752,1690,1,NULL,0.0000,1,0,0,1,1.0000,1,10000.0000,1,0,'2019-03-06 14:41:52',1.0000,1,0,1,0,1,1.0000,1,0,0,0),(1753,1692,1,NULL,0.0000,1,0,0,1,1.0000,1,10000.0000,1,0,'2019-03-06 14:41:54',1.0000,1,0,1,0,1,1.0000,1,0,0,0),(1755,1693,1,NULL,0.0000,1,0,0,1,1.0000,1,10000.0000,1,0,'2019-03-06 14:41:57',1.0000,1,0,1,0,1,1.0000,1,0,0,0),(1756,1694,1,NULL,0.0000,1,0,0,1,1.0000,1,10000.0000,1,0,'2019-03-06 14:41:58',1.0000,1,0,1,0,1,1.0000,1,0,0,0),(1757,1695,1,NULL,0.0000,1,0,0,1,1.0000,1,10000.0000,1,0,'2019-03-06 14:42:00',1.0000,1,0,1,0,1,1.0000,1,0,0,0),(1758,1696,1,NULL,0.0000,1,0,0,1,1.0000,1,10000.0000,1,0,'2019-03-06 14:42:02',1.0000,1,0,1,0,1,1.0000,1,0,0,0),(1759,1697,1,NULL,0.0000,1,0,0,1,1.0000,1,10000.0000,1,0,'2019-03-06 14:42:04',1.0000,1,0,1,0,1,1.0000,1,0,0,0),(1760,1698,1,NULL,0.0000,1,0,0,1,1.0000,1,10000.0000,1,0,'2019-03-06 14:42:05',1.0000,1,0,1,0,1,1.0000,1,0,0,0),(1761,1699,1,0.0000,0.0000,1,0,0,1,1.0000,1,10000.0000,1,1,NULL,1.0000,1,0,1,0,1,1.0000,1,0,0,0),(1762,1700,1,NULL,0.0000,1,0,0,1,1.0000,1,10000.0000,1,0,'2019-03-06 14:47:20',1.0000,1,0,1,0,1,1.0000,1,0,0,0),(1763,1701,1,NULL,0.0000,1,0,0,1,1.0000,1,10000.0000,1,0,'2019-03-06 14:47:22',1.0000,1,0,1,0,1,1.0000,1,0,0,0),(1764,1702,1,NULL,0.0000,1,0,0,1,1.0000,1,10000.0000,1,0,'2019-03-06 14:47:24',1.0000,1,0,1,0,1,1.0000,1,0,0,0),(1765,1703,1,NULL,0.0000,1,0,0,1,1.0000,1,10000.0000,1,0,'2019-03-06 14:47:25',1.0000,1,0,1,0,1,1.0000,1,0,0,0),(1766,1704,1,NULL,0.0000,1,0,0,1,1.0000,1,10000.0000,1,0,'2019-03-06 14:47:27',1.0000,1,0,1,0,1,1.0000,1,0,0,0),(1767,1705,1,NULL,0.0000,1,0,0,1,1.0000,1,10000.0000,1,0,'2019-03-06 14:47:29',1.0000,1,0,1,0,1,1.0000,1,0,0,0),(1768,1706,1,NULL,0.0000,1,0,0,1,1.0000,1,10000.0000,1,0,'2019-03-06 14:47:31',1.0000,1,0,1,0,1,1.0000,1,0,0,0),(1769,1707,1,NULL,0.0000,1,0,0,1,1.0000,1,10000.0000,1,0,'2019-03-06 14:47:32',1.0000,1,0,1,0,1,1.0000,1,0,0,0),(1770,1708,1,NULL,0.0000,1,0,0,1,1.0000,1,10000.0000,1,0,'2019-03-06 14:47:34',1.0000,1,0,1,0,1,1.0000,1,0,0,0),(1771,1709,1,0.0000,0.0000,1,0,0,1,1.0000,1,10000.0000,1,1,NULL,1.0000,1,0,1,0,1,1.0000,1,0,0,0),(1772,1710,1,NULL,0.0000,1,0,0,1,1.0000,1,10000.0000,1,0,'2019-03-06 14:51:14',1.0000,1,0,1,0,1,1.0000,1,0,0,0),(1773,1711,1,NULL,0.0000,1,0,0,1,1.0000,1,10000.0000,1,0,'2019-03-06 14:51:17',1.0000,1,0,1,0,1,1.0000,1,0,0,0),(1774,1712,1,NULL,0.0000,1,0,0,1,1.0000,1,10000.0000,1,0,'2019-03-06 14:51:18',1.0000,1,0,1,0,1,1.0000,1,0,0,0),(1775,1713,1,NULL,0.0000,1,0,0,1,1.0000,1,10000.0000,1,0,'2019-03-06 14:51:20',1.0000,1,0,1,0,1,1.0000,1,0,0,0),(1776,1714,1,NULL,0.0000,1,0,0,1,1.0000,1,10000.0000,1,0,'2019-03-06 14:51:21',1.0000,1,0,1,0,1,1.0000,1,0,0,0),(1777,1715,1,NULL,0.0000,1,0,0,1,1.0000,1,10000.0000,1,0,'2019-03-06 14:51:23',1.0000,1,0,1,0,1,1.0000,1,0,0,0),(1778,1716,1,NULL,0.0000,1,0,0,1,1.0000,1,10000.0000,1,0,'2019-03-06 14:51:24',1.0000,1,0,1,0,1,1.0000,1,0,0,0),(1779,1717,1,NULL,0.0000,1,0,0,1,1.0000,1,10000.0000,1,0,'2019-03-06 14:51:26',1.0000,1,0,1,0,1,1.0000,1,0,0,0),(1780,1718,1,NULL,0.0000,1,0,0,1,1.0000,1,10000.0000,1,0,'2019-03-06 14:51:28',1.0000,1,0,1,0,1,1.0000,1,0,0,0),(1781,1719,1,NULL,0.0000,1,0,0,1,1.0000,1,10000.0000,1,0,'2019-03-06 14:51:29',1.0000,1,0,1,0,1,1.0000,1,0,0,0),(1782,1720,1,NULL,0.0000,1,0,0,1,1.0000,1,10000.0000,1,0,'2019-03-06 14:51:31',1.0000,1,0,1,0,1,1.0000,1,0,0,0),(1783,1721,1,NULL,0.0000,1,0,0,1,1.0000,1,10000.0000,1,0,'2019-03-06 14:51:33',1.0000,1,0,1,0,1,1.0000,1,0,0,0),(1784,1722,1,NULL,0.0000,1,0,0,1,1.0000,1,10000.0000,1,0,'2019-03-06 14:51:34',1.0000,1,0,1,0,1,1.0000,1,0,0,0),(1785,1723,1,NULL,0.0000,1,0,0,1,1.0000,1,10000.0000,1,0,'2019-03-06 14:51:36',1.0000,1,0,1,0,1,1.0000,1,0,0,0),(1786,1724,1,NULL,0.0000,1,0,0,1,1.0000,1,10000.0000,1,0,'2019-03-06 14:51:37',1.0000,1,0,1,0,1,1.0000,1,0,0,0),(1787,1725,1,0.0000,0.0000,1,0,0,1,1.0000,1,10000.0000,1,1,NULL,1.0000,1,0,1,0,1,1.0000,1,0,0,0),(1788,1726,1,NULL,0.0000,1,0,0,1,1.0000,1,10000.0000,1,0,'2019-03-06 14:56:21',1.0000,1,0,1,0,1,1.0000,1,0,0,0),(1789,1727,1,NULL,0.0000,1,0,0,1,1.0000,1,10000.0000,1,0,'2019-03-06 14:56:25',1.0000,1,0,1,0,1,1.0000,1,0,0,0),(1790,1728,1,NULL,0.0000,1,0,0,1,1.0000,1,10000.0000,1,0,'2019-03-06 14:56:29',1.0000,1,0,1,0,1,1.0000,1,0,0,0),(1791,1729,1,NULL,0.0000,1,0,0,1,1.0000,1,10000.0000,1,0,'2019-03-06 14:56:34',1.0000,1,0,1,0,1,1.0000,1,0,0,0),(1792,1730,1,NULL,0.0000,1,0,0,1,1.0000,1,10000.0000,1,0,'2019-03-06 14:56:38',1.0000,1,0,1,0,1,1.0000,1,0,0,0),(1793,1731,1,NULL,0.0000,1,0,0,1,1.0000,1,10000.0000,1,0,'2019-03-06 14:56:42',1.0000,1,0,1,0,1,1.0000,1,0,0,0),(1794,1732,1,NULL,0.0000,1,0,0,1,1.0000,1,10000.0000,1,0,'2019-03-06 14:56:50',1.0000,1,0,1,0,1,1.0000,1,0,0,0),(1795,1733,1,NULL,0.0000,1,0,0,1,1.0000,1,10000.0000,1,0,'2019-03-06 14:56:57',1.0000,1,0,1,0,1,1.0000,1,0,0,0),(1796,1734,1,NULL,0.0000,1,0,0,1,1.0000,1,10000.0000,1,0,'2019-03-06 14:57:03',1.0000,1,0,1,0,1,1.0000,1,0,0,0),(1797,1735,1,0.0000,0.0000,1,0,0,1,1.0000,1,10000.0000,1,1,NULL,1.0000,1,0,1,0,1,1.0000,1,0,0,0),(1798,1736,1,NULL,0.0000,1,0,0,1,1.0000,1,10000.0000,1,0,'2019-03-06 15:00:22',1.0000,1,0,1,0,1,1.0000,1,0,0,0),(1799,1737,1,NULL,0.0000,1,0,0,1,1.0000,1,10000.0000,1,0,'2019-03-06 15:00:24',1.0000,1,0,1,0,1,1.0000,1,0,0,0),(1800,1738,1,NULL,0.0000,1,0,0,1,1.0000,1,10000.0000,1,0,'2019-03-06 15:00:25',1.0000,1,0,1,0,1,1.0000,1,0,0,0),(1801,1739,1,NULL,0.0000,1,0,0,1,1.0000,1,10000.0000,1,0,'2019-03-06 15:00:27',1.0000,1,0,1,0,1,1.0000,1,0,0,0),(1802,1740,1,NULL,0.0000,1,0,0,1,1.0000,1,10000.0000,1,0,'2019-03-06 15:00:28',1.0000,1,0,1,0,1,1.0000,1,0,0,0),(1803,1741,1,NULL,0.0000,1,0,0,1,1.0000,1,10000.0000,1,0,'2019-03-06 15:00:30',1.0000,1,0,1,0,1,1.0000,1,0,0,0),(1804,1742,1,NULL,0.0000,1,0,0,1,1.0000,1,10000.0000,1,0,'2019-03-06 15:00:31',1.0000,1,0,1,0,1,1.0000,1,0,0,0),(1805,1743,1,NULL,0.0000,1,0,0,1,1.0000,1,10000.0000,1,0,'2019-03-06 15:00:33',1.0000,1,0,1,0,1,1.0000,1,0,0,0),(1806,1744,1,NULL,0.0000,1,0,0,1,1.0000,1,10000.0000,1,0,'2019-03-06 15:00:34',1.0000,1,0,1,0,1,1.0000,1,0,0,0),(1807,1745,1,NULL,0.0000,1,0,0,1,1.0000,1,10000.0000,1,0,'2019-03-06 15:00:36',1.0000,1,0,1,0,1,1.0000,1,0,0,0),(1808,1746,1,NULL,0.0000,1,0,0,1,1.0000,1,10000.0000,1,0,'2019-03-06 15:00:37',1.0000,1,0,1,0,1,1.0000,1,0,0,0),(1809,1747,1,NULL,0.0000,1,0,0,1,1.0000,1,10000.0000,1,0,'2019-03-06 15:00:39',1.0000,1,0,1,0,1,1.0000,1,0,0,0),(1810,1748,1,NULL,0.0000,1,0,0,1,1.0000,1,10000.0000,1,0,'2019-03-06 15:00:40',1.0000,1,0,1,0,1,1.0000,1,0,0,0),(1811,1749,1,NULL,0.0000,1,0,0,1,1.0000,1,10000.0000,1,0,'2019-03-06 15:00:42',1.0000,1,0,1,0,1,1.0000,1,0,0,0),(1812,1750,1,NULL,0.0000,1,0,0,1,1.0000,1,10000.0000,1,0,'2019-03-06 15:00:43',1.0000,1,0,1,0,1,1.0000,1,0,0,0),(1813,1751,1,NULL,0.0000,1,0,0,1,1.0000,1,10000.0000,1,0,'2019-03-06 15:00:45',1.0000,1,0,1,0,1,1.0000,1,0,0,0),(1814,1752,1,NULL,0.0000,1,0,0,1,1.0000,1,10000.0000,1,0,'2019-03-06 15:00:46',1.0000,1,0,1,0,1,1.0000,1,0,0,0),(1815,1753,1,NULL,0.0000,1,0,0,1,1.0000,1,10000.0000,1,0,'2019-03-06 15:00:48',1.0000,1,0,1,0,1,1.0000,1,0,0,0),(1816,1754,1,NULL,0.0000,1,0,0,1,1.0000,1,10000.0000,1,0,'2019-03-06 15:00:49',1.0000,1,0,1,0,1,1.0000,1,0,0,0),(1817,1755,1,NULL,0.0000,1,0,0,1,1.0000,1,10000.0000,1,0,'2019-03-06 15:00:51',1.0000,1,0,1,0,1,1.0000,1,0,0,0),(1818,1756,1,0.0000,0.0000,1,0,0,1,1.0000,1,10000.0000,1,1,NULL,1.0000,1,0,1,0,1,1.0000,1,0,0,0),(1819,1757,1,NULL,0.0000,1,0,0,1,1.0000,1,10000.0000,1,0,'2019-03-06 15:17:39',1.0000,1,0,1,0,1,1.0000,1,0,0,0),(1820,1758,1,NULL,0.0000,1,0,0,1,1.0000,1,10000.0000,1,0,'2019-03-06 15:17:44',1.0000,1,0,1,0,1,1.0000,1,0,0,0),(1821,1759,1,NULL,0.0000,1,0,0,1,1.0000,1,10000.0000,1,0,'2019-03-06 15:17:48',1.0000,1,0,1,0,1,1.0000,1,0,0,0),(1822,1760,1,NULL,0.0000,1,0,0,1,1.0000,1,10000.0000,1,0,'2019-03-06 15:17:52',1.0000,1,0,1,0,1,1.0000,1,0,0,0),(1823,1761,1,NULL,0.0000,1,0,0,1,1.0000,1,10000.0000,1,0,'2019-03-06 15:17:57',1.0000,1,0,1,0,1,1.0000,1,0,0,0),(1824,1762,1,NULL,0.0000,1,0,0,1,1.0000,1,10000.0000,1,0,'2019-03-06 15:18:01',1.0000,1,0,1,0,1,1.0000,1,0,0,0),(1825,1763,1,NULL,0.0000,1,0,0,1,1.0000,1,10000.0000,1,0,'2019-03-06 15:18:05',1.0000,1,0,1,0,1,1.0000,1,0,0,0),(1826,1764,1,NULL,0.0000,1,0,0,1,1.0000,1,10000.0000,1,0,'2019-03-06 15:18:09',1.0000,1,0,1,0,1,1.0000,1,0,0,0),(1827,1765,1,NULL,0.0000,1,0,0,1,1.0000,1,10000.0000,1,0,'2019-03-06 15:18:13',1.0000,1,0,1,0,1,1.0000,1,0,0,0),(1828,1766,1,NULL,0.0000,1,0,0,1,1.0000,1,10000.0000,1,0,'2019-03-06 15:18:18',1.0000,1,0,1,0,1,1.0000,1,0,0,0),(1829,1767,1,NULL,0.0000,1,0,0,1,1.0000,1,10000.0000,1,0,'2019-03-06 15:18:22',1.0000,1,0,1,0,1,1.0000,1,0,0,0),(1830,1768,1,NULL,0.0000,1,0,0,1,1.0000,1,10000.0000,1,0,'2019-03-06 15:18:26',1.0000,1,0,1,0,1,1.0000,1,0,0,0),(1831,1769,1,NULL,0.0000,1,0,0,1,1.0000,1,10000.0000,1,0,'2019-03-06 15:18:30',1.0000,1,0,1,0,1,1.0000,1,0,0,0),(1832,1770,1,NULL,0.0000,1,0,0,1,1.0000,1,10000.0000,1,0,'2019-03-06 15:18:35',1.0000,1,0,1,0,1,1.0000,1,0,0,0),(1833,1771,1,NULL,0.0000,1,0,0,1,1.0000,1,10000.0000,1,0,'2019-03-06 15:18:39',1.0000,1,0,1,0,1,1.0000,1,0,0,0),(1834,1772,1,NULL,0.0000,1,0,0,1,1.0000,1,10000.0000,1,0,'2019-03-06 15:18:43',1.0000,1,0,1,0,1,1.0000,1,0,0,0),(1835,1773,1,NULL,0.0000,1,0,0,1,1.0000,1,10000.0000,1,0,'2019-03-06 15:18:47',1.0000,1,0,1,0,1,1.0000,1,0,0,0),(1836,1774,1,NULL,0.0000,1,0,0,1,1.0000,1,10000.0000,1,0,'2019-03-06 15:18:51',1.0000,1,0,1,0,1,1.0000,1,0,0,0),(1837,1775,1,NULL,0.0000,1,0,0,1,1.0000,1,10000.0000,1,0,'2019-03-06 15:18:55',1.0000,1,0,1,0,1,1.0000,1,0,0,0),(1838,1776,1,NULL,0.0000,1,0,0,1,1.0000,1,10000.0000,1,0,'2019-03-06 15:18:59',1.0000,1,0,1,0,1,1.0000,1,0,0,0),(1839,1777,1,0.0000,0.0000,1,0,0,1,1.0000,1,10000.0000,1,1,NULL,1.0000,1,0,1,0,1,1.0000,1,0,0,0),(1840,1778,1,NULL,0.0000,1,0,0,1,1.0000,1,10000.0000,1,0,'2019-03-06 15:19:46',1.0000,1,0,1,0,1,1.0000,1,0,0,0),(1841,1779,1,NULL,0.0000,1,0,0,1,1.0000,1,10000.0000,1,0,'2019-03-06 15:19:48',1.0000,1,0,1,0,1,1.0000,1,0,0,0),(1842,1780,1,NULL,0.0000,1,0,0,1,1.0000,1,10000.0000,1,0,'2019-03-06 15:19:50',1.0000,1,0,1,0,1,1.0000,1,0,0,0),(1843,1781,1,NULL,0.0000,1,0,0,1,1.0000,1,10000.0000,1,0,'2019-03-06 15:19:51',1.0000,1,0,1,0,1,1.0000,1,0,0,0),(1844,1782,1,NULL,0.0000,1,0,0,1,1.0000,1,10000.0000,1,0,'2019-03-06 15:19:53',1.0000,1,0,1,0,1,1.0000,1,0,0,0),(1845,1783,1,NULL,0.0000,1,0,0,1,1.0000,1,10000.0000,1,0,'2019-03-06 15:19:54',1.0000,1,0,1,0,1,1.0000,1,0,0,0),(1846,1784,1,NULL,0.0000,1,0,0,1,1.0000,1,10000.0000,1,0,'2019-03-06 15:19:56',1.0000,1,0,1,0,1,1.0000,1,0,0,0),(1847,1785,1,NULL,0.0000,1,0,0,1,1.0000,1,10000.0000,1,0,'2019-03-06 15:19:57',1.0000,1,0,1,0,1,1.0000,1,0,0,0),(1848,1786,1,NULL,0.0000,1,0,0,1,1.0000,1,10000.0000,1,0,'2019-03-06 15:19:59',1.0000,1,0,1,0,1,1.0000,1,0,0,0),(1849,1787,1,0.0000,0.0000,1,0,0,1,1.0000,1,10000.0000,1,1,NULL,1.0000,1,0,1,0,1,1.0000,1,0,0,0),(1850,1788,1,NULL,0.0000,1,0,0,1,1.0000,1,10000.0000,1,0,'2019-03-06 15:24:46',1.0000,1,0,1,0,1,1.0000,1,0,0,0),(1851,1789,1,NULL,0.0000,1,0,0,1,1.0000,1,10000.0000,1,0,'2019-03-06 15:24:50',1.0000,1,0,1,0,1,1.0000,1,0,0,0),(1852,1790,1,NULL,0.0000,1,0,0,1,1.0000,1,10000.0000,1,0,'2019-03-06 15:24:53',1.0000,1,0,1,0,1,1.0000,1,0,0,0),(1853,1791,1,NULL,0.0000,1,0,0,1,1.0000,1,10000.0000,1,0,'2019-03-06 15:24:56',1.0000,1,0,1,0,1,1.0000,1,0,0,0),(1854,1792,1,NULL,0.0000,1,0,0,1,1.0000,1,10000.0000,1,0,'2019-03-06 15:24:59',1.0000,1,0,1,0,1,1.0000,1,0,0,0),(1855,1793,1,NULL,0.0000,1,0,0,1,1.0000,1,10000.0000,1,0,'2019-03-06 15:25:02',1.0000,1,0,1,0,1,1.0000,1,0,0,0),(1856,1794,1,NULL,0.0000,1,0,0,1,1.0000,1,10000.0000,1,0,'2019-03-06 15:25:05',1.0000,1,0,1,0,1,1.0000,1,0,0,0),(1857,1795,1,NULL,0.0000,1,0,0,1,1.0000,1,10000.0000,1,0,'2019-03-06 15:25:08',1.0000,1,0,1,0,1,1.0000,1,0,0,0),(1858,1796,1,NULL,0.0000,1,0,0,1,1.0000,1,10000.0000,1,0,'2019-03-06 15:25:10',1.0000,1,0,1,0,1,1.0000,1,0,0,0),(1859,1797,1,NULL,0.0000,1,0,0,1,1.0000,1,10000.0000,1,0,'2019-03-06 15:25:13',1.0000,1,0,1,0,1,1.0000,1,0,0,0),(1860,1798,1,NULL,0.0000,1,0,0,1,1.0000,1,10000.0000,1,0,'2019-03-06 15:25:16',1.0000,1,0,1,0,1,1.0000,1,0,0,0),(1861,1799,1,NULL,0.0000,1,0,0,1,1.0000,1,10000.0000,1,0,'2019-03-06 15:25:19',1.0000,1,0,1,0,1,1.0000,1,0,0,0),(1862,1800,1,NULL,0.0000,1,0,0,1,1.0000,1,10000.0000,1,0,'2019-03-06 15:25:22',1.0000,1,0,1,0,1,1.0000,1,0,0,0),(1863,1801,1,NULL,0.0000,1,0,0,1,1.0000,1,10000.0000,1,0,'2019-03-06 15:25:24',1.0000,1,0,1,0,1,1.0000,1,0,0,0),(1864,1802,1,NULL,0.0000,1,0,0,1,1.0000,1,10000.0000,1,0,'2019-03-06 15:25:27',1.0000,1,0,1,0,1,1.0000,1,0,0,0),(1865,1803,1,NULL,0.0000,1,0,0,1,1.0000,1,10000.0000,1,0,'2019-03-06 15:25:30',1.0000,1,0,1,0,1,1.0000,1,0,0,0),(1866,1804,1,NULL,0.0000,1,0,0,1,1.0000,1,10000.0000,1,0,'2019-03-06 15:25:33',1.0000,1,0,1,0,1,1.0000,1,0,0,0),(1867,1805,1,NULL,0.0000,1,0,0,1,1.0000,1,10000.0000,1,0,'2019-03-06 15:25:36',1.0000,1,0,1,0,1,1.0000,1,0,0,0),(1868,1806,1,NULL,0.0000,1,0,0,1,1.0000,1,10000.0000,1,0,'2019-03-06 15:25:38',1.0000,1,0,1,0,1,1.0000,1,0,0,0),(1869,1807,1,NULL,0.0000,1,0,0,1,1.0000,1,10000.0000,1,0,'2019-03-06 15:25:41',1.0000,1,0,1,0,1,1.0000,1,0,0,0),(1870,1808,1,0.0000,0.0000,1,0,0,1,1.0000,1,10000.0000,1,1,NULL,1.0000,1,0,1,0,1,1.0000,1,0,0,0),(1871,1809,1,NULL,0.0000,1,0,0,1,1.0000,1,10000.0000,1,0,'2019-03-06 15:30:56',1.0000,1,0,1,0,1,1.0000,1,0,0,0),(1872,1810,1,NULL,0.0000,1,0,0,1,1.0000,1,10000.0000,1,0,'2019-03-06 15:30:58',1.0000,1,0,1,0,1,1.0000,1,0,0,0),(1873,1811,1,NULL,0.0000,1,0,0,1,1.0000,1,10000.0000,1,0,'2019-03-06 15:31:01',1.0000,1,0,1,0,1,1.0000,1,0,0,0),(1874,1812,1,NULL,0.0000,1,0,0,1,1.0000,1,10000.0000,1,0,'2019-03-06 15:31:04',1.0000,1,0,1,0,1,1.0000,1,0,0,0),(1875,1813,1,NULL,0.0000,1,0,0,1,1.0000,1,10000.0000,1,0,'2019-03-06 15:31:05',1.0000,1,0,1,0,1,1.0000,1,0,0,0),(1876,1814,1,NULL,0.0000,1,0,0,1,1.0000,1,10000.0000,1,0,'2019-03-06 15:31:06',1.0000,1,0,1,0,1,1.0000,1,0,0,0),(1877,1815,1,NULL,0.0000,1,0,0,1,1.0000,1,10000.0000,1,0,'2019-03-06 15:31:07',1.0000,1,0,1,0,1,1.0000,1,0,0,0),(1878,1816,1,NULL,0.0000,1,0,0,1,1.0000,1,10000.0000,1,0,'2019-03-06 15:31:10',1.0000,1,0,1,0,1,1.0000,1,0,0,0),(1879,1817,1,0.0000,0.0000,1,0,0,1,1.0000,1,10000.0000,1,1,NULL,1.0000,1,0,1,0,1,1.0000,1,0,0,0),(1896,1834,1,NULL,0.0000,1,0,0,1,1.0000,1,10000.0000,1,0,'2019-03-06 15:40:35',1.0000,1,0,1,0,1,1.0000,1,0,0,0),(1897,1835,1,NULL,0.0000,1,0,0,1,1.0000,1,10000.0000,1,0,'2019-03-06 15:40:37',1.0000,1,0,1,0,1,1.0000,1,0,0,0),(1898,1836,1,NULL,0.0000,1,0,0,1,1.0000,1,10000.0000,1,0,'2019-03-06 15:40:38',1.0000,1,0,1,0,1,1.0000,1,0,0,0),(1899,1837,1,NULL,0.0000,1,0,0,1,1.0000,1,10000.0000,1,0,'2019-03-06 15:40:39',1.0000,1,0,1,0,1,1.0000,1,0,0,0),(1900,1838,1,NULL,0.0000,1,0,0,1,1.0000,1,10000.0000,1,0,'2019-03-06 15:40:40',1.0000,1,0,1,0,1,1.0000,1,0,0,0),(1901,1839,1,NULL,0.0000,1,0,0,1,1.0000,1,10000.0000,1,0,'2019-03-06 15:40:40',1.0000,1,0,1,0,1,1.0000,1,0,0,0),(1902,1840,1,0.0000,0.0000,1,0,0,1,1.0000,1,10000.0000,1,1,NULL,1.0000,1,0,1,0,1,1.0000,1,0,0,0),(1903,1841,1,NULL,0.0000,1,0,0,1,1.0000,1,10000.0000,1,0,'2019-03-06 15:44:31',1.0000,1,0,1,0,1,1.0000,1,0,0,0),(1904,1842,1,NULL,0.0000,1,0,0,1,1.0000,1,10000.0000,1,0,'2019-03-06 15:44:34',1.0000,1,0,1,0,1,1.0000,1,0,0,0),(1905,1843,1,NULL,0.0000,1,0,0,1,1.0000,1,10000.0000,1,0,'2019-03-06 15:44:37',1.0000,1,0,1,0,1,1.0000,1,0,0,0),(1906,1844,1,NULL,0.0000,1,0,0,1,1.0000,1,10000.0000,1,0,'2019-03-06 15:44:39',1.0000,1,0,1,0,1,1.0000,1,0,0,0),(1907,1845,1,NULL,0.0000,1,0,0,1,1.0000,1,10000.0000,1,0,'2019-03-06 15:44:42',1.0000,1,0,1,0,1,1.0000,1,0,0,0),(1908,1846,1,NULL,0.0000,1,0,0,1,1.0000,1,10000.0000,1,0,'2019-03-06 15:44:44',1.0000,1,0,1,0,1,1.0000,1,0,0,0),(1909,1847,1,NULL,0.0000,1,0,0,1,1.0000,1,10000.0000,1,0,'2019-03-06 15:44:46',1.0000,1,0,1,0,1,1.0000,1,0,0,0),(1910,1848,1,NULL,0.0000,1,0,0,1,1.0000,1,10000.0000,1,0,'2019-03-06 15:44:50',1.0000,1,0,1,0,1,1.0000,1,0,0,0),(1911,1849,1,NULL,0.0000,1,0,0,1,1.0000,1,10000.0000,1,0,'2019-03-06 15:44:53',1.0000,1,0,1,0,1,1.0000,1,0,0,0),(1912,1850,1,NULL,0.0000,1,0,0,1,1.0000,1,10000.0000,1,0,'2019-03-06 15:44:56',1.0000,1,0,1,0,1,1.0000,1,0,0,0),(1913,1851,1,NULL,0.0000,1,0,0,1,1.0000,1,10000.0000,1,0,'2019-03-06 15:44:58',1.0000,1,0,1,0,1,1.0000,1,0,0,0),(1914,1852,1,NULL,0.0000,1,0,0,1,1.0000,1,10000.0000,1,0,'2019-03-06 15:45:01',1.0000,1,0,1,0,1,1.0000,1,0,0,0),(1915,1853,1,NULL,0.0000,1,0,0,1,1.0000,1,10000.0000,1,0,'2019-03-06 15:45:03',1.0000,1,0,1,0,1,1.0000,1,0,0,0),(1916,1854,1,NULL,0.0000,1,0,0,1,1.0000,1,10000.0000,1,0,'2019-03-06 15:45:06',1.0000,1,0,1,0,1,1.0000,1,0,0,0),(1917,1855,1,NULL,0.0000,1,0,0,1,1.0000,1,10000.0000,1,0,'2019-03-06 15:45:09',1.0000,1,0,1,0,1,1.0000,1,0,0,0),(1918,1856,1,NULL,0.0000,1,0,0,1,1.0000,1,10000.0000,1,0,'2019-03-06 15:45:11',1.0000,1,0,1,0,1,1.0000,1,0,0,0),(1919,1857,1,NULL,0.0000,1,0,0,1,1.0000,1,10000.0000,1,0,'2019-03-06 15:45:14',1.0000,1,0,1,0,1,1.0000,1,0,0,0),(1920,1858,1,NULL,0.0000,1,0,0,1,1.0000,1,10000.0000,1,0,'2019-03-06 15:45:16',1.0000,1,0,1,0,1,1.0000,1,0,0,0),(1921,1859,1,NULL,0.0000,1,0,0,1,1.0000,1,10000.0000,1,0,'2019-03-06 15:45:18',1.0000,1,0,1,0,1,1.0000,1,0,0,0),(1922,1860,1,NULL,0.0000,1,0,0,1,1.0000,1,10000.0000,1,0,'2019-03-06 15:45:21',1.0000,1,0,1,0,1,1.0000,1,0,0,0),(1923,1861,1,NULL,0.0000,1,0,0,1,1.0000,1,10000.0000,1,0,'2019-03-06 15:45:23',1.0000,1,0,1,0,1,1.0000,1,0,0,0),(1924,1862,1,NULL,0.0000,1,0,0,1,1.0000,1,10000.0000,1,0,'2019-03-06 15:45:26',1.0000,1,0,1,0,1,1.0000,1,0,0,0),(1925,1863,1,NULL,0.0000,1,0,0,1,1.0000,1,10000.0000,1,0,'2019-03-06 15:45:28',1.0000,1,0,1,0,1,1.0000,1,0,0,0),(1926,1864,1,NULL,0.0000,1,0,0,1,1.0000,1,10000.0000,1,0,'2019-03-06 15:45:31',1.0000,1,0,1,0,1,1.0000,1,0,0,0),(1927,1865,1,NULL,0.0000,1,0,0,1,1.0000,1,10000.0000,1,0,'2019-03-06 15:45:33',1.0000,1,0,1,0,1,1.0000,1,0,0,0),(1928,1866,1,0.0000,0.0000,1,0,0,1,1.0000,1,10000.0000,1,1,NULL,1.0000,1,0,1,0,1,1.0000,1,0,0,0),(1929,1867,1,NULL,0.0000,1,0,0,1,1.0000,1,10000.0000,1,0,'2019-03-06 15:50:31',1.0000,1,0,1,0,1,1.0000,1,0,0,0),(1930,1868,1,NULL,0.0000,1,0,0,1,1.0000,1,10000.0000,1,0,'2019-03-06 15:50:33',1.0000,1,0,1,0,1,1.0000,1,0,0,0),(1931,1869,1,NULL,0.0000,1,0,0,1,1.0000,1,10000.0000,1,0,'2019-03-06 15:50:35',1.0000,1,0,1,0,1,1.0000,1,0,0,0),(1932,1870,1,NULL,0.0000,1,0,0,1,1.0000,1,10000.0000,1,0,'2019-03-06 15:50:36',1.0000,1,0,1,0,1,1.0000,1,0,0,0),(1933,1871,1,NULL,0.0000,1,0,0,1,1.0000,1,10000.0000,1,0,'2019-03-06 15:50:37',1.0000,1,0,1,0,1,1.0000,1,0,0,0),(1934,1872,1,NULL,0.0000,1,0,0,1,1.0000,1,10000.0000,1,0,'2019-03-06 15:50:38',1.0000,1,0,1,0,1,1.0000,1,0,0,0),(1935,1873,1,NULL,0.0000,1,0,0,1,1.0000,1,10000.0000,1,0,'2019-03-06 15:50:40',1.0000,1,0,1,0,1,1.0000,1,0,0,0),(1936,1874,1,NULL,0.0000,1,0,0,1,1.0000,1,10000.0000,1,0,'2019-03-06 15:50:41',1.0000,1,0,1,0,1,1.0000,1,0,0,0),(1937,1875,1,0.0000,0.0000,1,0,0,1,1.0000,1,10000.0000,1,1,NULL,1.0000,1,0,1,0,1,1.0000,1,0,0,0),(1938,1876,1,NULL,0.0000,1,0,0,1,1.0000,1,10000.0000,1,0,'2019-03-06 15:52:05',1.0000,1,0,1,0,1,1.0000,1,0,0,0),(1939,1877,1,NULL,0.0000,1,0,0,1,1.0000,1,10000.0000,1,0,'2019-03-06 15:52:11',1.0000,1,0,1,0,1,1.0000,1,0,0,0),(1940,1878,1,NULL,0.0000,1,0,0,1,1.0000,1,10000.0000,1,0,'2019-03-06 15:52:15',1.0000,1,0,1,0,1,1.0000,1,0,0,0),(1941,1879,1,NULL,0.0000,1,0,0,1,1.0000,1,10000.0000,1,0,'2019-03-06 15:52:19',1.0000,1,0,1,0,1,1.0000,1,0,0,0),(1942,1880,1,NULL,0.0000,1,0,0,1,1.0000,1,10000.0000,1,0,'2019-03-06 15:52:22',1.0000,1,0,1,0,1,1.0000,1,0,0,0),(1943,1881,1,NULL,0.0000,1,0,0,1,1.0000,1,10000.0000,1,0,'2019-03-06 15:52:26',1.0000,1,0,1,0,1,1.0000,1,0,0,0),(1944,1882,1,NULL,0.0000,1,0,0,1,1.0000,1,10000.0000,1,0,'2019-03-06 15:52:30',1.0000,1,0,1,0,1,1.0000,1,0,0,0),(1945,1883,1,NULL,0.0000,1,0,0,1,1.0000,1,10000.0000,1,0,'2019-03-06 15:52:34',1.0000,1,0,1,0,1,1.0000,1,0,0,0),(1946,1884,1,NULL,0.0000,1,0,0,1,1.0000,1,10000.0000,1,0,'2019-03-06 15:52:38',1.0000,1,0,1,0,1,1.0000,1,0,0,0),(1947,1885,1,NULL,0.0000,1,0,0,1,1.0000,1,10000.0000,1,0,'2019-03-06 15:52:41',1.0000,1,0,1,0,1,1.0000,1,0,0,0),(1948,1886,1,NULL,0.0000,1,0,0,1,1.0000,1,10000.0000,1,0,'2019-03-06 15:52:45',1.0000,1,0,1,0,1,1.0000,1,0,0,0),(1949,1887,1,NULL,0.0000,1,0,0,1,1.0000,1,10000.0000,1,0,'2019-03-06 15:52:49',1.0000,1,0,1,0,1,1.0000,1,0,0,0),(1950,1888,1,0.0000,0.0000,1,0,0,1,1.0000,1,10000.0000,1,1,NULL,1.0000,1,0,1,0,1,1.0000,1,0,0,0),(1951,1889,1,NULL,0.0000,1,0,0,1,1.0000,1,10000.0000,1,0,'2019-03-06 15:57:33',1.0000,1,0,1,0,1,1.0000,1,0,0,0),(1952,1890,1,NULL,0.0000,1,0,0,1,1.0000,1,10000.0000,1,0,'2019-03-06 15:57:36',1.0000,1,0,1,0,1,1.0000,1,0,0,0),(1953,1891,1,NULL,0.0000,1,0,0,1,1.0000,1,10000.0000,1,0,'2019-03-06 15:57:37',1.0000,1,0,1,0,1,1.0000,1,0,0,0),(1954,1892,1,0.0000,0.0000,1,0,0,1,1.0000,1,10000.0000,1,1,NULL,1.0000,1,0,1,0,1,1.0000,1,0,0,0),(1955,1893,1,NULL,0.0000,1,0,0,1,1.0000,1,10000.0000,1,0,'2019-03-06 16:01:16',1.0000,1,0,1,0,1,1.0000,1,0,0,0),(1956,1894,1,NULL,0.0000,1,0,0,1,1.0000,1,10000.0000,1,0,'2019-03-06 16:01:18',1.0000,1,0,1,0,1,1.0000,1,0,0,0),(1957,1895,1,NULL,0.0000,1,0,0,1,1.0000,1,10000.0000,1,0,'2019-03-06 16:01:20',1.0000,1,0,1,0,1,1.0000,1,0,0,0),(1958,1896,1,0.0000,0.0000,1,0,0,1,1.0000,1,10000.0000,1,1,NULL,1.0000,1,0,1,0,1,1.0000,1,0,0,0),(1959,1897,1,NULL,0.0000,1,0,0,1,1.0000,1,10000.0000,1,0,'2019-03-06 16:01:53',1.0000,1,0,1,0,1,1.0000,1,0,0,0),(1960,1898,1,NULL,0.0000,1,0,0,1,1.0000,1,10000.0000,1,0,'2019-03-06 16:01:54',1.0000,1,0,1,0,1,1.0000,1,0,0,0),(1961,1899,1,NULL,0.0000,1,0,0,1,1.0000,1,10000.0000,1,0,'2019-03-06 16:01:55',1.0000,1,0,1,0,1,1.0000,1,0,0,0),(1962,1900,1,NULL,0.0000,1,0,0,1,1.0000,1,10000.0000,1,0,'2019-03-06 16:01:57',1.0000,1,0,1,0,1,1.0000,1,0,0,0),(1963,1901,1,NULL,0.0000,1,0,0,1,1.0000,1,10000.0000,1,0,'2019-03-06 16:01:58',1.0000,1,0,1,0,1,1.0000,1,0,0,0),(1964,1902,1,NULL,0.0000,1,0,0,1,1.0000,1,10000.0000,1,0,'2019-03-06 16:01:59',1.0000,1,0,1,0,1,1.0000,1,0,0,0),(1965,1903,1,0.0000,0.0000,1,0,0,1,1.0000,1,10000.0000,1,1,NULL,1.0000,1,0,1,0,1,1.0000,1,0,0,0),(1966,1904,1,NULL,0.0000,1,0,0,1,1.0000,1,10000.0000,1,0,'2019-03-06 16:06:00',1.0000,1,0,1,0,1,1.0000,1,0,0,0),(1967,1905,1,NULL,0.0000,1,0,0,1,1.0000,1,10000.0000,1,0,'2019-03-06 16:06:04',1.0000,1,0,1,0,1,1.0000,1,0,0,0),(1968,1906,1,NULL,0.0000,1,0,0,1,1.0000,1,10000.0000,1,0,'2019-03-06 16:06:07',1.0000,1,0,1,0,1,1.0000,1,0,0,0),(1969,1907,1,NULL,0.0000,1,0,0,1,1.0000,1,10000.0000,1,0,'2019-03-06 16:06:10',1.0000,1,0,1,0,1,1.0000,1,0,0,0),(1970,1908,1,NULL,0.0000,1,0,0,1,1.0000,1,10000.0000,1,0,'2019-03-06 16:06:12',1.0000,1,0,1,0,1,1.0000,1,0,0,0),(1971,1909,1,NULL,0.0000,1,0,0,1,1.0000,1,10000.0000,1,0,'2019-03-06 16:06:16',1.0000,1,0,1,0,1,1.0000,1,0,0,0),(1972,1910,1,0.0000,0.0000,1,0,0,1,1.0000,1,10000.0000,1,1,NULL,1.0000,1,0,1,0,1,1.0000,1,0,0,0),(1973,1911,1,NULL,0.0000,1,0,0,1,1.0000,1,10000.0000,1,0,'2019-03-06 16:11:13',1.0000,1,0,1,0,1,1.0000,1,0,0,0),(1974,1912,1,NULL,0.0000,1,0,0,1,1.0000,1,10000.0000,1,0,'2019-03-06 16:11:17',1.0000,1,0,1,0,1,1.0000,1,0,0,0),(1975,1913,1,NULL,0.0000,1,0,0,1,1.0000,1,10000.0000,1,0,'2019-03-06 16:11:20',1.0000,1,0,1,0,1,1.0000,1,0,0,0),(1976,1914,1,NULL,0.0000,1,0,0,1,1.0000,1,10000.0000,1,0,'2019-03-06 16:11:22',1.0000,1,0,1,0,1,1.0000,1,0,0,0),(1977,1915,1,NULL,0.0000,1,0,0,1,1.0000,1,10000.0000,1,0,'2019-03-06 16:11:24',1.0000,1,0,1,0,1,1.0000,1,0,0,0),(1978,1916,1,NULL,0.0000,1,0,0,1,1.0000,1,10000.0000,1,0,'2019-03-06 16:11:26',1.0000,1,0,1,0,1,1.0000,1,0,0,0),(1979,1917,1,NULL,0.0000,1,0,0,1,1.0000,1,10000.0000,1,0,'2019-03-06 16:11:29',1.0000,1,0,1,0,1,1.0000,1,0,0,0),(1980,1918,1,NULL,0.0000,1,0,0,1,1.0000,1,10000.0000,1,0,'2019-03-06 16:11:31',1.0000,1,0,1,0,1,1.0000,1,0,0,0),(1981,1919,1,NULL,0.0000,1,0,0,1,1.0000,1,10000.0000,1,0,'2019-03-06 16:11:33',1.0000,1,0,1,0,1,1.0000,1,0,0,0),(1982,1920,1,0.0000,0.0000,1,0,0,1,1.0000,1,10000.0000,1,1,NULL,1.0000,1,0,1,0,1,1.0000,1,0,0,0),(1990,1928,1,NULL,0.0000,1,0,0,1,1.0000,1,10000.0000,1,0,'2019-03-06 16:35:33',1.0000,1,0,1,0,1,1.0000,1,0,0,0),(1991,1929,1,NULL,0.0000,1,0,0,1,1.0000,1,10000.0000,1,0,'2019-03-06 16:35:34',1.0000,1,0,1,0,1,1.0000,1,0,0,0),(1992,1930,1,NULL,0.0000,1,0,0,1,1.0000,1,10000.0000,1,0,'2019-03-06 16:35:35',1.0000,1,0,1,0,1,1.0000,1,0,0,0),(1993,1931,1,NULL,0.0000,1,0,0,1,1.0000,1,10000.0000,1,0,'2019-03-06 16:35:36',1.0000,1,0,1,0,1,1.0000,1,0,0,0),(1994,1932,1,NULL,0.0000,1,0,0,1,1.0000,1,10000.0000,1,0,'2019-03-06 16:35:37',1.0000,1,0,1,0,1,1.0000,1,0,0,0),(1995,1933,1,NULL,0.0000,1,0,0,1,1.0000,1,10000.0000,1,0,'2019-03-06 16:35:38',1.0000,1,0,1,0,1,1.0000,1,0,0,0),(1996,1934,1,NULL,0.0000,1,0,0,1,1.0000,1,10000.0000,1,0,'2019-03-06 16:35:39',1.0000,1,0,1,0,1,1.0000,1,0,0,0),(1997,1935,1,NULL,0.0000,1,0,0,1,1.0000,1,10000.0000,1,0,'2019-03-06 16:35:40',1.0000,1,0,1,0,1,1.0000,1,0,0,0),(1998,1936,1,NULL,0.0000,1,0,0,1,1.0000,1,10000.0000,1,0,'2019-03-06 16:35:41',1.0000,1,0,1,0,1,1.0000,1,0,0,0),(1999,1937,1,NULL,0.0000,1,0,0,1,1.0000,1,10000.0000,1,0,'2019-03-06 16:35:42',1.0000,1,0,1,0,1,1.0000,1,0,0,0),(2000,1938,1,NULL,0.0000,1,0,0,1,1.0000,1,10000.0000,1,0,'2019-03-06 16:35:43',1.0000,1,0,1,0,1,1.0000,1,0,0,0),(2001,1939,1,NULL,0.0000,1,0,0,1,1.0000,1,10000.0000,1,0,'2019-03-06 16:35:43',1.0000,1,0,1,0,1,1.0000,1,0,0,0),(2002,1940,1,NULL,0.0000,1,0,0,1,1.0000,1,10000.0000,1,0,'2019-03-06 16:35:44',1.0000,1,0,1,0,1,1.0000,1,0,0,0),(2003,1941,1,NULL,0.0000,1,0,0,1,1.0000,1,10000.0000,1,0,'2019-03-06 16:35:45',1.0000,1,0,1,0,1,1.0000,1,0,0,0),(2004,1942,1,NULL,0.0000,1,0,0,1,1.0000,1,10000.0000,1,0,'2019-03-06 16:35:46',1.0000,1,0,1,0,1,1.0000,1,0,0,0),(2005,1943,1,0.0000,0.0000,1,0,0,1,1.0000,1,10000.0000,1,1,NULL,1.0000,1,0,1,0,1,1.0000,1,0,0,0),(2006,1944,1,NULL,0.0000,1,0,0,1,1.0000,1,10000.0000,1,0,'2019-03-06 16:42:25',1.0000,1,0,1,0,1,1.0000,1,0,0,0),(2007,1945,1,NULL,0.0000,1,0,0,1,1.0000,1,10000.0000,1,0,'2019-03-06 16:42:27',1.0000,1,0,1,0,1,1.0000,1,0,0,0),(2008,1946,1,0.0000,0.0000,1,0,0,1,1.0000,1,10000.0000,1,1,NULL,1.0000,1,0,1,0,1,1.0000,1,0,0,0),(2009,1947,1,NULL,0.0000,1,0,0,1,1.0000,1,10000.0000,1,0,'2019-03-06 16:50:12',1.0000,1,0,1,0,1,1.0000,1,0,0,0),(2010,1948,1,NULL,0.0000,1,0,0,1,1.0000,1,10000.0000,1,0,'2019-03-06 16:50:14',1.0000,1,0,1,0,1,1.0000,1,0,0,0),(2011,1949,1,NULL,0.0000,1,0,0,1,1.0000,1,10000.0000,1,0,'2019-03-06 16:50:15',1.0000,1,0,1,0,1,1.0000,1,0,0,0),(2012,1950,1,NULL,0.0000,1,0,0,1,1.0000,1,10000.0000,1,0,'2019-03-06 16:50:16',1.0000,1,0,1,0,1,1.0000,1,0,0,0),(2013,1951,1,NULL,0.0000,1,0,0,1,1.0000,1,10000.0000,1,0,'2019-03-06 16:50:17',1.0000,1,0,1,0,1,1.0000,1,0,0,0),(2014,1952,1,NULL,0.0000,1,0,0,1,1.0000,1,10000.0000,1,0,'2019-03-06 16:50:18',1.0000,1,0,1,0,1,1.0000,1,0,0,0),(2015,1953,1,NULL,0.0000,1,0,0,1,1.0000,1,10000.0000,1,0,'2019-03-06 16:50:19',1.0000,1,0,1,0,1,1.0000,1,0,0,0),(2016,1954,1,NULL,0.0000,1,0,0,1,1.0000,1,10000.0000,1,0,'2019-03-06 16:50:20',1.0000,1,0,1,0,1,1.0000,1,0,0,0),(2017,1955,1,NULL,0.0000,1,0,0,1,1.0000,1,10000.0000,1,0,'2019-03-06 16:50:21',1.0000,1,0,1,0,1,1.0000,1,0,0,0),(2018,1956,1,NULL,0.0000,1,0,0,1,1.0000,1,10000.0000,1,0,'2019-03-06 16:50:23',1.0000,1,0,1,0,1,1.0000,1,0,0,0),(2019,1957,1,NULL,0.0000,1,0,0,1,1.0000,1,10000.0000,1,0,'2019-03-06 16:50:24',1.0000,1,0,1,0,1,1.0000,1,0,0,0),(2020,1958,1,NULL,0.0000,1,0,0,1,1.0000,1,10000.0000,1,0,'2019-03-06 16:50:25',1.0000,1,0,1,0,1,1.0000,1,0,0,0),(2021,1959,1,NULL,0.0000,1,0,0,1,1.0000,1,10000.0000,1,0,'2019-03-06 16:50:26',1.0000,1,0,1,0,1,1.0000,1,0,0,0),(2022,1960,1,NULL,0.0000,1,0,0,1,1.0000,1,10000.0000,1,0,'2019-03-06 16:50:27',1.0000,1,0,1,0,1,1.0000,1,0,0,0),(2023,1961,1,0.0000,0.0000,1,0,0,1,1.0000,1,10000.0000,1,1,NULL,1.0000,1,0,1,0,1,1.0000,1,0,0,0),(2024,1962,1,NULL,0.0000,1,0,0,1,1.0000,1,10000.0000,1,0,'2019-03-06 16:58:40',1.0000,1,0,1,0,1,1.0000,1,0,0,0),(2025,1963,1,NULL,0.0000,1,0,0,1,1.0000,1,10000.0000,1,0,'2019-03-06 16:58:42',1.0000,1,0,1,0,1,1.0000,1,0,0,0),(2026,1964,1,NULL,0.0000,1,0,0,1,1.0000,1,10000.0000,1,0,'2019-03-06 16:58:43',1.0000,1,0,1,0,1,1.0000,1,0,0,0),(2027,1965,1,NULL,0.0000,1,0,0,1,1.0000,1,10000.0000,1,0,'2019-03-06 16:58:44',1.0000,1,0,1,0,1,1.0000,1,0,0,0),(2028,1966,1,NULL,0.0000,1,0,0,1,1.0000,1,10000.0000,1,0,'2019-03-06 16:58:45',1.0000,1,0,1,0,1,1.0000,1,0,0,0),(2029,1967,1,NULL,0.0000,1,0,0,1,1.0000,1,10000.0000,1,0,'2019-03-06 16:58:46',1.0000,1,0,1,0,1,1.0000,1,0,0,0),(2030,1968,1,NULL,0.0000,1,0,0,1,1.0000,1,10000.0000,1,0,'2019-03-06 16:58:47',1.0000,1,0,1,0,1,1.0000,1,0,0,0),(2031,1969,1,NULL,0.0000,1,0,0,1,1.0000,1,10000.0000,1,0,'2019-03-06 16:58:48',1.0000,1,0,1,0,1,1.0000,1,0,0,0),(2032,1970,1,NULL,0.0000,1,0,0,1,1.0000,1,10000.0000,1,0,'2019-03-06 16:58:49',1.0000,1,0,1,0,1,1.0000,1,0,0,0),(2033,1971,1,NULL,0.0000,1,0,0,1,1.0000,1,10000.0000,1,0,'2019-03-06 16:58:50',1.0000,1,0,1,0,1,1.0000,1,0,0,0),(2034,1972,1,0.0000,0.0000,1,0,0,1,1.0000,1,10000.0000,1,1,NULL,1.0000,1,0,1,0,1,1.0000,1,0,0,0),(2035,1973,1,NULL,0.0000,1,0,0,1,1.0000,1,10000.0000,1,0,'2019-03-06 17:08:39',1.0000,1,0,1,0,1,1.0000,1,0,0,0),(2036,1974,1,NULL,0.0000,1,0,0,1,1.0000,1,10000.0000,1,0,'2019-03-06 17:08:41',1.0000,1,0,1,0,1,1.0000,1,0,0,0),(2037,1975,1,NULL,0.0000,1,0,0,1,1.0000,1,10000.0000,1,0,'2019-03-06 17:08:42',1.0000,1,0,1,0,1,1.0000,1,0,0,0),(2038,1976,1,NULL,0.0000,1,0,0,1,1.0000,1,10000.0000,1,0,'2019-03-06 17:08:43',1.0000,1,0,1,0,1,1.0000,1,0,0,0),(2039,1977,1,NULL,0.0000,1,0,0,1,1.0000,1,10000.0000,1,0,'2019-03-06 17:08:44',1.0000,1,0,1,0,1,1.0000,1,0,0,0),(2040,1978,1,NULL,0.0000,1,0,0,1,1.0000,1,10000.0000,1,0,'2019-03-06 17:08:45',1.0000,1,0,1,0,1,1.0000,1,0,0,0),(2041,1979,1,NULL,0.0000,1,0,0,1,1.0000,1,10000.0000,1,0,'2019-03-06 17:08:46',1.0000,1,0,1,0,1,1.0000,1,0,0,0),(2042,1980,1,NULL,0.0000,1,0,0,1,1.0000,1,10000.0000,1,0,'2019-03-06 17:08:48',1.0000,1,0,1,0,1,1.0000,1,0,0,0),(2043,1981,1,NULL,0.0000,1,0,0,1,1.0000,1,10000.0000,1,0,'2019-03-06 17:08:49',1.0000,1,0,1,0,1,1.0000,1,0,0,0),(2044,1982,1,NULL,0.0000,1,0,0,1,1.0000,1,10000.0000,1,0,'2019-03-06 17:08:50',1.0000,1,0,1,0,1,1.0000,1,0,0,0),(2045,1983,1,NULL,0.0000,1,0,0,1,1.0000,1,10000.0000,1,0,'2019-03-06 17:08:51',1.0000,1,0,1,0,1,1.0000,1,0,0,0),(2046,1984,1,NULL,0.0000,1,0,0,1,1.0000,1,10000.0000,1,0,'2019-03-06 17:08:52',1.0000,1,0,1,0,1,1.0000,1,0,0,0),(2047,1985,1,NULL,0.0000,1,0,0,1,1.0000,1,10000.0000,1,0,'2019-03-06 17:08:53',1.0000,1,0,1,0,1,1.0000,1,0,0,0),(2048,1986,1,NULL,0.0000,1,0,0,1,1.0000,1,10000.0000,1,0,'2019-03-06 17:08:54',1.0000,1,0,1,0,1,1.0000,1,0,0,0),(2049,1987,1,NULL,0.0000,1,0,0,1,1.0000,1,10000.0000,1,0,'2019-03-06 17:08:55',1.0000,1,0,1,0,1,1.0000,1,0,0,0),(2050,1988,1,NULL,0.0000,1,0,0,1,1.0000,1,10000.0000,1,0,'2019-03-06 17:08:56',1.0000,1,0,1,0,1,1.0000,1,0,0,0),(2051,1989,1,NULL,0.0000,1,0,0,1,1.0000,1,10000.0000,1,0,'2019-03-06 17:08:57',1.0000,1,0,1,0,1,1.0000,1,0,0,0),(2052,1990,1,NULL,0.0000,1,0,0,1,1.0000,1,10000.0000,1,0,'2019-03-06 17:08:59',1.0000,1,0,1,0,1,1.0000,1,0,0,0),(2053,1991,1,0.0000,0.0000,1,0,0,1,1.0000,1,10000.0000,1,1,NULL,1.0000,1,0,1,0,1,1.0000,1,0,0,0),(2054,1992,1,NULL,0.0000,1,0,0,1,1.0000,1,10000.0000,1,0,'2019-03-07 08:06:45',1.0000,1,0,1,0,1,1.0000,1,0,0,0),(2055,1993,1,NULL,0.0000,1,0,0,1,1.0000,1,10000.0000,1,0,'2019-03-07 08:06:46',1.0000,1,0,1,0,1,1.0000,1,0,0,0),(2056,1994,1,NULL,0.0000,1,0,0,1,1.0000,1,10000.0000,1,0,'2019-03-07 08:06:48',1.0000,1,0,1,0,1,1.0000,1,0,0,0),(2057,1995,1,NULL,0.0000,1,0,0,1,1.0000,1,10000.0000,1,0,'2019-03-07 08:06:49',1.0000,1,0,1,0,1,1.0000,1,0,0,0),(2058,1996,1,0.0000,0.0000,1,0,0,1,1.0000,1,10000.0000,1,1,NULL,1.0000,1,0,1,0,1,1.0000,1,0,0,0),(2059,1997,1,NULL,0.0000,1,0,0,1,1.0000,1,10000.0000,1,0,'2019-03-07 08:11:15',1.0000,1,0,1,0,1,1.0000,1,0,0,0),(2060,1998,1,NULL,0.0000,1,0,0,1,1.0000,1,10000.0000,1,0,'2019-03-07 08:11:17',1.0000,1,0,1,0,1,1.0000,1,0,0,0),(2061,1999,1,NULL,0.0000,1,0,0,1,1.0000,1,10000.0000,1,0,'2019-03-07 08:11:18',1.0000,1,0,1,0,1,1.0000,1,0,0,0),(2062,2000,1,NULL,0.0000,1,0,0,1,1.0000,1,10000.0000,1,0,'2019-03-07 08:11:20',1.0000,1,0,1,0,1,1.0000,1,0,0,0),(2063,2001,1,0.0000,0.0000,1,0,0,1,1.0000,1,10000.0000,1,1,NULL,1.0000,1,0,1,0,1,1.0000,1,0,0,0),(2064,2002,1,NULL,0.0000,1,0,0,1,1.0000,1,10000.0000,1,0,'2019-03-07 08:14:46',1.0000,1,0,1,0,1,1.0000,1,0,0,0),(2065,2003,1,NULL,0.0000,1,0,0,1,1.0000,1,10000.0000,1,0,'2019-03-07 08:14:50',1.0000,1,0,1,0,1,1.0000,1,0,0,0),(2066,2004,1,NULL,0.0000,1,0,0,1,1.0000,1,10000.0000,1,0,'2019-03-07 08:14:54',1.0000,1,0,1,0,1,1.0000,1,0,0,0),(2067,2005,1,NULL,0.0000,1,0,0,1,1.0000,1,10000.0000,1,0,'2019-03-07 08:14:58',1.0000,1,0,1,0,1,1.0000,1,0,0,0),(2068,2006,1,NULL,0.0000,1,0,0,1,1.0000,1,10000.0000,1,0,'2019-03-07 08:15:01',1.0000,1,0,1,0,1,1.0000,1,0,0,0),(2069,2007,1,NULL,0.0000,1,0,0,1,1.0000,1,10000.0000,1,0,'2019-03-07 08:15:05',1.0000,1,0,1,0,1,1.0000,1,0,0,0),(2070,2008,1,NULL,0.0000,1,0,0,1,1.0000,1,10000.0000,1,0,'2019-03-07 08:15:09',1.0000,1,0,1,0,1,1.0000,1,0,0,0),(2071,2009,1,NULL,0.0000,1,0,0,1,1.0000,1,10000.0000,1,0,'2019-03-07 08:15:14',1.0000,1,0,1,0,1,1.0000,1,0,0,0),(2072,2010,1,0.0000,0.0000,1,0,0,1,1.0000,1,10000.0000,1,1,NULL,1.0000,1,0,1,0,1,1.0000,1,0,0,0),(2073,2011,1,NULL,0.0000,1,0,0,1,1.0000,1,10000.0000,1,0,'2019-03-07 08:19:41',1.0000,1,0,1,0,1,1.0000,1,0,0,0),(2074,2012,1,NULL,0.0000,1,0,0,1,1.0000,1,10000.0000,1,0,'2019-03-07 08:19:42',1.0000,1,0,1,0,1,1.0000,1,0,0,0),(2075,2013,1,NULL,0.0000,1,0,0,1,1.0000,1,10000.0000,1,0,'2019-03-07 08:19:43',1.0000,1,0,1,0,1,1.0000,1,0,0,0),(2076,2014,1,NULL,0.0000,1,0,0,1,1.0000,1,10000.0000,1,0,'2019-03-07 08:19:45',1.0000,1,0,1,0,1,1.0000,1,0,0,0),(2077,2015,1,NULL,0.0000,1,0,0,1,1.0000,1,10000.0000,1,0,'2019-03-07 08:19:46',1.0000,1,0,1,0,1,1.0000,1,0,0,0),(2078,2016,1,NULL,0.0000,1,0,0,1,1.0000,1,10000.0000,1,0,'2019-03-07 08:19:47',1.0000,1,0,1,0,1,1.0000,1,0,0,0),(2079,2017,1,0.0000,0.0000,1,0,0,1,1.0000,1,10000.0000,1,1,NULL,1.0000,1,0,1,0,1,1.0000,1,0,0,0),(2080,2018,1,NULL,0.0000,1,0,0,1,1.0000,1,10000.0000,1,0,'2019-03-07 08:23:14',1.0000,1,0,1,0,1,1.0000,1,0,0,0),(2081,2019,1,NULL,0.0000,1,0,0,1,1.0000,1,10000.0000,1,0,'2019-03-07 08:23:16',1.0000,1,0,1,0,1,1.0000,1,0,0,0),(2082,2020,1,0.0000,0.0000,1,0,0,1,1.0000,1,10000.0000,1,1,NULL,1.0000,1,0,1,0,1,1.0000,1,0,0,0),(2083,2021,1,NULL,0.0000,1,0,0,1,1.0000,1,10000.0000,1,0,'2019-03-07 08:24:21',1.0000,1,0,1,0,1,1.0000,1,0,0,0),(2084,2022,1,NULL,0.0000,1,0,0,1,1.0000,1,10000.0000,1,0,'2019-03-07 08:24:25',1.0000,1,0,1,0,1,1.0000,1,0,0,0),(2085,2023,1,NULL,0.0000,1,0,0,1,1.0000,1,10000.0000,1,0,'2019-03-07 08:24:28',1.0000,1,0,1,0,1,1.0000,1,0,0,0),(2086,2024,1,NULL,0.0000,1,0,0,1,1.0000,1,10000.0000,1,0,'2019-03-07 08:24:32',1.0000,1,0,1,0,1,1.0000,1,0,0,0),(2087,2025,1,NULL,0.0000,1,0,0,1,1.0000,1,10000.0000,1,0,'2019-03-07 08:24:35',1.0000,1,0,1,0,1,1.0000,1,0,0,0),(2088,2026,1,NULL,0.0000,1,0,0,1,1.0000,1,10000.0000,1,0,'2019-03-07 08:24:39',1.0000,1,0,1,0,1,1.0000,1,0,0,0),(2089,2027,1,NULL,0.0000,1,0,0,1,1.0000,1,10000.0000,1,0,'2019-03-07 08:24:43',1.0000,1,0,1,0,1,1.0000,1,0,0,0),(2090,2028,1,NULL,0.0000,1,0,0,1,1.0000,1,10000.0000,1,0,'2019-03-07 08:24:47',1.0000,1,0,1,0,1,1.0000,1,0,0,0),(2091,2029,1,0.0000,0.0000,1,0,0,1,1.0000,1,10000.0000,1,1,NULL,1.0000,1,0,1,0,1,1.0000,1,0,0,0),(2092,2030,1,NULL,0.0000,1,0,0,1,1.0000,1,10000.0000,1,0,'2019-03-07 08:29:38',1.0000,1,0,1,0,1,1.0000,1,0,0,0),(2093,2031,1,NULL,0.0000,1,0,0,1,1.0000,1,10000.0000,1,0,'2019-03-07 08:29:39',1.0000,1,0,1,0,1,1.0000,1,0,0,0),(2094,2032,1,0.0000,0.0000,1,0,0,1,1.0000,1,10000.0000,1,1,NULL,1.0000,1,0,1,0,1,1.0000,1,0,0,0),(2104,2042,1,NULL,0.0000,1,0,0,1,1.0000,1,10000.0000,1,0,'2019-03-07 08:36:30',1.0000,1,0,1,0,1,1.0000,1,0,0,0),(2105,2043,1,NULL,0.0000,1,0,0,1,1.0000,1,10000.0000,1,0,'2019-03-07 08:36:34',1.0000,1,0,1,0,1,1.0000,1,0,0,0),(2106,2044,1,NULL,0.0000,1,0,0,1,1.0000,1,10000.0000,1,0,'2019-03-07 08:36:38',1.0000,1,0,1,0,1,1.0000,1,0,0,0),(2107,2045,1,NULL,0.0000,1,0,0,1,1.0000,1,10000.0000,1,0,'2019-03-07 08:36:42',1.0000,1,0,1,0,1,1.0000,1,0,0,0),(2108,2046,1,NULL,0.0000,1,0,0,1,1.0000,1,10000.0000,1,0,'2019-03-07 08:36:46',1.0000,1,0,1,0,1,1.0000,1,0,0,0),(2109,2047,1,NULL,0.0000,1,0,0,1,1.0000,1,10000.0000,1,0,'2019-03-07 08:36:50',1.0000,1,0,1,0,1,1.0000,1,0,0,0),(2110,2048,1,NULL,0.0000,1,0,0,1,1.0000,1,10000.0000,1,0,'2019-03-07 08:36:54',1.0000,1,0,1,0,1,1.0000,1,0,0,0),(2111,2049,1,NULL,0.0000,1,0,0,1,1.0000,1,10000.0000,1,0,'2019-03-07 08:36:57',1.0000,1,0,1,0,1,1.0000,1,0,0,0),(2112,2050,1,0.0000,0.0000,1,0,0,1,1.0000,1,10000.0000,1,1,NULL,1.0000,1,0,1,0,1,1.0000,1,0,0,0),(2113,2051,1,NULL,0.0000,1,0,0,1,1.0000,1,10000.0000,1,0,'2019-03-07 08:38:51',1.0000,1,0,1,0,1,1.0000,1,0,0,0),(2114,2052,1,NULL,0.0000,1,0,0,1,1.0000,1,10000.0000,1,0,'2019-03-07 08:38:53',1.0000,1,0,1,0,1,1.0000,1,0,0,0),(2115,2053,1,NULL,0.0000,1,0,0,1,1.0000,1,10000.0000,1,0,'2019-03-07 08:38:55',1.0000,1,0,1,0,1,1.0000,1,0,0,0),(2116,2054,1,NULL,0.0000,1,0,0,1,1.0000,1,10000.0000,1,0,'2019-03-07 08:38:57',1.0000,1,0,1,0,1,1.0000,1,0,0,0),(2117,2055,1,0.0000,0.0000,1,0,0,1,1.0000,1,10000.0000,1,1,NULL,1.0000,1,0,1,0,1,1.0000,1,0,0,0),(2118,2056,1,NULL,0.0000,1,0,0,1,1.0000,1,10000.0000,1,0,'2019-03-07 08:40:36',1.0000,1,0,1,0,1,1.0000,1,0,0,0),(2119,2057,1,NULL,0.0000,1,0,0,1,1.0000,1,10000.0000,1,0,'2019-03-07 08:40:37',1.0000,1,0,1,0,1,1.0000,1,0,0,0),(2120,2058,1,NULL,0.0000,1,0,0,1,1.0000,1,10000.0000,1,0,'2019-03-07 08:40:38',1.0000,1,0,1,0,1,1.0000,1,0,0,0),(2121,2059,1,NULL,0.0000,1,0,0,1,1.0000,1,10000.0000,1,0,'2019-03-07 08:40:39',1.0000,1,0,1,0,1,1.0000,1,0,0,0),(2122,2060,1,0.0000,0.0000,1,0,0,1,1.0000,1,10000.0000,1,1,NULL,1.0000,1,0,1,0,1,1.0000,1,0,0,0),(2123,2061,1,NULL,0.0000,1,0,0,1,1.0000,1,10000.0000,1,0,'2019-03-07 08:45:17',1.0000,1,0,1,0,1,1.0000,1,0,0,0),(2124,2062,1,NULL,0.0000,1,0,0,1,1.0000,1,10000.0000,1,0,'2019-03-07 08:45:21',1.0000,1,0,1,0,1,1.0000,1,0,0,0),(2125,2063,1,NULL,0.0000,1,0,0,1,1.0000,1,10000.0000,1,0,'2019-03-07 08:45:24',1.0000,1,0,1,0,1,1.0000,1,0,0,0),(2126,2064,1,NULL,0.0000,1,0,0,1,1.0000,1,10000.0000,1,0,'2019-03-07 08:45:28',1.0000,1,0,1,0,1,1.0000,1,0,0,0),(2127,2065,1,0.0000,0.0000,1,0,0,1,1.0000,1,10000.0000,1,1,NULL,1.0000,1,0,1,0,1,1.0000,1,0,0,0),(2128,2066,1,NULL,0.0000,1,0,0,1,1.0000,1,10000.0000,1,0,'2019-03-07 08:49:03',1.0000,1,0,1,0,1,1.0000,1,0,0,0),(2129,2067,1,NULL,0.0000,1,0,0,1,1.0000,1,10000.0000,1,0,'2019-03-07 08:49:05',1.0000,1,0,1,0,1,1.0000,1,0,0,0),(2130,2068,1,NULL,0.0000,1,0,0,1,1.0000,1,10000.0000,1,0,'2019-03-07 08:49:06',1.0000,1,0,1,0,1,1.0000,1,0,0,0),(2131,2069,1,NULL,0.0000,1,0,0,1,1.0000,1,10000.0000,1,0,'2019-03-07 08:49:08',1.0000,1,0,1,0,1,1.0000,1,0,0,0),(2132,2070,1,NULL,0.0000,1,0,0,1,1.0000,1,10000.0000,1,0,'2019-03-07 08:49:09',1.0000,1,0,1,0,1,1.0000,1,0,0,0),(2133,2071,1,NULL,0.0000,1,0,0,1,1.0000,1,10000.0000,1,0,'2019-03-07 08:49:11',1.0000,1,0,1,0,1,1.0000,1,0,0,0),(2134,2072,1,0.0000,0.0000,1,0,0,1,1.0000,1,10000.0000,1,1,NULL,1.0000,1,0,1,0,1,1.0000,1,0,0,0),(2135,2073,1,NULL,0.0000,1,0,0,1,1.0000,1,10000.0000,1,0,'2019-03-07 08:50:02',1.0000,1,0,1,0,1,1.0000,1,0,0,0),(2136,2074,1,NULL,0.0000,1,0,0,1,1.0000,1,10000.0000,1,0,'2019-03-07 08:50:04',1.0000,1,0,1,0,1,1.0000,1,0,0,0),(2137,2075,1,NULL,0.0000,1,0,0,1,1.0000,1,10000.0000,1,0,'2019-03-07 08:50:06',1.0000,1,0,1,0,1,1.0000,1,0,0,0),(2138,2076,1,NULL,0.0000,1,0,0,1,1.0000,1,10000.0000,1,0,'2019-03-07 08:50:08',1.0000,1,0,1,0,1,1.0000,1,0,0,0),(2139,2077,1,0.0000,0.0000,1,0,0,1,1.0000,1,10000.0000,1,1,NULL,1.0000,1,0,1,0,1,1.0000,1,0,0,0),(2140,2078,1,NULL,0.0000,1,0,0,1,1.0000,1,10000.0000,1,0,'2019-03-07 08:53:07',1.0000,1,0,1,0,1,1.0000,1,0,0,0),(2141,2079,1,NULL,0.0000,1,0,0,1,1.0000,1,10000.0000,1,0,'2019-03-07 08:53:11',1.0000,1,0,1,0,1,1.0000,1,0,0,0),(2142,2080,1,NULL,0.0000,1,0,0,1,1.0000,1,10000.0000,1,0,'2019-03-07 08:53:15',1.0000,1,0,1,0,1,1.0000,1,0,0,0),(2143,2081,1,NULL,0.0000,1,0,0,1,1.0000,1,10000.0000,1,0,'2019-03-07 08:53:18',1.0000,1,0,1,0,1,1.0000,1,0,0,0),(2144,2082,1,NULL,0.0000,1,0,0,1,1.0000,1,10000.0000,1,0,'2019-03-07 08:53:22',1.0000,1,0,1,0,1,1.0000,1,0,0,0),(2145,2083,1,NULL,0.0000,1,0,0,1,1.0000,1,10000.0000,1,0,'2019-03-07 08:53:25',1.0000,1,0,1,0,1,1.0000,1,0,0,0),(2146,2084,1,0.0000,0.0000,1,0,0,1,1.0000,1,10000.0000,1,1,NULL,1.0000,1,0,1,0,1,1.0000,1,0,0,0),(2147,2085,1,NULL,0.0000,1,0,0,1,1.0000,1,10000.0000,1,0,'2019-03-07 08:56:19',1.0000,1,0,1,0,1,1.0000,1,0,0,0),(2148,2086,1,NULL,0.0000,1,0,0,1,1.0000,1,10000.0000,1,0,'2019-03-07 08:56:21',1.0000,1,0,1,0,1,1.0000,1,0,0,0),(2149,2087,1,NULL,0.0000,1,0,0,1,1.0000,1,10000.0000,1,0,'2019-03-07 08:56:23',1.0000,1,0,1,0,1,1.0000,1,0,0,0),(2150,2088,1,NULL,0.0000,1,0,0,1,1.0000,1,10000.0000,1,0,'2019-03-07 08:56:25',1.0000,1,0,1,0,1,1.0000,1,0,0,0),(2151,2089,1,0.0000,0.0000,1,0,0,1,1.0000,1,10000.0000,1,1,NULL,1.0000,1,0,1,0,1,1.0000,1,0,0,0),(2152,2090,1,NULL,0.0000,1,0,0,1,1.0000,1,10000.0000,1,0,'2019-03-07 08:57:36',1.0000,1,0,1,0,1,1.0000,1,0,0,0),(2153,2091,1,NULL,0.0000,1,0,0,1,1.0000,1,10000.0000,1,0,'2019-03-07 08:57:39',1.0000,1,0,1,0,1,1.0000,1,0,0,0),(2154,2092,1,NULL,0.0000,1,0,0,1,1.0000,1,10000.0000,1,0,'2019-03-07 08:57:42',1.0000,1,0,1,0,1,1.0000,1,0,0,0),(2155,2093,1,NULL,0.0000,1,0,0,1,1.0000,1,10000.0000,1,0,'2019-03-07 08:57:46',1.0000,1,0,1,0,1,1.0000,1,0,0,0),(2156,2094,1,NULL,0.0000,1,0,0,1,1.0000,1,10000.0000,1,0,'2019-03-07 08:57:49',1.0000,1,0,1,0,1,1.0000,1,0,0,0),(2157,2095,1,NULL,0.0000,1,0,0,1,1.0000,1,10000.0000,1,0,'2019-03-07 08:57:53',1.0000,1,0,1,0,1,1.0000,1,0,0,0),(2158,2096,1,NULL,0.0000,1,0,0,1,1.0000,1,10000.0000,1,0,'2019-03-07 08:57:56',1.0000,1,0,1,0,1,1.0000,1,0,0,0),(2159,2097,1,NULL,0.0000,1,0,0,1,1.0000,1,10000.0000,1,0,'2019-03-07 08:58:00',1.0000,1,0,1,0,1,1.0000,1,0,0,0),(2160,2098,1,0.0000,0.0000,1,0,0,1,1.0000,1,10000.0000,1,1,NULL,1.0000,1,0,1,0,1,1.0000,1,0,0,0),(2161,2099,1,NULL,0.0000,1,0,0,1,1.0000,1,10000.0000,1,0,'2019-03-07 09:04:08',1.0000,1,0,1,0,1,1.0000,1,0,0,0),(2162,2100,1,NULL,0.0000,1,0,0,1,1.0000,1,10000.0000,1,0,'2019-03-07 09:04:10',1.0000,1,0,1,0,1,1.0000,1,0,0,0),(2163,2101,1,NULL,0.0000,1,0,0,1,1.0000,1,10000.0000,1,0,'2019-03-07 09:04:11',1.0000,1,0,1,0,1,1.0000,1,0,0,0),(2164,2102,1,NULL,0.0000,1,0,0,1,1.0000,1,10000.0000,1,0,'2019-03-07 09:04:13',1.0000,1,0,1,0,1,1.0000,1,0,0,0),(2165,2103,1,NULL,0.0000,1,0,0,1,1.0000,1,10000.0000,1,0,'2019-03-07 09:04:15',1.0000,1,0,1,0,1,1.0000,1,0,0,0),(2166,2104,1,NULL,0.0000,1,0,0,1,1.0000,1,10000.0000,1,0,'2019-03-07 09:04:17',1.0000,1,0,1,0,1,1.0000,1,0,0,0),(2167,2105,1,0.0000,0.0000,1,0,0,1,1.0000,1,10000.0000,1,1,NULL,1.0000,1,0,1,0,1,1.0000,1,0,0,0),(2168,2106,1,NULL,0.0000,1,0,0,1,1.0000,1,10000.0000,1,0,'2019-03-07 09:05:27',1.0000,1,0,1,0,1,1.0000,1,0,0,0),(2169,2107,1,NULL,0.0000,1,0,0,1,1.0000,1,10000.0000,1,0,'2019-03-07 09:05:30',1.0000,1,0,1,0,1,1.0000,1,0,0,0),(2170,2108,1,NULL,0.0000,1,0,0,1,1.0000,1,10000.0000,1,0,'2019-03-07 09:05:34',1.0000,1,0,1,0,1,1.0000,1,0,0,0),(2171,2109,1,NULL,0.0000,1,0,0,1,1.0000,1,10000.0000,1,0,'2019-03-07 09:05:37',1.0000,1,0,1,0,1,1.0000,1,0,0,0),(2172,2110,1,NULL,0.0000,1,0,0,1,1.0000,1,10000.0000,1,0,'2019-03-07 09:05:40',1.0000,1,0,1,0,1,1.0000,1,0,0,0),(2173,2111,1,NULL,0.0000,1,0,0,1,1.0000,1,10000.0000,1,0,'2019-03-07 09:05:43',1.0000,1,0,1,0,1,1.0000,1,0,0,0),(2174,2112,1,NULL,0.0000,1,0,0,1,1.0000,1,10000.0000,1,0,'2019-03-07 09:05:47',1.0000,1,0,1,0,1,1.0000,1,0,0,0),(2175,2113,1,NULL,0.0000,1,0,0,1,1.0000,1,10000.0000,1,0,'2019-03-07 09:05:50',1.0000,1,0,1,0,1,1.0000,1,0,0,0),(2176,2114,1,NULL,0.0000,1,0,0,1,1.0000,1,10000.0000,1,0,'2019-03-07 09:05:54',1.0000,1,0,1,0,1,1.0000,1,0,0,0),(2177,2115,1,NULL,0.0000,1,0,0,1,1.0000,1,10000.0000,1,0,'2019-03-07 09:05:57',1.0000,1,0,1,0,1,1.0000,1,0,0,0),(2178,2116,1,0.0000,0.0000,1,0,0,1,1.0000,1,10000.0000,1,1,NULL,1.0000,1,0,1,0,1,1.0000,1,0,0,0),(2179,2117,1,NULL,0.0000,1,0,0,1,1.0000,1,10000.0000,1,0,'2019-03-07 09:12:32',1.0000,1,0,1,0,1,1.0000,1,0,0,0),(2180,2118,1,NULL,0.0000,1,0,0,1,1.0000,1,10000.0000,1,0,'2019-03-07 09:12:35',1.0000,1,0,1,0,1,1.0000,1,0,0,0),(2181,2119,1,NULL,0.0000,1,0,0,1,1.0000,1,10000.0000,1,0,'2019-03-07 09:12:39',1.0000,1,0,1,0,1,1.0000,1,0,0,0),(2182,2120,1,NULL,0.0000,1,0,0,1,1.0000,1,10000.0000,1,0,'2019-03-07 09:12:43',1.0000,1,0,1,0,1,1.0000,1,0,0,0),(2183,2121,1,NULL,0.0000,1,0,0,1,1.0000,1,10000.0000,1,0,'2019-03-07 09:12:47',1.0000,1,0,1,0,1,1.0000,1,0,0,0),(2184,2122,1,NULL,0.0000,1,0,0,1,1.0000,1,10000.0000,1,0,'2019-03-07 09:12:50',1.0000,1,0,1,0,1,1.0000,1,0,0,0),(2185,2123,1,0.0000,0.0000,1,0,0,1,1.0000,1,10000.0000,1,1,NULL,1.0000,1,0,1,0,1,1.0000,1,0,0,0),(2186,2124,1,NULL,0.0000,1,0,0,1,1.0000,1,10000.0000,1,0,'2019-03-07 09:18:01',1.0000,1,0,1,0,1,1.0000,1,0,0,0),(2187,2125,1,NULL,0.0000,1,0,0,1,1.0000,1,10000.0000,1,0,'2019-03-07 09:18:04',1.0000,1,0,1,0,1,1.0000,1,0,0,0),(2188,2126,1,NULL,0.0000,1,0,0,1,1.0000,1,10000.0000,1,0,'2019-03-07 09:18:07',1.0000,1,0,1,0,1,1.0000,1,0,0,0),(2189,2127,1,NULL,0.0000,1,0,0,1,1.0000,1,10000.0000,1,0,'2019-03-07 09:18:11',1.0000,1,0,1,0,1,1.0000,1,0,0,0),(2190,2128,1,NULL,0.0000,1,0,0,1,1.0000,1,10000.0000,1,0,'2019-03-07 09:18:14',1.0000,1,0,1,0,1,1.0000,1,0,0,0),(2191,2129,1,NULL,0.0000,1,0,0,1,1.0000,1,10000.0000,1,0,'2019-03-07 09:18:18',1.0000,1,0,1,0,1,1.0000,1,0,0,0),(2192,2130,1,NULL,0.0000,1,0,0,1,1.0000,1,10000.0000,1,0,'2019-03-07 09:18:21',1.0000,1,0,1,0,1,1.0000,1,0,0,0),(2193,2131,1,NULL,0.0000,1,0,0,1,1.0000,1,10000.0000,1,0,'2019-03-07 09:18:25',1.0000,1,0,1,0,1,1.0000,1,0,0,0),(2194,2132,1,0.0000,0.0000,1,0,0,1,1.0000,1,10000.0000,1,1,NULL,1.0000,1,0,1,0,1,1.0000,1,0,0,0),(2195,2133,1,NULL,0.0000,1,0,0,1,1.0000,1,10000.0000,1,0,'2019-03-07 09:19:01',1.0000,1,0,1,0,1,1.0000,1,0,0,0),(2196,2134,1,NULL,0.0000,1,0,0,1,1.0000,1,10000.0000,1,0,'2019-03-07 09:19:03',1.0000,1,0,1,0,1,1.0000,1,0,0,0),(2197,2135,1,0.0000,0.0000,1,0,0,1,1.0000,1,10000.0000,1,1,NULL,1.0000,1,0,1,0,1,1.0000,1,0,0,0),(2198,2136,1,NULL,0.0000,1,0,0,1,1.0000,1,10000.0000,1,0,'2019-03-07 09:23:28',1.0000,1,0,1,0,1,1.0000,1,0,0,0),(2199,2137,1,NULL,0.0000,1,0,0,1,1.0000,1,10000.0000,1,0,'2019-03-07 09:23:30',1.0000,1,0,1,0,1,1.0000,1,0,0,0),(2200,2138,1,0.0000,0.0000,1,0,0,1,1.0000,1,10000.0000,1,1,NULL,1.0000,1,0,1,0,1,1.0000,1,0,0,0),(2201,2139,1,NULL,0.0000,1,0,0,1,1.0000,1,10000.0000,1,0,'2019-03-07 09:24:44',1.0000,1,0,1,0,1,1.0000,1,0,0,0),(2202,2140,1,NULL,0.0000,1,0,0,1,1.0000,1,10000.0000,1,0,'2019-03-07 09:24:48',1.0000,1,0,1,0,1,1.0000,1,0,0,0),(2203,2141,1,NULL,0.0000,1,0,0,1,1.0000,1,10000.0000,1,0,'2019-03-07 09:24:52',1.0000,1,0,1,0,1,1.0000,1,0,0,0),(2204,2142,1,NULL,0.0000,1,0,0,1,1.0000,1,10000.0000,1,0,'2019-03-07 09:24:55',1.0000,1,0,1,0,1,1.0000,1,0,0,0),(2205,2143,1,NULL,0.0000,1,0,0,1,1.0000,1,10000.0000,1,0,'2019-03-07 09:24:59',1.0000,1,0,1,0,1,1.0000,1,0,0,0),(2206,2144,1,NULL,0.0000,1,0,0,1,1.0000,1,10000.0000,1,0,'2019-03-07 09:25:03',1.0000,1,0,1,0,1,1.0000,1,0,0,0),(2207,2145,1,0.0000,0.0000,1,0,0,1,1.0000,1,10000.0000,1,1,NULL,1.0000,1,0,1,0,1,1.0000,1,0,0,0),(2208,2146,1,NULL,0.0000,1,0,0,1,1.0000,1,10000.0000,1,0,'2019-03-07 09:29:29',1.0000,1,0,1,0,1,1.0000,1,0,0,0),(2209,2147,1,NULL,0.0000,1,0,0,1,1.0000,1,10000.0000,1,0,'2019-03-07 09:29:31',1.0000,1,0,1,0,1,1.0000,1,0,0,0),(2210,2148,1,NULL,0.0000,1,0,0,1,1.0000,1,10000.0000,1,0,'2019-03-07 09:29:32',1.0000,1,0,1,0,1,1.0000,1,0,0,0),(2211,2149,1,0.0000,0.0000,1,0,0,1,1.0000,1,10000.0000,1,1,NULL,1.0000,1,0,1,0,1,1.0000,1,0,0,0),(2212,2150,1,NULL,0.0000,1,0,0,1,1.0000,1,10000.0000,1,0,'2019-03-07 09:29:35',1.0000,1,0,1,0,1,1.0000,1,0,0,0),(2213,2151,1,NULL,0.0000,1,0,0,1,1.0000,1,10000.0000,1,0,'2019-03-07 09:29:39',1.0000,1,0,1,0,1,1.0000,1,0,0,0),(2214,2152,1,NULL,0.0000,1,0,0,1,1.0000,1,10000.0000,1,0,'2019-03-07 09:29:42',1.0000,1,0,1,0,1,1.0000,1,0,0,0),(2215,2153,1,NULL,0.0000,1,0,0,1,1.0000,1,10000.0000,1,0,'2019-03-07 09:29:45',1.0000,1,0,1,0,1,1.0000,1,0,0,0),(2216,2154,1,NULL,0.0000,1,0,0,1,1.0000,1,10000.0000,1,0,'2019-03-07 09:29:49',1.0000,1,0,1,0,1,1.0000,1,0,0,0),(2217,2155,1,NULL,0.0000,1,0,0,1,1.0000,1,10000.0000,1,0,'2019-03-07 09:29:52',1.0000,1,0,1,0,1,1.0000,1,0,0,0),(2218,2156,1,NULL,0.0000,1,0,0,1,1.0000,1,10000.0000,1,0,'2019-03-07 09:29:56',1.0000,1,0,1,0,1,1.0000,1,0,0,0),(2219,2157,1,0.0000,0.0000,1,0,0,1,1.0000,1,10000.0000,1,1,NULL,1.0000,1,0,1,0,1,1.0000,1,0,0,0),(2220,2158,1,NULL,0.0000,1,0,0,1,1.0000,1,10000.0000,1,0,'2019-03-07 09:33:29',1.0000,1,0,1,0,1,1.0000,1,0,0,0),(2221,2159,1,NULL,0.0000,1,0,0,1,1.0000,1,10000.0000,1,0,'2019-03-07 09:33:31',1.0000,1,0,1,0,1,1.0000,1,0,0,0),(2222,2160,1,NULL,0.0000,1,0,0,1,1.0000,1,10000.0000,1,0,'2019-03-07 09:33:32',1.0000,1,0,1,0,1,1.0000,1,0,0,0),(2223,2161,1,NULL,0.0000,1,0,0,1,1.0000,1,10000.0000,1,0,'2019-03-07 09:33:34',1.0000,1,0,1,0,1,1.0000,1,0,0,0),(2224,2162,1,NULL,0.0000,1,0,0,1,1.0000,1,10000.0000,1,0,'2019-03-07 09:33:35',1.0000,1,0,1,0,1,1.0000,1,0,0,0),(2225,2163,1,NULL,0.0000,1,0,0,1,1.0000,1,10000.0000,1,0,'2019-03-07 09:33:37',1.0000,1,0,1,0,1,1.0000,1,0,0,0),(2226,2164,1,NULL,0.0000,1,0,0,1,1.0000,1,10000.0000,1,0,'2019-03-07 09:33:38',1.0000,1,0,1,0,1,1.0000,1,0,0,0),(2227,2165,1,NULL,0.0000,1,0,0,1,1.0000,1,10000.0000,1,0,'2019-03-07 09:33:40',1.0000,1,0,1,0,1,1.0000,1,0,0,0),(2228,2166,1,NULL,0.0000,1,0,0,1,1.0000,1,10000.0000,1,0,'2019-03-07 09:33:41',1.0000,1,0,1,0,1,1.0000,1,0,0,0),(2229,2167,1,NULL,0.0000,1,0,0,1,1.0000,1,10000.0000,1,0,'2019-03-07 09:33:43',1.0000,1,0,1,0,1,1.0000,1,0,0,0),(2230,2168,1,0.0000,0.0000,1,0,0,1,1.0000,1,10000.0000,1,1,NULL,1.0000,1,0,1,0,1,1.0000,1,0,0,0),(2231,2169,1,NULL,0.0000,1,0,0,1,1.0000,1,10000.0000,1,0,'2019-03-07 09:35:49',1.0000,1,0,1,0,1,1.0000,1,0,0,0),(2232,2170,1,NULL,0.0000,1,0,0,1,1.0000,1,10000.0000,1,0,'2019-03-07 09:35:51',1.0000,1,0,1,0,1,1.0000,1,0,0,0),(2233,2171,1,0.0000,0.0000,1,0,0,1,1.0000,1,10000.0000,1,1,NULL,1.0000,1,0,1,0,1,1.0000,1,0,0,0),(2234,2172,1,NULL,0.0000,1,0,0,1,1.0000,1,10000.0000,1,0,'2019-03-07 09:37:37',1.0000,1,0,1,0,1,1.0000,1,0,0,0),(2235,2173,1,NULL,0.0000,1,0,0,1,1.0000,1,10000.0000,1,0,'2019-03-07 09:37:40',1.0000,1,0,1,0,1,1.0000,1,0,0,0),(2236,2174,1,NULL,0.0000,1,0,0,1,1.0000,1,10000.0000,1,0,'2019-03-07 09:37:43',1.0000,1,0,1,0,1,1.0000,1,0,0,0),(2237,2175,1,NULL,0.0000,1,0,0,1,1.0000,1,10000.0000,1,0,'2019-03-07 09:37:45',1.0000,1,0,1,0,1,1.0000,1,0,0,0),(2238,2176,1,NULL,0.0000,1,0,0,1,1.0000,1,10000.0000,1,0,'2019-03-07 09:37:48',1.0000,1,0,1,0,1,1.0000,1,0,0,0),(2239,2177,1,NULL,0.0000,1,0,0,1,1.0000,1,10000.0000,1,0,'2019-03-07 09:37:50',1.0000,1,0,1,0,1,1.0000,1,0,0,0),(2240,2178,1,0.0000,0.0000,1,0,0,1,1.0000,1,10000.0000,1,1,NULL,1.0000,1,0,1,0,1,1.0000,1,0,0,0),(2241,2179,1,NULL,0.0000,1,0,0,1,1.0000,1,10000.0000,1,0,'2019-03-07 09:40:43',1.0000,1,0,1,0,1,1.0000,1,0,0,0),(2242,2180,1,NULL,0.0000,1,0,0,1,1.0000,1,10000.0000,1,0,'2019-03-07 09:40:45',1.0000,1,0,1,0,1,1.0000,1,0,0,0),(2243,2181,1,NULL,0.0000,1,0,0,1,1.0000,1,10000.0000,1,0,'2019-03-07 09:40:46',1.0000,1,0,1,0,1,1.0000,1,0,0,0),(2244,2182,1,NULL,0.0000,1,0,0,1,1.0000,1,10000.0000,1,0,'2019-03-07 09:40:48',1.0000,1,0,1,0,1,1.0000,1,0,0,0),(2245,2183,1,NULL,0.0000,1,0,0,1,1.0000,1,10000.0000,1,0,'2019-03-07 09:40:50',1.0000,1,0,1,0,1,1.0000,1,0,0,0),(2246,2184,1,NULL,0.0000,1,0,0,1,1.0000,1,10000.0000,1,0,'2019-03-07 09:40:52',1.0000,1,0,1,0,1,1.0000,1,0,0,0),(2247,2185,1,0.0000,0.0000,1,0,0,1,1.0000,1,10000.0000,1,1,NULL,1.0000,1,0,1,0,1,1.0000,1,0,0,0),(2248,2186,1,NULL,0.0000,1,0,0,1,1.0000,1,10000.0000,1,0,'2019-03-07 09:41:48',1.0000,1,0,1,0,1,1.0000,1,0,0,0),(2249,2187,1,NULL,0.0000,1,0,0,1,1.0000,1,10000.0000,1,0,'2019-03-07 09:41:50',1.0000,1,0,1,0,1,1.0000,1,0,0,0),(2250,2188,1,NULL,0.0000,1,0,0,1,1.0000,1,10000.0000,1,0,'2019-03-07 09:41:52',1.0000,1,0,1,0,1,1.0000,1,0,0,0),(2251,2189,1,NULL,0.0000,1,0,0,1,1.0000,1,10000.0000,1,0,'2019-03-07 09:41:54',1.0000,1,0,1,0,1,1.0000,1,0,0,0),(2252,2190,1,0.0000,0.0000,1,0,0,1,1.0000,1,10000.0000,1,1,NULL,1.0000,1,0,1,0,1,1.0000,1,0,0,0),(2253,2191,1,NULL,0.0000,1,0,0,1,1.0000,1,10000.0000,1,0,'2019-03-07 09:48:04',1.0000,1,0,1,0,1,1.0000,1,0,0,0),(2254,2192,1,NULL,0.0000,1,0,0,1,1.0000,1,10000.0000,1,0,'2019-03-07 09:48:08',1.0000,1,0,1,0,1,1.0000,1,0,0,0),(2255,2193,1,NULL,0.0000,1,0,0,1,1.0000,1,10000.0000,1,0,'2019-03-07 09:48:12',1.0000,1,0,1,0,1,1.0000,1,0,0,0),(2256,2194,1,NULL,0.0000,1,0,0,1,1.0000,1,10000.0000,1,0,'2019-03-07 09:48:16',1.0000,1,0,1,0,1,1.0000,1,0,0,0),(2257,2195,1,NULL,0.0000,1,0,0,1,1.0000,1,10000.0000,1,0,'2019-03-07 09:48:20',1.0000,1,0,1,0,1,1.0000,1,0,0,0),(2258,2196,1,NULL,0.0000,1,0,0,1,1.0000,1,10000.0000,1,0,'2019-03-07 09:48:24',1.0000,1,0,1,0,1,1.0000,1,0,0,0),(2259,2197,1,0.0000,0.0000,1,0,0,1,1.0000,1,10000.0000,1,1,NULL,1.0000,1,0,1,0,1,1.0000,1,0,0,0),(2260,2198,1,NULL,0.0000,1,0,0,1,1.0000,1,10000.0000,1,0,'2019-03-07 09:52:09',1.0000,1,0,1,0,1,1.0000,1,0,0,0),(2261,2199,1,NULL,0.0000,1,0,0,1,1.0000,1,10000.0000,1,0,'2019-03-07 09:52:12',1.0000,1,0,1,0,1,1.0000,1,0,0,0),(2262,2200,1,NULL,0.0000,1,0,0,1,1.0000,1,10000.0000,1,0,'2019-03-07 09:52:16',1.0000,1,0,1,0,1,1.0000,1,0,0,0),(2263,2201,1,NULL,0.0000,1,0,0,1,1.0000,1,10000.0000,1,0,'2019-03-07 09:52:19',1.0000,1,0,1,0,1,1.0000,1,0,0,0),(2264,2202,1,NULL,0.0000,1,0,0,1,1.0000,1,10000.0000,1,0,'2019-03-07 09:52:23',1.0000,1,0,1,0,1,1.0000,1,0,0,0),(2265,2203,1,NULL,0.0000,1,0,0,1,1.0000,1,10000.0000,1,0,'2019-03-07 09:52:26',1.0000,1,0,1,0,1,1.0000,1,0,0,0),(2266,2204,1,0.0000,0.0000,1,0,0,1,1.0000,1,10000.0000,1,1,NULL,1.0000,1,0,1,0,1,1.0000,1,0,0,0),(2267,2205,1,NULL,0.0000,1,0,0,1,1.0000,1,10000.0000,1,0,'2019-03-07 10:10:45',1.0000,1,0,1,0,1,1.0000,1,0,0,0),(2268,2206,1,NULL,0.0000,1,0,0,1,1.0000,1,10000.0000,1,0,'2019-03-07 10:10:47',1.0000,1,0,1,0,1,1.0000,1,0,0,0),(2269,2207,1,0.0000,0.0000,1,0,0,1,1.0000,1,10000.0000,1,1,NULL,1.0000,1,0,1,0,1,1.0000,1,0,0,0),(2270,2208,1,NULL,0.0000,1,0,0,1,1.0000,1,10000.0000,1,0,'2019-03-07 10:16:32',1.0000,1,0,1,0,1,1.0000,1,0,0,0),(2271,2209,1,NULL,0.0000,1,0,0,1,1.0000,1,10000.0000,1,0,'2019-03-07 10:16:34',1.0000,1,0,1,0,1,1.0000,1,0,0,0),(2272,2210,1,NULL,0.0000,1,0,0,1,1.0000,1,10000.0000,1,0,'2019-03-07 10:16:36',1.0000,1,0,1,0,1,1.0000,1,0,0,0),(2273,2211,1,NULL,0.0000,1,0,0,1,1.0000,1,10000.0000,1,0,'2019-03-07 10:16:38',1.0000,1,0,1,0,1,1.0000,1,0,0,0),(2274,2212,1,0.0000,0.0000,1,0,0,1,1.0000,1,10000.0000,1,1,NULL,1.0000,1,0,1,0,1,1.0000,1,0,0,0),(2275,2213,1,NULL,0.0000,1,0,0,1,1.0000,1,10000.0000,1,0,'2019-03-07 10:21:37',1.0000,1,0,1,0,1,1.0000,1,0,0,0),(2276,2214,1,NULL,0.0000,1,0,0,1,1.0000,1,10000.0000,1,0,'2019-03-07 10:21:41',1.0000,1,0,1,0,1,1.0000,1,0,0,0),(2277,2215,1,NULL,0.0000,1,0,0,1,1.0000,1,10000.0000,1,0,'2019-03-07 10:21:45',1.0000,1,0,1,0,1,1.0000,1,0,0,0),(2278,2216,1,NULL,0.0000,1,0,0,1,1.0000,1,10000.0000,1,0,'2019-03-07 10:21:49',1.0000,1,0,1,0,1,1.0000,1,0,0,0),(2279,2217,1,NULL,0.0000,1,0,0,1,1.0000,1,10000.0000,1,0,'2019-03-07 10:21:54',1.0000,1,0,1,0,1,1.0000,1,0,0,0),(2280,2218,1,NULL,0.0000,1,0,0,1,1.0000,1,10000.0000,1,0,'2019-03-07 10:21:58',1.0000,1,0,1,0,1,1.0000,1,0,0,0),(2281,2219,1,0.0000,0.0000,1,0,0,1,1.0000,1,10000.0000,1,1,NULL,1.0000,1,0,1,0,1,1.0000,1,0,0,0),(2282,2220,1,NULL,0.0000,1,0,0,1,1.0000,1,10000.0000,1,0,'2019-03-07 10:23:23',1.0000,1,0,1,0,1,1.0000,1,0,0,0),(2283,2221,1,NULL,0.0000,1,0,0,1,1.0000,1,10000.0000,1,0,'2019-03-07 10:23:25',1.0000,1,0,1,0,1,1.0000,1,0,0,0),(2284,2222,1,0.0000,0.0000,1,0,0,1,1.0000,1,10000.0000,1,1,NULL,1.0000,1,0,1,0,1,1.0000,1,0,0,0),(2285,2223,1,NULL,0.0000,1,0,0,1,1.0000,1,10000.0000,1,0,'2019-03-07 10:26:04',1.0000,1,0,1,0,1,1.0000,1,0,0,0),(2286,2224,1,NULL,0.0000,1,0,0,1,1.0000,1,10000.0000,1,0,'2019-03-07 10:26:08',1.0000,1,0,1,0,1,1.0000,1,0,0,0),(2287,2225,1,NULL,0.0000,1,0,0,1,1.0000,1,10000.0000,1,0,'2019-03-07 10:26:11',1.0000,1,0,1,0,1,1.0000,1,0,0,0),(2288,2226,1,NULL,0.0000,1,0,0,1,1.0000,1,10000.0000,1,0,'2019-03-07 10:26:15',1.0000,1,0,1,0,1,1.0000,1,0,0,0),(2289,2227,1,NULL,0.0000,1,0,0,1,1.0000,1,10000.0000,1,0,'2019-03-07 10:26:18',1.0000,1,0,1,0,1,1.0000,1,0,0,0),(2290,2228,1,NULL,0.0000,1,0,0,1,1.0000,1,10000.0000,1,0,'2019-03-07 10:26:22',1.0000,1,0,1,0,1,1.0000,1,0,0,0),(2291,2229,1,0.0000,0.0000,1,0,0,1,1.0000,1,10000.0000,1,1,NULL,1.0000,1,0,1,0,1,1.0000,1,0,0,0),(2292,2230,1,NULL,0.0000,1,0,0,1,1.0000,1,10000.0000,1,0,'2019-03-07 10:30:39',1.0000,1,0,1,0,1,1.0000,1,0,0,0),(2293,2231,1,NULL,0.0000,1,0,0,1,1.0000,1,10000.0000,1,0,'2019-03-07 10:30:41',1.0000,1,0,1,0,1,1.0000,1,0,0,0),(2294,2232,1,NULL,0.0000,1,0,0,1,1.0000,1,10000.0000,1,0,'2019-03-07 10:30:43',1.0000,1,0,1,0,1,1.0000,1,0,0,0),(2295,2233,1,NULL,0.0000,1,0,0,1,1.0000,1,10000.0000,1,0,'2019-03-07 10:30:45',1.0000,1,0,1,0,1,1.0000,1,0,0,0),(2296,2234,1,0.0000,0.0000,1,0,0,1,1.0000,1,10000.0000,1,1,NULL,1.0000,1,0,1,0,1,1.0000,1,0,0,0),(2297,2235,1,NULL,0.0000,1,0,0,1,1.0000,1,10000.0000,1,0,'2019-03-07 10:31:13',1.0000,1,0,1,0,1,1.0000,1,0,0,0),(2298,2236,1,NULL,0.0000,1,0,0,1,1.0000,1,10000.0000,1,0,'2019-03-07 10:31:15',1.0000,1,0,1,0,1,1.0000,1,0,0,0),(2299,2237,1,NULL,0.0000,1,0,0,1,1.0000,1,10000.0000,1,0,'2019-03-07 10:31:16',1.0000,1,0,1,0,1,1.0000,1,0,0,0),(2300,2238,1,NULL,0.0000,1,0,0,1,1.0000,1,10000.0000,1,0,'2019-03-07 10:31:17',1.0000,1,0,1,0,1,1.0000,1,0,0,0),(2301,2239,1,NULL,0.0000,1,0,0,1,1.0000,1,10000.0000,1,0,'2019-03-07 10:31:19',1.0000,1,0,1,0,1,1.0000,1,0,0,0),(2302,2240,1,NULL,0.0000,1,0,0,1,1.0000,1,10000.0000,1,0,'2019-03-07 10:31:20',1.0000,1,0,1,0,1,1.0000,1,0,0,0),(2303,2241,1,NULL,0.0000,1,0,0,1,1.0000,1,10000.0000,1,0,'2019-03-07 10:31:22',1.0000,1,0,1,0,1,1.0000,1,0,0,0),(2304,2242,1,NULL,0.0000,1,0,0,1,1.0000,1,10000.0000,1,0,'2019-03-07 10:31:23',1.0000,1,0,1,0,1,1.0000,1,0,0,0),(2305,2243,1,NULL,0.0000,1,0,0,1,1.0000,1,10000.0000,1,0,'2019-03-07 10:31:25',1.0000,1,0,1,0,1,1.0000,1,0,0,0),(2306,2244,1,NULL,0.0000,1,0,0,1,1.0000,1,10000.0000,1,0,'2019-03-07 10:31:26',1.0000,1,0,1,0,1,1.0000,1,0,0,0),(2307,2245,1,0.0000,0.0000,1,0,0,1,1.0000,1,10000.0000,1,1,NULL,1.0000,1,0,1,0,1,1.0000,1,0,0,0),(2308,2246,1,NULL,0.0000,1,0,0,1,1.0000,1,10000.0000,1,0,'2019-03-07 10:34:27',1.0000,1,0,1,0,1,1.0000,1,0,0,0),(2309,2247,1,NULL,0.0000,1,0,0,1,1.0000,1,10000.0000,1,0,'2019-03-07 10:34:30',1.0000,1,0,1,0,1,1.0000,1,0,0,0),(2310,2248,1,NULL,0.0000,1,0,0,1,1.0000,1,10000.0000,1,0,'2019-03-07 10:34:32',1.0000,1,0,1,0,1,1.0000,1,0,0,0),(2311,2249,1,NULL,0.0000,1,0,0,1,1.0000,1,10000.0000,1,0,'2019-03-07 10:34:35',1.0000,1,0,1,0,1,1.0000,1,0,0,0),(2312,2250,1,NULL,0.0000,1,0,0,1,1.0000,1,10000.0000,1,0,'2019-03-07 10:34:38',1.0000,1,0,1,0,1,1.0000,1,0,0,0),(2313,2251,1,NULL,0.0000,1,0,0,1,1.0000,1,10000.0000,1,0,'2019-03-07 10:34:41',1.0000,1,0,1,0,1,1.0000,1,0,0,0),(2314,2252,1,0.0000,0.0000,1,0,0,1,1.0000,1,10000.0000,1,1,NULL,1.0000,1,0,1,0,1,1.0000,1,0,0,0),(2315,2253,1,NULL,0.0000,1,0,0,1,1.0000,1,10000.0000,1,0,'2019-03-07 10:42:32',1.0000,1,0,1,0,1,1.0000,1,0,0,0),(2316,2254,1,NULL,0.0000,1,0,0,1,1.0000,1,10000.0000,1,0,'2019-03-07 10:42:33',1.0000,1,0,1,0,1,1.0000,1,0,0,0),(2317,2255,1,0.0000,0.0000,1,0,0,1,1.0000,1,10000.0000,1,1,NULL,1.0000,1,0,1,0,1,1.0000,1,0,0,0),(2318,2256,1,NULL,0.0000,1,0,0,1,1.0000,1,10000.0000,1,0,'2019-03-07 10:42:56',1.0000,1,0,1,0,1,1.0000,1,0,0,0),(2319,2257,1,NULL,0.0000,1,0,0,1,1.0000,1,10000.0000,1,0,'2019-03-07 10:42:57',1.0000,1,0,1,0,1,1.0000,1,0,0,0),(2320,2258,1,NULL,0.0000,1,0,0,1,1.0000,1,10000.0000,1,0,'2019-03-07 10:42:59',1.0000,1,0,1,0,1,1.0000,1,0,0,0),(2321,2259,1,NULL,0.0000,1,0,0,1,1.0000,1,10000.0000,1,0,'2019-03-07 10:43:00',1.0000,1,0,1,0,1,1.0000,1,0,0,0),(2322,2260,1,NULL,0.0000,1,0,0,1,1.0000,1,10000.0000,1,0,'2019-03-07 10:43:02',1.0000,1,0,1,0,1,1.0000,1,0,0,0),(2323,2261,1,NULL,0.0000,1,0,0,1,1.0000,1,10000.0000,1,0,'2019-03-07 10:43:03',1.0000,1,0,1,0,1,1.0000,1,0,0,0),(2324,2262,1,NULL,0.0000,1,0,0,1,1.0000,1,10000.0000,1,0,'2019-03-07 10:43:05',1.0000,1,0,1,0,1,1.0000,1,0,0,0),(2325,2263,1,NULL,0.0000,1,0,0,1,1.0000,1,10000.0000,1,0,'2019-03-07 10:43:06',1.0000,1,0,1,0,1,1.0000,1,0,0,0),(2326,2264,1,NULL,0.0000,1,0,0,1,1.0000,1,10000.0000,1,0,'2019-03-07 10:43:08',1.0000,1,0,1,0,1,1.0000,1,0,0,0),(2327,2265,1,NULL,0.0000,1,0,0,1,1.0000,1,10000.0000,1,0,'2019-03-07 10:43:09',1.0000,1,0,1,0,1,1.0000,1,0,0,0),(2328,2266,1,NULL,0.0000,1,0,0,1,1.0000,1,10000.0000,1,0,'2019-03-07 10:43:11',1.0000,1,0,1,0,1,1.0000,1,0,0,0),(2329,2267,1,NULL,0.0000,1,0,0,1,1.0000,1,10000.0000,1,0,'2019-03-07 10:43:12',1.0000,1,0,1,0,1,1.0000,1,0,0,0),(2330,2268,1,0.0000,0.0000,1,0,0,1,1.0000,1,10000.0000,1,1,NULL,1.0000,1,0,1,0,1,1.0000,1,0,0,0),(2340,2278,1,NULL,0.0000,1,0,0,1,1.0000,1,10000.0000,1,0,'2019-03-07 10:50:50',1.0000,1,0,1,0,1,1.0000,1,0,0,0),(2341,2279,1,NULL,0.0000,1,0,0,1,1.0000,1,10000.0000,1,0,'2019-03-07 10:50:53',1.0000,1,0,1,0,1,1.0000,1,0,0,0),(2342,2280,1,NULL,0.0000,1,0,0,1,1.0000,1,10000.0000,1,0,'2019-03-07 10:50:57',1.0000,1,0,1,0,1,1.0000,1,0,0,0),(2343,2281,1,NULL,0.0000,1,0,0,1,1.0000,1,10000.0000,1,0,'2019-03-07 10:51:00',1.0000,1,0,1,0,1,1.0000,1,0,0,0),(2344,2282,1,NULL,0.0000,1,0,0,1,1.0000,1,10000.0000,1,0,'2019-03-07 10:51:04',1.0000,1,0,1,0,1,1.0000,1,0,0,0),(2345,2283,1,NULL,0.0000,1,0,0,1,1.0000,1,10000.0000,1,0,'2019-03-07 10:51:08',1.0000,1,0,1,0,1,1.0000,1,0,0,0),(2346,2284,1,0.0000,0.0000,1,0,0,1,1.0000,1,10000.0000,1,1,NULL,1.0000,1,0,1,0,1,1.0000,1,0,0,0),(2347,2285,1,NULL,0.0000,1,0,0,1,1.0000,1,10000.0000,1,0,'2019-03-07 10:55:46',1.0000,1,0,1,0,1,1.0000,1,0,0,0),(2348,2286,1,NULL,0.0000,1,0,0,1,1.0000,1,10000.0000,1,0,'2019-03-07 10:55:48',1.0000,1,0,1,0,1,1.0000,1,0,0,0),(2349,2287,1,NULL,0.0000,1,0,0,1,1.0000,1,10000.0000,1,0,'2019-03-07 10:55:50',1.0000,1,0,1,0,1,1.0000,1,0,0,0),(2350,2288,1,NULL,0.0000,1,0,0,1,1.0000,1,10000.0000,1,0,'2019-03-07 10:55:51',1.0000,1,0,1,0,1,1.0000,1,0,0,0),(2351,2289,1,NULL,0.0000,1,0,0,1,1.0000,1,10000.0000,1,0,'2019-03-07 10:55:53',1.0000,1,0,1,0,1,1.0000,1,0,0,0),(2352,2290,1,NULL,0.0000,1,0,0,1,1.0000,1,10000.0000,1,0,'2019-03-07 10:55:55',1.0000,1,0,1,0,1,1.0000,1,0,0,0),(2353,2291,1,0.0000,0.0000,1,0,0,1,1.0000,1,10000.0000,1,1,NULL,1.0000,1,0,1,0,1,1.0000,1,0,0,0),(2354,2292,1,NULL,0.0000,1,0,0,1,1.0000,1,10000.0000,1,0,'2019-03-07 11:03:05',1.0000,1,0,1,0,1,1.0000,1,0,0,0),(2355,2293,1,NULL,0.0000,1,0,0,1,1.0000,1,10000.0000,1,0,'2019-03-07 11:03:09',1.0000,1,0,1,0,1,1.0000,1,0,0,0),(2356,2294,1,NULL,0.0000,1,0,0,1,1.0000,1,10000.0000,1,0,'2019-03-07 11:03:12',1.0000,1,0,1,0,1,1.0000,1,0,0,0),(2357,2295,1,NULL,0.0000,1,0,0,1,1.0000,1,10000.0000,1,0,'2019-03-07 11:03:16',1.0000,1,0,1,0,1,1.0000,1,0,0,0),(2358,2296,1,NULL,0.0000,1,0,0,1,1.0000,1,10000.0000,1,0,'2019-03-07 11:03:19',1.0000,1,0,1,0,1,1.0000,1,0,0,0),(2359,2297,1,NULL,0.0000,1,0,0,1,1.0000,1,10000.0000,1,0,'2019-03-07 11:03:23',1.0000,1,0,1,0,1,1.0000,1,0,0,0),(2360,2298,1,NULL,0.0000,1,0,0,1,1.0000,1,10000.0000,1,0,'2019-03-07 11:03:26',1.0000,1,0,1,0,1,1.0000,1,0,0,0),(2361,2299,1,NULL,0.0000,1,0,0,1,1.0000,1,10000.0000,1,0,'2019-03-07 11:03:30',1.0000,1,0,1,0,1,1.0000,1,0,0,0),(2362,2300,1,0.0000,0.0000,1,0,0,1,1.0000,1,10000.0000,1,1,NULL,1.0000,1,0,1,0,1,1.0000,1,0,0,0),(2363,2301,1,NULL,0.0000,1,0,0,1,1.0000,1,10000.0000,1,0,'2019-03-07 11:07:21',1.0000,1,0,1,0,1,1.0000,1,0,0,0),(2364,2302,1,NULL,0.0000,1,0,0,1,1.0000,1,10000.0000,1,0,'2019-03-07 11:07:24',1.0000,1,0,1,0,1,1.0000,1,0,0,0),(2365,2303,1,NULL,0.0000,1,0,0,1,1.0000,1,10000.0000,1,0,'2019-03-07 11:07:27',1.0000,1,0,1,0,1,1.0000,1,0,0,0),(2366,2304,1,NULL,0.0000,1,0,0,1,1.0000,1,10000.0000,1,0,'2019-03-07 11:07:31',1.0000,1,0,1,0,1,1.0000,1,0,0,0),(2367,2305,1,NULL,0.0000,1,0,0,1,1.0000,1,10000.0000,1,0,'2019-03-07 11:07:34',1.0000,1,0,1,0,1,1.0000,1,0,0,0),(2368,2306,1,NULL,0.0000,1,0,0,1,1.0000,1,10000.0000,1,0,'2019-03-07 11:07:38',1.0000,1,0,1,0,1,1.0000,1,0,0,0),(2369,2307,1,NULL,0.0000,1,0,0,1,1.0000,1,10000.0000,1,0,'2019-03-07 11:07:41',1.0000,1,0,1,0,1,1.0000,1,0,0,0),(2370,2308,1,NULL,0.0000,1,0,0,1,1.0000,1,10000.0000,1,0,'2019-03-07 11:07:45',1.0000,1,0,1,0,1,1.0000,1,0,0,0),(2371,2309,1,0.0000,0.0000,1,0,0,1,1.0000,1,10000.0000,1,1,NULL,1.0000,1,0,1,0,1,1.0000,1,0,0,0),(2372,2310,1,NULL,0.0000,1,0,0,1,1.0000,1,10000.0000,1,0,'2019-03-07 11:14:14',1.0000,1,0,1,0,1,1.0000,1,0,0,0),(2373,2311,1,NULL,0.0000,1,0,0,1,1.0000,1,10000.0000,1,0,'2019-03-07 11:14:18',1.0000,1,0,1,0,1,1.0000,1,0,0,0),(2374,2312,1,NULL,0.0000,1,0,0,1,1.0000,1,10000.0000,1,0,'2019-03-07 11:14:21',1.0000,1,0,1,0,1,1.0000,1,0,0,0),(2375,2313,1,NULL,0.0000,1,0,0,1,1.0000,1,10000.0000,1,0,'2019-03-07 11:14:25',1.0000,1,0,1,0,1,1.0000,1,0,0,0),(2376,2314,1,NULL,0.0000,1,0,0,1,1.0000,1,10000.0000,1,0,'2019-03-07 11:14:29',1.0000,1,0,1,0,1,1.0000,1,0,0,0),(2377,2315,1,NULL,0.0000,1,0,0,1,1.0000,1,10000.0000,1,0,'2019-03-07 11:14:32',1.0000,1,0,1,0,1,1.0000,1,0,0,0),(2378,2316,1,NULL,0.0000,1,0,0,1,1.0000,1,10000.0000,1,0,'2019-03-07 11:14:36',1.0000,1,0,1,0,1,1.0000,1,0,0,0),(2379,2317,1,NULL,0.0000,1,0,0,1,1.0000,1,10000.0000,1,0,'2019-03-07 11:14:40',1.0000,1,0,1,0,1,1.0000,1,0,0,0),(2380,2318,1,NULL,0.0000,1,0,0,1,1.0000,1,10000.0000,1,0,'2019-03-07 11:14:43',1.0000,1,0,1,0,1,1.0000,1,0,0,0),(2381,2319,1,NULL,0.0000,1,0,0,1,1.0000,1,10000.0000,1,0,'2019-03-07 11:14:46',1.0000,1,0,1,0,1,1.0000,1,0,0,0),(2382,2320,1,0.0000,0.0000,1,0,0,1,1.0000,1,10000.0000,1,1,NULL,1.0000,1,0,1,0,1,1.0000,1,0,0,0),(2392,2330,1,NULL,0.0000,1,0,0,1,1.0000,1,10000.0000,1,0,'2019-03-07 11:28:47',1.0000,1,0,1,0,1,1.0000,1,0,0,0),(2393,2331,1,NULL,0.0000,1,0,0,1,1.0000,1,10000.0000,1,0,'2019-03-07 11:28:51',1.0000,1,0,1,0,1,1.0000,1,0,0,0),(2394,2332,1,NULL,0.0000,1,0,0,1,1.0000,1,10000.0000,1,0,'2019-03-07 11:28:54',1.0000,1,0,1,0,1,1.0000,1,0,0,0),(2395,2333,1,NULL,0.0000,1,0,0,1,1.0000,1,10000.0000,1,0,'2019-03-07 11:28:57',1.0000,1,0,1,0,1,1.0000,1,0,0,0),(2396,2334,1,NULL,0.0000,1,0,0,1,1.0000,1,10000.0000,1,0,'2019-03-07 11:29:01',1.0000,1,0,1,0,1,1.0000,1,0,0,0),(2397,2335,1,NULL,0.0000,1,0,0,1,1.0000,1,10000.0000,1,0,'2019-03-07 11:29:05',1.0000,1,0,1,0,1,1.0000,1,0,0,0),(2398,2336,1,0.0000,0.0000,1,0,0,1,1.0000,1,10000.0000,1,1,NULL,1.0000,1,0,1,0,1,1.0000,1,0,0,0),(2399,2337,1,NULL,0.0000,1,0,0,1,1.0000,1,10000.0000,1,0,'2019-03-07 11:36:20',1.0000,1,0,1,0,1,1.0000,1,0,0,0),(2400,2338,1,NULL,0.0000,1,0,0,1,1.0000,1,10000.0000,1,0,'2019-03-07 11:36:24',1.0000,1,0,1,0,1,1.0000,1,0,0,0),(2401,2339,1,NULL,0.0000,1,0,0,1,1.0000,1,10000.0000,1,0,'2019-03-07 11:36:28',1.0000,1,0,1,0,1,1.0000,1,0,0,0),(2402,2340,1,NULL,0.0000,1,0,0,1,1.0000,1,10000.0000,1,0,'2019-03-07 11:36:31',1.0000,1,0,1,0,1,1.0000,1,0,0,0),(2403,2341,1,NULL,0.0000,1,0,0,1,1.0000,1,10000.0000,1,0,'2019-03-07 11:36:35',1.0000,1,0,1,0,1,1.0000,1,0,0,0),(2404,2342,1,NULL,0.0000,1,0,0,1,1.0000,1,10000.0000,1,0,'2019-03-07 11:36:38',1.0000,1,0,1,0,1,1.0000,1,0,0,0),(2405,2343,1,0.0000,0.0000,1,0,0,1,1.0000,1,10000.0000,1,1,NULL,1.0000,1,0,1,0,1,1.0000,1,0,0,0),(2406,2344,1,NULL,0.0000,1,0,0,1,1.0000,1,10000.0000,1,0,'2019-03-07 11:38:27',1.0000,1,0,1,0,1,1.0000,1,0,0,0),(2407,2345,1,NULL,0.0000,1,0,0,1,1.0000,1,10000.0000,1,0,'2019-03-07 11:38:29',1.0000,1,0,1,0,1,1.0000,1,0,0,0),(2408,2346,1,NULL,0.0000,1,0,0,1,1.0000,1,10000.0000,1,0,'2019-03-07 11:38:31',1.0000,1,0,1,0,1,1.0000,1,0,0,0),(2409,2347,1,NULL,0.0000,1,0,0,1,1.0000,1,10000.0000,1,0,'2019-03-07 11:38:34',1.0000,1,0,1,0,1,1.0000,1,0,0,0),(2410,2348,1,NULL,0.0000,1,0,0,1,1.0000,1,10000.0000,1,0,'2019-03-07 11:38:36',1.0000,1,0,1,0,1,1.0000,1,0,0,0),(2411,2349,1,NULL,0.0000,1,0,0,1,1.0000,1,10000.0000,1,0,'2019-03-07 11:38:38',1.0000,1,0,1,0,1,1.0000,1,0,0,0),(2412,2350,1,0.0000,0.0000,1,0,0,1,1.0000,1,10000.0000,1,1,NULL,1.0000,1,0,1,0,1,1.0000,1,0,0,0),(2413,2351,1,NULL,0.0000,1,0,0,1,1.0000,1,10000.0000,1,0,'2019-03-07 11:43:43',1.0000,1,0,1,0,1,1.0000,1,0,0,0),(2414,2352,1,NULL,0.0000,1,0,0,1,1.0000,1,10000.0000,1,0,'2019-03-07 11:43:46',1.0000,1,0,1,0,1,1.0000,1,0,0,0),(2415,2353,1,NULL,0.0000,1,0,0,1,1.0000,1,10000.0000,1,0,'2019-03-07 11:43:50',1.0000,1,0,1,0,1,1.0000,1,0,0,0),(2416,2354,1,NULL,0.0000,1,0,0,1,1.0000,1,10000.0000,1,0,'2019-03-07 11:43:54',1.0000,1,0,1,0,1,1.0000,1,0,0,0),(2417,2355,1,NULL,0.0000,1,0,0,1,1.0000,1,10000.0000,1,0,'2019-03-07 11:43:58',1.0000,1,0,1,0,1,1.0000,1,0,0,0),(2418,2356,1,NULL,0.0000,1,0,0,1,1.0000,1,10000.0000,1,0,'2019-03-07 11:44:01',1.0000,1,0,1,0,1,1.0000,1,0,0,0),(2419,2357,1,0.0000,0.0000,1,0,0,1,1.0000,1,10000.0000,1,1,NULL,1.0000,1,0,1,0,1,1.0000,1,0,0,0),(2420,2358,1,NULL,0.0000,1,0,0,1,1.0000,1,10000.0000,1,0,'2019-03-07 11:48:17',1.0000,1,0,1,0,1,1.0000,1,0,0,0),(2421,2359,1,NULL,0.0000,1,0,0,1,1.0000,1,10000.0000,1,0,'2019-03-07 11:48:21',1.0000,1,0,1,0,1,1.0000,1,0,0,0),(2422,2360,1,NULL,0.0000,1,0,0,1,1.0000,1,10000.0000,1,0,'2019-03-07 11:48:24',1.0000,1,0,1,0,1,1.0000,1,0,0,0),(2423,2361,1,NULL,0.0000,1,0,0,1,1.0000,1,10000.0000,1,0,'2019-03-07 11:48:28',1.0000,1,0,1,0,1,1.0000,1,0,0,0),(2424,2362,1,NULL,0.0000,1,0,0,1,1.0000,1,10000.0000,1,0,'2019-03-07 11:48:31',1.0000,1,0,1,0,1,1.0000,1,0,0,0),(2425,2363,1,NULL,0.0000,1,0,0,1,1.0000,1,10000.0000,1,0,'2019-03-07 11:48:35',1.0000,1,0,1,0,1,1.0000,1,0,0,0),(2426,2364,1,NULL,0.0000,1,0,0,1,1.0000,1,10000.0000,1,0,'2019-03-07 11:48:38',1.0000,1,0,1,0,1,1.0000,1,0,0,0),(2427,2365,1,NULL,0.0000,1,0,0,1,1.0000,1,10000.0000,1,0,'2019-03-07 11:48:42',1.0000,1,0,1,0,1,1.0000,1,0,0,0),(2428,2366,1,0.0000,0.0000,1,0,0,1,1.0000,1,10000.0000,1,1,NULL,1.0000,1,0,1,0,1,1.0000,1,0,0,0),(2429,2367,1,NULL,0.0000,1,0,0,1,1.0000,1,10000.0000,1,0,'2019-03-07 11:49:13',1.0000,1,0,1,0,1,1.0000,1,0,0,0),(2430,2368,1,NULL,0.0000,1,0,0,1,1.0000,1,10000.0000,1,0,'2019-03-07 11:49:17',1.0000,1,0,1,0,1,1.0000,1,0,0,0),(2431,2369,1,NULL,0.0000,1,0,0,1,1.0000,1,10000.0000,1,0,'2019-03-07 11:49:20',1.0000,1,0,1,0,1,1.0000,1,0,0,0),(2432,2370,1,NULL,0.0000,1,0,0,1,1.0000,1,10000.0000,1,0,'2019-03-07 11:49:24',1.0000,1,0,1,0,1,1.0000,1,0,0,0),(2433,2371,1,NULL,0.0000,1,0,0,1,1.0000,1,10000.0000,1,0,'2019-03-07 11:49:27',1.0000,1,0,1,0,1,1.0000,1,0,0,0),(2434,2372,1,NULL,0.0000,1,0,0,1,1.0000,1,10000.0000,1,0,'2019-03-07 11:49:31',1.0000,1,0,1,0,1,1.0000,1,0,0,0),(2435,2373,1,0.0000,0.0000,1,0,0,1,1.0000,1,10000.0000,1,1,NULL,1.0000,1,0,1,0,1,1.0000,1,0,0,0),(2436,2374,1,NULL,0.0000,1,0,0,1,1.0000,1,10000.0000,1,0,'2019-03-07 11:56:28',1.0000,1,0,1,0,1,1.0000,1,0,0,0),(2437,2375,1,NULL,0.0000,1,0,0,1,1.0000,1,10000.0000,1,0,'2019-03-07 11:56:29',1.0000,1,0,1,0,1,1.0000,1,0,0,0),(2438,2376,1,NULL,0.0000,1,0,0,1,1.0000,1,10000.0000,1,0,'2019-03-07 11:56:31',1.0000,1,0,1,0,1,1.0000,1,0,0,0),(2439,2377,1,NULL,0.0000,1,0,0,1,1.0000,1,10000.0000,1,0,'2019-03-07 11:56:32',1.0000,1,0,1,0,1,1.0000,1,0,0,0),(2440,2378,1,NULL,0.0000,1,0,0,1,1.0000,1,10000.0000,1,0,'2019-03-07 11:56:34',1.0000,1,0,1,0,1,1.0000,1,0,0,0),(2441,2379,1,NULL,0.0000,1,0,0,1,1.0000,1,10000.0000,1,0,'2019-03-07 11:56:35',1.0000,1,0,1,0,1,1.0000,1,0,0,0),(2442,2380,1,NULL,0.0000,1,0,0,1,1.0000,1,10000.0000,1,0,'2019-03-07 11:56:37',1.0000,1,0,1,0,1,1.0000,1,0,0,0),(2443,2381,1,NULL,0.0000,1,0,0,1,1.0000,1,10000.0000,1,0,'2019-03-07 11:56:38',1.0000,1,0,1,0,1,1.0000,1,0,0,0),(2444,2382,1,NULL,0.0000,1,0,0,1,1.0000,1,10000.0000,1,0,'2019-03-07 11:56:39',1.0000,1,0,1,0,1,1.0000,1,0,0,0),(2445,2383,1,NULL,0.0000,1,0,0,1,1.0000,1,10000.0000,1,0,'2019-03-07 11:56:41',1.0000,1,0,1,0,1,1.0000,1,0,0,0),(2446,2384,1,NULL,0.0000,1,0,0,1,1.0000,1,10000.0000,1,0,'2019-03-07 11:56:42',1.0000,1,0,1,0,1,1.0000,1,0,0,0),(2447,2385,1,NULL,0.0000,1,0,0,1,1.0000,1,10000.0000,1,0,'2019-03-07 11:56:44',1.0000,1,0,1,0,1,1.0000,1,0,0,0),(2448,2386,1,NULL,0.0000,1,0,0,1,1.0000,1,10000.0000,1,0,'2019-03-07 11:56:45',1.0000,1,0,1,0,1,1.0000,1,0,0,0),(2449,2387,1,NULL,0.0000,1,0,0,1,1.0000,1,10000.0000,1,0,'2019-03-07 11:56:47',1.0000,1,0,1,0,1,1.0000,1,0,0,0),(2450,2388,1,NULL,0.0000,1,0,0,1,1.0000,1,10000.0000,1,0,'2019-03-07 11:56:48',1.0000,1,0,1,0,1,1.0000,1,0,0,0),(2451,2389,1,0.0000,0.0000,1,0,0,1,1.0000,1,10000.0000,1,1,NULL,1.0000,1,0,1,0,1,1.0000,1,0,0,0),(2452,2390,1,NULL,0.0000,1,0,0,1,1.0000,1,10000.0000,1,0,'2019-03-07 11:57:05',1.0000,1,0,1,0,1,1.0000,1,0,0,0),(2453,2391,1,NULL,0.0000,1,0,0,1,1.0000,1,10000.0000,1,0,'2019-03-07 11:57:09',1.0000,1,0,1,0,1,1.0000,1,0,0,0),(2454,2392,1,NULL,0.0000,1,0,0,1,1.0000,1,10000.0000,1,0,'2019-03-07 11:57:13',1.0000,1,0,1,0,1,1.0000,1,0,0,0),(2455,2393,1,NULL,0.0000,1,0,0,1,1.0000,1,10000.0000,1,0,'2019-03-07 11:57:17',1.0000,1,0,1,0,1,1.0000,1,0,0,0),(2456,2394,1,NULL,0.0000,1,0,0,1,1.0000,1,10000.0000,1,0,'2019-03-07 11:57:21',1.0000,1,0,1,0,1,1.0000,1,0,0,0),(2457,2395,1,NULL,0.0000,1,0,0,1,1.0000,1,10000.0000,1,0,'2019-03-07 11:57:24',1.0000,1,0,1,0,1,1.0000,1,0,0,0),(2458,2396,1,0.0000,0.0000,1,0,0,1,1.0000,1,10000.0000,1,1,NULL,1.0000,1,0,1,0,1,1.0000,1,0,0,0),(2459,2397,1,NULL,0.0000,1,0,0,1,1.0000,1,10000.0000,1,0,'2019-03-07 12:24:14',1.0000,1,0,1,0,1,1.0000,1,0,0,0),(2460,2398,1,NULL,0.0000,1,0,0,1,1.0000,1,10000.0000,1,0,'2019-03-07 12:24:17',1.0000,1,0,1,0,1,1.0000,1,0,0,0),(2461,2399,1,NULL,0.0000,1,0,0,1,1.0000,1,10000.0000,1,0,'2019-03-07 12:24:21',1.0000,1,0,1,0,1,1.0000,1,0,0,0),(2462,2400,1,NULL,0.0000,1,0,0,1,1.0000,1,10000.0000,1,0,'2019-03-07 12:24:25',1.0000,1,0,1,0,1,1.0000,1,0,0,0),(2463,2401,1,NULL,0.0000,1,0,0,1,1.0000,1,10000.0000,1,0,'2019-03-07 12:24:28',1.0000,1,0,1,0,1,1.0000,1,0,0,0),(2464,2402,1,NULL,0.0000,1,0,0,1,1.0000,1,10000.0000,1,0,'2019-03-07 12:24:31',1.0000,1,0,1,0,1,1.0000,1,0,0,0),(2465,2403,1,0.0000,0.0000,1,0,0,1,1.0000,1,10000.0000,1,1,NULL,1.0000,1,0,1,0,1,1.0000,1,0,0,0),(2466,2404,1,NULL,0.0000,1,0,0,1,1.0000,1,10000.0000,1,0,'2019-03-07 12:29:45',1.0000,1,0,1,0,1,1.0000,1,0,0,0),(2467,2405,1,NULL,0.0000,1,0,0,1,1.0000,1,10000.0000,1,0,'2019-03-07 12:29:47',1.0000,1,0,1,0,1,1.0000,1,0,0,0),(2468,2406,1,NULL,0.0000,1,0,0,1,1.0000,1,10000.0000,1,0,'2019-03-07 12:29:49',1.0000,1,0,1,0,1,1.0000,1,0,0,0),(2469,2407,1,NULL,0.0000,1,0,0,1,1.0000,1,10000.0000,1,0,'2019-03-07 12:29:51',1.0000,1,0,1,0,1,1.0000,1,0,0,0),(2470,2408,1,NULL,0.0000,1,0,0,1,1.0000,1,10000.0000,1,0,'2019-03-07 12:29:53',1.0000,1,0,1,0,1,1.0000,1,0,0,0),(2471,2409,1,NULL,0.0000,1,0,0,1,1.0000,1,10000.0000,1,0,'2019-03-07 12:29:55',1.0000,1,0,1,0,1,1.0000,1,0,0,0),(2472,2410,1,0.0000,0.0000,1,0,0,1,1.0000,1,10000.0000,1,1,NULL,1.0000,1,0,1,0,1,1.0000,1,0,0,0),(2473,2411,1,NULL,0.0000,1,0,0,1,1.0000,1,10000.0000,1,0,'2019-03-07 12:32:19',1.0000,1,0,1,0,1,1.0000,1,0,0,0),(2474,2412,1,NULL,0.0000,1,0,0,1,1.0000,1,10000.0000,1,0,'2019-03-07 12:32:23',1.0000,1,0,1,0,1,1.0000,1,0,0,0),(2475,2413,1,NULL,0.0000,1,0,0,1,1.0000,1,10000.0000,1,0,'2019-03-07 12:32:26',1.0000,1,0,1,0,1,1.0000,1,0,0,0),(2476,2414,1,NULL,0.0000,1,0,0,1,1.0000,1,10000.0000,1,0,'2019-03-07 12:32:30',1.0000,1,0,1,0,1,1.0000,1,0,0,0),(2477,2415,1,NULL,0.0000,1,0,0,1,1.0000,1,10000.0000,1,0,'2019-03-07 12:32:33',1.0000,1,0,1,0,1,1.0000,1,0,0,0),(2478,2416,1,NULL,0.0000,1,0,0,1,1.0000,1,10000.0000,1,0,'2019-03-07 12:32:37',1.0000,1,0,1,0,1,1.0000,1,0,0,0),(2479,2417,1,0.0000,0.0000,1,0,0,1,1.0000,1,10000.0000,1,1,NULL,1.0000,1,0,1,0,1,1.0000,1,0,0,0),(2480,2418,1,NULL,0.0000,1,0,0,1,1.0000,1,10000.0000,1,0,'2019-03-07 12:34:33',1.0000,1,0,1,0,1,1.0000,1,0,0,0),(2481,2419,1,NULL,0.0000,1,0,0,1,1.0000,1,10000.0000,1,0,'2019-03-07 12:34:37',1.0000,1,0,1,0,1,1.0000,1,0,0,0),(2482,2420,1,NULL,0.0000,1,0,0,1,1.0000,1,10000.0000,1,0,'2019-03-07 12:34:40',1.0000,1,0,1,0,1,1.0000,1,0,0,0),(2483,2421,1,NULL,0.0000,1,0,0,1,1.0000,1,10000.0000,1,0,'2019-03-07 12:34:44',1.0000,1,0,1,0,1,1.0000,1,0,0,0),(2484,2422,1,NULL,0.0000,1,0,0,1,1.0000,1,10000.0000,1,0,'2019-03-07 12:34:47',1.0000,1,0,1,0,1,1.0000,1,0,0,0),(2485,2423,1,NULL,0.0000,1,0,0,1,1.0000,1,10000.0000,1,0,'2019-03-07 12:34:51',1.0000,1,0,1,0,1,1.0000,1,0,0,0),(2486,2424,1,0.0000,0.0000,1,0,0,1,1.0000,1,10000.0000,1,1,NULL,1.0000,1,0,1,0,1,1.0000,1,0,0,0),(2487,2425,1,NULL,0.0000,1,0,0,1,1.0000,1,10000.0000,1,0,'2019-03-07 12:42:48',1.0000,1,0,1,0,1,1.0000,1,0,0,0),(2488,2426,1,NULL,0.0000,1,0,0,1,1.0000,1,10000.0000,1,0,'2019-03-07 12:42:52',1.0000,1,0,1,0,1,1.0000,1,0,0,0),(2489,2427,1,NULL,0.0000,1,0,0,1,1.0000,1,10000.0000,1,0,'2019-03-07 12:42:55',1.0000,1,0,1,0,1,1.0000,1,0,0,0),(2490,2428,1,NULL,0.0000,1,0,0,1,1.0000,1,10000.0000,1,0,'2019-03-07 12:42:59',1.0000,1,0,1,0,1,1.0000,1,0,0,0),(2491,2429,1,NULL,0.0000,1,0,0,1,1.0000,1,10000.0000,1,0,'2019-03-07 12:43:02',1.0000,1,0,1,0,1,1.0000,1,0,0,0),(2492,2430,1,NULL,0.0000,1,0,0,1,1.0000,1,10000.0000,1,0,'2019-03-07 12:43:06',1.0000,1,0,1,0,1,1.0000,1,0,0,0),(2493,2431,1,0.0000,0.0000,1,0,0,1,1.0000,1,10000.0000,1,1,NULL,1.0000,1,0,1,0,1,1.0000,1,0,0,0),(2494,2432,1,NULL,0.0000,1,0,0,1,1.0000,1,10000.0000,1,0,'2019-03-07 12:49:38',1.0000,1,0,1,0,1,1.0000,1,0,0,0),(2495,2433,1,NULL,0.0000,1,0,0,1,1.0000,1,10000.0000,1,0,'2019-03-07 12:49:42',1.0000,1,0,1,0,1,1.0000,1,0,0,0),(2496,2434,1,NULL,0.0000,1,0,0,1,1.0000,1,10000.0000,1,0,'2019-03-07 12:49:45',1.0000,1,0,1,0,1,1.0000,1,0,0,0),(2497,2435,1,NULL,0.0000,1,0,0,1,1.0000,1,10000.0000,1,0,'2019-03-07 12:49:49',1.0000,1,0,1,0,1,1.0000,1,0,0,0),(2498,2436,1,NULL,0.0000,1,0,0,1,1.0000,1,10000.0000,1,0,'2019-03-07 12:49:53',1.0000,1,0,1,0,1,1.0000,1,0,0,0),(2499,2437,1,NULL,0.0000,1,0,0,1,1.0000,1,10000.0000,1,0,'2019-03-07 12:49:56',1.0000,1,0,1,0,1,1.0000,1,0,0,0),(2500,2438,1,NULL,0.0000,1,0,0,1,1.0000,1,10000.0000,1,0,'2019-03-07 12:50:00',1.0000,1,0,1,0,1,1.0000,1,0,0,0),(2501,2439,1,NULL,0.0000,1,0,0,1,1.0000,1,10000.0000,1,0,'2019-03-07 12:50:03',1.0000,1,0,1,0,1,1.0000,1,0,0,0),(2502,2440,1,0.0000,0.0000,1,0,0,1,1.0000,1,10000.0000,1,1,NULL,1.0000,1,0,1,0,1,1.0000,1,0,0,0),(2503,2441,1,NULL,0.0000,1,0,0,1,1.0000,1,10000.0000,1,0,'2019-03-07 12:59:42',1.0000,1,0,1,0,1,1.0000,1,0,0,0),(2504,2442,1,NULL,0.0000,1,0,0,1,1.0000,1,10000.0000,1,0,'2019-03-07 12:59:44',1.0000,1,0,1,0,1,1.0000,1,0,0,0),(2505,2443,1,NULL,0.0000,1,0,0,1,1.0000,1,10000.0000,1,0,'2019-03-07 12:59:46',1.0000,1,0,1,0,1,1.0000,1,0,0,0),(2506,2444,1,NULL,0.0000,1,0,0,1,1.0000,1,10000.0000,1,0,'2019-03-07 12:59:47',1.0000,1,0,1,0,1,1.0000,1,0,0,0),(2507,2445,1,NULL,0.0000,1,0,0,1,1.0000,1,10000.0000,1,0,'2019-03-07 12:59:49',1.0000,1,0,1,0,1,1.0000,1,0,0,0),(2508,2446,1,NULL,0.0000,1,0,0,1,1.0000,1,10000.0000,1,0,'2019-03-07 12:59:50',1.0000,1,0,1,0,1,1.0000,1,0,0,0),(2509,2447,1,NULL,0.0000,1,0,0,1,1.0000,1,10000.0000,1,0,'2019-03-07 12:59:52',1.0000,1,0,1,0,1,1.0000,1,0,0,0),(2510,2448,1,NULL,0.0000,1,0,0,1,1.0000,1,10000.0000,1,0,'2019-03-07 12:59:53',1.0000,1,0,1,0,1,1.0000,1,0,0,0),(2511,2449,1,NULL,0.0000,1,0,0,1,1.0000,1,10000.0000,1,0,'2019-03-07 12:59:55',1.0000,1,0,1,0,1,1.0000,1,0,0,0),(2512,2450,1,NULL,0.0000,1,0,0,1,1.0000,1,10000.0000,1,0,'2019-03-07 12:59:56',1.0000,1,0,1,0,1,1.0000,1,0,0,0),(2513,2451,1,NULL,0.0000,1,0,0,1,1.0000,1,10000.0000,1,0,'2019-03-07 12:59:58',1.0000,1,0,1,0,1,1.0000,1,0,0,0),(2514,2452,1,NULL,0.0000,1,0,0,1,1.0000,1,10000.0000,1,0,'2019-03-07 12:59:59',1.0000,1,0,1,0,1,1.0000,1,0,0,0),(2515,2453,1,NULL,0.0000,1,0,0,1,1.0000,1,10000.0000,1,0,'2019-03-07 13:00:01',1.0000,1,0,1,0,1,1.0000,1,0,0,0),(2516,2454,1,NULL,0.0000,1,0,0,1,1.0000,1,10000.0000,1,0,'2019-03-07 13:00:03',1.0000,1,0,1,0,1,1.0000,1,0,0,0),(2517,2455,1,NULL,0.0000,1,0,0,1,1.0000,1,10000.0000,1,0,'2019-03-07 13:00:04',1.0000,1,0,1,0,1,1.0000,1,0,0,0),(2518,2456,1,0.0000,0.0000,1,0,0,1,1.0000,1,10000.0000,1,1,NULL,1.0000,1,0,1,0,1,1.0000,1,0,0,0),(2519,2457,1,NULL,0.0000,1,0,0,1,1.0000,1,10000.0000,1,0,'2019-03-07 13:05:59',1.0000,1,0,1,0,1,1.0000,1,0,0,0),(2520,2458,1,NULL,0.0000,1,0,0,1,1.0000,1,10000.0000,1,0,'2019-03-07 13:06:01',1.0000,1,0,1,0,1,1.0000,1,0,0,0),(2521,2459,1,NULL,0.0000,1,0,0,1,1.0000,1,10000.0000,1,0,'2019-03-07 13:06:03',1.0000,1,0,1,0,1,1.0000,1,0,0,0),(2522,2460,1,NULL,0.0000,1,0,0,1,1.0000,1,10000.0000,1,0,'2019-03-07 13:06:04',1.0000,1,0,1,0,1,1.0000,1,0,0,0),(2523,2461,1,NULL,0.0000,1,0,0,1,1.0000,1,10000.0000,1,0,'2019-03-07 13:06:06',1.0000,1,0,1,0,1,1.0000,1,0,0,0),(2524,2462,1,NULL,0.0000,1,0,0,1,1.0000,1,10000.0000,1,0,'2019-03-07 13:06:07',1.0000,1,0,1,0,1,1.0000,1,0,0,0),(2525,2463,1,NULL,0.0000,1,0,0,1,1.0000,1,10000.0000,1,0,'2019-03-07 13:06:09',1.0000,1,0,1,0,1,1.0000,1,0,0,0),(2526,2464,1,NULL,0.0000,1,0,0,1,1.0000,1,10000.0000,1,0,'2019-03-07 13:06:10',1.0000,1,0,1,0,1,1.0000,1,0,0,0),(2527,2465,1,0.0000,0.0000,1,0,0,1,1.0000,1,10000.0000,1,1,NULL,1.0000,1,0,1,0,1,1.0000,1,0,0,0),(2528,2466,1,NULL,0.0000,1,0,0,1,1.0000,1,10000.0000,1,0,'2019-03-07 13:12:03',1.0000,1,0,1,0,1,1.0000,1,0,0,0),(2529,2467,1,NULL,0.0000,1,0,0,1,1.0000,1,10000.0000,1,0,'2019-03-07 13:12:04',1.0000,1,0,1,0,1,1.0000,1,0,0,0),(2530,2468,1,NULL,0.0000,1,0,0,1,1.0000,1,10000.0000,1,0,'2019-03-07 13:12:06',1.0000,1,0,1,0,1,1.0000,1,0,0,0),(2531,2469,1,NULL,0.0000,1,0,0,1,1.0000,1,10000.0000,1,0,'2019-03-07 13:12:07',1.0000,1,0,1,0,1,1.0000,1,0,0,0),(2532,2470,1,NULL,0.0000,1,0,0,1,1.0000,1,10000.0000,1,0,'2019-03-07 13:12:09',1.0000,1,0,1,0,1,1.0000,1,0,0,0),(2533,2471,1,NULL,0.0000,1,0,0,1,1.0000,1,10000.0000,1,0,'2019-03-07 13:12:10',1.0000,1,0,1,0,1,1.0000,1,0,0,0),(2534,2472,1,NULL,0.0000,1,0,0,1,1.0000,1,10000.0000,1,0,'2019-03-07 13:12:12',1.0000,1,0,1,0,1,1.0000,1,0,0,0),(2535,2473,1,NULL,0.0000,1,0,0,1,1.0000,1,10000.0000,1,0,'2019-03-07 13:12:14',1.0000,1,0,1,0,1,1.0000,1,0,0,0),(2536,2474,1,NULL,0.0000,1,0,0,1,1.0000,1,10000.0000,1,0,'2019-03-07 13:12:15',1.0000,1,0,1,0,1,1.0000,1,0,0,0),(2537,2475,1,NULL,0.0000,1,0,0,1,1.0000,1,10000.0000,1,0,'2019-03-07 13:12:17',1.0000,1,0,1,0,1,1.0000,1,0,0,0),(2538,2476,1,NULL,0.0000,1,0,0,1,1.0000,1,10000.0000,1,0,'2019-03-07 13:12:18',1.0000,1,0,1,0,1,1.0000,1,0,0,0),(2539,2477,1,NULL,0.0000,1,0,0,1,1.0000,1,10000.0000,1,0,'2019-03-07 13:12:20',1.0000,1,0,1,0,1,1.0000,1,0,0,0),(2540,2478,1,0.0000,0.0000,1,0,0,1,1.0000,1,10000.0000,1,1,NULL,1.0000,1,0,1,0,1,1.0000,1,0,0,0),(2541,2479,1,NULL,0.0000,1,0,0,1,1.0000,1,10000.0000,1,0,'2019-03-07 13:35:47',1.0000,1,0,1,0,1,1.0000,1,0,0,0),(2542,2480,1,NULL,0.0000,1,0,0,1,1.0000,1,10000.0000,1,0,'2019-03-07 13:35:50',1.0000,1,0,1,0,1,1.0000,1,0,0,0),(2543,2481,1,NULL,0.0000,1,0,0,1,1.0000,1,10000.0000,1,0,'2019-03-07 13:35:54',1.0000,1,0,1,0,1,1.0000,1,0,0,0),(2544,2482,1,NULL,0.0000,1,0,0,1,1.0000,1,10000.0000,1,0,'2019-03-07 13:35:58',1.0000,1,0,1,0,1,1.0000,1,0,0,0),(2545,2483,1,NULL,0.0000,1,0,0,1,1.0000,1,10000.0000,1,0,'2019-03-07 13:36:02',1.0000,1,0,1,0,1,1.0000,1,0,0,0),(2546,2484,1,NULL,0.0000,1,0,0,1,1.0000,1,10000.0000,1,0,'2019-03-07 13:36:05',1.0000,1,0,1,0,1,1.0000,1,0,0,0),(2547,2485,1,NULL,0.0000,1,0,0,1,1.0000,1,10000.0000,1,0,'2019-03-07 13:36:09',1.0000,1,0,1,0,1,1.0000,1,0,0,0),(2548,2486,1,NULL,0.0000,1,0,0,1,1.0000,1,10000.0000,1,0,'2019-03-07 13:36:12',1.0000,1,0,1,0,1,1.0000,1,0,0,0),(2549,2487,1,0.0000,0.0000,1,0,0,1,1.0000,1,10000.0000,1,1,NULL,1.0000,1,0,1,0,1,1.0000,1,0,0,0),(2550,2488,1,NULL,0.0000,1,0,0,1,1.0000,1,10000.0000,1,0,'2019-03-07 13:41:34',1.0000,1,0,1,0,1,1.0000,1,0,0,0),(2551,2489,1,NULL,0.0000,1,0,0,1,1.0000,1,10000.0000,1,0,'2019-03-07 13:41:36',1.0000,1,0,1,0,1,1.0000,1,0,0,0),(2552,2490,1,NULL,0.0000,1,0,0,1,1.0000,1,10000.0000,1,0,'2019-03-07 13:41:37',1.0000,1,0,1,0,1,1.0000,1,0,0,0),(2553,2491,1,NULL,0.0000,1,0,0,1,1.0000,1,10000.0000,1,0,'2019-03-07 13:41:39',1.0000,1,0,1,0,1,1.0000,1,0,0,0),(2554,2492,1,NULL,0.0000,1,0,0,1,1.0000,1,10000.0000,1,0,'2019-03-07 13:41:40',1.0000,1,0,1,0,1,1.0000,1,0,0,0),(2555,2493,1,NULL,0.0000,1,0,0,1,1.0000,1,10000.0000,1,0,'2019-03-07 13:41:42',1.0000,1,0,1,0,1,1.0000,1,0,0,0),(2556,2494,1,NULL,0.0000,1,0,0,1,1.0000,1,10000.0000,1,0,'2019-03-07 13:41:43',1.0000,1,0,1,0,1,1.0000,1,0,0,0),(2557,2495,1,NULL,0.0000,1,0,0,1,1.0000,1,10000.0000,1,0,'2019-03-07 13:41:45',1.0000,1,0,1,0,1,1.0000,1,0,0,0),(2558,2496,1,NULL,0.0000,1,0,0,1,1.0000,1,10000.0000,1,0,'2019-03-07 13:41:46',1.0000,1,0,1,0,1,1.0000,1,0,0,0),(2559,2497,1,NULL,0.0000,1,0,0,1,1.0000,1,10000.0000,1,0,'2019-03-07 13:41:48',1.0000,1,0,1,0,1,1.0000,1,0,0,0),(2560,2498,1,NULL,0.0000,1,0,0,1,1.0000,1,10000.0000,1,0,'2019-03-07 13:41:49',1.0000,1,0,1,0,1,1.0000,1,0,0,0),(2561,2499,1,NULL,0.0000,1,0,0,1,1.0000,1,10000.0000,1,0,'2019-03-07 13:41:51',1.0000,1,0,1,0,1,1.0000,1,0,0,0),(2562,2500,1,0.0000,0.0000,1,0,0,1,1.0000,1,10000.0000,1,1,NULL,1.0000,1,0,1,0,1,1.0000,1,0,0,0),(2563,2501,1,NULL,0.0000,1,0,0,1,1.0000,1,10000.0000,1,0,'2019-03-07 13:47:11',1.0000,1,0,1,0,1,1.0000,1,0,0,0),(2564,2502,1,NULL,0.0000,1,0,0,1,1.0000,1,10000.0000,1,0,'2019-03-07 13:47:15',1.0000,1,0,1,0,1,1.0000,1,0,0,0),(2565,2503,1,NULL,0.0000,1,0,0,1,1.0000,1,10000.0000,1,0,'2019-03-07 13:47:18',1.0000,1,0,1,0,1,1.0000,1,0,0,0),(2566,2504,1,NULL,0.0000,1,0,0,1,1.0000,1,10000.0000,1,0,'2019-03-07 13:47:22',1.0000,1,0,1,0,1,1.0000,1,0,0,0),(2567,2505,1,NULL,0.0000,1,0,0,1,1.0000,1,10000.0000,1,0,'2019-03-07 13:47:25',1.0000,1,0,1,0,1,1.0000,1,0,0,0),(2568,2506,1,NULL,0.0000,1,0,0,1,1.0000,1,10000.0000,1,0,'2019-03-07 13:47:29',1.0000,1,0,1,0,1,1.0000,1,0,0,0),(2569,2507,1,0.0000,0.0000,1,0,0,1,1.0000,1,10000.0000,1,1,NULL,1.0000,1,0,1,0,1,1.0000,1,0,0,0),(2570,2508,1,NULL,0.0000,1,0,0,1,1.0000,1,10000.0000,1,0,'2019-03-07 13:53:47',1.0000,1,0,1,0,1,1.0000,1,0,0,0),(2571,2509,1,NULL,0.0000,1,0,0,1,1.0000,1,10000.0000,1,0,'2019-03-07 13:53:51',1.0000,1,0,1,0,1,1.0000,1,0,0,0),(2572,2510,1,NULL,0.0000,1,0,0,1,1.0000,1,10000.0000,1,0,'2019-03-07 13:53:55',1.0000,1,0,1,0,1,1.0000,1,0,0,0),(2573,2511,1,NULL,0.0000,1,0,0,1,1.0000,1,10000.0000,1,0,'2019-03-07 13:53:58',1.0000,1,0,1,0,1,1.0000,1,0,0,0),(2574,2512,1,NULL,0.0000,1,0,0,1,1.0000,1,10000.0000,1,0,'2019-03-07 13:54:02',1.0000,1,0,1,0,1,1.0000,1,0,0,0),(2575,2513,1,NULL,0.0000,1,0,0,1,1.0000,1,10000.0000,1,0,'2019-03-07 13:54:06',1.0000,1,0,1,0,1,1.0000,1,0,0,0),(2576,2514,1,NULL,0.0000,1,0,0,1,1.0000,1,10000.0000,1,0,'2019-03-07 13:54:10',1.0000,1,0,1,0,1,1.0000,1,0,0,0),(2577,2515,1,NULL,0.0000,1,0,0,1,1.0000,1,10000.0000,1,0,'2019-03-07 13:54:13',1.0000,1,0,1,0,1,1.0000,1,0,0,0),(2578,2516,1,NULL,0.0000,1,0,0,1,1.0000,1,10000.0000,1,0,'2019-03-07 13:54:17',1.0000,1,0,1,0,1,1.0000,1,0,0,0),(2579,2517,1,0.0000,0.0000,1,0,0,1,1.0000,1,10000.0000,1,1,NULL,1.0000,1,0,1,0,1,1.0000,1,0,0,0),(2580,2518,1,NULL,0.0000,1,0,0,1,1.0000,1,10000.0000,1,0,'2019-03-07 14:15:32',1.0000,1,0,1,0,1,1.0000,1,0,0,0),(2581,2519,1,NULL,0.0000,1,0,0,1,1.0000,1,10000.0000,1,0,'2019-03-07 14:15:35',1.0000,1,0,1,0,1,1.0000,1,0,0,0),(2582,2520,1,NULL,0.0000,1,0,0,1,1.0000,1,10000.0000,1,0,'2019-03-07 14:15:39',1.0000,1,0,1,0,1,1.0000,1,0,0,0),(2583,2521,1,NULL,0.0000,1,0,0,1,1.0000,1,10000.0000,1,0,'2019-03-07 14:15:42',1.0000,1,0,1,0,1,1.0000,1,0,0,0),(2584,2522,1,NULL,0.0000,1,0,0,1,1.0000,1,10000.0000,1,0,'2019-03-07 14:15:47',1.0000,1,0,1,0,1,1.0000,1,0,0,0),(2585,2523,1,NULL,0.0000,1,0,0,1,1.0000,1,10000.0000,1,0,'2019-03-07 14:15:51',1.0000,1,0,1,0,1,1.0000,1,0,0,0),(2586,2524,1,0.0000,0.0000,1,0,0,1,1.0000,1,10000.0000,1,1,NULL,1.0000,1,0,1,0,1,1.0000,1,0,0,0),(2587,2525,1,NULL,0.0000,1,0,0,1,1.0000,1,10000.0000,1,0,'2019-03-07 14:30:18',1.0000,1,0,1,0,1,1.0000,1,0,0,0),(2588,2526,1,NULL,0.0000,1,0,0,1,1.0000,1,10000.0000,1,0,'2019-03-07 14:30:20',1.0000,1,0,1,0,1,1.0000,1,0,0,0),(2589,2527,1,NULL,0.0000,1,0,0,1,1.0000,1,10000.0000,1,0,'2019-03-07 14:30:21',1.0000,1,0,1,0,1,1.0000,1,0,0,0),(2590,2528,1,NULL,0.0000,1,0,0,1,1.0000,1,10000.0000,1,0,'2019-03-07 14:30:23',1.0000,1,0,1,0,1,1.0000,1,0,0,0),(2591,2529,1,NULL,0.0000,1,0,0,1,1.0000,1,10000.0000,1,0,'2019-03-07 14:30:24',1.0000,1,0,1,0,1,1.0000,1,0,0,0),(2592,2530,1,NULL,0.0000,1,0,0,1,1.0000,1,10000.0000,1,0,'2019-03-07 14:30:27',1.0000,1,0,1,0,1,1.0000,1,0,0,0),(2593,2531,1,NULL,0.0000,1,0,0,1,1.0000,1,10000.0000,1,0,'2019-03-07 14:30:28',1.0000,1,0,1,0,1,1.0000,1,0,0,0),(2594,2532,1,NULL,0.0000,1,0,0,1,1.0000,1,10000.0000,1,0,'2019-03-07 14:30:30',1.0000,1,0,1,0,1,1.0000,1,0,0,0),(2595,2533,1,0.0000,0.0000,1,0,0,1,1.0000,1,10000.0000,1,1,NULL,1.0000,1,0,1,0,1,1.0000,1,0,0,0),(2596,2534,1,NULL,0.0000,1,0,0,1,1.0000,1,10000.0000,1,0,'2019-03-07 14:34:13',1.0000,1,0,1,0,1,1.0000,1,0,0,0),(2597,2535,1,NULL,0.0000,1,0,0,1,1.0000,1,10000.0000,1,0,'2019-03-07 14:34:17',1.0000,1,0,1,0,1,1.0000,1,0,0,0),(2598,2536,1,NULL,0.0000,1,0,0,1,1.0000,1,10000.0000,1,0,'2019-03-07 14:34:20',1.0000,1,0,1,0,1,1.0000,1,0,0,0),(2599,2537,1,NULL,0.0000,1,0,0,1,1.0000,1,10000.0000,1,0,'2019-03-07 14:34:24',1.0000,1,0,1,0,1,1.0000,1,0,0,0),(2600,2538,1,NULL,0.0000,1,0,0,1,1.0000,1,10000.0000,1,0,'2019-03-07 14:34:27',1.0000,1,0,1,0,1,1.0000,1,0,0,0),(2601,2539,1,NULL,0.0000,1,0,0,1,1.0000,1,10000.0000,1,0,'2019-03-07 14:34:31',1.0000,1,0,1,0,1,1.0000,1,0,0,0),(2602,2540,1,NULL,0.0000,1,0,0,1,1.0000,1,10000.0000,1,0,'2019-03-07 14:34:35',1.0000,1,0,1,0,1,1.0000,1,0,0,0),(2603,2541,1,NULL,0.0000,1,0,0,1,1.0000,1,10000.0000,1,0,'2019-03-07 14:34:39',1.0000,1,0,1,0,1,1.0000,1,0,0,0),(2604,2542,1,0.0000,0.0000,1,0,0,1,1.0000,1,10000.0000,1,1,NULL,1.0000,1,0,1,0,1,1.0000,1,0,0,0);
