-- Table structure for table `quote_address_item`
--

CREATE TABLE `quote_address_item` (
  `address_item_id` int(10) unsigned NOT NULL AUTO_INCREMENT COMMENT 'Address Item Id',
  `parent_item_id` int(10) unsigned DEFAULT NULL COMMENT 'Parent Item Id',
  `quote_address_id` int(10) unsigned NOT NULL DEFAULT '0' COMMENT 'Quote Address Id',
  `quote_item_id` int(10) unsigned NOT NULL DEFAULT '0' COMMENT 'Quote Item Id',
  `created_at` timestamp NOT NULL DEFAULT CURRENT_TIMESTAMP COMMENT 'Created At',
  `updated_at` timestamp NOT NULL DEFAULT CURRENT_TIMESTAMP ON UPDATE CURRENT_TIMESTAMP COMMENT 'Updated At',
  `applied_rule_ids` text COMMENT 'Applied Rule Ids',
  `additional_data` text COMMENT 'Additional Data',
  `weight` decimal(12,4) DEFAULT '0.0000' COMMENT 'Weight',
  `qty` decimal(12,4) NOT NULL DEFAULT '0.0000' COMMENT 'Qty',
  `discount_amount` decimal(20,4) DEFAULT '0.0000' COMMENT 'Discount Amount',
  `tax_amount` decimal(20,4) DEFAULT '0.0000' COMMENT 'Tax Amount',
  `row_total` decimal(20,4) NOT NULL DEFAULT '0.0000' COMMENT 'Row Total',
  `base_row_total` decimal(20,4) NOT NULL DEFAULT '0.0000' COMMENT 'Base Row Total',
  `row_total_with_discount` decimal(20,4) DEFAULT '0.0000' COMMENT 'Row Total With Discount',
  `base_discount_amount` decimal(20,4) DEFAULT '0.0000' COMMENT 'Base Discount Amount',
  `base_tax_amount` decimal(20,4) DEFAULT '0.0000' COMMENT 'Base Tax Amount',
  `row_weight` decimal(12,4) DEFAULT '0.0000' COMMENT 'Row Weight',
  `product_id` int(10) unsigned DEFAULT NULL COMMENT 'Product Id',
  `super_product_id` int(10) unsigned DEFAULT NULL COMMENT 'Super Product Id',
  `parent_product_id` int(10) unsigned DEFAULT NULL COMMENT 'Parent Product Id',
  `sku` varchar(255) DEFAULT NULL COMMENT 'Sku',
  `image` varchar(255) DEFAULT NULL COMMENT 'Image',
  `name` varchar(255) DEFAULT NULL COMMENT 'Name',
  `description` text COMMENT 'Description',
  `is_qty_decimal` int(10) unsigned DEFAULT NULL COMMENT 'Is Qty Decimal',
  `price` decimal(12,4) DEFAULT NULL COMMENT 'Price',
  `discount_percent` decimal(12,4) DEFAULT NULL COMMENT 'Discount Percent',
  `no_discount` int(10) unsigned DEFAULT NULL COMMENT 'No Discount',
  `tax_percent` decimal(12,4) DEFAULT NULL COMMENT 'Tax Percent',
  `base_price` decimal(12,4) DEFAULT NULL COMMENT 'Base Price',
  `base_cost` decimal(12,4) DEFAULT NULL COMMENT 'Base Cost',
  `price_incl_tax` decimal(20,4) DEFAULT NULL COMMENT 'Price Incl Tax',
  `base_price_incl_tax` decimal(20,4) DEFAULT NULL COMMENT 'Base Price Incl Tax',
  `row_total_incl_tax` decimal(20,4) DEFAULT NULL COMMENT 'Row Total Incl Tax',
  `base_row_total_incl_tax` decimal(20,4) DEFAULT NULL COMMENT 'Base Row Total Incl Tax',
  `discount_tax_compensation_amount` decimal(20,4) DEFAULT NULL COMMENT 'Discount Tax Compensation Amount',
  `base_discount_tax_compensation_amount` decimal(20,4) DEFAULT NULL COMMENT 'Base Discount Tax Compensation Amount',
  `gift_message_id` int(11) DEFAULT NULL COMMENT 'Gift Message Id',
  `free_shipping` int(10) unsigned DEFAULT NULL COMMENT 'Free Shipping',
  `store_id` smallint(5) unsigned DEFAULT NULL COMMENT 'Store Id',
  PRIMARY KEY (`address_item_id`),
  KEY `QUOTE_ADDRESS_ITEM_QUOTE_ADDRESS_ID` (`quote_address_id`),
  KEY `QUOTE_ADDRESS_ITEM_PARENT_ITEM_ID` (`parent_item_id`),
  KEY `QUOTE_ADDRESS_ITEM_QUOTE_ITEM_ID` (`quote_item_id`),
  KEY `QUOTE_ADDRESS_ITEM_STORE_ID` (`store_id`),
  CONSTRAINT `QUOTE_ADDRESS_ITEM_QUOTE_ADDRESS_ID_QUOTE_ADDRESS_ADDRESS_ID` FOREIGN KEY (`quote_address_id`) REFERENCES `quote_address` (`address_id`) ON DELETE CASCADE,
  CONSTRAINT `QUOTE_ADDRESS_ITEM_QUOTE_ITEM_ID_QUOTE_ITEM_ITEM_ID` FOREIGN KEY (`quote_item_id`) REFERENCES `quote_item` (`item_id`) ON DELETE CASCADE,
  CONSTRAINT `QUOTE_ADDR_ITEM_PARENT_ITEM_ID_QUOTE_ADDR_ITEM_ADDR_ITEM_ID` FOREIGN KEY (`parent_item_id`) REFERENCES `quote_address_item` (`address_item_id`) ON DELETE CASCADE
) ENGINE=InnoDB DEFAULT CHARSET=utf8 COMMENT='Sales Flat Quote Address Item';

--
-- Dumping data for table `quote_address_item`
--


--
-- Table structure for table `quote_id_mask`
--

CREATE TABLE `quote_id_mask` (
  `entity_id` int(10) unsigned NOT NULL AUTO_INCREMENT COMMENT 'Entity ID',
  `quote_id` int(10) unsigned NOT NULL COMMENT 'Quote ID',
  `masked_id` varchar(32) DEFAULT NULL COMMENT 'Masked ID',
  PRIMARY KEY (`entity_id`,`quote_id`),
  KEY `QUOTE_ID_MASK_QUOTE_ID` (`quote_id`),
  KEY `QUOTE_ID_MASK_MASKED_ID` (`masked_id`),
  CONSTRAINT `QUOTE_ID_MASK_QUOTE_ID_QUOTE_ENTITY_ID` FOREIGN KEY (`quote_id`) REFERENCES `quote` (`entity_id`) ON DELETE CASCADE
) ENGINE=InnoDB AUTO_INCREMENT=389 DEFAULT CHARSET=utf8 COMMENT='Quote ID and masked ID mapping';

--
-- Dumping data for table `quote_id_mask`
--

INSERT INTO `quote_id_mask` VALUES (267,267,'00Fhg6FbiIC9xTWP2ZJaMIpLBCdQn2GB'),(261,261,'0PN2oMXxLesh425stIOILXXJ6K2dHEPe'),(87,87,'1aloO0aNwwO6A7Zmsicn1t9Le17WBt4X'),(296,296,'1smAmlIA54b6CrvDRen4WDtynN6VlKnN'),(329,329,'1zr6OPxhJZKeeVMVHqzBALCYyLQwYt1v'),(15,15,'23wEWKa8TTFwbizdfCYCHaSow2lFaJGE'),(211,211,'24zij10GN41TBy1hcPzfnZPHZtkwOTxv'),(153,153,'2A1VE9tYfGZMNe1SiEXQrZU9qnHfg5rR'),(99,98,'2fGcn2PRMeqELW0NrbzP4ylOgLWkVpzL'),(263,263,'2npU3xSeBcYhpPGEW7WPXKRAjE1j075e'),(67,67,'2qkab7La3ueU1LdEVHNf6bzvZlnEw0nz'),(166,166,'2VzkHWQI7lUAMlVM8d1bq8xVliCVMwQU'),(381,381,'3cjE67BJztMsp8SYPurKhOLpKx2Yuu8m'),(369,369,'3fQA15MULdCzhFuJnZAD6nJEFSEzPlJK'),(347,347,'3jUjVYLMs3DOepLmBw1185SUqLlJVcQA'),(7,6,'3LjwCESvfoDcut0vu64oF0JqCXnwd5Az'),(162,162,'3rmWrEeXGmovZ2TKmBkHODyYIbOkZsws'),(40,40,'3RsuYFZyKTVhncKl6ewjMJvELnGMdJdX'),(217,217,'3rzhIkstiJVE4g5z43tcO8Cqvb0VQwzz'),(158,158,'3tDBelQuWGgfJJyCOiozWJhCM1goW19Z'),(128,128,'3VWHPLMCilgupyRjJEPQYGz8DzV5DJkN'),(238,238,'3w1D4dr5fheoErnRAyww4MDyawIKz2f8'),(169,169,'3z3QnNmQd1iYVrs0uqilzr6fqzf7yKsm'),(276,276,'4akGsjLgk1OzEqGylT3SQEJ3mVvsvm3r'),(249,249,'4B5eNUwYHmcOxn1uctKBFo4Z4uJYvJej'),(255,255,'4df1rtrp8hcEsg3i5vbmUC6YxowZYlqJ'),(32,32,'4n4vRuTAwYkM6hkD4W0wsTjxrT11ZsaS'),(312,312,'4wTcazDXFxOQa5rIAR925nVMzeLVgHsP'),(12,12,'4x6QCn6YhoXxPjIyMaO88lhMccL67p5q'),(203,203,'4XujWRnEnUNF90WJJ2edvXQacKAFcrBH'),(46,46,'54pJgTPMbna7XPrbVKXwJOpBTpHBga2Y'),(366,366,'59asPFZF3s0rdjixTjRZa8uyfrJqBRf3'),(388,388,'5cvImTkgM4Lf4CwNMq1PPBT46dTjGLtY'),(139,139,'5f51RNhcaJI3iIu65Dpfp5wYI4YZIylx'),(367,367,'5szPKYvog7dWXXPxHCpHWsjrQTVnYkxt'),(286,286,'5yHHOlczn29vL6fw5HHmpWivGirOFTcp'),(52,52,'62NRczCllVpra29CqVhObjkukTGDRjbp'),(348,348,'68JAIDQCq4G09jtinPjwNGgmVQe5crCe'),(114,114,'6EtvUOVu55te0Hj8wuxiakHSfpWo24pq'),(299,299,'6o1aK8Z2kowZhFBLsO4epaSB2aOhHAVv'),(214,214,'6uJVyTrwQcWmzWcKMPE3qlXt65ZA1eSk'),(29,29,'6uto6vSnGcKXzLQuO86XyVAOX6dXOdas'),(16,16,'6VfV93kBpBVelzo21VJ52vTICemlGnw9'),(326,326,'71d1N6Nx6vyE5rSDKGul7pv3FNGGdXkN'),(53,53,'79FRqQfWv7KAh6LlBHnC0lnkvpfeGIZt'),(35,35,'7abqX5I4xNzYFC873faV1wbpW3ACWW0V'),(232,232,'7Aoaj2IBoTzKhIdrzmbRECSejPwfs7q5'),(341,341,'7JJpDOJRdgCjS49lbB686wERAwnmyob8'),(131,131,'7LUwbShCaIak8YSwyNouasYoINGFZ8Hq'),(136,136,'7qwSDmW5wr1S2rdnGwRSSJxRyX6Zc6WF'),(320,320,'7ScxgIWaFsgpsWmenZ0OdjO3Ehi2FfJn'),(336,336,'82YzwFYgd1D5EKIDOUwSl4lZUzfSLvTY'),(360,360,'8GEUla0ZjSEo5e0NF3eyRsrUAF34q7QQ'),(142,142,'8h3DyesLhbfYQUhW7oEg4Pq70fsRp4hV'),(171,171,'8NOZTqAmB9NT9bt3enCIxjw3yC5tfo6S'),(149,149,'8R8Dq0cL8SdVswhMACJw1jaBSL49tkGV'),(31,31,'8XTlp2pHxMyBW0U6dfn53dQYtgPtVhBY'),(231,231,'94zmrYsrPVZCBoj88HhRTjSbKIsxaJp1'),(66,66,'96v0s3NsIqUD6Rm4zw9jEEb0lHsuvqeu'),(206,206,'98PAvuAlxOcrYsp2qh0hwOMLrOGCfFdX'),(102,102,'9mFoMaG6SbaKdhDfnBC9uxYJrqrjUrXO'),(284,284,'9pR34QkozsQtRB8wYBMKlFQknlSOZx30'),(71,71,'9r50MvkwAKI1gy1utHabS3Iyk6tUHJ5v'),(370,370,'9WIy5whc9Gp9LXJIgLrKWh4gjvd5OYHu'),(196,196,'A9KiW1jw8JklHGSCbKuhnoT90BzUOvSA'),(270,270,'aAYF8xtWG8leIiRsIz0YOhivSOxlcBn0'),(83,83,'aJpBbOlHnMfCsnc5Vd3K0LUl5cFQDluA'),(106,106,'aJrWHbrPdben1S9FxvzWBWP875v8OW4c'),(298,298,'aLxo0PU2QBNeYtZjNrWC3V9LtaMQx9Sg'),(170,170,'AM3FTxloKLZmUz5ZhjAySLOdrnDtRKHw'),(125,125,'aQAJOKK6cP0FAF54q3kzNfHrmwfi7pOV'),(294,294,'arUXOZmDkAf1DowuLWsTiLFY1kvW82Lu'),(130,130,'aUD7RJJRuAduFfS8d0ljfhfo8Upt1w38'),(8,8,'AUgcWHUMbf2MwdmmWeQAgxroiqo00cX5'),(62,62,'AUo2BIXU6NS4HK0NVlC8pcoFzAhlUwzN'),(332,332,'axcpNyY6FCp8EkINcQxYruRyKBO862Or'),(202,202,'Ay4vuqtcd7pyKrJLAgYuPufkn6hjggIZ'),(84,84,'aZ5VtUD7RPqQ0nxJrJmB8ML61oFqW4kT'),(59,59,'AztLzwITZ6Dnwp7urZvMkLmG2jPMhu8t'),(351,351,'B3JIobhWwVrTwNZOlnnvTOKZbrGKNsLt'),(124,124,'b8VJe996sDcHCzntDzSn05l7pgUTZtK3'),(236,236,'bDBcYO6f3WPKcUZKzsIcBzsvfFWY8bx1'),(143,143,'bE42k2rNxKopDHOPK07bLFuG6JOvXCGS'),(280,280,'BkVPR5R6LeHfVlYBzVUpPHOcnWS2xEIy'),(353,353,'BmcPSCVK6AyXsbCpNYosr3iUh4bBcihh'),(228,228,'BmWvUWNzSYea1QmPhS3Mz3fmOyZP3F53'),(327,327,'bn7boFmUw9HXGHutJBrYme9JgeBvZQhn'),(72,72,'Bnq93CFMMB117L8KN2uR6Et74Y5eL5Od'),(126,126,'bqQ4Vn6wVBs7Z5NVhEEihqzRMUsrDSVI'),(56,56,'bxuKlaSSZDgfi4SKuiF1ndBPjUZKPNle'),(240,240,'C0oXtwj9auCBkBR8tycIwYRuOVXi5ilG'),(272,272,'CflYCuQUMiveDEO5S33DYamz6A5oQ4aS'),(209,209,'Cg10hTFr6h19nk05f9LDR8fFry3WpReI'),(17,17,'CKca4IDiHRc715NRmVnUwnJIPdOWzveo'),(98,99,'CLAGujBgp21xPreiVD7wiiCIRJKpxilL'),(65,65,'crw7rXW6EXmH3aXDot0tslsGV3mhsvVx'),(207,207,'cs5uiv7gsWNProZbFpw9rFxg9WvI3WDK'),(178,178,'CsPYuIpJpfe5DeMvQVKaDZGHUs9u6UvM'),(2,2,'cVLaqa1qd7C3fElEjf6759kCrYQPUFqz'),(79,79,'cx8EcXYcf2FT9sJSqacdBBjNeEHrNGhh'),(256,256,'d509bM8KNNMnEVZAow0DTjGS3MSsoqa2'),(303,303,'d9uTw4Eybd4coauoatJEC86qcQT6SwYj'),(9,9,'DAMRY6QwkVdA71yX23kQ7HxoMxCKqLih'),(26,26,'dASFZx4BpIjs4gJcpEKUeO26q4NwiVjO'),(195,195,'DfjslL946IlDXyLyXSwKVFeDcQP3UzSP'),(235,235,'dG9KqtitLPCXt8jK965as30lZnqiAPfq'),(384,384,'dhwHpOIZyQkcjSxZPhjvFfu69x0cOm9X'),(210,210,'Dmpf7AkxC6hsv1e9unm2DcoM2w5RU4wV'),(337,337,'dNF0s3fgxnyF9SN0DG4dLJ7uDszMOcQq'),(25,25,'DRg3LJ1CHjLEs5V3EwAohWBRsOBnYvJx'),(386,386,'DvKFz2iRgH3O3ITWdnT5jtb0FkQN4ilX'),(331,331,'E1YPy6w9uKnJsRc64pA7nFahtS6NLeL1'),(80,80,'E4OWA4EkbudLiqX4yIYpQw3jAuq0Ba3y'),(237,237,'e5nro1Xdg1ybgTyaSTKCRrHsrwAvCtoi'),(213,213,'eDeov6Eju7vEMQNIyw9kzzcZG46PMjsr'),(10,10,'edybijDtXWmAC8rwULqVwguv57Nk3CJI'),(11,11,'EFLEZbxiVw734bf6HrJGJBt3uD9yST1Y'),(167,167,'EIvfQpgIxzxgJUU24MAnqkmGsUoA9A49'),(55,55,'eiWoZv9mvVY10niVIsG0sD0jX84ugXIJ'),(112,112,'etKqhp3tHs7eS2nUT563HS3MJOzi7vSb'),(291,291,'ETSLZcXJiQYYxvK389Un4zWDhZ7B3F7P'),(28,28,'FbVyEuKBv95fzMsAJtDYkPp5Q1TnTezA'),(85,85,'FbxuccT7ZX7ifdRsqaEXv5vgjChUMKxB'),(101,101,'FBZwCumlPNGBxTVTsVpRG2bwTJzao20x'),(3,3,'FdkwM5bifJZDrOPeNquxj9PRsidgaiPS'),(262,262,'FFI27Jon9QYZJrWbuFDlkAgvZuwa0yY2'),(154,154,'fgY99rJr6K6QxesHafT0Os1IWhso7MtK'),(338,338,'Flw9chRwxbUq7KWTpY8qVFFcQv8gCwmz'),(140,140,'Fo1Ps7eqd5NkiSYkKUkF52DTULcORiOp'),(155,155,'fP8cLtoRtz6kdl67BHwgrL6QZ5vvFVpE'),(266,266,'FqtjZOWGaDPED7ePzVuODNAF7QJ3nKbl'),(43,43,'FsFjwb5TEqTV7UVPPjjDIZviEJiK7V44'),(27,27,'ftA1orePi8WBU44WUt5bbjwHmDNzSUTs'),(5,5,'FTD1DCJkXkCRTxqXaR97LNa4NqB2SPUL'),(193,193,'FW9KoLDGqndGxgjyOJ4B2AGdkjZ2FcTr'),(116,116,'fwSvwckph9KiDFOO0OW26cbcZOyJUJlF'),(342,342,'fXFN2e0BVPtSu5kGjuezlnP4yYgwMnV4'),(250,250,'fyLc4QSVosgCN0uBQ2cSlVRnWNC7EJ97'),(220,220,'GCJgHhO2nx2wJrdt5CUWcnPiatenHgvH'),(60,60,'gDGv8QiJ3Xk22qU7Jm89YsWCMRngkmwI'),(113,113,'gdVsNyjc9AxmEL4GAjyBLEUQjsWmzu8f'),(104,104,'GENuV7QZdw7lta0qCS3B1wri9Ly2P1rg'),(259,259,'gg5cgXPhCYKyVFQa38PryYeQ5eB5P4Um'),(4,4,'GLAYaSr8TF6Sn3WWlXdclKrs2k5dOhyd'),(38,38,'GoyKwpaheWx4x9h4f54dWxae3pG0XOvx'),(247,247,'gPWiuGu6wPrLzd8xvKSAS8qYphMnTBos'),(375,375,'GqOUnzquBCIawu7ZTYPfRFAH41zzbLnr'),(339,339,'GqvqmNVZS6vV8fK970l40VdoiKUcUdJW'),(358,358,'guAiKFBKPPZ0jbbQMHBEzKxqHXuey13i'),(241,241,'gWBoDwOGD5P5TyGugUu5BnMALkEi6CsT'),(343,343,'GxqB8eIfJdj4SqvrrgI0E1DJYcE7gPBF'),(313,313,'HAF3xXoDIQHP1xD3LzeQa6T9fLc0csJ7'),(168,168,'hAS6HslbmkO4SiHtNVIFasZks3smDxr9'),(227,227,'hijP4cq20SSi7ELM6ad504O9X7JeNAIi'),(355,355,'HJCBE97kqwzv8OWK11FD4ESHuqhF3NbB'),(58,58,'hKyzMUzQ0VeLS4x1e2AUC3cyn5luiBVL'),(54,54,'HSaPgSsuH3SkkX2X8vs7IwRGtb3pzbYq'),(374,374,'htjrJuI5f3JEsftCveY5lAQPP69I0J3r'),(51,51,'HTpvHlhX1XewMBAUfhfg0mKJknFb9209'),(173,173,'I4RIEdJPcyrRDAyVmvOy39jKFMc7CZcJ'),(363,363,'i5GUVHpK2IKTX89Hr9PvzrcIu69Sbrua'),(70,70,'i7QuKnr8irZ75dJzAxq2GDGbyJ59vtlm'),(279,279,'igp3WTjSxeuI6qXK6paZVJsXV57YmQWY'),(226,226,'IlCKB3s9pq6eB3GHLO5L9iaHq9JMIbUG'),(103,103,'IRMrpnhSLYVeBa4WlgptisJV9JATtzpl'),(177,177,'ivAyyQmNVNqBK7RheI2STNvZ4tm3Y54d'),(6,7,'IwP3s66ELr2gbN0zhIAB0kVcz3uTJKJh'),(234,234,'IXreVfbCpMhuFQohhf2orxJZ0SWwXa5k'),(225,225,'IyECpxVXjFdk0Yhsfjhb28O4JSJSS4JO'),(105,105,'J4T5omlQ3g7miqiy1TyRI2rpOlIdyHde'),(18,18,'J54ciPyU78d7THyZYHbZdVDGSXmVW8Gu'),(215,215,'JCojbYSZarrDTAIiksBOdomswTHr3a1B'),(224,224,'jhzkYM1YnM9lOz4fHtBnlVSrBPYluNnI'),(152,152,'JKiKHPQfntL7NHJh86ITcm74Kd5JKguw'),(382,382,'Jo9WEfBrsCtyCE1YRoE4gPcSX0I6XPgw'),(212,212,'jq768H2tKj0S5L1Wgh3gssgAH56uWjsV'),(14,14,'JScj2lMlgAhQ03ok6qlAoAR4OcEKCCwg'),(39,39,'jsNRgdp5ehM62O9Bo3ZFXexQUjNHoAs5'),(133,133,'KDOkfa7Joal4Rea8NZPM44UpRjzkW657'),(239,239,'Kg8OHqbJaRW1hstKOcLKS8wKKgpJIMIi'),(23,23,'kHcPGyFHntIdjZteGktSC2nvu1MRdW4X'),(88,88,'kHkQQkhghuWpqfrXllUbifAiNpcqoOSg'),(248,248,'KlAHOs0vZTiRNcujDK5c4jzDlD0izqz5'),(201,201,'krQTMd2Pe1fusyJd6ho5DypYJkqG4aVH'),(324,324,'KvLT1wjPziwkb6WzMQZT80r9QNYnoX33'),(229,229,'kVUNfJEWY0PBD0uOyPJzD38LYpqn61PL'),(354,354,'kz0yqukMmV6bi9kj0mR9yqQBXOLnvZWy'),(359,359,'L15PhGnS9VfcNDC9Luawnx9phK6qN3EA'),(135,135,'l7Q0kbDjlgxODkMgFAPmNwFJcHDXbeND'),(260,260,'labSHpE7Xq8slCG5dsRjR17FFTHVvtxR'),(251,251,'lFM6fZPzPv0ApWrl03SWzfqrXOJVpwpH'),(176,176,'lHGJ1PfhdbgIS9CtBW0fg4aXjwLDy90k'),(318,318,'LiKhSF9IgsAtSGuIfI1na8WdQONSBEr6'),(245,245,'LitoEvUMIXBjx57pGLvOTK4Fq9TFKiCv'),(110,110,'lkPnyL2mL5hNuHRAAwHc0MhEOqjNykCh'),(115,115,'lLF1tHNaqq2qXJjQFGxIHYovLre7d1w6'),(121,121,'lloTAuwNPrYCKXdOyfRcACkfaWn2sOT3'),(22,22,'LONmDEiQ45ecqL2I43M06vbeU4sivKhp'),(230,230,'lpC8XmbtalhcDWtw1APiIgX7c9KOWaXB'),(349,349,'ltQ9xTJjKUppbe27EIDwVO4QFN2z59zk'),(123,123,'lyuVM5YRdYG9Nb7H8Ib7bXmezdFeY5g7'),(352,352,'LYYuSv487uvFpVjLHkdzUZ7ViVMhtqjQ'),(78,78,'MbDGWmz1TeyrT692ek1FdtQwV3Ali0Bx'),(377,377,'mE5xK933nv2LqcWS203zYxBHpQa41qtF'),(379,379,'MVP44Xz0ZNK3F6QCcQXsdS0M4uXOzRXH'),(335,335,'MXnVlw9IVJ4DrTnLfeH4KkgPlvLYcYVA'),(13,13,'n6wFJjubWyuipfn7kuQXXWTkhedEKm8s'),(216,216,'nByjF3UkTuFup2MXy10ymLbFZy25Ti8h'),(157,157,'nERM7kpbIg8b0KbrVWnGJgnjSHcLez7V'),(145,145,'niwfe7JCbMa5Ecp4YYJGQIssRYpy0OVR'),(198,198,'NKfgQ5ezGn9dg8OhWywFLTmeMVFKqY1o'),(380,380,'NKnHySyYAhAlgQ7eM1GmMZJNzTavt4Mg'),(308,308,'NlkrAnoATpkdnhvl3VgdfbkPpdITd52X'),(328,328,'NNadRtBlVAv2TIPTnWck2srLQSFZ4QEP'),(269,269,'NO9ej4QENlhIGHTrPZWOpBeP50Y2SIZQ'),(208,208,'Npf0FiD8hNGKyLGLU0m4tP35x4OEjksD'),(151,151,'Nvzep4XX7JXOBZh02S11cdIDFT32DtUS'),(200,200,'nYo3I3RH2uNcaOwFmyygRoJdYtsWCFID'),(295,295,'o0LGfh46zCuZPSLzdpW7Wp107bZ6UFzb'),(189,189,'O2SGkZw0qRhJhsBNBeJKR66VBatsfDq0'),(156,156,'O3oXd6qYgvBhFKLgtXjUC4GZwT5X5Qtu'),(257,257,'o5gCPGsUX5hz3Y3CCsCbvVcw9z8nWOiO'),(273,273,'o8IUN1gHhsPQfqFN9IFKG9tKWijSXNoy'),(205,205,'ofSKb5PHVN4lF9BfJRmEeJSQmRi6590I'),(333,333,'Og06Y6Pgz0xha0pP7SscY1hcB28gE1Iu'),(243,243,'oivAqaAyhwse4LRgTa82RosEFVZWaerI'),(175,175,'ONIKqcXPLsm3ngB0CLo8I9kPikMwEZhK'),(82,82,'OODpBBQHHS65U0GaMXkbBzGcTaoNgmmb'),(33,33,'oSp0VjNqFAfd8EA9LxGAeVpUFYnUXrRA'),(86,86,'OsrAw1bvhDefDPZ2oCDtczy6ZHgUV71O'),(221,221,'OT6wVzQaPkAc5fI2cFSqT00Xh3vh8HMN'),(194,194,'p2wqsfNZLimbyfQ4s22ynHdXJRIGUbkd'),(179,179,'P3c6uMipUCeLtnn0mV9sD9fgmN8MGIgK'),(265,265,'pFDQKds7iWZHXVK5DwGROGOFpZ7Yno5p'),(278,278,'Pg2gldNIu6mvQDjKZJEDP7dBxOKNCrMo'),(289,289,'pLAknJFKgKBiAIp00WV0pRGKlkDeJLCE'),(362,362,'PLDwiSPRuJbVAb6L6oX3lH3dgB9MDzGG'),(34,34,'PolsVzPgMuAoAvLzOJ8N5FywsOmJfJbI'),(323,323,'PpeAO1CkcfFGEfR7xhZ4eMncTZEFJg8M'),(330,330,'PRZZYuzg9s6UUHR5MeHdjDCpa0hgk2qf'),(147,147,'PUDIpxapChWAvixDxreZKaABdEUBVvSN'),(321,321,'pYboQp7RuRfYvTbkMlpBnb0LbbrQWSaV'),(383,383,'Q4049cuTpaqOEwAW05JeSrqyLNxnBxgu'),(119,119,'q4BDTL7FNIyD9FiBNkfo4OlP1TD6cnBy'),(288,288,'q9VdUBoXrz4oZ3o3EJaeYs3Ax9YJIVBi'),(302,302,'qB0V3D5AxKz9jDo6Fnp4kpAEvOfnvPwS'),(387,387,'qcdtBBmCQC5Lc8XM2Oiw36VoUGSwbwCr'),(309,309,'QE16M3JgpFs3siJ2sv1W7EcOgUzdHVGZ'),(188,188,'qEhiGRcOEEbffAagzBquk95wk1kQ1kWS'),(47,47,'QFIbzKfMMHJQlsBROE8Di5AHiQDT1fuP'),(304,304,'qK8m2XvIQcaj4Gf4T5UsAo5yp6fbs6jR'),(283,283,'qnrQPQaqzGgd8dsH714YobSHM2yKT9Cn'),(223,223,'QVpGoKb12zJ8h5MNZWoJvD7pQblaPFub'),(75,75,'R3lG3wyc4oRA7CcV1R203MTspFS9f4iN'),(64,64,'R4ea7L0kWulyhWBazTeMPngeEEub60sX'),(165,165,'R7S6KN1AQlOLTO0FhIxMy9ZCQkna2BNB'),(274,274,'ra4d9fUfEAMXfMbuYA6Mf9f5zTCaIODT'),(346,346,'rFe7rr4mHfBpBovanm2QGAV9Eqd4qZFJ'),(197,197,'RgGmynO1n2tAa1hdutay07E23o4qjccx'),(117,117,'rig9oGkx9EWmPVzUqOxKh7Q1RhFbpp5h'),(307,307,'rK4eNFpDWyfPs0GXeBrsC764optcCqyJ'),(120,120,'rKuzE5jm2w9NL91cwVFC19fuobRJnejV'),(222,222,'RlPPwmBPohSXticRHFOykebUN9zaOjU0'),(91,91,'rLYp1M5orlnUamdL6e0kGc4qQlf8yDNw'),(57,57,'RohZhMKWMXOyB8FLl8DTdhXoQA2eP0oY'),(246,246,'rOtBDAEKNihaND7Rx5vxG5YVcsBHYBkF'),(314,314,'rTm2Yi9wfEXok5SBMTmXhgoee2sv9eSw'),(61,61,'rWiHXjxT1s2C2aqbiFylq5zFdznnpZdR'),(76,76,'rxUlG0p7o07344gqr9z19ircxazg4Fwc'),(81,81,'s2lNuEeAlQ8i3T8Yx6ny1wadzElrpgSO'),(190,190,'samj1F3ZEpdaiTyGRIhG0H4YOqIoLxZ4'),(219,219,'SdrY6KQspG7QtoQTjvlfMjPpOdBpc36F'),(315,315,'seGc2m4DjxGN6GwlX13ob4KzLCHjNNTw'),(97,97,'sGVEWVih4foRNTNrxobWxUoN3g3MdHmg'),(316,316,'SJX2V9Atb1rzaE3PezFcmD3hnpXlCO2O'),(186,186,'skh8G8oCBjAX6QCz1t8nf6fNYD905FvX'),(108,108,'SKoBpC0iLJb31iaRcSNddyQgP2AhN9Kw'),(311,311,'skPXISBo7fa2BMRIvXbhucmlpfJVb3qR'),(293,293,'SrrI9q453bW9Ftg43WxVY9QXaXxULn37'),(371,371,'StajldZt1A4hjp0G8wxFwtdytSk1jK5r'),(183,183,'sU4AZOGuQuzxSETq3OCjXUBu9ibqVSGD'),(199,199,'SuHiKt50jhpx7431waK6dBuhUnH4Qp2D'),(19,19,'syMbf4QIoAuJD4Kv2sjl4SEEJAlRigGi'),(271,271,'sYZrnjQ0JxWglLUo47PSZ4wMWU27aONl'),(242,242,'sz15RVHtjUIvPvCKrnMUCg5I52zdaRSI'),(41,41,'t15OmuR2TevmwPTK3V2cjczl3pkcGSBG'),(92,92,'t8TadEMPicZrjX8lHlYEiGZFkIPJFHcf'),(138,138,'t8zWbSXNMHu1EJ5ajDBDiMeAi1mRJf4q'),(325,325,'tadOXzdJLarEciWJhHlbOYF8Fh22p4b0'),(184,184,'TASCEtNzpRrbCgkSlr2Jbkk4TIrgxM7d'),(24,24,'tcnzua9o00vGIdXpUN4SHcWQj4K5xg4r'),(141,141,'td6c9vKvoJqeuYeEFS2nvTW2hJWsdyPM'),(376,376,'TDbNRhNKf8HYyuYkYMCWOnzsKn8hBLn2'),(182,182,'tJE5Zj8dzvGjfy1TiRul4OJ4jWJx2aO5'),(301,301,'TjwCuKFKaVnZqa70YzIfGZCijJMtjkPT'),(100,100,'tmlmnG7fIFT6bTl8Pcz6bpRqcVrWIpnz'),(1,1,'TquODbp3eBuhYtQbz071TcKckcTP5dbZ'),(319,319,'trq7vzSW13Xzm7LwAhSCDoA2EKOhmRjw'),(253,253,'TtULuQKBxMhdXXv6nBPNcZOX66b1okVs'),(68,68,'TVmiR0FXP5YIOFQCpf9CTsBLJKwU286O'),(134,134,'twdVMh9k6YUZnRhSeWFVsV77sZn6Tzg6'),(344,344,'TXOMc2aPYVYGFYuWzLXJSyyOpFqATeHW'),(350,350,'TxZVkYgiTr02RfsnGdxmL1ZrCf0CVkX8'),(356,356,'tzIC87iZwvemFd2DceknyjqKekVDxVG9'),(107,107,'tzTTWXo8JyqTkGPIjonzIhHcms1VY41o'),(180,180,'U02Eqq9AfhtHB6DdetX72OshoPIxxP5G'),(233,233,'U38LX91MWZUeMaTQvnAi7RvGbrQSPC52'),(109,109,'u5YOUTwS0YdwgIHH4kGbJmv0aqQxlqGz'),(77,77,'u7MtCgVW6hO06OIqg4HiElsb6rxg8FjH'),(161,161,'u7rWECDmtux7bkTVWmTNr6BQyl56M10V'),(118,118,'ubhNShYzqL430VTZ0JUwuxe42MKsqvNI'),(345,345,'UccvSvGMejuiYN0FGskScRE6fQeNZYN1'),(305,305,'uCStNhArWAP04CpXf0xAy0Q8VKx8vFmT'),(95,95,'UEvCHG2Iroq7TQwTl0D2NZqsG3z6jzhF'),(37,37,'UiIbAV3egKJD3qOG7jw94PJQYXVGhDZl'),(69,69,'unOJ9mAdugJqowSn3zNeqAfdcIbUAXqp'),(244,244,'UqsK3ZQQScfN6gkj6mGlvCiGLngVvcCW'),(21,21,'uWdSPQFxEknpileKuuzY1sEL7wMcF9Ds'),(132,132,'uWpqziXviYAaqk6ekrO8MSwLVThzNiNc'),(191,191,'uynnhqE1DnXpeMbSqqZ9ge0alvDqXHcS'),(322,322,'v5Vh65XGoElzVsiBaUNmRYN9UdX0pnS8'),(254,254,'vAnZycFrbEmdGO8YZqcQHwLjYzILVKiD'),(268,268,'VDKo0Yuo378eNGIprtKVYPFJQnpNwhso'),(129,129,'VDWsDQNLBXQGoj7l5gyblKdgoHLK8V2w'),(340,340,'vTn4cF8s05QsVg3azjiE1ZpEMusArDDA'),(30,30,'VuLe0NTIyaJbUbfA4fIPVJLH9cwee6vM'),(281,281,'vXTWcJ5EmJKpQRnecB9SUf8boWphX6qV'),(185,185,'VXZOg2uLTz2aa0t2iI6BBgkFlJ3jBAis'),(122,122,'W9jLygwM2hJtNVXhukPM2X71581CIlVQ'),(364,364,'wAtExV1mb73KQZCyBBzIFAcFUtyPgMtB'),(204,204,'wDfdlSHN9x0ybBvUwyH2qHVNsrVINIhi'),(148,148,'WFiAJaufHyOuQgTqNMSwneVzsUuCY1K8'),(96,96,'WgxXBhrJyS3u6Z1avjQlngUo7lNGq7le'),(277,277,'WhL2pgtnEllCFy9RqdXEEzXiNaUe2elB'),(252,252,'whxyIhSPQOZWXn3my0tLLN6afNKUQ88A'),(163,163,'wkSDNhU6Z3dhD4CvKvvZ97dZZOp6jrn7'),(20,20,'WkwNuUCIzH0aWnn1Zc6tBRt7S91WlOuA'),(93,93,'wnPFzUxXOq0Z2c7F87RzYEI166zo6wM9'),(73,73,'WP0QqyexPMqUiws9xgcHlbBZZKKu1r22'),(45,45,'wqSv0jp9rtiY20l277w4ucD17IUltIT0'),(368,368,'WYqpkDY6vRYbzvuQehuoJUmrNXFg2dco'),(300,300,'Xb5HvfP4udiSOvt23eiCDpp7wQcTFVe7'),(192,192,'XBukbk93C5YA4mCHP1ucJA4O1OrBD2Gj'),(137,137,'XdiUuzuLuGrkse3mpnjcyeec7HqpUjh4'),(181,181,'xeDi5dBsNZfYR1QnzbhMw5Pv7zE6LL6b'),(172,172,'xIF5BhwEQVZmvYSgzvj21gktqJxeOC6v'),(187,187,'xix2cFwzWOKghkBFBJ3PxRcEkItSufUg'),(290,290,'XkRUfMFDN1SJKywoW9VcmUxmra1xaOhH'),(36,36,'Xldpay6pbtMGKcDffYaruWs37Lk3q6KL'),(44,44,'xnusmOae0PC7oZaZbv4Gu9iSYYeT3EEy'),(287,287,'XqbVJWHwir8rjmAAOTJ9liizFJ7x5uXR'),(385,385,'xU38FjqqznYOUH2AdabHziI8Edd9A8rv'),(111,111,'XV2iJyLk20Hqo0hLByCvHBzIYDRmBwic'),(361,361,'xvHGvf9qizfuKSjZjXAtNsTv1wHLXmRX'),(282,282,'XWPcziL71ym4RhEOOZNAyylG3p8PURaC'),(378,378,'xYNE6eYrM3Ro0og8ZNkFTRK9IDHbDieh'),(264,264,'y2tt0LfAKoeRAnnHvdZl9Ak5rDwbeizb'),(90,90,'y3kc9nIjA9ZvcmrO5GviGhYohPY1nljr'),(74,74,'yAiC3XfUV0aNkNZJDG6uxTD0D6kmzZH1'),(334,334,'YcMr8mf88TwOMXIEoev6zjUE1kTvTVbW'),(94,94,'ydJ0Oztqz0QoCE8Jhi45QQGh9t1vjq2R'),(372,372,'yg17BoMRP5DdS8nlZeGOTRyf0tk6hzxS'),(317,317,'Ygqm9mfUe5H5l7zg3ZtzKN1hPHvdZsw0'),(373,373,'YIE5O5ZLnQjbw7I8iZ3pb5dq8qpqtYwV'),(150,150,'YNAIqX2WB2UIOfL4zmVpKRDSu1fs1BBQ'),(144,144,'ynOfrVh7qiKnb7lLsXp8fJTkqQVgrSMa'),(160,160,'YSjnDEkNiAhKxmBbwJJaZ3VWxPlOZCYp'),(49,49,'yvOXFUbmBLiTh6fsaE2OZdhJvGLMth0D'),(357,357,'Yw3kt6Fvu64zJ1dOFE7J9uDREUprvSdj'),(48,48,'YYOoFDaK4cQsQMSQyAZhAPV567KLX6Ny'),(174,174,'ZCOaD0kG6ewmmH4BjkpgRQionTCkMly4'),(42,42,'zdx5XLmSKnP8kY2SZoVUdQNp497ddwov'),(285,285,'zfP6UiRzg5oSSW5mjWqoa70PSxf4voS7'),(89,89,'ZHYg9Cds0IEVYslbKgKOce7zqjNs2VA0'),(50,50,'zi0W9ly2XFvDzb3RO5XnvgVYdsFjv81d'),(258,258,'zicg8fiwcpJ79WzPHdlG7jzw9BPtn9TT'),(297,297,'ZKFolP4Ihmb8N0n5XQ2Cs7XVwMhFksxA'),(306,306,'ZKGTnhHXD483A3NtxvkJhj5FlcdYbbQ4'),(146,146,'ZoUalbDDO2Qi7OJ56tW91fbAiY0iERGH'),(310,310,'ZPkFXxVYWHgy1D5jGbvoeYe7Qv2UWYEe'),(275,275,'zRDQd4e5XPm9GaCdvuFox1THsX3FClUZ'),(127,127,'ZRjby6ZwrisHYfnjuIDDl1stlUfL5dHw'),(159,159,'Zsjbsu3JM5tEAqoLxAGsDqjcZ4mXK9fb'),(292,292,'ZtqO1f3YkQuassZVzGB4CirwuX6UMQVJ'),(164,164,'ZTScnLFJHTaNpoumOFj81wcCrIrDWn8S'),(365,365,'ZwXhHNQgAvp8j6nH1eMJg1SAh4X5E6DM'),(63,63,'ZYGMaNRVP72WxqjkoiE5XZzHRF6BR30Q'),(218,218,'ZzrLWBN2gFjXsyyyBzCQPRowWqHnpo0t');

--
-- Table structure for table `quote_item`
--

CREATE TABLE `quote_item` (
  `item_id` int(10) unsigned NOT NULL AUTO_INCREMENT COMMENT 'Item Id',
  `quote_id` int(10) unsigned NOT NULL DEFAULT '0' COMMENT 'Quote Id',
  `created_at` timestamp NOT NULL DEFAULT CURRENT_TIMESTAMP COMMENT 'Created At',
  `updated_at` timestamp NOT NULL DEFAULT CURRENT_TIMESTAMP ON UPDATE CURRENT_TIMESTAMP COMMENT 'Updated At',
  `product_id` int(10) unsigned DEFAULT NULL COMMENT 'Product Id',
  `store_id` smallint(5) unsigned DEFAULT NULL COMMENT 'Store Id',
  `parent_item_id` int(10) unsigned DEFAULT NULL COMMENT 'Parent Item Id',
  `is_virtual` smallint(5) unsigned DEFAULT NULL COMMENT 'Is Virtual',
  `sku` varchar(255) DEFAULT NULL COMMENT 'Sku',
  `name` varchar(255) DEFAULT NULL COMMENT 'Name',
  `description` text COMMENT 'Description',
  `applied_rule_ids` text COMMENT 'Applied Rule Ids',
  `additional_data` text COMMENT 'Additional Data',
  `is_qty_decimal` smallint(5) unsigned DEFAULT NULL COMMENT 'Is Qty Decimal',
  `no_discount` smallint(5) unsigned DEFAULT '0' COMMENT 'No Discount',
  `weight` decimal(12,4) DEFAULT '0.0000' COMMENT 'Weight',
  `qty` decimal(12,4) NOT NULL DEFAULT '0.0000' COMMENT 'Qty',
  `price` decimal(12,4) NOT NULL DEFAULT '0.0000' COMMENT 'Price',
  `base_price` decimal(12,4) NOT NULL DEFAULT '0.0000' COMMENT 'Base Price',
  `custom_price` decimal(12,4) DEFAULT NULL COMMENT 'Custom Price',
  `discount_percent` decimal(12,4) DEFAULT '0.0000' COMMENT 'Discount Percent',
  `discount_amount` decimal(20,4) DEFAULT '0.0000' COMMENT 'Discount Amount',
  `base_discount_amount` decimal(20,4) DEFAULT '0.0000' COMMENT 'Base Discount Amount',
  `tax_percent` decimal(12,4) DEFAULT '0.0000' COMMENT 'Tax Percent',
  `tax_amount` decimal(20,4) DEFAULT '0.0000' COMMENT 'Tax Amount',
  `base_tax_amount` decimal(20,4) DEFAULT '0.0000' COMMENT 'Base Tax Amount',
  `row_total` decimal(20,4) NOT NULL DEFAULT '0.0000' COMMENT 'Row Total',
  `base_row_total` decimal(20,4) NOT NULL DEFAULT '0.0000' COMMENT 'Base Row Total',
  `row_total_with_discount` decimal(20,4) DEFAULT '0.0000' COMMENT 'Row Total With Discount',
  `row_weight` decimal(12,4) DEFAULT '0.0000' COMMENT 'Row Weight',
  `product_type` varchar(255) DEFAULT NULL COMMENT 'Product Type',
  `base_tax_before_discount` decimal(20,4) DEFAULT NULL COMMENT 'Base Tax Before Discount',
  `tax_before_discount` decimal(20,4) DEFAULT NULL COMMENT 'Tax Before Discount',
  `original_custom_price` decimal(12,4) DEFAULT NULL COMMENT 'Original Custom Price',
  `redirect_url` varchar(255) DEFAULT NULL COMMENT 'Redirect Url',
  `base_cost` decimal(12,4) DEFAULT NULL COMMENT 'Base Cost',
  `price_incl_tax` decimal(20,4) DEFAULT NULL COMMENT 'Price Incl Tax',
  `base_price_incl_tax` decimal(20,4) DEFAULT NULL COMMENT 'Base Price Incl Tax',
  `row_total_incl_tax` decimal(20,4) DEFAULT NULL COMMENT 'Row Total Incl Tax',
  `base_row_total_incl_tax` decimal(20,4) DEFAULT NULL COMMENT 'Base Row Total Incl Tax',
  `discount_tax_compensation_amount` decimal(20,4) DEFAULT NULL COMMENT 'Discount Tax Compensation Amount',
  `base_discount_tax_compensation_amount` decimal(20,4) DEFAULT NULL COMMENT 'Base Discount Tax Compensation Amount',
  `gift_message_id` int(11) DEFAULT NULL COMMENT 'Gift Message Id',
  `free_shipping` smallint(5) unsigned NOT NULL DEFAULT '0' COMMENT 'Free Shipping',
  `weee_tax_applied` text COMMENT 'Weee Tax Applied',
  `weee_tax_applied_amount` decimal(12,4) DEFAULT NULL COMMENT 'Weee Tax Applied Amount',
  `weee_tax_applied_row_amount` decimal(12,4) DEFAULT NULL COMMENT 'Weee Tax Applied Row Amount',
  `weee_tax_disposition` decimal(12,4) DEFAULT NULL COMMENT 'Weee Tax Disposition',
  `weee_tax_row_disposition` decimal(12,4) DEFAULT NULL COMMENT 'Weee Tax Row Disposition',
  `base_weee_tax_applied_amount` decimal(12,4) DEFAULT NULL COMMENT 'Base Weee Tax Applied Amount',
  `base_weee_tax_applied_row_amnt` decimal(12,4) DEFAULT NULL COMMENT 'Base Weee Tax Applied Row Amnt',
  `base_weee_tax_disposition` decimal(12,4) DEFAULT NULL COMMENT 'Base Weee Tax Disposition',
  `base_weee_tax_row_disposition` decimal(12,4) DEFAULT NULL COMMENT 'Base Weee Tax Row Disposition',
  PRIMARY KEY (`item_id`),
  KEY `QUOTE_ITEM_PARENT_ITEM_ID` (`parent_item_id`),
  KEY `QUOTE_ITEM_PRODUCT_ID` (`product_id`),
  KEY `QUOTE_ITEM_QUOTE_ID` (`quote_id`),
  KEY `QUOTE_ITEM_STORE_ID` (`store_id`),
  CONSTRAINT `QUOTE_ITEM_PARENT_ITEM_ID_QUOTE_ITEM_ITEM_ID` FOREIGN KEY (`parent_item_id`) REFERENCES `quote_item` (`item_id`) ON DELETE CASCADE,
  CONSTRAINT `QUOTE_ITEM_QUOTE_ID_QUOTE_ENTITY_ID` FOREIGN KEY (`quote_id`) REFERENCES `quote` (`entity_id`) ON DELETE CASCADE,
  CONSTRAINT `QUOTE_ITEM_STORE_ID_STORE_STORE_ID` FOREIGN KEY (`store_id`) REFERENCES `store` (`store_id`) ON DELETE SET NULL
) ENGINE=InnoDB AUTO_INCREMENT=3 DEFAULT CHARSET=utf8 COMMENT='Sales Flat Quote Item';

--
-- Dumping data for table `quote_item`
--

INSERT INTO `quote_item` VALUES (1,387,'2020-04-07 13:18:20','2020-04-07 13:18:20',2417,1,NULL,0,'n31043406-black-Extra small size','81 Hours Cashmere Pullover',NULL,NULL,NULL,0,0,NULL,1.0000,89.9000,89.9000,NULL,0.0000,0.0000,0.0000,0.0000,0.0000,0.0000,89.9000,89.9000,0.0000,0.0000,'configurable',NULL,NULL,NULL,NULL,NULL,89.9000,89.9000,89.9000,89.9000,0.0000,0.0000,NULL,0,NULL,NULL,NULL,NULL,NULL,NULL,NULL,NULL,NULL),(2,387,'2020-04-07 13:18:20','2020-04-07 13:18:20',2415,1,1,0,'n31043406-black-Extra small size','81 Hours Cashmere Pullover-black-Extra small size',NULL,NULL,NULL,0,0,NULL,1.0000,0.0000,0.0000,NULL,0.0000,0.0000,0.0000,0.0000,0.0000,0.0000,0.0000,0.0000,0.0000,0.0000,'simple',NULL,NULL,NULL,NULL,NULL,NULL,NULL,NULL,NULL,NULL,NULL,NULL,0,NULL,NULL,NULL,NULL,NULL,NULL,NULL,NULL,NULL);

--
-- Table structure for table `quote_item_option`
--

CREATE TABLE `quote_item_option` (
  `option_id` int(10) unsigned NOT NULL AUTO_INCREMENT COMMENT 'Option Id',
  `item_id` int(10) unsigned NOT NULL COMMENT 'Item Id',
  `product_id` int(10) unsigned NOT NULL COMMENT 'Product Id',
  `code` varchar(255) NOT NULL COMMENT 'Code',
  `value` text COMMENT 'Value',
  PRIMARY KEY (`option_id`),
  KEY `QUOTE_ITEM_OPTION_ITEM_ID` (`item_id`),
  CONSTRAINT `QUOTE_ITEM_OPTION_ITEM_ID_QUOTE_ITEM_ITEM_ID` FOREIGN KEY (`item_id`) REFERENCES `quote_item` (`item_id`) ON DELETE CASCADE
) ENGINE=InnoDB AUTO_INCREMENT=7 DEFAULT CHARSET=utf8 COMMENT='Sales Flat Quote Item Option';

--
-- Dumping data for table `quote_item_option`
--

INSERT INTO `quote_item_option` VALUES (1,1,2417,'info_buyRequest','{\"product\":\"2417\",\"qty\":1,\"super_attribute\":{\"93\":\"73\",\"212\":\"77\"}}'),(2,1,2417,'attributes','{\"93\":\"73\",\"212\":\"77\"}'),(3,1,2415,'product_qty_2415','1'),(4,1,2415,'simple_product','2415'),(5,2,2415,'info_buyRequest','{\"product\":\"2417\",\"qty\":1,\"super_attribute\":{\"93\":\"73\",\"212\":\"77\"}}'),(6,2,2415,'parent_product_id','2417');

--
-- Table structure for table `quote_payment`
--

CREATE TABLE `quote_payment` (
  `payment_id` int(10) unsigned NOT NULL AUTO_INCREMENT COMMENT 'Payment Id',
  `quote_id` int(10) unsigned NOT NULL DEFAULT '0' COMMENT 'Quote Id',
  `created_at` timestamp NOT NULL DEFAULT CURRENT_TIMESTAMP COMMENT 'Created At',
  `updated_at` timestamp NOT NULL DEFAULT CURRENT_TIMESTAMP ON UPDATE CURRENT_TIMESTAMP COMMENT 'Updated At',
  `method` varchar(255) DEFAULT NULL COMMENT 'Method',
  `cc_type` varchar(255) DEFAULT NULL COMMENT 'Cc Type',
  `cc_number_enc` varchar(255) DEFAULT NULL COMMENT 'Cc Number Enc',
  `cc_last_4` varchar(255) DEFAULT NULL COMMENT 'Cc Last 4',
  `cc_cid_enc` varchar(255) DEFAULT NULL COMMENT 'Cc Cid Enc',
  `cc_owner` varchar(255) DEFAULT NULL COMMENT 'Cc Owner',
  `cc_exp_month` varchar(255) DEFAULT NULL COMMENT 'Cc Exp Month',
  `cc_exp_year` smallint(5) unsigned DEFAULT '0' COMMENT 'Cc Exp Year',
  `cc_ss_owner` varchar(255) DEFAULT NULL COMMENT 'Cc Ss Owner',
  `cc_ss_start_month` smallint(5) unsigned DEFAULT '0' COMMENT 'Cc Ss Start Month',
  `cc_ss_start_year` smallint(5) unsigned DEFAULT '0' COMMENT 'Cc Ss Start Year',
  `po_number` varchar(255) DEFAULT NULL COMMENT 'Po Number',
  `additional_data` text COMMENT 'Additional Data',
  `cc_ss_issue` varchar(255) DEFAULT NULL COMMENT 'Cc Ss Issue',
  `additional_information` text COMMENT 'Additional Information',
  `paypal_payer_id` varchar(255) DEFAULT NULL COMMENT 'Paypal Payer Id',
  `paypal_payer_status` varchar(255) DEFAULT NULL COMMENT 'Paypal Payer Status',
  `paypal_correlation_id` varchar(255) DEFAULT NULL COMMENT 'Paypal Correlation Id',
  PRIMARY KEY (`payment_id`),
  KEY `QUOTE_PAYMENT_QUOTE_ID` (`quote_id`),
  CONSTRAINT `QUOTE_PAYMENT_QUOTE_ID_QUOTE_ENTITY_ID` FOREIGN KEY (`quote_id`) REFERENCES `quote` (`entity_id`) ON DELETE CASCADE
) ENGINE=InnoDB DEFAULT CHARSET=utf8 COMMENT='Sales Flat Quote Payment';

--
-- Dumping data for table `quote_payment`
--


--
-- Table structure for table `quote_shipping_rate`
--

CREATE TABLE `quote_shipping_rate` (
  `rate_id` int(10) unsigned NOT NULL AUTO_INCREMENT COMMENT 'Rate Id',
  `address_id` int(10) unsigned NOT NULL DEFAULT '0' COMMENT 'Address Id',
  `created_at` timestamp NOT NULL DEFAULT CURRENT_TIMESTAMP COMMENT 'Created At',
  `updated_at` timestamp NOT NULL DEFAULT CURRENT_TIMESTAMP ON UPDATE CURRENT_TIMESTAMP COMMENT 'Updated At',
  `carrier` varchar(255) DEFAULT NULL COMMENT 'Carrier',
  `carrier_title` varchar(255) DEFAULT NULL COMMENT 'Carrier Title',
  `code` varchar(255) DEFAULT NULL COMMENT 'Code',
  `method` varchar(255) DEFAULT NULL COMMENT 'Method',
  `method_description` text COMMENT 'Method Description',
  `price` decimal(20,4) NOT NULL DEFAULT '0.0000' COMMENT 'Price',
  `error_message` text COMMENT 'Error Message',
  `method_title` text COMMENT 'Method Title',
  PRIMARY KEY (`rate_id`),
  KEY `QUOTE_SHIPPING_RATE_ADDRESS_ID` (`address_id`),
  CONSTRAINT `QUOTE_SHIPPING_RATE_ADDRESS_ID_QUOTE_ADDRESS_ADDRESS_ID` FOREIGN KEY (`address_id`) REFERENCES `quote_address` (`address_id`) ON DELETE CASCADE
) ENGINE=InnoDB DEFAULT CHARSET=utf8 COMMENT='Sales Flat Quote Shipping Rate';

--
-- Dumping data for table `quote_shipping_rate`
--


--
-- Table structure for table `rating`
--

CREATE TABLE `rating` (
  `rating_id` smallint(5) unsigned NOT NULL AUTO_INCREMENT COMMENT 'Rating ID',
  `entity_id` smallint(5) unsigned NOT NULL DEFAULT '0' COMMENT 'Entity ID',
  `rating_code` varchar(64) NOT NULL COMMENT 'Rating Code',
  `position` smallint(5) unsigned NOT NULL DEFAULT '0' COMMENT 'Rating Position On Storefront',
  `is_active` smallint(6) NOT NULL DEFAULT '1' COMMENT 'Rating is active.',
  PRIMARY KEY (`rating_id`),
  UNIQUE KEY `RATING_RATING_CODE` (`rating_code`),
  KEY `RATING_ENTITY_ID` (`entity_id`),
  CONSTRAINT `RATING_ENTITY_ID_RATING_ENTITY_ENTITY_ID` FOREIGN KEY (`entity_id`) REFERENCES `rating_entity` (`entity_id`) ON DELETE CASCADE
) ENGINE=InnoDB AUTO_INCREMENT=4 DEFAULT CHARSET=utf8 COMMENT='Ratings';

--
-- Dumping data for table `rating`
--

INSERT INTO `rating` VALUES (1,1,'Quality',0,1),(2,1,'Value',0,1),(3,1,'Price',0,1);

--
-- Table structure for table `rating_entity`
--

CREATE TABLE `rating_entity` (
  `entity_id` smallint(5) unsigned NOT NULL AUTO_INCREMENT COMMENT 'Entity ID',
  `entity_code` varchar(64) NOT NULL COMMENT 'Entity Code',
  PRIMARY KEY (`entity_id`),
  UNIQUE KEY `RATING_ENTITY_ENTITY_CODE` (`entity_code`)
) ENGINE=InnoDB AUTO_INCREMENT=4 DEFAULT CHARSET=utf8 COMMENT='Rating entities';

--
-- Dumping data for table `rating_entity`
--

INSERT INTO `rating_entity` VALUES (1,'product'),(2,'product_review'),(3,'review');

--
-- Table structure for table `rating_option`
--

CREATE TABLE `rating_option` (
  `option_id` int(10) unsigned NOT NULL AUTO_INCREMENT COMMENT 'Rating Option Id',
  `rating_id` smallint(5) unsigned NOT NULL DEFAULT '0' COMMENT 'Rating Id',
  `code` varchar(32) NOT NULL COMMENT 'Rating Option Code',
  `value` smallint(5) unsigned NOT NULL DEFAULT '0' COMMENT 'Rating Option Value',
  `position` smallint(5) unsigned NOT NULL DEFAULT '0' COMMENT 'Ration option position on Storefront',
  PRIMARY KEY (`option_id`),
  KEY `RATING_OPTION_RATING_ID` (`rating_id`),
  CONSTRAINT `RATING_OPTION_RATING_ID_RATING_RATING_ID` FOREIGN KEY (`rating_id`) REFERENCES `rating` (`rating_id`) ON DELETE CASCADE
) ENGINE=InnoDB AUTO_INCREMENT=16 DEFAULT CHARSET=utf8 COMMENT='Rating options';

--
-- Dumping data for table `rating_option`
--

INSERT INTO `rating_option` VALUES (1,1,'1',1,1),(2,1,'2',2,2),(3,1,'3',3,3),(4,1,'4',4,4),(5,1,'5',5,5),(6,2,'1',1,1),(7,2,'2',2,2),(8,2,'3',3,3),(9,2,'4',4,4),(10,2,'5',5,5),(11,3,'1',1,1),(12,3,'2',2,2),(13,3,'3',3,3),(14,3,'4',4,4),(15,3,'5',5,5);

--
-- Table structure for table `rating_option_vote`
--

CREATE TABLE `rating_option_vote` (
  `vote_id` bigint(20) unsigned NOT NULL AUTO_INCREMENT COMMENT 'Vote id',
  `option_id` int(10) unsigned NOT NULL DEFAULT '0' COMMENT 'Vote option id',
  `remote_ip` varchar(16) NOT NULL COMMENT 'Customer IP',
  `remote_ip_long` bigint(20) NOT NULL DEFAULT '0' COMMENT 'Customer IP converted to long integer format',
  `customer_id` int(10) unsigned DEFAULT '0' COMMENT 'Customer Id',
  `entity_pk_value` bigint(20) unsigned NOT NULL DEFAULT '0' COMMENT 'Product id',
  `rating_id` smallint(5) unsigned NOT NULL DEFAULT '0' COMMENT 'Rating id',
  `review_id` bigint(20) unsigned DEFAULT NULL COMMENT 'Review id',
  `percent` smallint(6) NOT NULL DEFAULT '0' COMMENT 'Percent amount',
  `value` smallint(6) NOT NULL DEFAULT '0' COMMENT 'Vote option value',
  PRIMARY KEY (`vote_id`),
  KEY `RATING_OPTION_VOTE_REVIEW_ID_REVIEW_REVIEW_ID` (`review_id`),
  KEY `RATING_OPTION_VOTE_OPTION_ID` (`option_id`),
  CONSTRAINT `RATING_OPTION_VOTE_OPTION_ID_RATING_OPTION_OPTION_ID` FOREIGN KEY (`option_id`) REFERENCES `rating_option` (`option_id`) ON DELETE CASCADE,
  CONSTRAINT `RATING_OPTION_VOTE_REVIEW_ID_REVIEW_REVIEW_ID` FOREIGN KEY (`review_id`) REFERENCES `review` (`review_id`) ON DELETE CASCADE
) ENGINE=InnoDB DEFAULT CHARSET=utf8 COMMENT='Rating option values';

--
-- Dumping data for table `rating_option_vote`
--


--
-- Table structure for table `rating_option_vote_aggregated`
--

CREATE TABLE `rating_option_vote_aggregated` (
  `primary_id` int(11) NOT NULL AUTO_INCREMENT COMMENT 'Vote aggregation id',
  `rating_id` smallint(5) unsigned NOT NULL DEFAULT '0' COMMENT 'Rating id',
  `entity_pk_value` bigint(20) unsigned NOT NULL DEFAULT '0' COMMENT 'Product id',
  `vote_count` int(10) unsigned NOT NULL DEFAULT '0' COMMENT 'Vote dty',
  `vote_value_sum` int(10) unsigned NOT NULL DEFAULT '0' COMMENT 'General vote sum',
  `percent` smallint(6) NOT NULL DEFAULT '0' COMMENT 'Vote percent',
  `percent_approved` smallint(6) DEFAULT '0' COMMENT 'Vote percent approved by admin',
  `store_id` smallint(5) unsigned NOT NULL DEFAULT '0' COMMENT 'Store Id',
  PRIMARY KEY (`primary_id`),
  KEY `RATING_OPTION_VOTE_AGGREGATED_RATING_ID` (`rating_id`),
  KEY `RATING_OPTION_VOTE_AGGREGATED_STORE_ID` (`store_id`),
  CONSTRAINT `RATING_OPTION_VOTE_AGGREGATED_RATING_ID_RATING_RATING_ID` FOREIGN KEY (`rating_id`) REFERENCES `rating` (`rating_id`) ON DELETE CASCADE,
  CONSTRAINT `RATING_OPTION_VOTE_AGGREGATED_STORE_ID_STORE_STORE_ID` FOREIGN KEY (`store_id`) REFERENCES `store` (`store_id`) ON DELETE CASCADE
) ENGINE=InnoDB DEFAULT CHARSET=utf8 COMMENT='Rating vote aggregated';

--
-- Dumping data for table `rating_option_vote_aggregated`
--


--
-- Table structure for table `rating_store`
--

CREATE TABLE `rating_store` (
  `rating_id` smallint(5) unsigned NOT NULL DEFAULT '0' COMMENT 'Rating id',
  `store_id` smallint(5) unsigned NOT NULL DEFAULT '0' COMMENT 'Store id',
  PRIMARY KEY (`rating_id`,`store_id`),
  KEY `RATING_STORE_STORE_ID` (`store_id`),
  CONSTRAINT `RATING_STORE_RATING_ID_RATING_RATING_ID` FOREIGN KEY (`rating_id`) REFERENCES `rating` (`rating_id`) ON DELETE CASCADE,
  CONSTRAINT `RATING_STORE_STORE_ID_STORE_STORE_ID` FOREIGN KEY (`store_id`) REFERENCES `store` (`store_id`) ON DELETE CASCADE
) ENGINE=InnoDB DEFAULT CHARSET=utf8 COMMENT='Rating Store';

--
-- Dumping data for table `rating_store`
--

INSERT INTO `rating_store` VALUES (1,0),(2,0),(3,0),(1,1),(2,1),(3,1);

--
-- Table structure for table `rating_title`
--

CREATE TABLE `rating_title` (
  `rating_id` smallint(5) unsigned NOT NULL DEFAULT '0' COMMENT 'Rating Id',
  `store_id` smallint(5) unsigned NOT NULL DEFAULT '0' COMMENT 'Store Id',
  `value` varchar(255) NOT NULL COMMENT 'Rating Label',
  PRIMARY KEY (`rating_id`,`store_id`),
  KEY `RATING_TITLE_STORE_ID` (`store_id`),
  CONSTRAINT `RATING_TITLE_RATING_ID_RATING_RATING_ID` FOREIGN KEY (`rating_id`) REFERENCES `rating` (`rating_id`) ON DELETE CASCADE,
  CONSTRAINT `RATING_TITLE_STORE_ID_STORE_STORE_ID` FOREIGN KEY (`store_id`) REFERENCES `store` (`store_id`) ON DELETE CASCADE
) ENGINE=InnoDB DEFAULT CHARSET=utf8 COMMENT='Rating Title';

--
-- Dumping data for table `rating_title`
--


--
-- Table structure for table `release_notification_viewer_log`
--

CREATE TABLE `release_notification_viewer_log` (
  `id` int(10) unsigned NOT NULL AUTO_INCREMENT COMMENT 'Log ID',
  `viewer_id` int(10) unsigned NOT NULL COMMENT 'Viewer admin user ID',
  `last_view_version` varchar(16) NOT NULL COMMENT 'Viewer last view on product version',
  PRIMARY KEY (`id`),
  UNIQUE KEY `RELEASE_NOTIFICATION_VIEWER_LOG_VIEWER_ID` (`viewer_id`),
  CONSTRAINT `RELEASE_NOTIFICATION_VIEWER_LOG_VIEWER_ID_ADMIN_USER_USER_ID` FOREIGN KEY (`viewer_id`) REFERENCES `admin_user` (`user_id`) ON DELETE CASCADE
) ENGINE=InnoDB AUTO_INCREMENT=3 DEFAULT CHARSET=utf8 COMMENT='Release Notification Viewer Log Table';

--
-- Dumping data for table `release_notification_viewer_log`
--

INSERT INTO `release_notification_viewer_log` VALUES (1,1,'2.3.0'),(2,2,'2.3.0');

--
-- Table structure for table `report_compared_product_index`
--

CREATE TABLE `report_compared_product_index` (
  `index_id` bigint(20) unsigned NOT NULL AUTO_INCREMENT COMMENT 'Index Id',
  `visitor_id` int(10) unsigned DEFAULT NULL COMMENT 'Visitor Id',
  `customer_id` int(10) unsigned DEFAULT NULL COMMENT 'Customer Id',
  `product_id` int(10) unsigned NOT NULL COMMENT 'Product Id',
  `store_id` smallint(5) unsigned DEFAULT NULL COMMENT 'Store Id',
  `added_at` timestamp NOT NULL DEFAULT CURRENT_TIMESTAMP COMMENT 'Added At',
  PRIMARY KEY (`index_id`),
  UNIQUE KEY `REPORT_COMPARED_PRODUCT_INDEX_VISITOR_ID_PRODUCT_ID` (`visitor_id`,`product_id`),
  UNIQUE KEY `REPORT_COMPARED_PRODUCT_INDEX_CUSTOMER_ID_PRODUCT_ID` (`customer_id`,`product_id`),
  KEY `REPORT_COMPARED_PRODUCT_INDEX_STORE_ID` (`store_id`),
  KEY `REPORT_COMPARED_PRODUCT_INDEX_ADDED_AT` (`added_at`),
  KEY `REPORT_COMPARED_PRODUCT_INDEX_PRODUCT_ID` (`product_id`),
  CONSTRAINT `REPORT_CMPD_PRD_IDX_CSTR_ID_CSTR_ENTT_ENTT_ID` FOREIGN KEY (`customer_id`) REFERENCES `customer_entity` (`entity_id`) ON DELETE CASCADE,
  CONSTRAINT `REPORT_CMPD_PRD_IDX_PRD_ID_CAT_PRD_ENTT_ENTT_ID` FOREIGN KEY (`product_id`) REFERENCES `catalog_product_entity` (`entity_id`) ON DELETE CASCADE,
  CONSTRAINT `REPORT_COMPARED_PRODUCT_INDEX_STORE_ID_STORE_STORE_ID` FOREIGN KEY (`store_id`) REFERENCES `store` (`store_id`) ON DELETE SET NULL
) ENGINE=InnoDB DEFAULT CHARSET=utf8 COMMENT='Reports Compared Product Index Table';

--
-- Dumping data for table `report_compared_product_index`
--


--
-- Table structure for table `report_event`
--

CREATE TABLE `report_event` (
  `event_id` bigint(20) unsigned NOT NULL AUTO_INCREMENT COMMENT 'Event Id',
  `logged_at` timestamp NOT NULL DEFAULT CURRENT_TIMESTAMP COMMENT 'Logged At',
  `event_type_id` smallint(5) unsigned NOT NULL DEFAULT '0' COMMENT 'Event Type Id',
  `object_id` int(10) unsigned NOT NULL DEFAULT '0' COMMENT 'Object Id',
  `subject_id` int(10) unsigned NOT NULL DEFAULT '0' COMMENT 'Subject Id',
  `subtype` smallint(5) unsigned NOT NULL DEFAULT '0' COMMENT 'Subtype',
  `store_id` smallint(5) unsigned NOT NULL COMMENT 'Store Id',
  PRIMARY KEY (`event_id`),
  KEY `REPORT_EVENT_EVENT_TYPE_ID` (`event_type_id`),
  KEY `REPORT_EVENT_SUBJECT_ID` (`subject_id`),
  KEY `REPORT_EVENT_OBJECT_ID` (`object_id`),
  KEY `REPORT_EVENT_SUBTYPE` (`subtype`),
  KEY `REPORT_EVENT_STORE_ID` (`store_id`),
  CONSTRAINT `REPORT_EVENT_EVENT_TYPE_ID_REPORT_EVENT_TYPES_EVENT_TYPE_ID` FOREIGN KEY (`event_type_id`) REFERENCES `report_event_types` (`event_type_id`) ON DELETE CASCADE,
  CONSTRAINT `REPORT_EVENT_STORE_ID_STORE_STORE_ID` FOREIGN KEY (`store_id`) REFERENCES `store` (`store_id`) ON DELETE CASCADE
) ENGINE=InnoDB AUTO_INCREMENT=2 DEFAULT CHARSET=utf8 COMMENT='Reports Event Table';

--
-- Dumping data for table `report_event`
--

INSERT INTO `report_event` VALUES (1,'2018-11-30 19:50:05',1,66,0,1,1);

--
-- Table structure for table `report_event_types`
--

CREATE TABLE `report_event_types` (
  `event_type_id` smallint(5) unsigned NOT NULL AUTO_INCREMENT COMMENT 'Event Type Id',
  `event_name` varchar(64) NOT NULL COMMENT 'Event Name',
  `customer_login` smallint(5) unsigned NOT NULL DEFAULT '0' COMMENT 'Customer Login',
  PRIMARY KEY (`event_type_id`)
) ENGINE=InnoDB AUTO_INCREMENT=7 DEFAULT CHARSET=utf8 COMMENT='Reports Event Type Table';

--
-- Dumping data for table `report_event_types`
--

INSERT INTO `report_event_types` VALUES (1,'catalog_product_view',0),(2,'sendfriend_product',0),(3,'catalog_product_compare_add_product',0),(4,'checkout_cart_add_product',0),(5,'wishlist_add_product',0),(6,'wishlist_share',0);

--
-- Table structure for table `report_viewed_product_aggregated_daily`
--

CREATE TABLE `report_viewed_product_aggregated_daily` (
  `id` int(10) unsigned NOT NULL AUTO_INCREMENT COMMENT 'Id',
  `period` date DEFAULT NULL COMMENT 'Period',
  `store_id` smallint(5) unsigned DEFAULT NULL COMMENT 'Store Id',
  `product_id` int(10) unsigned DEFAULT NULL COMMENT 'Product Id',
  `product_name` varchar(255) DEFAULT NULL COMMENT 'Product Name',
  `product_price` decimal(12,4) NOT NULL DEFAULT '0.0000' COMMENT 'Product Price',
  `views_num` int(11) NOT NULL DEFAULT '0' COMMENT 'Number of Views',
  `rating_pos` smallint(5) unsigned NOT NULL DEFAULT '0' COMMENT 'Rating Pos',
  PRIMARY KEY (`id`),
  UNIQUE KEY `REPORT_VIEWED_PRD_AGGRED_DAILY_PERIOD_STORE_ID_PRD_ID` (`period`,`store_id`,`product_id`),
  KEY `REPORT_VIEWED_PRODUCT_AGGREGATED_DAILY_STORE_ID` (`store_id`),
  KEY `REPORT_VIEWED_PRODUCT_AGGREGATED_DAILY_PRODUCT_ID` (`product_id`),
  CONSTRAINT `REPORT_VIEWED_PRD_AGGRED_DAILY_PRD_ID_CAT_PRD_ENTT_ENTT_ID` FOREIGN KEY (`product_id`) REFERENCES `catalog_product_entity` (`entity_id`) ON DELETE CASCADE,
  CONSTRAINT `REPORT_VIEWED_PRODUCT_AGGREGATED_DAILY_STORE_ID_STORE_STORE_ID` FOREIGN KEY (`store_id`) REFERENCES `store` (`store_id`) ON DELETE CASCADE
) ENGINE=InnoDB AUTO_INCREMENT=2 DEFAULT CHARSET=utf8 COMMENT='Most Viewed Products Aggregated Daily';

--
-- Dumping data for table `report_viewed_product_aggregated_daily`
--

INSERT INTO `report_viewed_product_aggregated_daily` VALUES (1,'2018-11-30',1,66,'Dark Blue Slim Fit Jeans',49.9900,1,1);

--
-- Table structure for table `report_viewed_product_aggregated_monthly`
--

CREATE TABLE `report_viewed_product_aggregated_monthly` (
  `id` int(10) unsigned NOT NULL AUTO_INCREMENT COMMENT 'Id',
  `period` date DEFAULT NULL COMMENT 'Period',
  `store_id` smallint(5) unsigned DEFAULT NULL COMMENT 'Store Id',
  `product_id` int(10) unsigned DEFAULT NULL COMMENT 'Product Id',
  `product_name` varchar(255) DEFAULT NULL COMMENT 'Product Name',
  `product_price` decimal(12,4) NOT NULL DEFAULT '0.0000' COMMENT 'Product Price',
  `views_num` int(11) NOT NULL DEFAULT '0' COMMENT 'Number of Views',
  `rating_pos` smallint(5) unsigned NOT NULL DEFAULT '0' COMMENT 'Rating Pos',
  PRIMARY KEY (`id`),
  UNIQUE KEY `REPORT_VIEWED_PRD_AGGRED_MONTHLY_PERIOD_STORE_ID_PRD_ID` (`period`,`store_id`,`product_id`),
  KEY `REPORT_VIEWED_PRODUCT_AGGREGATED_MONTHLY_STORE_ID` (`store_id`),
  KEY `REPORT_VIEWED_PRODUCT_AGGREGATED_MONTHLY_PRODUCT_ID` (`product_id`),
  CONSTRAINT `REPORT_VIEWED_PRD_AGGRED_MONTHLY_PRD_ID_CAT_PRD_ENTT_ENTT_ID` FOREIGN KEY (`product_id`) REFERENCES `catalog_product_entity` (`entity_id`) ON DELETE CASCADE,
  CONSTRAINT `REPORT_VIEWED_PRODUCT_AGGREGATED_MONTHLY_STORE_ID_STORE_STORE_ID` FOREIGN KEY (`store_id`) REFERENCES `store` (`store_id`) ON DELETE CASCADE
) ENGINE=InnoDB AUTO_INCREMENT=2 DEFAULT CHARSET=utf8 COMMENT='Most Viewed Products Aggregated Monthly';

--
-- Dumping data for table `report_viewed_product_aggregated_monthly`
--

INSERT INTO `report_viewed_product_aggregated_monthly` VALUES (1,'2018-11-01',1,66,'Dark Blue Slim Fit Jeans',49.9900,1,1);

--
-- Table structure for table `report_viewed_product_aggregated_yearly`
--

CREATE TABLE `report_viewed_product_aggregated_yearly` (
  `id` int(10) unsigned NOT NULL AUTO_INCREMENT COMMENT 'Id',
  `period` date DEFAULT NULL COMMENT 'Period',
  `store_id` smallint(5) unsigned DEFAULT NULL COMMENT 'Store Id',
  `product_id` int(10) unsigned DEFAULT NULL COMMENT 'Product Id',
  `product_name` varchar(255) DEFAULT NULL COMMENT 'Product Name',
  `product_price` decimal(12,4) NOT NULL DEFAULT '0.0000' COMMENT 'Product Price',
  `views_num` int(11) NOT NULL DEFAULT '0' COMMENT 'Number of Views',
  `rating_pos` smallint(5) unsigned NOT NULL DEFAULT '0' COMMENT 'Rating Pos',
  PRIMARY KEY (`id`),
  UNIQUE KEY `REPORT_VIEWED_PRD_AGGRED_YEARLY_PERIOD_STORE_ID_PRD_ID` (`period`,`store_id`,`product_id`),
  KEY `REPORT_VIEWED_PRODUCT_AGGREGATED_YEARLY_STORE_ID` (`store_id`),
  KEY `REPORT_VIEWED_PRODUCT_AGGREGATED_YEARLY_PRODUCT_ID` (`product_id`),
  CONSTRAINT `REPORT_VIEWED_PRD_AGGRED_YEARLY_PRD_ID_CAT_PRD_ENTT_ENTT_ID` FOREIGN KEY (`product_id`) REFERENCES `catalog_product_entity` (`entity_id`) ON DELETE CASCADE,
  CONSTRAINT `REPORT_VIEWED_PRODUCT_AGGREGATED_YEARLY_STORE_ID_STORE_STORE_ID` FOREIGN KEY (`store_id`) REFERENCES `store` (`store_id`) ON DELETE CASCADE
) ENGINE=InnoDB AUTO_INCREMENT=2 DEFAULT CHARSET=utf8 COMMENT='Most Viewed Products Aggregated Yearly';

--
-- Dumping data for table `report_viewed_product_aggregated_yearly`
--

INSERT INTO `report_viewed_product_aggregated_yearly` VALUES (1,'2018-01-01',1,66,'Dark Blue Slim Fit Jeans',49.9900,1,1);

--
-- Table structure for table `report_viewed_product_index`
--

CREATE TABLE `report_viewed_product_index` (
  `index_id` bigint(20) unsigned NOT NULL AUTO_INCREMENT COMMENT 'Index Id',
  `visitor_id` int(10) unsigned DEFAULT NULL COMMENT 'Visitor Id',
  `customer_id` int(10) unsigned DEFAULT NULL COMMENT 'Customer Id',
  `product_id` int(10) unsigned NOT NULL COMMENT 'Product Id',
  `store_id` smallint(5) unsigned DEFAULT NULL COMMENT 'Store Id',
  `added_at` timestamp NOT NULL DEFAULT CURRENT_TIMESTAMP COMMENT 'Added At',
  PRIMARY KEY (`index_id`),
  UNIQUE KEY `REPORT_VIEWED_PRODUCT_INDEX_VISITOR_ID_PRODUCT_ID` (`visitor_id`,`product_id`),
  UNIQUE KEY `REPORT_VIEWED_PRODUCT_INDEX_CUSTOMER_ID_PRODUCT_ID` (`customer_id`,`product_id`),
  KEY `REPORT_VIEWED_PRODUCT_INDEX_STORE_ID` (`store_id`),
  KEY `REPORT_VIEWED_PRODUCT_INDEX_ADDED_AT` (`added_at`),
  KEY `REPORT_VIEWED_PRODUCT_INDEX_PRODUCT_ID` (`product_id`),
  CONSTRAINT `REPORT_VIEWED_PRD_IDX_CSTR_ID_CSTR_ENTT_ENTT_ID` FOREIGN KEY (`customer_id`) REFERENCES `customer_entity` (`entity_id`) ON DELETE CASCADE,
  CONSTRAINT `REPORT_VIEWED_PRD_IDX_PRD_ID_CAT_PRD_ENTT_ENTT_ID` FOREIGN KEY (`product_id`) REFERENCES `catalog_product_entity` (`entity_id`) ON DELETE CASCADE,
  CONSTRAINT `REPORT_VIEWED_PRODUCT_INDEX_STORE_ID_STORE_STORE_ID` FOREIGN KEY (`store_id`) REFERENCES `store` (`store_id`) ON DELETE SET NULL
) ENGINE=InnoDB AUTO_INCREMENT=2 DEFAULT CHARSET=utf8 COMMENT='Reports Viewed Product Index Table';

--
-- Dumping data for table `report_viewed_product_index`
--

INSERT INTO `report_viewed_product_index` VALUES (1,NULL,NULL,66,1,'2018-11-30 19:50:05');

--
-- Table structure for table `reporting_counts`
--

CREATE TABLE `reporting_counts` (
  `entity_id` int(10) unsigned NOT NULL AUTO_INCREMENT COMMENT 'Entity ID',
  `type` varchar(255) DEFAULT NULL COMMENT 'Item Reported',
  `count` int(10) unsigned DEFAULT NULL COMMENT 'Count Value',
  `updated_at` timestamp NOT NULL DEFAULT CURRENT_TIMESTAMP ON UPDATE CURRENT_TIMESTAMP COMMENT 'Updated At',
  PRIMARY KEY (`entity_id`)
) ENGINE=InnoDB DEFAULT CHARSET=utf8 COMMENT='Reporting for all count related events generated via the cron job';

--
-- Dumping data for table `reporting_counts`
--


--
-- Table structure for table `reporting_module_status`
--

CREATE TABLE `reporting_module_status` (
  `entity_id` int(10) unsigned NOT NULL AUTO_INCREMENT COMMENT 'Module Id',
  `name` varchar(255) DEFAULT NULL COMMENT 'Module Name',
  `active` varchar(255) DEFAULT NULL COMMENT 'Module Active Status',
  `setup_version` varchar(255) DEFAULT NULL COMMENT 'Module Version',
  `state` varchar(255) DEFAULT NULL COMMENT 'Module State',
  `updated_at` timestamp NOT NULL DEFAULT CURRENT_TIMESTAMP ON UPDATE CURRENT_TIMESTAMP COMMENT 'Updated At',
  PRIMARY KEY (`entity_id`)
) ENGINE=InnoDB DEFAULT CHARSET=utf8 COMMENT='Module Status Table';

--
-- Dumping data for table `reporting_module_status`
--


--
-- Table structure for table `reporting_orders`
--

CREATE TABLE `reporting_orders` (
  `entity_id` int(10) unsigned NOT NULL AUTO_INCREMENT COMMENT 'Entity ID',
  `customer_id` int(10) unsigned DEFAULT NULL COMMENT 'Customer ID',
  `total` decimal(20,4) unsigned DEFAULT NULL,
  `total_base` decimal(20,4) unsigned DEFAULT NULL,
  `item_count` int(10) unsigned NOT NULL COMMENT 'Line Item Count',
  `updated_at` timestamp NOT NULL DEFAULT CURRENT_TIMESTAMP COMMENT 'Updated At',
  PRIMARY KEY (`entity_id`)
) ENGINE=InnoDB DEFAULT CHARSET=utf8 COMMENT='Reporting for all orders';

--
-- Dumping data for table `reporting_orders`
--


--
-- Table structure for table `reporting_system_updates`
--

CREATE TABLE `reporting_system_updates` (
  `entity_id` int(10) unsigned NOT NULL AUTO_INCREMENT COMMENT 'Entity ID',
  `type` varchar(255) DEFAULT NULL COMMENT 'Update Type',
  `action` varchar(255) DEFAULT NULL COMMENT 'Action Performed',
  `updated_at` timestamp NOT NULL DEFAULT CURRENT_TIMESTAMP COMMENT 'Updated At',
  PRIMARY KEY (`entity_id`)
) ENGINE=InnoDB DEFAULT CHARSET=utf8 COMMENT='Reporting for system updates';

--
-- Dumping data for table `reporting_system_updates`
--


--
-- Table structure for table `reporting_users`
--

CREATE TABLE `reporting_users` (
  `entity_id` int(10) unsigned NOT NULL AUTO_INCREMENT COMMENT 'Entity ID',
  `type` varchar(255) DEFAULT NULL COMMENT 'User Type',
  `action` varchar(255) DEFAULT NULL COMMENT 'Action Performed',
  `updated_at` timestamp NOT NULL DEFAULT CURRENT_TIMESTAMP COMMENT 'Updated At',
  PRIMARY KEY (`entity_id`)
) ENGINE=InnoDB DEFAULT CHARSET=utf8 COMMENT='Reporting for user actions';

--
-- Dumping data for table `reporting_users`
--


--
-- Table structure for table `review`
--

CREATE TABLE `review` (
  `review_id` bigint(20) unsigned NOT NULL AUTO_INCREMENT COMMENT 'Review id',
  `created_at` timestamp NOT NULL DEFAULT CURRENT_TIMESTAMP COMMENT 'Review create date',
  `entity_id` smallint(5) unsigned NOT NULL DEFAULT '0' COMMENT 'Entity id',
  `entity_pk_value` int(10) unsigned NOT NULL DEFAULT '0' COMMENT 'Product id',
  `status_id` smallint(5) unsigned NOT NULL DEFAULT '0' COMMENT 'Status code',
  PRIMARY KEY (`review_id`),
  KEY `REVIEW_ENTITY_ID` (`entity_id`),
  KEY `REVIEW_STATUS_ID` (`status_id`),
  KEY `REVIEW_ENTITY_PK_VALUE` (`entity_pk_value`),
  CONSTRAINT `REVIEW_ENTITY_ID_REVIEW_ENTITY_ENTITY_ID` FOREIGN KEY (`entity_id`) REFERENCES `review_entity` (`entity_id`) ON DELETE CASCADE,
  CONSTRAINT `REVIEW_STATUS_ID_REVIEW_STATUS_STATUS_ID` FOREIGN KEY (`status_id`) REFERENCES `review_status` (`status_id`) ON DELETE NO ACTION
) ENGINE=InnoDB DEFAULT CHARSET=utf8 COMMENT='Review base information';

--
-- Dumping data for table `review`
--


--
-- Table structure for table `review_detail`
--

CREATE TABLE `review_detail` (
  `detail_id` bigint(20) unsigned NOT NULL AUTO_INCREMENT COMMENT 'Review detail id',
  `review_id` bigint(20) unsigned NOT NULL DEFAULT '0' COMMENT 'Review id',
  `store_id` smallint(5) unsigned DEFAULT '0' COMMENT 'Store id',
  `title` varchar(255) NOT NULL COMMENT 'Title',
  `detail` text NOT NULL COMMENT 'Detail description',
  `nickname` varchar(128) NOT NULL COMMENT 'User nickname',
  `customer_id` int(10) unsigned DEFAULT NULL COMMENT 'Customer Id',
  PRIMARY KEY (`detail_id`),
  KEY `REVIEW_DETAIL_REVIEW_ID` (`review_id`),
  KEY `REVIEW_DETAIL_STORE_ID` (`store_id`),
  KEY `REVIEW_DETAIL_CUSTOMER_ID` (`customer_id`),
  CONSTRAINT `REVIEW_DETAIL_CUSTOMER_ID_CUSTOMER_ENTITY_ENTITY_ID` FOREIGN KEY (`customer_id`) REFERENCES `customer_entity` (`entity_id`) ON DELETE SET NULL,
  CONSTRAINT `REVIEW_DETAIL_REVIEW_ID_REVIEW_REVIEW_ID` FOREIGN KEY (`review_id`) REFERENCES `review` (`review_id`) ON DELETE CASCADE,
  CONSTRAINT `REVIEW_DETAIL_STORE_ID_STORE_STORE_ID` FOREIGN KEY (`store_id`) REFERENCES `store` (`store_id`) ON DELETE SET NULL
) ENGINE=InnoDB DEFAULT CHARSET=utf8 COMMENT='Review detail information';

--
-- Dumping data for table `review_detail`
--


--
-- Table structure for table `review_entity`
--

CREATE TABLE `review_entity` (
  `entity_id` smallint(5) unsigned NOT NULL AUTO_INCREMENT COMMENT 'Review entity id',
  `entity_code` varchar(32) NOT NULL COMMENT 'Review entity code',
  PRIMARY KEY (`entity_id`)
) ENGINE=InnoDB AUTO_INCREMENT=4 DEFAULT CHARSET=utf8 COMMENT='Review entities';

--
-- Dumping data for table `review_entity`
--

INSERT INTO `review_entity` VALUES (1,'product'),(2,'customer'),(3,'category');

--
-- Table structure for table `review_entity_summary`
--

CREATE TABLE `review_entity_summary` (
  `primary_id` bigint(20) NOT NULL AUTO_INCREMENT COMMENT 'Summary review entity id',
  `entity_pk_value` bigint(20) NOT NULL DEFAULT '0' COMMENT 'Product id',
  `entity_type` smallint(6) NOT NULL DEFAULT '0' COMMENT 'Entity type id',
  `reviews_count` smallint(6) NOT NULL DEFAULT '0' COMMENT 'Qty of reviews',
  `rating_summary` smallint(6) NOT NULL DEFAULT '0' COMMENT 'Summarized rating',
  `store_id` smallint(5) unsigned NOT NULL DEFAULT '0' COMMENT 'Store ID',
  PRIMARY KEY (`primary_id`),
  KEY `REVIEW_ENTITY_SUMMARY_STORE_ID` (`store_id`),
  CONSTRAINT `REVIEW_ENTITY_SUMMARY_STORE_ID_STORE_STORE_ID` FOREIGN KEY (`store_id`) REFERENCES `store` (`store_id`) ON DELETE CASCADE
) ENGINE=InnoDB DEFAULT CHARSET=utf8 COMMENT='Review aggregates';

--
-- Dumping data for table `review_entity_summary`
--


--
-- Table structure for table `review_status`
--

CREATE TABLE `review_status` (
  `status_id` smallint(5) unsigned NOT NULL AUTO_INCREMENT COMMENT 'Status id',
  `status_code` varchar(32) NOT NULL COMMENT 'Status code',
  PRIMARY KEY (`status_id`)
) ENGINE=InnoDB AUTO_INCREMENT=4 DEFAULT CHARSET=utf8 COMMENT='Review statuses';

--
-- Dumping data for table `review_status`
--

INSERT INTO `review_status` VALUES (1,'Approved'),(2,'Pending'),(3,'Not Approved');

--
-- Table structure for table `review_store`
--

CREATE TABLE `review_store` (
  `review_id` bigint(20) unsigned NOT NULL COMMENT 'Review ID',
  `store_id` smallint(5) unsigned NOT NULL COMMENT 'Store ID',
  PRIMARY KEY (`review_id`,`store_id`),
  KEY `REVIEW_STORE_STORE_ID` (`store_id`),
  CONSTRAINT `REVIEW_STORE_REVIEW_ID_REVIEW_REVIEW_ID` FOREIGN KEY (`review_id`) REFERENCES `review` (`review_id`) ON DELETE CASCADE,
  CONSTRAINT `REVIEW_STORE_STORE_ID_STORE_STORE_ID` FOREIGN KEY (`store_id`) REFERENCES `store` (`store_id`) ON DELETE CASCADE
) ENGINE=InnoDB DEFAULT CHARSET=utf8 COMMENT='Review Store';

--
-- Dumping data for table `review_store`
--


--
-- Table structure for table `sales_bestsellers_aggregated_daily`
--

CREATE TABLE `sales_bestsellers_aggregated_daily` (
  `id` int(10) unsigned NOT NULL AUTO_INCREMENT COMMENT 'Id',
  `period` date DEFAULT NULL COMMENT 'Period',
  `store_id` smallint(5) unsigned DEFAULT NULL COMMENT 'Store Id',
  `product_id` int(10) unsigned DEFAULT NULL COMMENT 'Product Id',
  `product_name` varchar(255) DEFAULT NULL COMMENT 'Product Name',
  `product_price` decimal(12,4) NOT NULL DEFAULT '0.0000' COMMENT 'Product Price',
  `qty_ordered` decimal(12,4) NOT NULL DEFAULT '0.0000' COMMENT 'Qty Ordered',
  `rating_pos` smallint(5) unsigned NOT NULL DEFAULT '0' COMMENT 'Rating Pos',
  PRIMARY KEY (`id`),
  UNIQUE KEY `SALES_BESTSELLERS_AGGREGATED_DAILY_PERIOD_STORE_ID_PRODUCT_ID` (`period`,`store_id`,`product_id`),
  KEY `SALES_BESTSELLERS_AGGREGATED_DAILY_STORE_ID` (`store_id`),
  KEY `SALES_BESTSELLERS_AGGREGATED_DAILY_PRODUCT_ID` (`product_id`),
  CONSTRAINT `SALES_BESTSELLERS_AGGREGATED_DAILY_STORE_ID_STORE_STORE_ID` FOREIGN KEY (`store_id`) REFERENCES `store` (`store_id`) ON DELETE CASCADE
) ENGINE=InnoDB DEFAULT CHARSET=utf8 COMMENT='Sales Bestsellers Aggregated Daily';

--
-- Dumping data for table `sales_bestsellers_aggregated_daily`
--


--
-- Table structure for table `sales_bestsellers_aggregated_monthly`
--

CREATE TABLE `sales_bestsellers_aggregated_monthly` (
  `id` int(10) unsigned NOT NULL AUTO_INCREMENT COMMENT 'Id',
  `period` date DEFAULT NULL COMMENT 'Period',
  `store_id` smallint(5) unsigned DEFAULT NULL COMMENT 'Store Id',
  `product_id` int(10) unsigned DEFAULT NULL COMMENT 'Product Id',
  `product_name` varchar(255) DEFAULT NULL COMMENT 'Product Name',
  `product_price` decimal(12,4) NOT NULL DEFAULT '0.0000' COMMENT 'Product Price',
  `qty_ordered` decimal(12,4) NOT NULL DEFAULT '0.0000' COMMENT 'Qty Ordered',
  `rating_pos` smallint(5) unsigned NOT NULL DEFAULT '0' COMMENT 'Rating Pos',
  PRIMARY KEY (`id`),
  UNIQUE KEY `SALES_BESTSELLERS_AGGREGATED_MONTHLY_PERIOD_STORE_ID_PRODUCT_ID` (`period`,`store_id`,`product_id`),
  KEY `SALES_BESTSELLERS_AGGREGATED_MONTHLY_STORE_ID` (`store_id`),
  KEY `SALES_BESTSELLERS_AGGREGATED_MONTHLY_PRODUCT_ID` (`product_id`),
  CONSTRAINT `SALES_BESTSELLERS_AGGREGATED_MONTHLY_STORE_ID_STORE_STORE_ID` FOREIGN KEY (`store_id`) REFERENCES `store` (`store_id`) ON DELETE CASCADE
) ENGINE=InnoDB DEFAULT CHARSET=utf8 COMMENT='Sales Bestsellers Aggregated Monthly';

--
-- Dumping data for table `sales_bestsellers_aggregated_monthly`
--


--
-- Table structure for table `sales_bestsellers_aggregated_yearly`
--

CREATE TABLE `sales_bestsellers_aggregated_yearly` (
  `id` int(10) unsigned NOT NULL AUTO_INCREMENT COMMENT 'Id',
  `period` date DEFAULT NULL COMMENT 'Period',
  `store_id` smallint(5) unsigned DEFAULT NULL COMMENT 'Store Id',
  `product_id` int(10) unsigned DEFAULT NULL COMMENT 'Product Id',
  `product_name` varchar(255) DEFAULT NULL COMMENT 'Product Name',
  `product_price` decimal(12,4) NOT NULL DEFAULT '0.0000' COMMENT 'Product Price',
  `qty_ordered` decimal(12,4) NOT NULL DEFAULT '0.0000' COMMENT 'Qty Ordered',
  `rating_pos` smallint(5) unsigned NOT NULL DEFAULT '0' COMMENT 'Rating Pos',
  PRIMARY KEY (`id`),
  UNIQUE KEY `SALES_BESTSELLERS_AGGREGATED_YEARLY_PERIOD_STORE_ID_PRODUCT_ID` (`period`,`store_id`,`product_id`),
  KEY `SALES_BESTSELLERS_AGGREGATED_YEARLY_STORE_ID` (`store_id`),
  KEY `SALES_BESTSELLERS_AGGREGATED_YEARLY_PRODUCT_ID` (`product_id`),
  CONSTRAINT `SALES_BESTSELLERS_AGGREGATED_YEARLY_STORE_ID_STORE_STORE_ID` FOREIGN KEY (`store_id`) REFERENCES `store` (`store_id`) ON DELETE CASCADE
) ENGINE=InnoDB DEFAULT CHARSET=utf8 COMMENT='Sales Bestsellers Aggregated Yearly';

--
-- Dumping data for table `sales_bestsellers_aggregated_yearly`
--


--
-- Table structure for table `sales_creditmemo`
--

CREATE TABLE `sales_creditmemo` (
  `entity_id` int(10) unsigned NOT NULL AUTO_INCREMENT COMMENT 'Entity Id',
  `store_id` smallint(5) unsigned DEFAULT NULL COMMENT 'Store Id',
  `adjustment_positive` decimal(20,4) DEFAULT NULL COMMENT 'Adjustment Positive',
  `base_shipping_tax_amount` decimal(20,4) DEFAULT NULL COMMENT 'Base Shipping Tax Amount',
  `store_to_order_rate` decimal(20,4) DEFAULT NULL COMMENT 'Store To Order Rate',
  `base_discount_amount` decimal(20,4) DEFAULT NULL COMMENT 'Base Discount Amount',
  `base_to_order_rate` decimal(20,4) DEFAULT NULL COMMENT 'Base To Order Rate',
  `grand_total` decimal(20,4) DEFAULT NULL COMMENT 'Grand Total',
  `base_adjustment_negative` decimal(20,4) DEFAULT NULL COMMENT 'Base Adjustment Negative',
  `base_subtotal_incl_tax` decimal(20,4) DEFAULT NULL COMMENT 'Base Subtotal Incl Tax',
  `shipping_amount` decimal(20,4) DEFAULT NULL COMMENT 'Shipping Amount',
  `subtotal_incl_tax` decimal(20,4) DEFAULT NULL COMMENT 'Subtotal Incl Tax',
  `adjustment_negative` decimal(20,4) DEFAULT NULL COMMENT 'Adjustment Negative',
  `base_shipping_amount` decimal(20,4) DEFAULT NULL COMMENT 'Base Shipping Amount',
  `store_to_base_rate` decimal(20,4) DEFAULT NULL COMMENT 'Store To Base Rate',
  `base_to_global_rate` decimal(20,4) DEFAULT NULL COMMENT 'Base To Global Rate',
  `base_adjustment` decimal(20,4) DEFAULT NULL COMMENT 'Base Adjustment',
  `base_subtotal` decimal(20,4) DEFAULT NULL COMMENT 'Base Subtotal',
  `discount_amount` decimal(20,4) DEFAULT NULL COMMENT 'Discount Amount',
  `subtotal` decimal(20,4) DEFAULT NULL COMMENT 'Subtotal',
  `adjustment` decimal(20,4) DEFAULT NULL COMMENT 'Adjustment',
  `base_grand_total` decimal(20,4) DEFAULT NULL COMMENT 'Base Grand Total',
  `base_adjustment_positive` decimal(20,4) DEFAULT NULL COMMENT 'Base Adjustment Positive',
  `base_tax_amount` decimal(20,4) DEFAULT NULL COMMENT 'Base Tax Amount',
  `shipping_tax_amount` decimal(20,4) DEFAULT NULL COMMENT 'Shipping Tax Amount',
  `tax_amount` decimal(20,4) DEFAULT NULL COMMENT 'Tax Amount',
  `order_id` int(10) unsigned NOT NULL COMMENT 'Order Id',
  `email_sent` smallint(5) unsigned DEFAULT NULL COMMENT 'Email Sent',
  `send_email` smallint(5) unsigned DEFAULT NULL COMMENT 'Send Email',
  `creditmemo_status` int(11) DEFAULT NULL COMMENT 'Creditmemo Status',
  `state` int(11) DEFAULT NULL COMMENT 'State',
  `shipping_address_id` int(11) DEFAULT NULL COMMENT 'Shipping Address Id',
  `billing_address_id` int(11) DEFAULT NULL COMMENT 'Billing Address Id',
  `invoice_id` int(11) DEFAULT NULL COMMENT 'Invoice Id',
  `store_currency_code` varchar(3) DEFAULT NULL COMMENT 'Store Currency Code',
  `order_currency_code` varchar(3) DEFAULT NULL COMMENT 'Order Currency Code',
  `base_currency_code` varchar(3) DEFAULT NULL COMMENT 'Base Currency Code',
  `global_currency_code` varchar(3) DEFAULT NULL COMMENT 'Global Currency Code',
  `transaction_id` varchar(255) DEFAULT NULL COMMENT 'Transaction Id',
  `increment_id` varchar(50) DEFAULT NULL COMMENT 'Increment Id',
  `created_at` timestamp NOT NULL DEFAULT CURRENT_TIMESTAMP COMMENT 'Created At',
  `updated_at` timestamp NOT NULL DEFAULT CURRENT_TIMESTAMP ON UPDATE CURRENT_TIMESTAMP COMMENT 'Updated At',
  `discount_tax_compensation_amount` decimal(20,4) DEFAULT NULL COMMENT 'Discount Tax Compensation Amount',
  `base_discount_tax_compensation_amount` decimal(20,4) DEFAULT NULL COMMENT 'Base Discount Tax Compensation Amount',
  `shipping_discount_tax_compensation_amount` decimal(20,4) DEFAULT NULL COMMENT 'Shipping Discount Tax Compensation Amount',
  `base_shipping_discount_tax_compensation_amnt` decimal(20,4) DEFAULT NULL COMMENT 'Base Shipping Discount Tax Compensation Amount',
  `shipping_incl_tax` decimal(20,4) DEFAULT NULL COMMENT 'Shipping Incl Tax',
  `base_shipping_incl_tax` decimal(20,4) DEFAULT NULL COMMENT 'Base Shipping Incl Tax',
  `discount_description` varchar(255) DEFAULT NULL COMMENT 'Discount Description',
  `customer_note` text COMMENT 'Customer Note',
  `customer_note_notify` smallint(5) unsigned DEFAULT NULL COMMENT 'Customer Note Notify',
  PRIMARY KEY (`entity_id`),
  UNIQUE KEY `SALES_CREDITMEMO_INCREMENT_ID_STORE_ID` (`increment_id`,`store_id`),
  KEY `SALES_CREDITMEMO_STORE_ID` (`store_id`),
  KEY `SALES_CREDITMEMO_ORDER_ID` (`order_id`),
  KEY `SALES_CREDITMEMO_CREDITMEMO_STATUS` (`creditmemo_status`),
  KEY `SALES_CREDITMEMO_STATE` (`state`),
  KEY `SALES_CREDITMEMO_CREATED_AT` (`created_at`),
  KEY `SALES_CREDITMEMO_UPDATED_AT` (`updated_at`),
  KEY `SALES_CREDITMEMO_SEND_EMAIL` (`send_email`),
  KEY `SALES_CREDITMEMO_EMAIL_SENT` (`email_sent`),
  CONSTRAINT `SALES_CREDITMEMO_ORDER_ID_SALES_ORDER_ENTITY_ID` FOREIGN KEY (`order_id`) REFERENCES `sales_order` (`entity_id`) ON DELETE CASCADE,
  CONSTRAINT `SALES_CREDITMEMO_STORE_ID_STORE_STORE_ID` FOREIGN KEY (`store_id`) REFERENCES `store` (`store_id`) ON DELETE SET NULL
) ENGINE=InnoDB DEFAULT CHARSET=utf8 COMMENT='Sales Flat Creditmemo';

--
-- Dumping data for table `sales_creditmemo`
--


--
-- Table structure for table `sales_creditmemo_comment`
--

CREATE TABLE `sales_creditmemo_comment` (
  `entity_id` int(10) unsigned NOT NULL AUTO_INCREMENT COMMENT 'Entity Id',
  `parent_id` int(10) unsigned NOT NULL COMMENT 'Parent Id',
  `is_customer_notified` int(11) DEFAULT NULL COMMENT 'Is Customer Notified',
  `is_visible_on_front` smallint(5) unsigned NOT NULL DEFAULT '0' COMMENT 'Is Visible On Front',
  `comment` text COMMENT 'Comment',
  `created_at` timestamp NOT NULL DEFAULT CURRENT_TIMESTAMP COMMENT 'Created At',
  PRIMARY KEY (`entity_id`),
  KEY `SALES_CREDITMEMO_COMMENT_CREATED_AT` (`created_at`),
  KEY `SALES_CREDITMEMO_COMMENT_PARENT_ID` (`parent_id`),
  CONSTRAINT `SALES_CREDITMEMO_COMMENT_PARENT_ID_SALES_CREDITMEMO_ENTITY_ID` FOREIGN KEY (`parent_id`) REFERENCES `sales_creditmemo` (`entity_id`) ON DELETE CASCADE
) ENGINE=InnoDB DEFAULT CHARSET=utf8 COMMENT='Sales Flat Creditmemo Comment';

--
-- Dumping data for table `sales_creditmemo_comment`
--


--
-- Table structure for table `sales_creditmemo_grid`
--

CREATE TABLE `sales_creditmemo_grid` (
  `entity_id` int(10) unsigned NOT NULL COMMENT 'Entity Id',
  `increment_id` varchar(50) DEFAULT NULL COMMENT 'Increment Id',
  `created_at` timestamp NULL DEFAULT NULL COMMENT 'Created At',
  `updated_at` timestamp NULL DEFAULT NULL COMMENT 'Updated At',
  `order_id` int(10) unsigned NOT NULL COMMENT 'Order Id',
  `order_increment_id` varchar(50) DEFAULT NULL COMMENT 'Order Increment Id',
  `order_created_at` timestamp NULL DEFAULT NULL COMMENT 'Order Created At',
  `billing_name` varchar(255) DEFAULT NULL COMMENT 'Billing Name',
  `state` int(11) DEFAULT NULL COMMENT 'Status',
  `base_grand_total` decimal(20,4) DEFAULT NULL COMMENT 'Base Grand Total',
  `order_status` varchar(32) DEFAULT NULL COMMENT 'Order Status',
  `store_id` smallint(5) unsigned DEFAULT NULL COMMENT 'Store Id',
  `billing_address` varchar(255) DEFAULT NULL COMMENT 'Billing Address',
  `shipping_address` varchar(255) DEFAULT NULL COMMENT 'Shipping Address',
  `customer_name` varchar(128) NOT NULL COMMENT 'Customer Name',
  `customer_email` varchar(128) DEFAULT NULL COMMENT 'Customer Email',
  `customer_group_id` smallint(6) DEFAULT NULL COMMENT 'Customer Group Id',
  `payment_method` varchar(32) DEFAULT NULL COMMENT 'Payment Method',
  `shipping_information` varchar(255) DEFAULT NULL COMMENT 'Shipping Method Name',
  `subtotal` decimal(20,4) DEFAULT NULL COMMENT 'Subtotal',
  `shipping_and_handling` decimal(20,4) DEFAULT NULL COMMENT 'Shipping and handling amount',
  `adjustment_positive` decimal(20,4) DEFAULT NULL COMMENT 'Adjustment Positive',
  `adjustment_negative` decimal(20,4) DEFAULT NULL COMMENT 'Adjustment Negative',
  `order_base_grand_total` decimal(20,4) DEFAULT NULL COMMENT 'Order Grand Total',
  PRIMARY KEY (`entity_id`),
  UNIQUE KEY `SALES_CREDITMEMO_GRID_INCREMENT_ID_STORE_ID` (`increment_id`,`store_id`),
  KEY `SALES_CREDITMEMO_GRID_ORDER_INCREMENT_ID` (`order_increment_id`),
  KEY `SALES_CREDITMEMO_GRID_CREATED_AT` (`created_at`),
  KEY `SALES_CREDITMEMO_GRID_UPDATED_AT` (`updated_at`),
  KEY `SALES_CREDITMEMO_GRID_ORDER_CREATED_AT` (`order_created_at`),
  KEY `SALES_CREDITMEMO_GRID_STATE` (`state`),
  KEY `SALES_CREDITMEMO_GRID_BILLING_NAME` (`billing_name`),
  KEY `SALES_CREDITMEMO_GRID_ORDER_STATUS` (`order_status`),
  KEY `SALES_CREDITMEMO_GRID_BASE_GRAND_TOTAL` (`base_grand_total`),
  KEY `SALES_CREDITMEMO_GRID_STORE_ID` (`store_id`),
  KEY `SALES_CREDITMEMO_GRID_ORDER_BASE_GRAND_TOTAL` (`order_base_grand_total`),
  KEY `SALES_CREDITMEMO_GRID_ORDER_ID` (`order_id`),
  FULLTEXT KEY `FTI_32B7BA885941A8254EE84AE650ABDC86` (`increment_id`,`order_increment_id`,`billing_name`,`billing_address`,`shipping_address`,`customer_name`,`customer_email`)
) ENGINE=InnoDB DEFAULT CHARSET=utf8 COMMENT='Sales Flat Creditmemo Grid';

--
-- Dumping data for table `sales_creditmemo_grid`
--


--
-- Table structure for table `sales_creditmemo_item`
--

CREATE TABLE `sales_creditmemo_item` (
  `entity_id` int(10) unsigned NOT NULL AUTO_INCREMENT COMMENT 'Entity Id',
  `parent_id` int(10) unsigned NOT NULL COMMENT 'Parent Id',
  `base_price` decimal(12,4) DEFAULT NULL COMMENT 'Base Price',
  `tax_amount` decimal(12,4) DEFAULT NULL COMMENT 'Tax Amount',
  `base_row_total` decimal(12,4) DEFAULT NULL COMMENT 'Base Row Total',
  `discount_amount` decimal(12,4) DEFAULT NULL COMMENT 'Discount Amount',
  `row_total` decimal(12,4) DEFAULT NULL COMMENT 'Row Total',
  `base_discount_amount` decimal(12,4) DEFAULT NULL COMMENT 'Base Discount Amount',
  `price_incl_tax` decimal(12,4) DEFAULT NULL COMMENT 'Price Incl Tax',
  `base_tax_amount` decimal(12,4) DEFAULT NULL COMMENT 'Base Tax Amount',
  `base_price_incl_tax` decimal(12,4) DEFAULT NULL COMMENT 'Base Price Incl Tax',
  `qty` decimal(12,4) DEFAULT NULL COMMENT 'Qty',
  `base_cost` decimal(12,4) DEFAULT NULL COMMENT 'Base Cost',
  `price` decimal(12,4) DEFAULT NULL COMMENT 'Price',
  `base_row_total_incl_tax` decimal(12,4) DEFAULT NULL COMMENT 'Base Row Total Incl Tax',
  `row_total_incl_tax` decimal(12,4) DEFAULT NULL COMMENT 'Row Total Incl Tax',
  `product_id` int(11) DEFAULT NULL COMMENT 'Product Id',
  `order_item_id` int(11) DEFAULT NULL COMMENT 'Order Item Id',
  `additional_data` text COMMENT 'Additional Data',
  `description` text COMMENT 'Description',
  `sku` varchar(255) DEFAULT NULL COMMENT 'Sku',
  `name` varchar(255) DEFAULT NULL COMMENT 'Name',
  `discount_tax_compensation_amount` decimal(12,4) DEFAULT NULL COMMENT 'Discount Tax Compensation Amount',
  `base_discount_tax_compensation_amount` decimal(12,4) DEFAULT NULL COMMENT 'Base Discount Tax Compensation Amount',
  `tax_ratio` text COMMENT 'Ratio of tax in the creditmemo item over tax of the order item',
  `weee_tax_applied` text COMMENT 'Weee Tax Applied',
  `weee_tax_applied_amount` decimal(12,4) DEFAULT NULL COMMENT 'Weee Tax Applied Amount',
  `weee_tax_applied_row_amount` decimal(12,4) DEFAULT NULL COMMENT 'Weee Tax Applied Row Amount',
  `weee_tax_disposition` decimal(12,4) DEFAULT NULL COMMENT 'Weee Tax Disposition',
  `weee_tax_row_disposition` decimal(12,4) DEFAULT NULL COMMENT 'Weee Tax Row Disposition',
  `base_weee_tax_applied_amount` decimal(12,4) DEFAULT NULL COMMENT 'Base Weee Tax Applied Amount',
  `base_weee_tax_applied_row_amnt` decimal(12,4) DEFAULT NULL COMMENT 'Base Weee Tax Applied Row Amnt',
  `base_weee_tax_disposition` decimal(12,4) DEFAULT NULL COMMENT 'Base Weee Tax Disposition',
  `base_weee_tax_row_disposition` decimal(12,4) DEFAULT NULL COMMENT 'Base Weee Tax Row Disposition',
  PRIMARY KEY (`entity_id`),
  KEY `SALES_CREDITMEMO_ITEM_PARENT_ID` (`parent_id`),
  CONSTRAINT `SALES_CREDITMEMO_ITEM_PARENT_ID_SALES_CREDITMEMO_ENTITY_ID` FOREIGN KEY (`parent_id`) REFERENCES `sales_creditmemo` (`entity_id`) ON DELETE CASCADE
) ENGINE=InnoDB DEFAULT CHARSET=utf8 COMMENT='Sales Flat Creditmemo Item';

--
-- Dumping data for table `sales_creditmemo_item`
--


--
-- Table structure for table `sales_invoice`
--

CREATE TABLE `sales_invoice` (
  `entity_id` int(10) unsigned NOT NULL AUTO_INCREMENT COMMENT 'Entity Id',
  `store_id` smallint(5) unsigned DEFAULT NULL COMMENT 'Store Id',
  `base_grand_total` decimal(20,4) DEFAULT NULL COMMENT 'Base Grand Total',
  `shipping_tax_amount` decimal(20,4) DEFAULT NULL COMMENT 'Shipping Tax Amount',
  `tax_amount` decimal(20,4) DEFAULT NULL COMMENT 'Tax Amount',
  `base_tax_amount` decimal(20,4) DEFAULT NULL COMMENT 'Base Tax Amount',
  `store_to_order_rate` decimal(20,4) DEFAULT NULL COMMENT 'Store To Order Rate',
  `base_shipping_tax_amount` decimal(20,4) DEFAULT NULL COMMENT 'Base Shipping Tax Amount',
  `base_discount_amount` decimal(20,4) DEFAULT NULL COMMENT 'Base Discount Amount',
  `base_to_order_rate` decimal(20,4) DEFAULT NULL COMMENT 'Base To Order Rate',
  `grand_total` decimal(20,4) DEFAULT NULL COMMENT 'Grand Total',
  `shipping_amount` decimal(20,4) DEFAULT NULL COMMENT 'Shipping Amount',
  `subtotal_incl_tax` decimal(20,4) DEFAULT NULL COMMENT 'Subtotal Incl Tax',
  `base_subtotal_incl_tax` decimal(20,4) DEFAULT NULL COMMENT 'Base Subtotal Incl Tax',
  `store_to_base_rate` decimal(20,4) DEFAULT NULL COMMENT 'Store To Base Rate',
  `base_shipping_amount` decimal(20,4) DEFAULT NULL COMMENT 'Base Shipping Amount',
  `total_qty` decimal(12,4) DEFAULT NULL COMMENT 'Total Qty',
  `base_to_global_rate` decimal(20,4) DEFAULT NULL COMMENT 'Base To Global Rate',
  `subtotal` decimal(20,4) DEFAULT NULL COMMENT 'Subtotal',
  `base_subtotal` decimal(20,4) DEFAULT NULL COMMENT 'Base Subtotal',
  `discount_amount` decimal(20,4) DEFAULT NULL COMMENT 'Discount Amount',
  `billing_address_id` int(11) DEFAULT NULL COMMENT 'Billing Address Id',
  `is_used_for_refund` smallint(5) unsigned DEFAULT NULL COMMENT 'Is Used For Refund',
  `order_id` int(10) unsigned NOT NULL COMMENT 'Order Id',
  `email_sent` smallint(5) unsigned DEFAULT NULL COMMENT 'Email Sent',
  `send_email` smallint(5) unsigned DEFAULT NULL COMMENT 'Send Email',
  `can_void_flag` smallint(5) unsigned DEFAULT NULL COMMENT 'Can Void Flag',
  `state` int(11) DEFAULT NULL COMMENT 'State',
  `shipping_address_id` int(11) DEFAULT NULL COMMENT 'Shipping Address Id',
  `store_currency_code` varchar(3) DEFAULT NULL COMMENT 'Store Currency Code',
  `transaction_id` varchar(255) DEFAULT NULL COMMENT 'Transaction Id',
  `order_currency_code` varchar(3) DEFAULT NULL COMMENT 'Order Currency Code',
  `base_currency_code` varchar(3) DEFAULT NULL COMMENT 'Base Currency Code',
  `global_currency_code` varchar(3) DEFAULT NULL COMMENT 'Global Currency Code',
  `increment_id` varchar(50) DEFAULT NULL COMMENT 'Increment Id',
  `created_at` timestamp NOT NULL DEFAULT CURRENT_TIMESTAMP COMMENT 'Created At',
  `updated_at` timestamp NOT NULL DEFAULT CURRENT_TIMESTAMP ON UPDATE CURRENT_TIMESTAMP COMMENT 'Updated At',
  `discount_tax_compensation_amount` decimal(20,4) DEFAULT NULL COMMENT 'Discount Tax Compensation Amount',
  `base_discount_tax_compensation_amount` decimal(20,4) DEFAULT NULL COMMENT 'Base Discount Tax Compensation Amount',
  `shipping_discount_tax_compensation_amount` decimal(20,4) DEFAULT NULL COMMENT 'Shipping Discount Tax Compensation Amount',
  `base_shipping_discount_tax_compensation_amnt` decimal(20,4) DEFAULT NULL COMMENT 'Base Shipping Discount Tax Compensation Amount',
  `shipping_incl_tax` decimal(20,4) DEFAULT NULL COMMENT 'Shipping Incl Tax',
  `base_shipping_incl_tax` decimal(20,4) DEFAULT NULL COMMENT 'Base Shipping Incl Tax',
  `base_total_refunded` decimal(20,4) DEFAULT NULL COMMENT 'Base Total Refunded',
  `discount_description` varchar(255) DEFAULT NULL COMMENT 'Discount Description',
  `customer_note` text COMMENT 'Customer Note',
  `customer_note_notify` smallint(5) unsigned DEFAULT NULL COMMENT 'Customer Note Notify',
  PRIMARY KEY (`entity_id`),
  UNIQUE KEY `SALES_INVOICE_INCREMENT_ID_STORE_ID` (`increment_id`,`store_id`),
  KEY `SALES_INVOICE_STORE_ID` (`store_id`),
  KEY `SALES_INVOICE_GRAND_TOTAL` (`grand_total`),
  KEY `SALES_INVOICE_ORDER_ID` (`order_id`),
  KEY `SALES_INVOICE_STATE` (`state`),
  KEY `SALES_INVOICE_CREATED_AT` (`created_at`),
  KEY `SALES_INVOICE_UPDATED_AT` (`updated_at`),
  KEY `SALES_INVOICE_SEND_EMAIL` (`send_email`),
  KEY `SALES_INVOICE_EMAIL_SENT` (`email_sent`),
  CONSTRAINT `SALES_INVOICE_ORDER_ID_SALES_ORDER_ENTITY_ID` FOREIGN KEY (`order_id`) REFERENCES `sales_order` (`entity_id`) ON DELETE CASCADE,
  CONSTRAINT `SALES_INVOICE_STORE_ID_STORE_STORE_ID` FOREIGN KEY (`store_id`) REFERENCES `store` (`store_id`) ON DELETE SET NULL
) ENGINE=InnoDB DEFAULT CHARSET=utf8 COMMENT='Sales Flat Invoice';

--
-- Dumping data for table `sales_invoice`
--


--
-- Table structure for table `sales_invoice_comment`
--

CREATE TABLE `sales_invoice_comment` (
  `entity_id` int(10) unsigned NOT NULL AUTO_INCREMENT COMMENT 'Entity Id',
  `parent_id` int(10) unsigned NOT NULL COMMENT 'Parent Id',
  `is_customer_notified` smallint(5) unsigned DEFAULT NULL COMMENT 'Is Customer Notified',
  `is_visible_on_front` smallint(5) unsigned NOT NULL DEFAULT '0' COMMENT 'Is Visible On Front',
  `comment` text COMMENT 'Comment',
  `created_at` timestamp NOT NULL DEFAULT CURRENT_TIMESTAMP COMMENT 'Created At',
  PRIMARY KEY (`entity_id`),
  KEY `SALES_INVOICE_COMMENT_CREATED_AT` (`created_at`),
  KEY `SALES_INVOICE_COMMENT_PARENT_ID` (`parent_id`),
  CONSTRAINT `SALES_INVOICE_COMMENT_PARENT_ID_SALES_INVOICE_ENTITY_ID` FOREIGN KEY (`parent_id`) REFERENCES `sales_invoice` (`entity_id`) ON DELETE CASCADE
) ENGINE=InnoDB DEFAULT CHARSET=utf8 COMMENT='Sales Flat Invoice Comment';

--
-- Dumping data for table `sales_invoice_comment`
--


--
-- Table structure for table `sales_invoice_grid`
--

CREATE TABLE `sales_invoice_grid` (
  `entity_id` int(10) unsigned NOT NULL COMMENT 'Entity Id',
  `increment_id` varchar(50) DEFAULT NULL COMMENT 'Increment Id',
  `state` int(11) DEFAULT NULL COMMENT 'State',
  `store_id` smallint(5) unsigned DEFAULT NULL COMMENT 'Store Id',
  `store_name` varchar(255) DEFAULT NULL COMMENT 'Store Name',
  `order_id` int(10) unsigned NOT NULL COMMENT 'Order Id',
  `order_increment_id` varchar(50) DEFAULT NULL COMMENT 'Order Increment Id',
  `order_created_at` timestamp NULL DEFAULT NULL COMMENT 'Order Created At',
  `customer_name` varchar(255) DEFAULT NULL COMMENT 'Customer Name',
  `customer_email` varchar(255) DEFAULT NULL COMMENT 'Customer Email',
  `customer_group_id` int(11) DEFAULT NULL,
  `payment_method` varchar(128) DEFAULT NULL COMMENT 'Payment Method',
  `store_currency_code` varchar(3) DEFAULT NULL COMMENT 'Store Currency Code',
  `order_currency_code` varchar(3) DEFAULT NULL COMMENT 'Order Currency Code',
  `base_currency_code` varchar(3) DEFAULT NULL COMMENT 'Base Currency Code',
  `global_currency_code` varchar(3) DEFAULT NULL COMMENT 'Global Currency Code',
  `billing_name` varchar(255) DEFAULT NULL COMMENT 'Billing Name',
  `billing_address` varchar(255) DEFAULT NULL COMMENT 'Billing Address',
  `shipping_address` varchar(255) DEFAULT NULL COMMENT 'Shipping Address',
  `shipping_information` varchar(255) DEFAULT NULL COMMENT 'Shipping Method Name',
  `subtotal` decimal(20,4) DEFAULT NULL COMMENT 'Subtotal',
  `shipping_and_handling` decimal(20,4) DEFAULT NULL COMMENT 'Shipping and handling amount',
  `grand_total` decimal(20,4) DEFAULT NULL COMMENT 'Grand Total',
  `created_at` timestamp NULL DEFAULT NULL COMMENT 'Created At',
  `updated_at` timestamp NULL DEFAULT NULL COMMENT 'Updated At',
  `base_grand_total` decimal(20,4) DEFAULT NULL COMMENT 'Base Grand Total',
  PRIMARY KEY (`entity_id`),
  UNIQUE KEY `SALES_INVOICE_GRID_INCREMENT_ID_STORE_ID` (`increment_id`,`store_id`),
  KEY `SALES_INVOICE_GRID_STORE_ID` (`store_id`),
  KEY `SALES_INVOICE_GRID_GRAND_TOTAL` (`grand_total`),
  KEY `SALES_INVOICE_GRID_ORDER_ID` (`order_id`),
  KEY `SALES_INVOICE_GRID_STATE` (`state`),
  KEY `SALES_INVOICE_GRID_ORDER_INCREMENT_ID` (`order_increment_id`),
  KEY `SALES_INVOICE_GRID_CREATED_AT` (`created_at`),
  KEY `SALES_INVOICE_GRID_UPDATED_AT` (`updated_at`),
  KEY `SALES_INVOICE_GRID_ORDER_CREATED_AT` (`order_created_at`),
  KEY `SALES_INVOICE_GRID_BILLING_NAME` (`billing_name`),
  KEY `SALES_INVOICE_GRID_BASE_GRAND_TOTAL` (`base_grand_total`),
  FULLTEXT KEY `FTI_95D9C924DD6A8734EB8B5D01D60F90DE` (`increment_id`,`order_increment_id`,`billing_name`,`billing_address`,`shipping_address`,`customer_name`,`customer_email`)
) ENGINE=InnoDB DEFAULT CHARSET=utf8 COMMENT='Sales Flat Invoice Grid';

--
-- Dumping data for table `sales_invoice_grid`
--


--
-- Table structure for table `sales_invoice_item`
--

CREATE TABLE `sales_invoice_item` (
  `entity_id` int(10) unsigned NOT NULL AUTO_INCREMENT COMMENT 'Entity Id',
  `parent_id` int(10) unsigned NOT NULL COMMENT 'Parent Id',
  `base_price` decimal(12,4) DEFAULT NULL COMMENT 'Base Price',
  `tax_amount` decimal(12,4) DEFAULT NULL COMMENT 'Tax Amount',
  `base_row_total` decimal(20,4) DEFAULT NULL COMMENT 'Base Row Total',
  `discount_amount` decimal(12,4) DEFAULT NULL COMMENT 'Discount Amount',
  `row_total` decimal(20,4) DEFAULT NULL COMMENT 'Row Total',
  `base_discount_amount` decimal(12,4) DEFAULT NULL COMMENT 'Base Discount Amount',
  `price_incl_tax` decimal(12,4) DEFAULT NULL COMMENT 'Price Incl Tax',
  `base_tax_amount` decimal(12,4) DEFAULT NULL COMMENT 'Base Tax Amount',
  `base_price_incl_tax` decimal(12,4) DEFAULT NULL COMMENT 'Base Price Incl Tax',
  `qty` decimal(12,4) DEFAULT NULL COMMENT 'Qty',
  `base_cost` decimal(12,4) DEFAULT NULL COMMENT 'Base Cost',
  `price` decimal(12,4) DEFAULT NULL COMMENT 'Price',
  `base_row_total_incl_tax` decimal(12,4) DEFAULT NULL COMMENT 'Base Row Total Incl Tax',
  `row_total_incl_tax` decimal(12,4) DEFAULT NULL COMMENT 'Row Total Incl Tax',
  `product_id` int(11) DEFAULT NULL COMMENT 'Product Id',
  `order_item_id` int(11) DEFAULT NULL COMMENT 'Order Item Id',
  `additional_data` text COMMENT 'Additional Data',
  `description` text COMMENT 'Description',
  `sku` varchar(255) DEFAULT NULL COMMENT 'Sku',
  `name` varchar(255) DEFAULT NULL COMMENT 'Name',
  `discount_tax_compensation_amount` decimal(12,4) DEFAULT NULL COMMENT 'Discount Tax Compensation Amount',
  `base_discount_tax_compensation_amount` decimal(12,4) DEFAULT NULL COMMENT 'Base Discount Tax Compensation Amount',
  `tax_ratio` text COMMENT 'Ratio of tax invoiced over tax of the order item',
  `weee_tax_applied` text COMMENT 'Weee Tax Applied',
  `weee_tax_applied_amount` decimal(12,4) DEFAULT NULL COMMENT 'Weee Tax Applied Amount',
  `weee_tax_applied_row_amount` decimal(12,4) DEFAULT NULL COMMENT 'Weee Tax Applied Row Amount',
  `weee_tax_disposition` decimal(12,4) DEFAULT NULL COMMENT 'Weee Tax Disposition',
  `weee_tax_row_disposition` decimal(12,4) DEFAULT NULL COMMENT 'Weee Tax Row Disposition',
  `base_weee_tax_applied_amount` decimal(12,4) DEFAULT NULL COMMENT 'Base Weee Tax Applied Amount',
  `base_weee_tax_applied_row_amnt` decimal(12,4) DEFAULT NULL COMMENT 'Base Weee Tax Applied Row Amnt',
  `base_weee_tax_disposition` decimal(12,4) DEFAULT NULL COMMENT 'Base Weee Tax Disposition',
  `base_weee_tax_row_disposition` decimal(12,4) DEFAULT NULL COMMENT 'Base Weee Tax Row Disposition',
  PRIMARY KEY (`entity_id`),
  KEY `SALES_INVOICE_ITEM_PARENT_ID` (`parent_id`),
  CONSTRAINT `SALES_INVOICE_ITEM_PARENT_ID_SALES_INVOICE_ENTITY_ID` FOREIGN KEY (`parent_id`) REFERENCES `sales_invoice` (`entity_id`) ON DELETE CASCADE
) ENGINE=InnoDB DEFAULT CHARSET=utf8 COMMENT='Sales Flat Invoice Item';

--
-- Dumping data for table `sales_invoice_item`
--


--
-- Table structure for table `sales_invoiced_aggregated`
--

CREATE TABLE `sales_invoiced_aggregated` (
  `id` int(10) unsigned NOT NULL AUTO_INCREMENT COMMENT 'Id',
  `period` date DEFAULT NULL COMMENT 'Period',
  `store_id` smallint(5) unsigned DEFAULT NULL COMMENT 'Store Id',
  `order_status` varchar(50) DEFAULT NULL COMMENT 'Order Status',
  `orders_count` int(11) NOT NULL DEFAULT '0' COMMENT 'Orders Count',
  `orders_invoiced` decimal(12,4) DEFAULT NULL COMMENT 'Orders Invoiced',
  `invoiced` decimal(12,4) DEFAULT NULL COMMENT 'Invoiced',
  `invoiced_captured` decimal(12,4) DEFAULT NULL COMMENT 'Invoiced Captured',
  `invoiced_not_captured` decimal(12,4) DEFAULT NULL COMMENT 'Invoiced Not Captured',
  PRIMARY KEY (`id`),
  UNIQUE KEY `SALES_INVOICED_AGGREGATED_PERIOD_STORE_ID_ORDER_STATUS` (`period`,`store_id`,`order_status`),
  KEY `SALES_INVOICED_AGGREGATED_STORE_ID` (`store_id`),
  CONSTRAINT `SALES_INVOICED_AGGREGATED_STORE_ID_STORE_STORE_ID` FOREIGN KEY (`store_id`) REFERENCES `store` (`store_id`) ON DELETE SET NULL
) ENGINE=InnoDB DEFAULT CHARSET=utf8 COMMENT='Sales Invoiced Aggregated';

--
-- Dumping data for table `sales_invoiced_aggregated`
--


--
-- Table structure for table `sales_invoiced_aggregated_order`
--

CREATE TABLE `sales_invoiced_aggregated_order` (
  `id` int(10) unsigned NOT NULL AUTO_INCREMENT COMMENT 'Id',
  `period` date DEFAULT NULL COMMENT 'Period',
  `store_id` smallint(5) unsigned DEFAULT NULL COMMENT 'Store Id',
  `order_status` varchar(50) NOT NULL COMMENT 'Order Status',
  `orders_count` int(11) NOT NULL DEFAULT '0' COMMENT 'Orders Count',
  `orders_invoiced` decimal(12,4) DEFAULT NULL COMMENT 'Orders Invoiced',
  `invoiced` decimal(12,4) DEFAULT NULL COMMENT 'Invoiced',
  `invoiced_captured` decimal(12,4) DEFAULT NULL COMMENT 'Invoiced Captured',
  `invoiced_not_captured` decimal(12,4) DEFAULT NULL COMMENT 'Invoiced Not Captured',
  PRIMARY KEY (`id`),
  UNIQUE KEY `SALES_INVOICED_AGGREGATED_ORDER_PERIOD_STORE_ID_ORDER_STATUS` (`period`,`store_id`,`order_status`),
  KEY `SALES_INVOICED_AGGREGATED_ORDER_STORE_ID` (`store_id`),
  CONSTRAINT `SALES_INVOICED_AGGREGATED_ORDER_STORE_ID_STORE_STORE_ID` FOREIGN KEY (`store_id`) REFERENCES `store` (`store_id`) ON DELETE SET NULL
) ENGINE=InnoDB DEFAULT CHARSET=utf8 COMMENT='Sales Invoiced Aggregated Order';

--
-- Dumping data for table `sales_invoiced_aggregated_order`
--


--
-- Table structure for table `sales_order`
--

CREATE TABLE `sales_order` (
  `entity_id` int(10) unsigned NOT NULL AUTO_INCREMENT COMMENT 'Entity Id',
  `state` varchar(32) DEFAULT NULL COMMENT 'State',
  `status` varchar(32) DEFAULT NULL COMMENT 'Status',
  `coupon_code` varchar(255) DEFAULT NULL COMMENT 'Coupon Code',
  `protect_code` varchar(255) DEFAULT NULL COMMENT 'Protect Code',
  `shipping_description` varchar(255) DEFAULT NULL COMMENT 'Shipping Description',
  `is_virtual` smallint(5) unsigned DEFAULT NULL COMMENT 'Is Virtual',
  `store_id` smallint(5) unsigned DEFAULT NULL COMMENT 'Store Id',
  `customer_id` int(10) unsigned DEFAULT NULL COMMENT 'Customer Id',
  `base_discount_amount` decimal(20,4) DEFAULT NULL COMMENT 'Base Discount Amount',
  `base_discount_canceled` decimal(20,4) DEFAULT NULL COMMENT 'Base Discount Canceled',
  `base_discount_invoiced` decimal(20,4) DEFAULT NULL COMMENT 'Base Discount Invoiced',
  `base_discount_refunded` decimal(20,4) DEFAULT NULL COMMENT 'Base Discount Refunded',
  `base_grand_total` decimal(20,4) DEFAULT NULL COMMENT 'Base Grand Total',
  `base_shipping_amount` decimal(20,4) DEFAULT NULL COMMENT 'Base Shipping Amount',
  `base_shipping_canceled` decimal(20,4) DEFAULT NULL COMMENT 'Base Shipping Canceled',
  `base_shipping_invoiced` decimal(20,4) DEFAULT NULL COMMENT 'Base Shipping Invoiced',
  `base_shipping_refunded` decimal(20,4) DEFAULT NULL COMMENT 'Base Shipping Refunded',
  `base_shipping_tax_amount` decimal(20,4) DEFAULT NULL COMMENT 'Base Shipping Tax Amount',
  `base_shipping_tax_refunded` decimal(20,4) DEFAULT NULL COMMENT 'Base Shipping Tax Refunded',
  `base_subtotal` decimal(20,4) DEFAULT NULL COMMENT 'Base Subtotal',
  `base_subtotal_canceled` decimal(20,4) DEFAULT NULL COMMENT 'Base Subtotal Canceled',
  `base_subtotal_invoiced` decimal(20,4) DEFAULT NULL COMMENT 'Base Subtotal Invoiced',
  `base_subtotal_refunded` decimal(20,4) DEFAULT NULL COMMENT 'Base Subtotal Refunded',
  `base_tax_amount` decimal(20,4) DEFAULT NULL COMMENT 'Base Tax Amount',
  `base_tax_canceled` decimal(20,4) DEFAULT NULL COMMENT 'Base Tax Canceled',
  `base_tax_invoiced` decimal(20,4) DEFAULT NULL COMMENT 'Base Tax Invoiced',
  `base_tax_refunded` decimal(20,4) DEFAULT NULL COMMENT 'Base Tax Refunded',
  `base_to_global_rate` decimal(20,4) DEFAULT NULL COMMENT 'Base To Global Rate',
  `base_to_order_rate` decimal(20,4) DEFAULT NULL COMMENT 'Base To Order Rate',
  `base_total_canceled` decimal(20,4) DEFAULT NULL COMMENT 'Base Total Canceled',
  `base_total_invoiced` decimal(20,4) DEFAULT NULL COMMENT 'Base Total Invoiced',
  `base_total_invoiced_cost` decimal(20,4) DEFAULT NULL COMMENT 'Base Total Invoiced Cost',
  `base_total_offline_refunded` decimal(20,4) DEFAULT NULL COMMENT 'Base Total Offline Refunded',
  `base_total_online_refunded` decimal(20,4) DEFAULT NULL COMMENT 'Base Total Online Refunded',
  `base_total_paid` decimal(20,4) DEFAULT NULL COMMENT 'Base Total Paid',
  `base_total_qty_ordered` decimal(12,4) DEFAULT NULL COMMENT 'Base Total Qty Ordered',
  `base_total_refunded` decimal(20,4) DEFAULT NULL COMMENT 'Base Total Refunded',
  `discount_amount` decimal(20,4) DEFAULT NULL COMMENT 'Discount Amount',
  `discount_canceled` decimal(20,4) DEFAULT NULL COMMENT 'Discount Canceled',
  `discount_invoiced` decimal(20,4) DEFAULT NULL COMMENT 'Discount Invoiced',
  `discount_refunded` decimal(20,4) DEFAULT NULL COMMENT 'Discount Refunded',
  `grand_total` decimal(20,4) DEFAULT NULL COMMENT 'Grand Total',
  `shipping_amount` decimal(20,4) DEFAULT NULL COMMENT 'Shipping Amount',
  `shipping_canceled` decimal(20,4) DEFAULT NULL COMMENT 'Shipping Canceled',
  `shipping_invoiced` decimal(20,4) DEFAULT NULL COMMENT 'Shipping Invoiced',
  `shipping_refunded` decimal(20,4) DEFAULT NULL COMMENT 'Shipping Refunded',
  `shipping_tax_amount` decimal(20,4) DEFAULT NULL COMMENT 'Shipping Tax Amount',
  `shipping_tax_refunded` decimal(20,4) DEFAULT NULL COMMENT 'Shipping Tax Refunded',
  `store_to_base_rate` decimal(12,4) DEFAULT NULL COMMENT 'Store To Base Rate',
  `store_to_order_rate` decimal(12,4) DEFAULT NULL COMMENT 'Store To Order Rate',
  `subtotal` decimal(20,4) DEFAULT NULL COMMENT 'Subtotal',
  `subtotal_canceled` decimal(20,4) DEFAULT NULL COMMENT 'Subtotal Canceled',
  `subtotal_invoiced` decimal(20,4) DEFAULT NULL COMMENT 'Subtotal Invoiced',
  `subtotal_refunded` decimal(20,4) DEFAULT NULL COMMENT 'Subtotal Refunded',
  `tax_amount` decimal(20,4) DEFAULT NULL COMMENT 'Tax Amount',
  `tax_canceled` decimal(20,4) DEFAULT NULL COMMENT 'Tax Canceled',
  `tax_invoiced` decimal(20,4) DEFAULT NULL COMMENT 'Tax Invoiced',
  `tax_refunded` decimal(20,4) DEFAULT NULL COMMENT 'Tax Refunded',
  `total_canceled` decimal(20,4) DEFAULT NULL COMMENT 'Total Canceled',
  `total_invoiced` decimal(20,4) DEFAULT NULL COMMENT 'Total Invoiced',
  `total_offline_refunded` decimal(20,4) DEFAULT NULL COMMENT 'Total Offline Refunded',
  `total_online_refunded` decimal(20,4) DEFAULT NULL COMMENT 'Total Online Refunded',
  `total_paid` decimal(20,4) DEFAULT NULL COMMENT 'Total Paid',
  `total_qty_ordered` decimal(12,4) DEFAULT NULL COMMENT 'Total Qty Ordered',
  `total_refunded` decimal(20,4) DEFAULT NULL COMMENT 'Total Refunded',
  `can_ship_partially` smallint(5) unsigned DEFAULT NULL COMMENT 'Can Ship Partially',
  `can_ship_partially_item` smallint(5) unsigned DEFAULT NULL COMMENT 'Can Ship Partially Item',
  `customer_is_guest` smallint(5) unsigned DEFAULT NULL COMMENT 'Customer Is Guest',
  `customer_note_notify` smallint(5) unsigned DEFAULT NULL COMMENT 'Customer Note Notify',
  `billing_address_id` int(11) DEFAULT NULL COMMENT 'Billing Address Id',
  `customer_group_id` int(11) DEFAULT NULL,
  `edit_increment` int(11) DEFAULT NULL COMMENT 'Edit Increment',
  `email_sent` smallint(5) unsigned DEFAULT NULL COMMENT 'Email Sent',
  `send_email` smallint(5) unsigned DEFAULT NULL COMMENT 'Send Email',
  `forced_shipment_with_invoice` smallint(5) unsigned DEFAULT NULL COMMENT 'Forced Do Shipment With Invoice',
  `payment_auth_expiration` int(11) DEFAULT NULL COMMENT 'Payment Authorization Expiration',
  `quote_address_id` int(11) DEFAULT NULL COMMENT 'Quote Address Id',
  `quote_id` int(11) DEFAULT NULL COMMENT 'Quote Id',
  `shipping_address_id` int(11) DEFAULT NULL COMMENT 'Shipping Address Id',
  `adjustment_negative` decimal(20,4) DEFAULT NULL COMMENT 'Adjustment Negative',
  `adjustment_positive` decimal(20,4) DEFAULT NULL COMMENT 'Adjustment Positive',
  `base_adjustment_negative` decimal(20,4) DEFAULT NULL COMMENT 'Base Adjustment Negative',
  `base_adjustment_positive` decimal(20,4) DEFAULT NULL COMMENT 'Base Adjustment Positive',
  `base_shipping_discount_amount` decimal(20,4) DEFAULT NULL COMMENT 'Base Shipping Discount Amount',
  `base_subtotal_incl_tax` decimal(20,4) DEFAULT NULL COMMENT 'Base Subtotal Incl Tax',
  `base_total_due` decimal(20,4) DEFAULT NULL COMMENT 'Base Total Due',
  `payment_authorization_amount` decimal(20,4) DEFAULT NULL COMMENT 'Payment Authorization Amount',
  `shipping_discount_amount` decimal(20,4) DEFAULT NULL COMMENT 'Shipping Discount Amount',
  `subtotal_incl_tax` decimal(20,4) DEFAULT NULL COMMENT 'Subtotal Incl Tax',
  `total_due` decimal(20,4) DEFAULT NULL COMMENT 'Total Due',
  `weight` decimal(12,4) DEFAULT NULL COMMENT 'Weight',
  `customer_dob` datetime DEFAULT NULL COMMENT 'Customer Dob',
  `increment_id` varchar(32) DEFAULT NULL COMMENT 'Increment Id',
  `applied_rule_ids` varchar(128) DEFAULT NULL COMMENT 'Applied Rule Ids',
  `base_currency_code` varchar(3) DEFAULT NULL COMMENT 'Base Currency Code',
  `customer_email` varchar(128) DEFAULT NULL COMMENT 'Customer Email',
  `customer_firstname` varchar(128) DEFAULT NULL COMMENT 'Customer Firstname',
  `customer_lastname` varchar(128) DEFAULT NULL COMMENT 'Customer Lastname',
  `customer_middlename` varchar(128) DEFAULT NULL COMMENT 'Customer Middlename',
  `customer_prefix` varchar(32) DEFAULT NULL COMMENT 'Customer Prefix',
  `customer_suffix` varchar(32) DEFAULT NULL COMMENT 'Customer Suffix',
  `customer_taxvat` varchar(32) DEFAULT NULL COMMENT 'Customer Taxvat',
  `discount_description` varchar(255) DEFAULT NULL COMMENT 'Discount Description',
  `ext_customer_id` varchar(32) DEFAULT NULL COMMENT 'Ext Customer Id',
  `ext_order_id` varchar(32) DEFAULT NULL COMMENT 'Ext Order Id',
  `global_currency_code` varchar(3) DEFAULT NULL COMMENT 'Global Currency Code',
  `hold_before_state` varchar(32) DEFAULT NULL COMMENT 'Hold Before State',
  `hold_before_status` varchar(32) DEFAULT NULL COMMENT 'Hold Before Status',
  `order_currency_code` varchar(3) DEFAULT NULL COMMENT 'Order Currency Code',
  `original_increment_id` varchar(32) DEFAULT NULL COMMENT 'Original Increment Id',
  `relation_child_id` varchar(32) DEFAULT NULL COMMENT 'Relation Child Id',
  `relation_child_real_id` varchar(32) DEFAULT NULL COMMENT 'Relation Child Real Id',
  `relation_parent_id` varchar(32) DEFAULT NULL COMMENT 'Relation Parent Id',
  `relation_parent_real_id` varchar(32) DEFAULT NULL COMMENT 'Relation Parent Real Id',
  `remote_ip` varchar(45) DEFAULT NULL COMMENT 'Remote Ip',
  `shipping_method` varchar(120) DEFAULT NULL,
  `store_currency_code` varchar(3) DEFAULT NULL COMMENT 'Store Currency Code',
  `store_name` varchar(255) DEFAULT NULL COMMENT 'Store Name',
  `x_forwarded_for` varchar(32) DEFAULT NULL COMMENT 'X Forwarded For',
  `customer_note` text COMMENT 'Customer Note',
  `created_at` timestamp NOT NULL DEFAULT CURRENT_TIMESTAMP COMMENT 'Created At',
  `updated_at` timestamp NOT NULL DEFAULT CURRENT_TIMESTAMP ON UPDATE CURRENT_TIMESTAMP COMMENT 'Updated At',
  `total_item_count` smallint(5) unsigned NOT NULL DEFAULT '0' COMMENT 'Total Item Count',
  `customer_gender` int(11) DEFAULT NULL COMMENT 'Customer Gender',
  `discount_tax_compensation_amount` decimal(20,4) DEFAULT NULL COMMENT 'Discount Tax Compensation Amount',
  `base_discount_tax_compensation_amount` decimal(20,4) DEFAULT NULL COMMENT 'Base Discount Tax Compensation Amount',
  `shipping_discount_tax_compensation_amount` decimal(20,4) DEFAULT NULL COMMENT 'Shipping Discount Tax Compensation Amount',
  `base_shipping_discount_tax_compensation_amnt` decimal(20,4) DEFAULT NULL COMMENT 'Base Shipping Discount Tax Compensation Amount',
  `discount_tax_compensation_invoiced` decimal(20,4) DEFAULT NULL COMMENT 'Discount Tax Compensation Invoiced',
  `base_discount_tax_compensation_invoiced` decimal(20,4) DEFAULT NULL COMMENT 'Base Discount Tax Compensation Invoiced',
  `discount_tax_compensation_refunded` decimal(20,4) DEFAULT NULL COMMENT 'Discount Tax Compensation Refunded',
  `base_discount_tax_compensation_refunded` decimal(20,4) DEFAULT NULL COMMENT 'Base Discount Tax Compensation Refunded',
  `shipping_incl_tax` decimal(20,4) DEFAULT NULL COMMENT 'Shipping Incl Tax',
  `base_shipping_incl_tax` decimal(20,4) DEFAULT NULL COMMENT 'Base Shipping Incl Tax',
  `coupon_rule_name` varchar(255) DEFAULT NULL COMMENT 'Coupon Sales Rule Name',
  `gift_message_id` int(11) DEFAULT NULL COMMENT 'Gift Message Id',
  `paypal_ipn_customer_notified` int(11) DEFAULT '0' COMMENT 'Paypal Ipn Customer Notified',
  `carrier_office` text COMMENT 'Carrier Office',
  `mailchimp_abandonedcart_flag` tinyint(1) DEFAULT '0' COMMENT 'Retrieved from Mailchimp',
  `mailchimp_campaign_id` varchar(16) DEFAULT '' COMMENT 'Campaign',
  `mailchimp_landing_page` text COMMENT 'Landing Page',
  `mailchimp_flag` tinyint(1) DEFAULT '0' COMMENT 'Retrieved from Mailchimp',
  PRIMARY KEY (`entity_id`),
  UNIQUE KEY `SALES_ORDER_INCREMENT_ID_STORE_ID` (`increment_id`,`store_id`),
  KEY `SALES_ORDER_STATUS` (`status`),
  KEY `SALES_ORDER_STATE` (`state`),
  KEY `SALES_ORDER_STORE_ID` (`store_id`),
  KEY `SALES_ORDER_CREATED_AT` (`created_at`),
  KEY `SALES_ORDER_CUSTOMER_ID` (`customer_id`),
  KEY `SALES_ORDER_EXT_ORDER_ID` (`ext_order_id`),
  KEY `SALES_ORDER_QUOTE_ID` (`quote_id`),
  KEY `SALES_ORDER_UPDATED_AT` (`updated_at`),
  KEY `SALES_ORDER_SEND_EMAIL` (`send_email`),
  KEY `SALES_ORDER_EMAIL_SENT` (`email_sent`),
  CONSTRAINT `SALES_ORDER_CUSTOMER_ID_CUSTOMER_ENTITY_ENTITY_ID` FOREIGN KEY (`customer_id`) REFERENCES `customer_entity` (`entity_id`) ON DELETE SET NULL,
  CONSTRAINT `SALES_ORDER_STORE_ID_STORE_STORE_ID` FOREIGN KEY (`store_id`) REFERENCES `store` (`store_id`) ON DELETE SET NULL
) ENGINE=InnoDB DEFAULT CHARSET=utf8 COMMENT='Sales Flat Order';

--
-- Dumping data for table `sales_order`
--


--
-- Table structure for table `sales_order_address`
--

CREATE TABLE `sales_order_address` (
  `entity_id` int(10) unsigned NOT NULL AUTO_INCREMENT COMMENT 'Entity Id',
  `parent_id` int(10) unsigned DEFAULT NULL COMMENT 'Parent Id',
  `customer_address_id` int(11) DEFAULT NULL COMMENT 'Customer Address Id',
  `quote_address_id` int(11) DEFAULT NULL COMMENT 'Quote Address Id',
  `region_id` int(11) DEFAULT NULL COMMENT 'Region Id',
  `customer_id` int(11) DEFAULT NULL COMMENT 'Customer Id',
  `fax` varchar(255) DEFAULT NULL COMMENT 'Fax',
  `region` varchar(255) DEFAULT NULL COMMENT 'Region',
  `postcode` varchar(255) DEFAULT NULL COMMENT 'Postcode',
  `lastname` varchar(255) DEFAULT NULL COMMENT 'Lastname',
  `street` varchar(255) DEFAULT NULL COMMENT 'Street',
  `city` varchar(255) DEFAULT NULL COMMENT 'City',
  `email` varchar(255) DEFAULT NULL COMMENT 'Email',
  `telephone` varchar(255) DEFAULT NULL COMMENT 'Phone Number',
  `country_id` varchar(2) DEFAULT NULL COMMENT 'Country Id',
  `firstname` varchar(255) DEFAULT NULL COMMENT 'Firstname',
  `address_type` varchar(255) DEFAULT NULL COMMENT 'Address Type',
  `prefix` varchar(255) DEFAULT NULL COMMENT 'Prefix',
  `middlename` varchar(255) DEFAULT NULL COMMENT 'Middlename',
  `suffix` varchar(255) DEFAULT NULL COMMENT 'Suffix',
  `company` varchar(255) DEFAULT NULL COMMENT 'Company',
  `vat_id` text COMMENT 'Vat Id',
  `vat_is_valid` smallint(6) DEFAULT NULL COMMENT 'Vat Is Valid',
  `vat_request_id` text COMMENT 'Vat Request Id',
  `vat_request_date` text COMMENT 'Vat Request Date',
  `vat_request_success` smallint(6) DEFAULT NULL COMMENT 'Vat Request Success',
  PRIMARY KEY (`entity_id`),
  KEY `SALES_ORDER_ADDRESS_PARENT_ID` (`parent_id`),
  CONSTRAINT `SALES_ORDER_ADDRESS_PARENT_ID_SALES_ORDER_ENTITY_ID` FOREIGN KEY (`parent_id`) REFERENCES `sales_order` (`entity_id`) ON DELETE CASCADE
) ENGINE=InnoDB DEFAULT CHARSET=utf8 COMMENT='Sales Flat Order Address';

--
-- Dumping data for table `sales_order_address`
--


--
-- Table structure for table `sales_order_aggregated_created`
--

CREATE TABLE `sales_order_aggregated_created` (
  `id` int(10) unsigned NOT NULL AUTO_INCREMENT COMMENT 'Id',
  `period` date DEFAULT NULL COMMENT 'Period',
  `store_id` smallint(5) unsigned DEFAULT NULL COMMENT 'Store Id',
  `order_status` varchar(50) NOT NULL COMMENT 'Order Status',
  `orders_count` int(11) NOT NULL DEFAULT '0' COMMENT 'Orders Count',
  `total_qty_ordered` decimal(12,4) NOT NULL DEFAULT '0.0000' COMMENT 'Total Qty Ordered',
  `total_qty_invoiced` decimal(12,4) NOT NULL DEFAULT '0.0000' COMMENT 'Total Qty Invoiced',
  `total_income_amount` decimal(20,4) NOT NULL DEFAULT '0.0000' COMMENT 'Total Income Amount',
  `total_revenue_amount` decimal(20,4) NOT NULL DEFAULT '0.0000' COMMENT 'Total Revenue Amount',
  `total_profit_amount` decimal(20,4) NOT NULL DEFAULT '0.0000' COMMENT 'Total Profit Amount',
  `total_invoiced_amount` decimal(20,4) NOT NULL DEFAULT '0.0000' COMMENT 'Total Invoiced Amount',
  `total_canceled_amount` decimal(20,4) NOT NULL DEFAULT '0.0000' COMMENT 'Total Canceled Amount',
  `total_paid_amount` decimal(20,4) NOT NULL DEFAULT '0.0000' COMMENT 'Total Paid Amount',
  `total_refunded_amount` decimal(20,4) NOT NULL DEFAULT '0.0000' COMMENT 'Total Refunded Amount',
  `total_tax_amount` decimal(20,4) NOT NULL DEFAULT '0.0000' COMMENT 'Total Tax Amount',
  `total_tax_amount_actual` decimal(20,4) NOT NULL DEFAULT '0.0000' COMMENT 'Total Tax Amount Actual',
  `total_shipping_amount` decimal(20,4) NOT NULL DEFAULT '0.0000' COMMENT 'Total Shipping Amount',
  `total_shipping_amount_actual` decimal(20,4) NOT NULL DEFAULT '0.0000' COMMENT 'Total Shipping Amount Actual',
  `total_discount_amount` decimal(20,4) NOT NULL DEFAULT '0.0000' COMMENT 'Total Discount Amount',
  `total_discount_amount_actual` decimal(20,4) NOT NULL DEFAULT '0.0000' COMMENT 'Total Discount Amount Actual',
  PRIMARY KEY (`id`),
  UNIQUE KEY `SALES_ORDER_AGGREGATED_CREATED_PERIOD_STORE_ID_ORDER_STATUS` (`period`,`store_id`,`order_status`),
  KEY `SALES_ORDER_AGGREGATED_CREATED_STORE_ID` (`store_id`),
  CONSTRAINT `SALES_ORDER_AGGREGATED_CREATED_STORE_ID_STORE_STORE_ID` FOREIGN KEY (`store_id`) REFERENCES `store` (`store_id`) ON DELETE SET NULL
) ENGINE=InnoDB DEFAULT CHARSET=utf8 COMMENT='Sales Order Aggregated Created';

--
-- Dumping data for table `sales_order_aggregated_created`
--


--
-- Table structure for table `sales_order_aggregated_updated`
--

CREATE TABLE `sales_order_aggregated_updated` (
  `id` int(10) unsigned NOT NULL AUTO_INCREMENT COMMENT 'Id',
  `period` date DEFAULT NULL COMMENT 'Period',
  `store_id` smallint(5) unsigned DEFAULT NULL COMMENT 'Store Id',
  `order_status` varchar(50) NOT NULL COMMENT 'Order Status',
  `orders_count` int(11) NOT NULL DEFAULT '0' COMMENT 'Orders Count',
  `total_qty_ordered` decimal(12,4) NOT NULL DEFAULT '0.0000' COMMENT 'Total Qty Ordered',
  `total_qty_invoiced` decimal(12,4) NOT NULL DEFAULT '0.0000' COMMENT 'Total Qty Invoiced',
  `total_income_amount` decimal(20,4) NOT NULL DEFAULT '0.0000' COMMENT 'Total Income Amount',
  `total_revenue_amount` decimal(20,4) NOT NULL DEFAULT '0.0000' COMMENT 'Total Revenue Amount',
  `total_profit_amount` decimal(20,4) NOT NULL DEFAULT '0.0000' COMMENT 'Total Profit Amount',
  `total_invoiced_amount` decimal(20,4) NOT NULL DEFAULT '0.0000' COMMENT 'Total Invoiced Amount',
  `total_canceled_amount` decimal(20,4) NOT NULL DEFAULT '0.0000' COMMENT 'Total Canceled Amount',
  `total_paid_amount` decimal(20,4) NOT NULL DEFAULT '0.0000' COMMENT 'Total Paid Amount',
  `total_refunded_amount` decimal(20,4) NOT NULL DEFAULT '0.0000' COMMENT 'Total Refunded Amount',
  `total_tax_amount` decimal(20,4) NOT NULL DEFAULT '0.0000' COMMENT 'Total Tax Amount',
  `total_tax_amount_actual` decimal(20,4) NOT NULL DEFAULT '0.0000' COMMENT 'Total Tax Amount Actual',
  `total_shipping_amount` decimal(20,4) NOT NULL DEFAULT '0.0000' COMMENT 'Total Shipping Amount',
  `total_shipping_amount_actual` decimal(20,4) NOT NULL DEFAULT '0.0000' COMMENT 'Total Shipping Amount Actual',
  `total_discount_amount` decimal(20,4) NOT NULL DEFAULT '0.0000' COMMENT 'Total Discount Amount',
  `total_discount_amount_actual` decimal(20,4) NOT NULL DEFAULT '0.0000' COMMENT 'Total Discount Amount Actual',
  PRIMARY KEY (`id`),
  UNIQUE KEY `SALES_ORDER_AGGREGATED_UPDATED_PERIOD_STORE_ID_ORDER_STATUS` (`period`,`store_id`,`order_status`),
  KEY `SALES_ORDER_AGGREGATED_UPDATED_STORE_ID` (`store_id`),
  CONSTRAINT `SALES_ORDER_AGGREGATED_UPDATED_STORE_ID_STORE_STORE_ID` FOREIGN KEY (`store_id`) REFERENCES `store` (`store_id`) ON DELETE SET NULL
) ENGINE=InnoDB DEFAULT CHARSET=utf8 COMMENT='Sales Order Aggregated Updated';

--
-- Dumping data for table `sales_order_aggregated_updated`
--


--
-- Table structure for table `sales_order_grid`
--

CREATE TABLE `sales_order_grid` (
  `entity_id` int(10) unsigned NOT NULL COMMENT 'Entity Id',
  `status` varchar(32) DEFAULT NULL COMMENT 'Status',
  `store_id` smallint(5) unsigned DEFAULT NULL COMMENT 'Store Id',
  `store_name` varchar(255) DEFAULT NULL COMMENT 'Store Name',
  `customer_id` int(10) unsigned DEFAULT NULL COMMENT 'Customer Id',
  `base_grand_total` decimal(20,4) DEFAULT NULL COMMENT 'Base Grand Total',
  `base_total_paid` decimal(20,4) DEFAULT NULL COMMENT 'Base Total Paid',
  `grand_total` decimal(20,4) DEFAULT NULL COMMENT 'Grand Total',
  `total_paid` decimal(20,4) DEFAULT NULL COMMENT 'Total Paid',
  `increment_id` varchar(50) DEFAULT NULL COMMENT 'Increment Id',
  `base_currency_code` varchar(3) DEFAULT NULL COMMENT 'Base Currency Code',
  `order_currency_code` varchar(255) DEFAULT NULL COMMENT 'Order Currency Code',
  `shipping_name` varchar(255) DEFAULT NULL COMMENT 'Shipping Name',
  `billing_name` varchar(255) DEFAULT NULL COMMENT 'Billing Name',
  `created_at` timestamp NULL DEFAULT NULL COMMENT 'Created At',
  `updated_at` timestamp NULL DEFAULT NULL COMMENT 'Updated At',
  `billing_address` varchar(255) DEFAULT NULL COMMENT 'Billing Address',
  `shipping_address` varchar(255) DEFAULT NULL COMMENT 'Shipping Address',
  `shipping_information` varchar(255) DEFAULT NULL COMMENT 'Shipping Method Name',
  `customer_email` varchar(255) DEFAULT NULL COMMENT 'Customer Email',
  `customer_group` varchar(255) DEFAULT NULL COMMENT 'Customer Group',
  `subtotal` decimal(20,4) DEFAULT NULL COMMENT 'Subtotal',
  `shipping_and_handling` decimal(20,4) DEFAULT NULL COMMENT 'Shipping and handling amount',
  `customer_name` varchar(255) DEFAULT NULL COMMENT 'Customer Name',
  `payment_method` varchar(255) DEFAULT NULL COMMENT 'Payment Method',
  `total_refunded` decimal(20,4) DEFAULT NULL COMMENT 'Total Refunded',
  `signifyd_guarantee_status` varchar(32) DEFAULT NULL COMMENT 'Signifyd Guarantee Disposition Status',
  `mailchimp_flag` tinyint(1) DEFAULT '0' COMMENT 'Retrieved from Mailchimp',
  PRIMARY KEY (`entity_id`),
  UNIQUE KEY `SALES_ORDER_GRID_INCREMENT_ID_STORE_ID` (`increment_id`,`store_id`),
  KEY `SALES_ORDER_GRID_STATUS` (`status`),
  KEY `SALES_ORDER_GRID_STORE_ID` (`store_id`),
  KEY `SALES_ORDER_GRID_BASE_GRAND_TOTAL` (`base_grand_total`),
  KEY `SALES_ORDER_GRID_BASE_TOTAL_PAID` (`base_total_paid`),
  KEY `SALES_ORDER_GRID_GRAND_TOTAL` (`grand_total`),
  KEY `SALES_ORDER_GRID_TOTAL_PAID` (`total_paid`),
  KEY `SALES_ORDER_GRID_SHIPPING_NAME` (`shipping_name`),
  KEY `SALES_ORDER_GRID_BILLING_NAME` (`billing_name`),
  KEY `SALES_ORDER_GRID_CREATED_AT` (`created_at`),
  KEY `SALES_ORDER_GRID_CUSTOMER_ID` (`customer_id`),
  KEY `SALES_ORDER_GRID_UPDATED_AT` (`updated_at`),
  FULLTEXT KEY `FTI_65B9E9925EC58F0C7C2E2F6379C233E7` (`increment_id`,`billing_name`,`shipping_name`,`shipping_address`,`billing_address`,`customer_name`,`customer_email`)
) ENGINE=InnoDB DEFAULT CHARSET=utf8 COMMENT='Sales Flat Order Grid';

--
-- Dumping data for table `sales_order_grid`
--


--
-- Table structure for table `sales_order_item`
--

CREATE TABLE `sales_order_item` (
  `item_id` int(10) unsigned NOT NULL AUTO_INCREMENT COMMENT 'Item Id',
  `order_id` int(10) unsigned NOT NULL DEFAULT '0' COMMENT 'Order Id',
  `parent_item_id` int(10) unsigned DEFAULT NULL COMMENT 'Parent Item Id',
  `quote_item_id` int(10) unsigned DEFAULT NULL COMMENT 'Quote Item Id',
  `store_id` smallint(5) unsigned DEFAULT NULL COMMENT 'Store Id',
  `created_at` timestamp NOT NULL DEFAULT CURRENT_TIMESTAMP COMMENT 'Created At',
  `updated_at` timestamp NOT NULL DEFAULT CURRENT_TIMESTAMP ON UPDATE CURRENT_TIMESTAMP COMMENT 'Updated At',
  `product_id` int(10) unsigned DEFAULT NULL COMMENT 'Product Id',
  `product_type` varchar(255) DEFAULT NULL COMMENT 'Product Type',
  `product_options` text COMMENT 'Product Options',
  `weight` decimal(12,4) DEFAULT '0.0000' COMMENT 'Weight',
  `is_virtual` smallint(5) unsigned DEFAULT NULL COMMENT 'Is Virtual',
  `sku` varchar(255) DEFAULT NULL COMMENT 'Sku',
  `name` varchar(255) DEFAULT NULL COMMENT 'Name',
  `description` text COMMENT 'Description',
  `applied_rule_ids` text COMMENT 'Applied Rule Ids',
  `additional_data` text COMMENT 'Additional Data',
  `is_qty_decimal` smallint(5) unsigned DEFAULT NULL COMMENT 'Is Qty Decimal',
  `no_discount` smallint(5) unsigned NOT NULL DEFAULT '0' COMMENT 'No Discount',
  `qty_backordered` decimal(12,4) DEFAULT '0.0000' COMMENT 'Qty Backordered',
  `qty_canceled` decimal(12,4) DEFAULT '0.0000' COMMENT 'Qty Canceled',
  `qty_invoiced` decimal(12,4) DEFAULT '0.0000' COMMENT 'Qty Invoiced',
  `qty_ordered` decimal(12,4) DEFAULT '0.0000' COMMENT 'Qty Ordered',
  `qty_refunded` decimal(12,4) DEFAULT '0.0000' COMMENT 'Qty Refunded',
  `qty_shipped` decimal(12,4) DEFAULT '0.0000' COMMENT 'Qty Shipped',
  `base_cost` decimal(12,4) DEFAULT '0.0000' COMMENT 'Base Cost',
  `price` decimal(12,4) NOT NULL DEFAULT '0.0000' COMMENT 'Price',
  `base_price` decimal(12,4) NOT NULL DEFAULT '0.0000' COMMENT 'Base Price',
  `original_price` decimal(12,4) DEFAULT NULL COMMENT 'Original Price',
  `base_original_price` decimal(12,4) DEFAULT NULL COMMENT 'Base Original Price',
  `tax_percent` decimal(12,4) DEFAULT '0.0000' COMMENT 'Tax Percent',
  `tax_amount` decimal(20,4) DEFAULT '0.0000' COMMENT 'Tax Amount',
  `base_tax_amount` decimal(20,4) DEFAULT '0.0000' COMMENT 'Base Tax Amount',
  `tax_invoiced` decimal(20,4) DEFAULT '0.0000' COMMENT 'Tax Invoiced',
  `base_tax_invoiced` decimal(20,4) DEFAULT '0.0000' COMMENT 'Base Tax Invoiced',
  `discount_percent` decimal(12,4) DEFAULT '0.0000' COMMENT 'Discount Percent',
  `discount_amount` decimal(20,4) DEFAULT '0.0000' COMMENT 'Discount Amount',
  `base_discount_amount` decimal(20,4) DEFAULT '0.0000' COMMENT 'Base Discount Amount',
  `discount_invoiced` decimal(20,4) DEFAULT '0.0000' COMMENT 'Discount Invoiced',
  `base_discount_invoiced` decimal(20,4) DEFAULT '0.0000' COMMENT 'Base Discount Invoiced',
  `amount_refunded` decimal(20,4) DEFAULT '0.0000' COMMENT 'Amount Refunded',
  `base_amount_refunded` decimal(20,4) DEFAULT '0.0000' COMMENT 'Base Amount Refunded',
  `row_total` decimal(20,4) NOT NULL DEFAULT '0.0000' COMMENT 'Row Total',
  `base_row_total` decimal(20,4) NOT NULL DEFAULT '0.0000' COMMENT 'Base Row Total',
  `row_invoiced` decimal(20,4) NOT NULL DEFAULT '0.0000' COMMENT 'Row Invoiced',
  `base_row_invoiced` decimal(20,4) NOT NULL DEFAULT '0.0000' COMMENT 'Base Row Invoiced',
  `row_weight` decimal(12,4) DEFAULT '0.0000' COMMENT 'Row Weight',
  `base_tax_before_discount` decimal(20,4) DEFAULT NULL COMMENT 'Base Tax Before Discount',
  `tax_before_discount` decimal(20,4) DEFAULT NULL COMMENT 'Tax Before Discount',
  `ext_order_item_id` varchar(255) DEFAULT NULL COMMENT 'Ext Order Item Id',
  `locked_do_invoice` smallint(5) unsigned DEFAULT NULL COMMENT 'Locked Do Invoice',
  `locked_do_ship` smallint(5) unsigned DEFAULT NULL COMMENT 'Locked Do Ship',
  `price_incl_tax` decimal(20,4) DEFAULT NULL COMMENT 'Price Incl Tax',
  `base_price_incl_tax` decimal(20,4) DEFAULT NULL COMMENT 'Base Price Incl Tax',
  `row_total_incl_tax` decimal(20,4) DEFAULT NULL COMMENT 'Row Total Incl Tax',
  `base_row_total_incl_tax` decimal(20,4) DEFAULT NULL COMMENT 'Base Row Total Incl Tax',
  `discount_tax_compensation_amount` decimal(20,4) DEFAULT NULL COMMENT 'Discount Tax Compensation Amount',
  `base_discount_tax_compensation_amount` decimal(20,4) DEFAULT NULL COMMENT 'Base Discount Tax Compensation Amount',
  `discount_tax_compensation_invoiced` decimal(20,4) DEFAULT NULL COMMENT 'Discount Tax Compensation Invoiced',
  `base_discount_tax_compensation_invoiced` decimal(20,4) DEFAULT NULL COMMENT 'Base Discount Tax Compensation Invoiced',
  `discount_tax_compensation_refunded` decimal(20,4) DEFAULT NULL COMMENT 'Discount Tax Compensation Refunded',
  `base_discount_tax_compensation_refunded` decimal(20,4) DEFAULT NULL COMMENT 'Base Discount Tax Compensation Refunded',
  `tax_canceled` decimal(12,4) DEFAULT NULL COMMENT 'Tax Canceled',
  `discount_tax_compensation_canceled` decimal(20,4) DEFAULT NULL COMMENT 'Discount Tax Compensation Canceled',
  `tax_refunded` decimal(20,4) DEFAULT NULL COMMENT 'Tax Refunded',
  `base_tax_refunded` decimal(20,4) DEFAULT NULL COMMENT 'Base Tax Refunded',
  `discount_refunded` decimal(20,4) DEFAULT NULL COMMENT 'Discount Refunded',
  `base_discount_refunded` decimal(20,4) DEFAULT NULL COMMENT 'Base Discount Refunded',
  `gift_message_id` int(11) DEFAULT NULL COMMENT 'Gift Message Id',
  `gift_message_available` int(11) DEFAULT NULL COMMENT 'Gift Message Available',
  `free_shipping` smallint(5) unsigned NOT NULL DEFAULT '0' COMMENT 'Free Shipping',
  `weee_tax_applied` text COMMENT 'Weee Tax Applied',
  `weee_tax_applied_amount` decimal(12,4) DEFAULT NULL COMMENT 'Weee Tax Applied Amount',
  `weee_tax_applied_row_amount` decimal(12,4) DEFAULT NULL COMMENT 'Weee Tax Applied Row Amount',
  `weee_tax_disposition` decimal(12,4) DEFAULT NULL COMMENT 'Weee Tax Disposition',
  `weee_tax_row_disposition` decimal(12,4) DEFAULT NULL COMMENT 'Weee Tax Row Disposition',
  `base_weee_tax_applied_amount` decimal(12,4) DEFAULT NULL COMMENT 'Base Weee Tax Applied Amount',
  `base_weee_tax_applied_row_amnt` decimal(12,4) DEFAULT NULL COMMENT 'Base Weee Tax Applied Row Amnt',
  `base_weee_tax_disposition` decimal(12,4) DEFAULT NULL COMMENT 'Base Weee Tax Disposition',
  `base_weee_tax_row_disposition` decimal(12,4) DEFAULT NULL COMMENT 'Base Weee Tax Row Disposition',
  PRIMARY KEY (`item_id`),
  KEY `SALES_ORDER_ITEM_ORDER_ID` (`order_id`),
  KEY `SALES_ORDER_ITEM_STORE_ID` (`store_id`),
  CONSTRAINT `SALES_ORDER_ITEM_ORDER_ID_SALES_ORDER_ENTITY_ID` FOREIGN KEY (`order_id`) REFERENCES `sales_order` (`entity_id`) ON DELETE CASCADE,
  CONSTRAINT `SALES_ORDER_ITEM_STORE_ID_STORE_STORE_ID` FOREIGN KEY (`store_id`) REFERENCES `store` (`store_id`) ON DELETE SET NULL
) ENGINE=InnoDB DEFAULT CHARSET=utf8 COMMENT='Sales Flat Order Item';

--
-- Dumping data for table `sales_order_item`
--


--
-- Table structure for table `sales_order_payment`
--

CREATE TABLE `sales_order_payment` (
  `entity_id` int(10) unsigned NOT NULL AUTO_INCREMENT COMMENT 'Entity Id',
  `parent_id` int(10) unsigned NOT NULL COMMENT 'Parent Id',
  `base_shipping_captured` decimal(20,4) DEFAULT NULL COMMENT 'Base Shipping Captured',
  `shipping_captured` decimal(20,4) DEFAULT NULL COMMENT 'Shipping Captured',
  `amount_refunded` decimal(20,4) DEFAULT NULL COMMENT 'Amount Refunded',
  `base_amount_paid` decimal(20,4) DEFAULT NULL COMMENT 'Base Amount Paid',
  `amount_canceled` decimal(20,4) DEFAULT NULL COMMENT 'Amount Canceled',
  `base_amount_authorized` decimal(20,4) DEFAULT NULL COMMENT 'Base Amount Authorized',
  `base_amount_paid_online` decimal(20,4) DEFAULT NULL COMMENT 'Base Amount Paid Online',
  `base_amount_refunded_online` decimal(20,4) DEFAULT NULL COMMENT 'Base Amount Refunded Online',
  `base_shipping_amount` decimal(20,4) DEFAULT NULL COMMENT 'Base Shipping Amount',
  `shipping_amount` decimal(20,4) DEFAULT NULL COMMENT 'Shipping Amount',
  `amount_paid` decimal(20,4) DEFAULT NULL COMMENT 'Amount Paid',
  `amount_authorized` decimal(20,4) DEFAULT NULL COMMENT 'Amount Authorized',
  `base_amount_ordered` decimal(20,4) DEFAULT NULL COMMENT 'Base Amount Ordered',
  `base_shipping_refunded` decimal(20,4) DEFAULT NULL COMMENT 'Base Shipping Refunded',
  `shipping_refunded` decimal(20,4) DEFAULT NULL COMMENT 'Shipping Refunded',
  `base_amount_refunded` decimal(20,4) DEFAULT NULL COMMENT 'Base Amount Refunded',
  `amount_ordered` decimal(20,4) DEFAULT NULL COMMENT 'Amount Ordered',
  `base_amount_canceled` decimal(20,4) DEFAULT NULL COMMENT 'Base Amount Canceled',
  `quote_payment_id` int(11) DEFAULT NULL COMMENT 'Quote Payment Id',
  `additional_data` text COMMENT 'Additional Data',
  `cc_exp_month` varchar(12) DEFAULT NULL COMMENT 'Cc Exp Month',
  `cc_ss_start_year` varchar(12) DEFAULT NULL COMMENT 'Cc Ss Start Year',
  `echeck_bank_name` varchar(128) DEFAULT NULL COMMENT 'Echeck Bank Name',
  `method` varchar(128) DEFAULT NULL COMMENT 'Method',
  `cc_debug_request_body` varchar(32) DEFAULT NULL COMMENT 'Cc Debug Request Body',
  `cc_secure_verify` varchar(32) DEFAULT NULL COMMENT 'Cc Secure Verify',
  `protection_eligibility` varchar(32) DEFAULT NULL COMMENT 'Protection Eligibility',
  `cc_approval` varchar(32) DEFAULT NULL COMMENT 'Cc Approval',
  `cc_last_4` varchar(100) DEFAULT NULL COMMENT 'Cc Last 4',
  `cc_status_description` varchar(32) DEFAULT NULL COMMENT 'Cc Status Description',
  `echeck_type` varchar(32) DEFAULT NULL COMMENT 'Echeck Type',
  `cc_debug_response_serialized` varchar(32) DEFAULT NULL COMMENT 'Cc Debug Response Serialized',
  `cc_ss_start_month` varchar(128) DEFAULT NULL COMMENT 'Cc Ss Start Month',
  `echeck_account_type` varchar(255) DEFAULT NULL COMMENT 'Echeck Account Type',
  `last_trans_id` varchar(255) DEFAULT NULL COMMENT 'Last Trans Id',
  `cc_cid_status` varchar(32) DEFAULT NULL COMMENT 'Cc Cid Status',
  `cc_owner` varchar(128) DEFAULT NULL COMMENT 'Cc Owner',
  `cc_type` varchar(32) DEFAULT NULL COMMENT 'Cc Type',
  `po_number` varchar(32) DEFAULT NULL COMMENT 'Po Number',
  `cc_exp_year` varchar(4) DEFAULT NULL COMMENT 'Cc Exp Year',
  `cc_status` varchar(4) DEFAULT NULL COMMENT 'Cc Status',
  `echeck_routing_number` varchar(32) DEFAULT NULL COMMENT 'Echeck Routing Number',
  `account_status` varchar(32) DEFAULT NULL COMMENT 'Account Status',
  `anet_trans_method` varchar(32) DEFAULT NULL COMMENT 'Anet Trans Method',
  `cc_debug_response_body` varchar(32) DEFAULT NULL COMMENT 'Cc Debug Response Body',
  `cc_ss_issue` varchar(32) DEFAULT NULL COMMENT 'Cc Ss Issue',
  `echeck_account_name` varchar(32) DEFAULT NULL COMMENT 'Echeck Account Name',
  `cc_avs_status` varchar(32) DEFAULT NULL COMMENT 'Cc Avs Status',
  `cc_number_enc` varchar(128) DEFAULT NULL,
  `cc_trans_id` varchar(32) DEFAULT NULL COMMENT 'Cc Trans Id',
  `address_status` varchar(32) DEFAULT NULL COMMENT 'Address Status',
  `additional_information` text COMMENT 'Additional Information',
  PRIMARY KEY (`entity_id`),
  KEY `SALES_ORDER_PAYMENT_PARENT_ID` (`parent_id`),
  CONSTRAINT `SALES_ORDER_PAYMENT_PARENT_ID_SALES_ORDER_ENTITY_ID` FOREIGN KEY (`parent_id`) REFERENCES `sales_order` (`entity_id`) ON DELETE CASCADE
) ENGINE=InnoDB DEFAULT CHARSET=utf8 COMMENT='Sales Flat Order Payment';

--
-- Dumping data for table `sales_order_payment`
--


--
-- Table structure for table `sales_order_status`
--

CREATE TABLE `sales_order_status` (
  `status` varchar(32) NOT NULL COMMENT 'Status',
  `label` varchar(128) NOT NULL COMMENT 'Label',
  PRIMARY KEY (`status`)
) ENGINE=InnoDB DEFAULT CHARSET=utf8 COMMENT='Sales Order Status Table';

--
-- Dumping data for table `sales_order_status`
--

INSERT INTO `sales_order_status` VALUES ('canceled','Canceled'),('closed','Closed'),('complete','Complete'),('fraud','Suspected Fraud'),('holded','On Hold'),('payment_review','Payment Review'),('paypal_canceled_reversal','PayPal Canceled Reversal'),('paypal_reversed','PayPal Reversed'),('pending','Pending'),('pending_payment','Pending Payment'),('pending_paypal','Pending PayPal'),('processing','Processing');

--
-- Table structure for table `sales_order_status_history`
--

CREATE TABLE `sales_order_status_history` (
  `entity_id` int(10) unsigned NOT NULL AUTO_INCREMENT COMMENT 'Entity Id',
  `parent_id` int(10) unsigned NOT NULL COMMENT 'Parent Id',
  `is_customer_notified` int(11) DEFAULT NULL COMMENT 'Is Customer Notified',
  `is_visible_on_front` smallint(5) unsigned NOT NULL DEFAULT '0' COMMENT 'Is Visible On Front',
  `comment` text COMMENT 'Comment',
  `status` varchar(32) DEFAULT NULL COMMENT 'Status',
  `created_at` timestamp NOT NULL DEFAULT CURRENT_TIMESTAMP COMMENT 'Created At',
  `entity_name` varchar(32) DEFAULT NULL COMMENT 'Shows what entity history is bind to.',
  PRIMARY KEY (`entity_id`),
  KEY `SALES_ORDER_STATUS_HISTORY_PARENT_ID` (`parent_id`),
  KEY `SALES_ORDER_STATUS_HISTORY_CREATED_AT` (`created_at`),
  CONSTRAINT `SALES_ORDER_STATUS_HISTORY_PARENT_ID_SALES_ORDER_ENTITY_ID` FOREIGN KEY (`parent_id`) REFERENCES `sales_order` (`entity_id`) ON DELETE CASCADE
) ENGINE=InnoDB DEFAULT CHARSET=utf8 COMMENT='Sales Flat Order Status History';

--
-- Dumping data for table `sales_order_status_history`
--


--
-- Table structure for table `sales_order_status_label`
--

CREATE TABLE `sales_order_status_label` (
  `status` varchar(32) NOT NULL COMMENT 'Status',
  `store_id` smallint(5) unsigned NOT NULL COMMENT 'Store Id',
  `label` varchar(128) NOT NULL COMMENT 'Label',
  PRIMARY KEY (`status`,`store_id`),
  KEY `SALES_ORDER_STATUS_LABEL_STORE_ID` (`store_id`),
  CONSTRAINT `SALES_ORDER_STATUS_LABEL_STATUS_SALES_ORDER_STATUS_STATUS` FOREIGN KEY (`status`) REFERENCES `sales_order_status` (`status`) ON DELETE CASCADE,
  CONSTRAINT `SALES_ORDER_STATUS_LABEL_STORE_ID_STORE_STORE_ID` FOREIGN KEY (`store_id`) REFERENCES `store` (`store_id`) ON DELETE CASCADE
) ENGINE=InnoDB DEFAULT CHARSET=utf8 COMMENT='Sales Order Status Label Table';

--
-- Dumping data for table `sales_order_status_label`
--


--
-- Table structure for table `sales_order_status_state`
--

CREATE TABLE `sales_order_status_state` (
  `status` varchar(32) NOT NULL COMMENT 'Status',
  `state` varchar(32) NOT NULL COMMENT 'Label',
  `is_default` smallint(5) unsigned NOT NULL DEFAULT '0' COMMENT 'Is Default',
  `visible_on_front` smallint(5) unsigned NOT NULL DEFAULT '0' COMMENT 'Visible on front',
  PRIMARY KEY (`status`,`state`),
  CONSTRAINT `SALES_ORDER_STATUS_STATE_STATUS_SALES_ORDER_STATUS_STATUS` FOREIGN KEY (`status`) REFERENCES `sales_order_status` (`status`) ON DELETE CASCADE
) ENGINE=InnoDB DEFAULT CHARSET=utf8 COMMENT='Sales Order Status Table';

--
-- Dumping data for table `sales_order_status_state`
--

INSERT INTO `sales_order_status_state` VALUES ('canceled','canceled',1,1),('closed','closed',1,1),('complete','complete',1,1),('fraud','payment_review',0,1),('fraud','processing',0,1),('holded','holded',1,1),('payment_review','payment_review',1,1),('pending','new',1,1),('pending_payment','pending_payment',1,0),('processing','processing',1,1);

--
-- Table structure for table `sales_order_tax`
--

CREATE TABLE `sales_order_tax` (
  `tax_id` int(10) unsigned NOT NULL AUTO_INCREMENT COMMENT 'Tax Id',
  `order_id` int(10) unsigned NOT NULL COMMENT 'Order Id',
  `code` varchar(255) DEFAULT NULL COMMENT 'Code',
  `title` varchar(255) DEFAULT NULL COMMENT 'Title',
  `percent` decimal(12,4) DEFAULT NULL COMMENT 'Percent',
  `amount` decimal(20,4) DEFAULT NULL COMMENT 'Amount',
  `priority` int(11) NOT NULL COMMENT 'Priority',
  `position` int(11) NOT NULL COMMENT 'Position',
  `base_amount` decimal(20,4) DEFAULT NULL COMMENT 'Base Amount',
  `process` smallint(6) NOT NULL COMMENT 'Process',
  `base_real_amount` decimal(20,4) DEFAULT NULL COMMENT 'Base Real Amount',
  PRIMARY KEY (`tax_id`),
  KEY `SALES_ORDER_TAX_ORDER_ID_PRIORITY_POSITION` (`order_id`,`priority`,`position`)
) ENGINE=InnoDB DEFAULT CHARSET=utf8 COMMENT='Sales Order Tax Table';

--
-- Dumping data for table `sales_order_tax`
--


--
-- Table structure for table `sales_order_tax_item`
--

CREATE TABLE `sales_order_tax_item` (
  `tax_item_id` int(10) unsigned NOT NULL AUTO_INCREMENT COMMENT 'Tax Item Id',
  `tax_id` int(10) unsigned NOT NULL COMMENT 'Tax Id',
  `item_id` int(10) unsigned DEFAULT NULL COMMENT 'Item Id',
  `tax_percent` decimal(12,4) NOT NULL COMMENT 'Real Tax Percent For Item',
  `amount` decimal(20,4) NOT NULL COMMENT 'Tax amount for the item and tax rate',
  `base_amount` decimal(20,4) NOT NULL COMMENT 'Base tax amount for the item and tax rate',
  `real_amount` decimal(20,4) NOT NULL COMMENT 'Real tax amount for the item and tax rate',
  `real_base_amount` decimal(20,4) NOT NULL COMMENT 'Real base tax amount for the item and tax rate',
  `associated_item_id` int(10) unsigned DEFAULT NULL COMMENT 'Id of the associated item',
  `taxable_item_type` varchar(32) NOT NULL COMMENT 'Type of the taxable item',
  PRIMARY KEY (`tax_item_id`),
  UNIQUE KEY `SALES_ORDER_TAX_ITEM_TAX_ID_ITEM_ID` (`tax_id`,`item_id`),
  KEY `SALES_ORDER_TAX_ITEM_ASSOCIATED_ITEM_ID_SALES_ORDER_ITEM_ITEM_ID` (`associated_item_id`),
  KEY `SALES_ORDER_TAX_ITEM_ITEM_ID` (`item_id`),
  CONSTRAINT `SALES_ORDER_TAX_ITEM_ASSOCIATED_ITEM_ID_SALES_ORDER_ITEM_ITEM_ID` FOREIGN KEY (`associated_item_id`) REFERENCES `sales_order_item` (`item_id`) ON DELETE CASCADE,
  CONSTRAINT `SALES_ORDER_TAX_ITEM_ITEM_ID_SALES_ORDER_ITEM_ITEM_ID` FOREIGN KEY (`item_id`) REFERENCES `sales_order_item` (`item_id`) ON DELETE CASCADE,
  CONSTRAINT `SALES_ORDER_TAX_ITEM_TAX_ID_SALES_ORDER_TAX_TAX_ID` FOREIGN KEY (`tax_id`) REFERENCES `sales_order_tax` (`tax_id`) ON DELETE CASCADE
) ENGINE=InnoDB DEFAULT CHARSET=utf8 COMMENT='Sales Order Tax Item';

--
-- Dumping data for table `sales_order_tax_item`
--


--
-- Table structure for table `sales_payment_transaction`
--

CREATE TABLE `sales_payment_transaction` (
  `transaction_id` int(10) unsigned NOT NULL AUTO_INCREMENT COMMENT 'Transaction Id',
  `parent_id` int(10) unsigned DEFAULT NULL COMMENT 'Parent Id',
  `order_id` int(10) unsigned NOT NULL DEFAULT '0' COMMENT 'Order Id',
  `payment_id` int(10) unsigned NOT NULL DEFAULT '0' COMMENT 'Payment Id',
  `txn_id` varchar(100) DEFAULT NULL COMMENT 'Txn Id',
  `parent_txn_id` varchar(100) DEFAULT NULL COMMENT 'Parent Txn Id',
  `txn_type` varchar(15) DEFAULT NULL COMMENT 'Txn Type',
  `is_closed` smallint(5) unsigned NOT NULL DEFAULT '1' COMMENT 'Is Closed',
  `additional_information` blob COMMENT 'Additional Information',
  `created_at` timestamp NOT NULL DEFAULT CURRENT_TIMESTAMP COMMENT 'Created At',
  PRIMARY KEY (`transaction_id`),
  UNIQUE KEY `SALES_PAYMENT_TRANSACTION_ORDER_ID_PAYMENT_ID_TXN_ID` (`order_id`,`payment_id`,`txn_id`),
  KEY `SALES_PAYMENT_TRANSACTION_PARENT_ID` (`parent_id`),
  KEY `SALES_PAYMENT_TRANSACTION_PAYMENT_ID` (`payment_id`),
  CONSTRAINT `FK_B99FF1A06402D725EBDB0F3A7ECD47A2` FOREIGN KEY (`parent_id`) REFERENCES `sales_payment_transaction` (`transaction_id`) ON DELETE CASCADE,
  CONSTRAINT `SALES_PAYMENT_TRANSACTION_ORDER_ID_SALES_ORDER_ENTITY_ID` FOREIGN KEY (`order_id`) REFERENCES `sales_order` (`entity_id`) ON DELETE CASCADE,
  CONSTRAINT `SALES_PAYMENT_TRANSACTION_PAYMENT_ID_SALES_ORDER_PAYMENT_ENTT_ID` FOREIGN KEY (`payment_id`) REFERENCES `sales_order_payment` (`entity_id`) ON DELETE CASCADE
) ENGINE=InnoDB DEFAULT CHARSET=utf8 COMMENT='Sales Payment Transaction';

--
-- Dumping data for table `sales_payment_transaction`
--


--
-- Table structure for table `sales_refunded_aggregated`
--

CREATE TABLE `sales_refunded_aggregated` (
  `id` int(10) unsigned NOT NULL AUTO_INCREMENT COMMENT 'Id',
  `period` date DEFAULT NULL COMMENT 'Period',
  `store_id` smallint(5) unsigned DEFAULT NULL COMMENT 'Store Id',
  `order_status` varchar(50) NOT NULL COMMENT 'Order Status',
  `orders_count` int(11) NOT NULL DEFAULT '0' COMMENT 'Orders Count',
  `refunded` decimal(20,4) DEFAULT NULL COMMENT 'Refunded',
  `online_refunded` decimal(20,4) DEFAULT NULL COMMENT 'Online Refunded',
  `offline_refunded` decimal(20,4) DEFAULT NULL COMMENT 'Offline Refunded',
  PRIMARY KEY (`id`),
  UNIQUE KEY `SALES_REFUNDED_AGGREGATED_PERIOD_STORE_ID_ORDER_STATUS` (`period`,`store_id`,`order_status`),
  KEY `SALES_REFUNDED_AGGREGATED_STORE_ID` (`store_id`),
  CONSTRAINT `SALES_REFUNDED_AGGREGATED_STORE_ID_STORE_STORE_ID` FOREIGN KEY (`store_id`) REFERENCES `store` (`store_id`) ON DELETE SET NULL
) ENGINE=InnoDB DEFAULT CHARSET=utf8 COMMENT='Sales Refunded Aggregated';

--
-- Dumping data for table `sales_refunded_aggregated`
--


--
-- Table structure for table `sales_refunded_aggregated_order`
--

CREATE TABLE `sales_refunded_aggregated_order` (
  `id` int(10) unsigned NOT NULL AUTO_INCREMENT COMMENT 'Id',
  `period` date DEFAULT NULL COMMENT 'Period',
  `store_id` smallint(5) unsigned DEFAULT NULL COMMENT 'Store Id',
  `order_status` varchar(50) DEFAULT NULL COMMENT 'Order Status',
  `orders_count` int(11) NOT NULL DEFAULT '0' COMMENT 'Orders Count',
  `refunded` decimal(20,4) DEFAULT NULL COMMENT 'Refunded',
  `online_refunded` decimal(20,4) DEFAULT NULL COMMENT 'Online Refunded',
  `offline_refunded` decimal(20,4) DEFAULT NULL COMMENT 'Offline Refunded',
  PRIMARY KEY (`id`),
  UNIQUE KEY `SALES_REFUNDED_AGGREGATED_ORDER_PERIOD_STORE_ID_ORDER_STATUS` (`period`,`store_id`,`order_status`),
  KEY `SALES_REFUNDED_AGGREGATED_ORDER_STORE_ID` (`store_id`),
  CONSTRAINT `SALES_REFUNDED_AGGREGATED_ORDER_STORE_ID_STORE_STORE_ID` FOREIGN KEY (`store_id`) REFERENCES `store` (`store_id`) ON DELETE SET NULL
) ENGINE=InnoDB DEFAULT CHARSET=utf8 COMMENT='Sales Refunded Aggregated Order';

--
-- Dumping data for table `sales_refunded_aggregated_order`
--


--
-- Table structure for table `sales_sequence_meta`
--

CREATE TABLE `sales_sequence_meta` (
  `meta_id` int(10) unsigned NOT NULL AUTO_INCREMENT COMMENT 'Id',
  `entity_type` varchar(32) NOT NULL COMMENT 'Prefix',
  `store_id` smallint(5) unsigned NOT NULL COMMENT 'Store Id',
  `sequence_table` varchar(64) NOT NULL COMMENT 'table for sequence',
  PRIMARY KEY (`meta_id`),
  UNIQUE KEY `SALES_SEQUENCE_META_ENTITY_TYPE_STORE_ID` (`entity_type`,`store_id`)
) ENGINE=InnoDB AUTO_INCREMENT=9 DEFAULT CHARSET=utf8 COMMENT='sales_sequence_meta';

--
-- Dumping data for table `sales_sequence_meta`
--

INSERT INTO `sales_sequence_meta` VALUES (1,'order',0,'sequence_order_0'),(2,'invoice',0,'sequence_invoice_0'),(3,'creditmemo',0,'sequence_creditmemo_0'),(4,'shipment',0,'sequence_shipment_0'),(5,'order',1,'sequence_order_1'),(6,'invoice',1,'sequence_invoice_1'),(7,'creditmemo',1,'sequence_creditmemo_1'),(8,'shipment',1,'sequence_shipment_1');

--
-- Table structure for table `sales_sequence_profile`
--

CREATE TABLE `sales_sequence_profile` (
  `profile_id` int(10) unsigned NOT NULL AUTO_INCREMENT COMMENT 'Id',
  `meta_id` int(10) unsigned NOT NULL COMMENT 'Meta_id',
  `prefix` varchar(32) DEFAULT NULL COMMENT 'Prefix',
  `suffix` varchar(32) DEFAULT NULL COMMENT 'Suffix',
  `start_value` int(10) unsigned NOT NULL DEFAULT '1' COMMENT 'Start value for sequence',
  `step` int(10) unsigned NOT NULL DEFAULT '1' COMMENT 'Step for sequence',
  `max_value` int(10) unsigned NOT NULL COMMENT 'MaxValue for sequence',
  `warning_value` int(10) unsigned NOT NULL COMMENT 'WarningValue for sequence',
  `is_active` tinyint(1) NOT NULL DEFAULT '0' COMMENT 'isActive flag',
  PRIMARY KEY (`profile_id`),
  UNIQUE KEY `SALES_SEQUENCE_PROFILE_META_ID_PREFIX_SUFFIX` (`meta_id`,`prefix`,`suffix`),
  CONSTRAINT `SALES_SEQUENCE_PROFILE_META_ID_SALES_SEQUENCE_META_META_ID` FOREIGN KEY (`meta_id`) REFERENCES `sales_sequence_meta` (`meta_id`) ON DELETE CASCADE
) ENGINE=InnoDB AUTO_INCREMENT=9 DEFAULT CHARSET=utf8 COMMENT='sales_sequence_profile';

--
-- Dumping data for table `sales_sequence_profile`
--

INSERT INTO `sales_sequence_profile` VALUES (1,1,NULL,NULL,1,1,4294967295,4294966295,1),(2,2,NULL,NULL,1,1,4294967295,4294966295,1),(3,3,NULL,NULL,1,1,4294967295,4294966295,1),(4,4,NULL,NULL,1,1,4294967295,4294966295,1),(5,5,NULL,NULL,1,1,4294967295,4294966295,1),(6,6,NULL,NULL,1,1,4294967295,4294966295,1),(7,7,NULL,NULL,1,1,4294967295,4294966295,1),(8,8,NULL,NULL,1,1,4294967295,4294966295,1);

--
-- Table structure for table `sales_shipment`
--

CREATE TABLE `sales_shipment` (
  `entity_id` int(10) unsigned NOT NULL AUTO_INCREMENT COMMENT 'Entity Id',
  `store_id` smallint(5) unsigned DEFAULT NULL COMMENT 'Store Id',
  `total_weight` decimal(12,4) DEFAULT NULL COMMENT 'Total Weight',
  `total_qty` decimal(12,4) DEFAULT NULL COMMENT 'Total Qty',
  `email_sent` smallint(5) unsigned DEFAULT NULL COMMENT 'Email Sent',
  `send_email` smallint(5) unsigned DEFAULT NULL COMMENT 'Send Email',
  `order_id` int(10) unsigned NOT NULL COMMENT 'Order Id',
  `customer_id` int(11) DEFAULT NULL COMMENT 'Customer Id',
  `shipping_address_id` int(11) DEFAULT NULL COMMENT 'Shipping Address Id',
  `billing_address_id` int(11) DEFAULT NULL COMMENT 'Billing Address Id',
  `shipment_status` int(11) DEFAULT NULL COMMENT 'Shipment Status',
  `increment_id` varchar(50) DEFAULT NULL COMMENT 'Increment Id',
  `created_at` timestamp NOT NULL DEFAULT CURRENT_TIMESTAMP COMMENT 'Created At',
  `updated_at` timestamp NOT NULL DEFAULT CURRENT_TIMESTAMP ON UPDATE CURRENT_TIMESTAMP COMMENT 'Updated At',
  `packages` text COMMENT 'Packed Products in Packages',
  `shipping_label` mediumblob COMMENT 'Shipping Label Content',
  `customer_note` text COMMENT 'Customer Note',
  `customer_note_notify` smallint(5) unsigned DEFAULT NULL COMMENT 'Customer Note Notify',
  PRIMARY KEY (`entity_id`),
  UNIQUE KEY `SALES_SHIPMENT_INCREMENT_ID_STORE_ID` (`increment_id`,`store_id`),
  KEY `SALES_SHIPMENT_STORE_ID` (`store_id`),
  KEY `SALES_SHIPMENT_TOTAL_QTY` (`total_qty`),
  KEY `SALES_SHIPMENT_ORDER_ID` (`order_id`),
  KEY `SALES_SHIPMENT_CREATED_AT` (`created_at`),
  KEY `SALES_SHIPMENT_UPDATED_AT` (`updated_at`),
  KEY `SALES_SHIPMENT_SEND_EMAIL` (`send_email`),
  KEY `SALES_SHIPMENT_EMAIL_SENT` (`email_sent`),
  CONSTRAINT `SALES_SHIPMENT_ORDER_ID_SALES_ORDER_ENTITY_ID` FOREIGN KEY (`order_id`) REFERENCES `sales_order` (`entity_id`) ON DELETE CASCADE,
  CONSTRAINT `SALES_SHIPMENT_STORE_ID_STORE_STORE_ID` FOREIGN KEY (`store_id`) REFERENCES `store` (`store_id`) ON DELETE SET NULL
) ENGINE=InnoDB DEFAULT CHARSET=utf8 COMMENT='Sales Flat Shipment';

--
-- Dumping data for table `sales_shipment`
--


--
-- Table structure for table `sales_shipment_comment`
--

CREATE TABLE `sales_shipment_comment` (
  `entity_id` int(10) unsigned NOT NULL AUTO_INCREMENT COMMENT 'Entity Id',
  `parent_id` int(10) unsigned NOT NULL COMMENT 'Parent Id',
  `is_customer_notified` int(11) DEFAULT NULL COMMENT 'Is Customer Notified',
  `is_visible_on_front` smallint(5) unsigned NOT NULL DEFAULT '0' COMMENT 'Is Visible On Front',
  `comment` text COMMENT 'Comment',
  `created_at` timestamp NOT NULL DEFAULT CURRENT_TIMESTAMP COMMENT 'Created At',
  PRIMARY KEY (`entity_id`),
  KEY `SALES_SHIPMENT_COMMENT_CREATED_AT` (`created_at`),
  KEY `SALES_SHIPMENT_COMMENT_PARENT_ID` (`parent_id`),
  CONSTRAINT `SALES_SHIPMENT_COMMENT_PARENT_ID_SALES_SHIPMENT_ENTITY_ID` FOREIGN KEY (`parent_id`) REFERENCES `sales_shipment` (`entity_id`) ON DELETE CASCADE
) ENGINE=InnoDB DEFAULT CHARSET=utf8 COMMENT='Sales Flat Shipment Comment';

--
-- Dumping data for table `sales_shipment_comment`
--


--
-- Table structure for table `sales_shipment_grid`
--

CREATE TABLE `sales_shipment_grid` (
  `entity_id` int(10) unsigned NOT NULL COMMENT 'Entity Id',
  `increment_id` varchar(50) DEFAULT NULL COMMENT 'Increment Id',
  `store_id` smallint(5) unsigned DEFAULT NULL COMMENT 'Store Id',
  `order_increment_id` varchar(32) NOT NULL COMMENT 'Order Increment Id',
  `order_id` int(10) unsigned NOT NULL COMMENT 'Order Id',
  `order_created_at` timestamp NULL DEFAULT CURRENT_TIMESTAMP ON UPDATE CURRENT_TIMESTAMP COMMENT 'Order Increment Id',
  `customer_name` varchar(128) NOT NULL COMMENT 'Customer Name',
  `total_qty` decimal(12,4) DEFAULT NULL COMMENT 'Total Qty',
  `shipment_status` int(11) DEFAULT NULL COMMENT 'Shipment Status',
  `order_status` varchar(32) DEFAULT NULL COMMENT 'Order',
  `billing_address` varchar(255) DEFAULT NULL COMMENT 'Billing Address',
  `shipping_address` varchar(255) DEFAULT NULL COMMENT 'Shipping Address',
  `billing_name` varchar(128) DEFAULT NULL COMMENT 'Billing Name',
  `shipping_name` varchar(128) DEFAULT NULL COMMENT 'Shipping Name',
  `customer_email` varchar(128) DEFAULT NULL COMMENT 'Customer Email',
  `customer_group_id` int(11) DEFAULT NULL,
  `payment_method` varchar(32) DEFAULT NULL COMMENT 'Payment Method',
  `shipping_information` varchar(255) DEFAULT NULL COMMENT 'Shipping Method Name',
  `created_at` timestamp NULL DEFAULT NULL COMMENT 'Created At',
  `updated_at` timestamp NULL DEFAULT NULL COMMENT 'Updated At',
  PRIMARY KEY (`entity_id`),
  UNIQUE KEY `SALES_SHIPMENT_GRID_INCREMENT_ID_STORE_ID` (`increment_id`,`store_id`),
  KEY `SALES_SHIPMENT_GRID_STORE_ID` (`store_id`),
  KEY `SALES_SHIPMENT_GRID_TOTAL_QTY` (`total_qty`),
  KEY `SALES_SHIPMENT_GRID_ORDER_INCREMENT_ID` (`order_increment_id`),
  KEY `SALES_SHIPMENT_GRID_SHIPMENT_STATUS` (`shipment_status`),
  KEY `SALES_SHIPMENT_GRID_ORDER_STATUS` (`order_status`),
  KEY `SALES_SHIPMENT_GRID_CREATED_AT` (`created_at`),
  KEY `SALES_SHIPMENT_GRID_UPDATED_AT` (`updated_at`),
  KEY `SALES_SHIPMENT_GRID_ORDER_CREATED_AT` (`order_created_at`),
  KEY `SALES_SHIPMENT_GRID_SHIPPING_NAME` (`shipping_name`),
  KEY `SALES_SHIPMENT_GRID_BILLING_NAME` (`billing_name`),
  FULLTEXT KEY `FTI_086B40C8955F167B8EA76653437879B4` (`increment_id`,`order_increment_id`,`shipping_name`,`customer_name`,`customer_email`,`billing_address`,`shipping_address`)
) ENGINE=InnoDB DEFAULT CHARSET=utf8 COMMENT='Sales Flat Shipment Grid';

--
-- Dumping data for table `sales_shipment_grid`
--


--
-- Table structure for table `sales_shipment_item`
--

CREATE TABLE `sales_shipment_item` (
  `entity_id` int(10) unsigned NOT NULL AUTO_INCREMENT COMMENT 'Entity Id',
  `parent_id` int(10) unsigned NOT NULL COMMENT 'Parent Id',
  `row_total` decimal(20,4) DEFAULT NULL COMMENT 'Row Total',
  `price` decimal(20,4) DEFAULT NULL COMMENT 'Price',
  `weight` decimal(12,4) DEFAULT NULL COMMENT 'Weight',
  `qty` decimal(12,4) DEFAULT NULL COMMENT 'Qty',
  `product_id` int(11) DEFAULT NULL COMMENT 'Product Id',
  `order_item_id` int(11) DEFAULT NULL COMMENT 'Order Item Id',
  `additional_data` text COMMENT 'Additional Data',
  `description` text COMMENT 'Description',
  `name` varchar(255) DEFAULT NULL COMMENT 'Name',
  `sku` varchar(255) DEFAULT NULL COMMENT 'Sku',
  PRIMARY KEY (`entity_id`),
  KEY `SALES_SHIPMENT_ITEM_PARENT_ID` (`parent_id`),
  CONSTRAINT `SALES_SHIPMENT_ITEM_PARENT_ID_SALES_SHIPMENT_ENTITY_ID` FOREIGN KEY (`parent_id`) REFERENCES `sales_shipment` (`entity_id`) ON DELETE CASCADE
) ENGINE=InnoDB DEFAULT CHARSET=utf8 COMMENT='Sales Flat Shipment Item';

--
-- Dumping data for table `sales_shipment_item`
--


--
-- Table structure for table `sales_shipment_track`
--

CREATE TABLE `sales_shipment_track` (
  `entity_id` int(10) unsigned NOT NULL AUTO_INCREMENT COMMENT 'Entity Id',
  `parent_id` int(10) unsigned NOT NULL COMMENT 'Parent Id',
  `weight` decimal(12,4) DEFAULT NULL COMMENT 'Weight',
  `qty` decimal(12,4) DEFAULT NULL COMMENT 'Qty',
  `order_id` int(10) unsigned NOT NULL COMMENT 'Order Id',
  `track_number` text COMMENT 'Number',
  `description` text COMMENT 'Description',
  `title` varchar(255) DEFAULT NULL COMMENT 'Title',
  `carrier_code` varchar(32) DEFAULT NULL COMMENT 'Carrier Code',
  `created_at` timestamp NOT NULL DEFAULT CURRENT_TIMESTAMP COMMENT 'Created At',
  `updated_at` timestamp NOT NULL DEFAULT CURRENT_TIMESTAMP ON UPDATE CURRENT_TIMESTAMP COMMENT 'Updated At',
  PRIMARY KEY (`entity_id`),
  KEY `SALES_SHIPMENT_TRACK_PARENT_ID` (`parent_id`),
  KEY `SALES_SHIPMENT_TRACK_ORDER_ID` (`order_id`),
  KEY `SALES_SHIPMENT_TRACK_CREATED_AT` (`created_at`),
  CONSTRAINT `SALES_SHIPMENT_TRACK_PARENT_ID_SALES_SHIPMENT_ENTITY_ID` FOREIGN KEY (`parent_id`) REFERENCES `sales_shipment` (`entity_id`) ON DELETE CASCADE
) ENGINE=InnoDB DEFAULT CHARSET=utf8 COMMENT='Sales Flat Shipment Track';

--
-- Dumping data for table `sales_shipment_track`
--


--
-- Table structure for table `sales_shipping_aggregated`
--

CREATE TABLE `sales_shipping_aggregated` (
  `id` int(10) unsigned NOT NULL AUTO_INCREMENT COMMENT 'Id',
  `period` date DEFAULT NULL COMMENT 'Period',
  `store_id` smallint(5) unsigned DEFAULT NULL COMMENT 'Store Id',
  `order_status` varchar(50) DEFAULT NULL COMMENT 'Order Status',
  `shipping_description` varchar(255) DEFAULT NULL COMMENT 'Shipping Description',
  `orders_count` int(11) NOT NULL DEFAULT '0' COMMENT 'Orders Count',
  `total_shipping` decimal(20,4) DEFAULT NULL COMMENT 'Total Shipping',
  `total_shipping_actual` decimal(20,4) DEFAULT NULL COMMENT 'Total Shipping Actual',
  PRIMARY KEY (`id`),
  UNIQUE KEY `SALES_SHPP_AGGRED_PERIOD_STORE_ID_ORDER_STS_SHPP_DESCRIPTION` (`period`,`store_id`,`order_status`,`shipping_description`),
  KEY `SALES_SHIPPING_AGGREGATED_STORE_ID` (`store_id`),
  CONSTRAINT `SALES_SHIPPING_AGGREGATED_STORE_ID_STORE_STORE_ID` FOREIGN KEY (`store_id`) REFERENCES `store` (`store_id`) ON DELETE SET NULL
) ENGINE=InnoDB DEFAULT CHARSET=utf8 COMMENT='Sales Shipping Aggregated';

--
-- Dumping data for table `sales_shipping_aggregated`
--


--
-- Table structure for table `sales_shipping_aggregated_order`
--

CREATE TABLE `sales_shipping_aggregated_order` (
  `id` int(10) unsigned NOT NULL AUTO_INCREMENT COMMENT 'Id',
  `period` date DEFAULT NULL COMMENT 'Period',
  `store_id` smallint(5) unsigned DEFAULT NULL COMMENT 'Store Id',
  `order_status` varchar(50) DEFAULT NULL COMMENT 'Order Status',
  `shipping_description` varchar(255) DEFAULT NULL COMMENT 'Shipping Description',
  `orders_count` int(11) NOT NULL DEFAULT '0' COMMENT 'Orders Count',
  `total_shipping` decimal(20,4) DEFAULT NULL COMMENT 'Total Shipping',
  `total_shipping_actual` decimal(20,4) DEFAULT NULL COMMENT 'Total Shipping Actual',
  PRIMARY KEY (`id`),
  UNIQUE KEY `UNQ_C05FAE47282EEA68654D0924E946761F` (`period`,`store_id`,`order_status`,`shipping_description`),
  KEY `SALES_SHIPPING_AGGREGATED_ORDER_STORE_ID` (`store_id`),
  CONSTRAINT `SALES_SHIPPING_AGGREGATED_ORDER_STORE_ID_STORE_STORE_ID` FOREIGN KEY (`store_id`) REFERENCES `store` (`store_id`) ON DELETE SET NULL
) ENGINE=InnoDB DEFAULT CHARSET=utf8 COMMENT='Sales Shipping Aggregated Order';

--
-- Dumping data for table `sales_shipping_aggregated_order`
--


--
-- Table structure for table `salesrule`
--

CREATE TABLE `salesrule` (
  `rule_id` int(10) unsigned NOT NULL AUTO_INCREMENT COMMENT 'Entity ID',
  `name` varchar(255) DEFAULT NULL COMMENT 'Name',
  `description` text COMMENT 'Description',
  `from_date` date DEFAULT NULL COMMENT 'From',
  `to_date` date DEFAULT NULL COMMENT 'To',
  `uses_per_customer` int(11) NOT NULL DEFAULT '0' COMMENT 'Uses Per Customer',
  `is_active` smallint(6) NOT NULL DEFAULT '0' COMMENT 'Is Active',
  `conditions_serialized` mediumtext COMMENT 'Conditions Serialized',
  `actions_serialized` mediumtext COMMENT 'Actions Serialized',
  `stop_rules_processing` smallint(6) NOT NULL DEFAULT '1' COMMENT 'Stop Rules Processing',
  `is_advanced` smallint(5) unsigned NOT NULL DEFAULT '1' COMMENT 'Is Advanced',
  `product_ids` text COMMENT 'Product Ids',
  `sort_order` int(10) unsigned NOT NULL DEFAULT '0' COMMENT 'Sort Order',
  `simple_action` varchar(32) DEFAULT NULL COMMENT 'Simple Action',
  `discount_amount` decimal(12,4) NOT NULL DEFAULT '0.0000' COMMENT 'Discount Amount',
  `discount_qty` decimal(12,4) DEFAULT NULL COMMENT 'Discount Qty',
  `discount_step` int(10) unsigned NOT NULL DEFAULT '0' COMMENT 'Discount Step',
  `apply_to_shipping` smallint(5) unsigned NOT NULL DEFAULT '0' COMMENT 'Apply To Shipping',
  `times_used` int(10) unsigned NOT NULL DEFAULT '0' COMMENT 'Times Used',
  `is_rss` smallint(6) NOT NULL DEFAULT '0' COMMENT 'Is Rss',
  `coupon_type` smallint(5) unsigned NOT NULL DEFAULT '1' COMMENT 'Coupon Type',
  `use_auto_generation` smallint(6) NOT NULL DEFAULT '0' COMMENT 'Use Auto Generation',
  `uses_per_coupon` int(11) NOT NULL DEFAULT '0' COMMENT 'User Per Coupon',
  `simple_free_shipping` smallint(5) unsigned NOT NULL DEFAULT '0' COMMENT 'Simple Free Shipping',
  PRIMARY KEY (`rule_id`),
  KEY `SALESRULE_IS_ACTIVE_SORT_ORDER_TO_DATE_FROM_DATE` (`is_active`,`sort_order`,`to_date`,`from_date`)
) ENGINE=InnoDB DEFAULT CHARSET=utf8 COMMENT='Salesrule';

--
-- Dumping data for table `salesrule`
--


--
-- Table structure for table `salesrule_coupon`
--

CREATE TABLE `salesrule_coupon` (
  `coupon_id` int(10) unsigned NOT NULL AUTO_INCREMENT COMMENT 'Coupon Id',
  `rule_id` int(10) unsigned NOT NULL COMMENT 'Rule ID',
  `code` varchar(255) DEFAULT NULL COMMENT 'Code',
  `usage_limit` int(10) unsigned DEFAULT NULL COMMENT 'Usage Limit',
  `usage_per_customer` int(10) unsigned DEFAULT NULL COMMENT 'Usage Per Customer',
  `times_used` int(10) unsigned NOT NULL DEFAULT '0' COMMENT 'Times Used',
  `expiration_date` datetime DEFAULT NULL COMMENT 'Expiration Date',
  `is_primary` smallint(5) unsigned DEFAULT NULL COMMENT 'Is Primary',
  `created_at` timestamp NULL DEFAULT NULL COMMENT 'Coupon Code Creation Date',
  `type` smallint(6) DEFAULT '0' COMMENT 'Coupon Code Type',
  `generated_by_dotmailer` smallint(6) DEFAULT NULL COMMENT '1 = Generated by dotmailer',
  PRIMARY KEY (`coupon_id`),
  UNIQUE KEY `SALESRULE_COUPON_CODE` (`code`),
  UNIQUE KEY `SALESRULE_COUPON_RULE_ID_IS_PRIMARY` (`rule_id`,`is_primary`),
  KEY `SALESRULE_COUPON_RULE_ID` (`rule_id`),
  CONSTRAINT `SALESRULE_COUPON_RULE_ID_SALESRULE_RULE_ID` FOREIGN KEY (`rule_id`) REFERENCES `salesrule` (`rule_id`) ON DELETE CASCADE
) ENGINE=InnoDB DEFAULT CHARSET=utf8 COMMENT='Salesrule Coupon';

--
-- Dumping data for table `salesrule_coupon`
--


--
-- Table structure for table `salesrule_coupon_aggregated`
--

CREATE TABLE `salesrule_coupon_aggregated` (
  `id` int(10) unsigned NOT NULL AUTO_INCREMENT COMMENT 'Id',
  `period` date NOT NULL COMMENT 'Period',
  `store_id` smallint(5) unsigned DEFAULT NULL COMMENT 'Store Id',
  `order_status` varchar(50) DEFAULT NULL COMMENT 'Order Status',
  `coupon_code` varchar(50) DEFAULT NULL COMMENT 'Coupon Code',
  `coupon_uses` int(11) NOT NULL DEFAULT '0' COMMENT 'Coupon Uses',
  `subtotal_amount` decimal(20,4) NOT NULL DEFAULT '0.0000' COMMENT 'Subtotal Amount',
  `discount_amount` decimal(12,4) NOT NULL DEFAULT '0.0000' COMMENT 'Discount Amount',
  `total_amount` decimal(20,4) NOT NULL DEFAULT '0.0000' COMMENT 'Total Amount',
  `subtotal_amount_actual` decimal(20,4) NOT NULL DEFAULT '0.0000' COMMENT 'Subtotal Amount Actual',
  `discount_amount_actual` decimal(12,4) NOT NULL DEFAULT '0.0000' COMMENT 'Discount Amount Actual',
  `total_amount_actual` decimal(20,4) NOT NULL DEFAULT '0.0000' COMMENT 'Total Amount Actual',
  `rule_name` varchar(255) DEFAULT NULL COMMENT 'Rule Name',
  PRIMARY KEY (`id`),
  UNIQUE KEY `SALESRULE_COUPON_AGGRED_PERIOD_STORE_ID_ORDER_STS_COUPON_CODE` (`period`,`store_id`,`order_status`,`coupon_code`),
  KEY `SALESRULE_COUPON_AGGREGATED_STORE_ID` (`store_id`),
  KEY `SALESRULE_COUPON_AGGREGATED_RULE_NAME` (`rule_name`),
  CONSTRAINT `SALESRULE_COUPON_AGGREGATED_STORE_ID_STORE_STORE_ID` FOREIGN KEY (`store_id`) REFERENCES `store` (`store_id`) ON DELETE CASCADE
) ENGINE=InnoDB DEFAULT CHARSET=utf8 COMMENT='Coupon Aggregated';

--
-- Dumping data for table `salesrule_coupon_aggregated`
--


--
-- Table structure for table `salesrule_coupon_aggregated_order`
--

CREATE TABLE `salesrule_coupon_aggregated_order` (
  `id` int(10) unsigned NOT NULL AUTO_INCREMENT COMMENT 'Id',
  `period` date NOT NULL COMMENT 'Period',
  `store_id` smallint(5) unsigned DEFAULT NULL COMMENT 'Store Id',
  `order_status` varchar(50) DEFAULT NULL COMMENT 'Order Status',
  `coupon_code` varchar(50) DEFAULT NULL COMMENT 'Coupon Code',
  `coupon_uses` int(11) NOT NULL DEFAULT '0' COMMENT 'Coupon Uses',
  `subtotal_amount` decimal(20,4) NOT NULL DEFAULT '0.0000' COMMENT 'Subtotal Amount',
  `discount_amount` decimal(12,4) NOT NULL DEFAULT '0.0000' COMMENT 'Discount Amount',
  `total_amount` decimal(20,4) NOT NULL DEFAULT '0.0000' COMMENT 'Total Amount',
  `rule_name` varchar(255) DEFAULT NULL COMMENT 'Rule Name',
  PRIMARY KEY (`id`),
  UNIQUE KEY `UNQ_1094D1FBBCBB11704A29DEF3ACC37D2B` (`period`,`store_id`,`order_status`,`coupon_code`),
  KEY `SALESRULE_COUPON_AGGREGATED_ORDER_STORE_ID` (`store_id`),
  KEY `SALESRULE_COUPON_AGGREGATED_ORDER_RULE_NAME` (`rule_name`),
  CONSTRAINT `SALESRULE_COUPON_AGGREGATED_ORDER_STORE_ID_STORE_STORE_ID` FOREIGN KEY (`store_id`) REFERENCES `store` (`store_id`) ON DELETE CASCADE
) ENGINE=InnoDB DEFAULT CHARSET=utf8 COMMENT='Coupon Aggregated Order';

--
-- Dumping data for table `salesrule_coupon_aggregated_order`
--


--
-- Table structure for table `salesrule_coupon_aggregated_updated`
--

CREATE TABLE `salesrule_coupon_aggregated_updated` (
  `id` int(10) unsigned NOT NULL AUTO_INCREMENT COMMENT 'Id',
  `period` date NOT NULL COMMENT 'Period',
  `store_id` smallint(5) unsigned DEFAULT NULL COMMENT 'Store Id',
  `order_status` varchar(50) DEFAULT NULL COMMENT 'Order Status',
  `coupon_code` varchar(50) DEFAULT NULL COMMENT 'Coupon Code',
  `coupon_uses` int(11) NOT NULL DEFAULT '0' COMMENT 'Coupon Uses',
  `subtotal_amount` decimal(20,4) NOT NULL DEFAULT '0.0000' COMMENT 'Subtotal Amount',
  `discount_amount` decimal(12,4) NOT NULL DEFAULT '0.0000' COMMENT 'Discount Amount',
  `total_amount` decimal(20,4) NOT NULL DEFAULT '0.0000' COMMENT 'Total Amount',
  `subtotal_amount_actual` decimal(20,4) NOT NULL DEFAULT '0.0000' COMMENT 'Subtotal Amount Actual',
  `discount_amount_actual` decimal(12,4) NOT NULL DEFAULT '0.0000' COMMENT 'Discount Amount Actual',
  `total_amount_actual` decimal(20,4) NOT NULL DEFAULT '0.0000' COMMENT 'Total Amount Actual',
  `rule_name` varchar(255) DEFAULT NULL COMMENT 'Rule Name',
  PRIMARY KEY (`id`),
  UNIQUE KEY `UNQ_7196FA120A4F0F84E1B66605E87E213E` (`period`,`store_id`,`order_status`,`coupon_code`),
  KEY `SALESRULE_COUPON_AGGREGATED_UPDATED_STORE_ID` (`store_id`),
  KEY `SALESRULE_COUPON_AGGREGATED_UPDATED_RULE_NAME` (`rule_name`),
  CONSTRAINT `SALESRULE_COUPON_AGGREGATED_UPDATED_STORE_ID_STORE_STORE_ID` FOREIGN KEY (`store_id`) REFERENCES `store` (`store_id`) ON DELETE CASCADE
) ENGINE=InnoDB DEFAULT CHARSET=utf8 COMMENT='Salesrule Coupon Aggregated Updated';

--
-- Dumping data for table `salesrule_coupon_aggregated_updated`
--


--
-- Table structure for table `salesrule_coupon_usage`
--

CREATE TABLE `salesrule_coupon_usage` (
  `coupon_id` int(10) unsigned NOT NULL COMMENT 'Coupon Id',
  `customer_id` int(10) unsigned NOT NULL COMMENT 'Customer Id',
  `times_used` int(10) unsigned NOT NULL DEFAULT '0' COMMENT 'Times Used',
  PRIMARY KEY (`coupon_id`,`customer_id`),
  KEY `SALESRULE_COUPON_USAGE_CUSTOMER_ID` (`customer_id`),
  CONSTRAINT `SALESRULE_COUPON_USAGE_COUPON_ID_SALESRULE_COUPON_COUPON_ID` FOREIGN KEY (`coupon_id`) REFERENCES `salesrule_coupon` (`coupon_id`) ON DELETE CASCADE,
  CONSTRAINT `SALESRULE_COUPON_USAGE_CUSTOMER_ID_CUSTOMER_ENTITY_ENTITY_ID` FOREIGN KEY (`customer_id`) REFERENCES `customer_entity` (`entity_id`) ON DELETE CASCADE
) ENGINE=InnoDB DEFAULT CHARSET=utf8 COMMENT='Salesrule Coupon Usage';

--
-- Dumping data for table `salesrule_coupon_usage`
--


--
-- Table structure for table `salesrule_customer`
--

CREATE TABLE `salesrule_customer` (
  `rule_customer_id` int(10) unsigned NOT NULL AUTO_INCREMENT COMMENT 'Rule Customer Id',
  `rule_id` int(10) unsigned NOT NULL DEFAULT '0' COMMENT 'Rule ID',
  `customer_id` int(10) unsigned NOT NULL DEFAULT '0' COMMENT 'Customer Id',
  `times_used` smallint(5) unsigned NOT NULL DEFAULT '0' COMMENT 'Times Used',
  PRIMARY KEY (`rule_customer_id`),
  KEY `SALESRULE_CUSTOMER_RULE_ID_CUSTOMER_ID` (`rule_id`,`customer_id`),
  KEY `SALESRULE_CUSTOMER_CUSTOMER_ID_RULE_ID` (`customer_id`,`rule_id`),
  CONSTRAINT `SALESRULE_CUSTOMER_CUSTOMER_ID_CUSTOMER_ENTITY_ENTITY_ID` FOREIGN KEY (`customer_id`) REFERENCES `customer_entity` (`entity_id`) ON DELETE CASCADE,
  CONSTRAINT `SALESRULE_CUSTOMER_RULE_ID_SALESRULE_RULE_ID` FOREIGN KEY (`rule_id`) REFERENCES `salesrule` (`rule_id`) ON DELETE CASCADE
) ENGINE=InnoDB DEFAULT CHARSET=utf8 COMMENT='Salesrule Customer';

--
-- Dumping data for table `salesrule_customer`
--


--
-- Table structure for table `salesrule_customer_group`
--

CREATE TABLE `salesrule_customer_group` (
  `rule_id` int(10) unsigned NOT NULL COMMENT 'Rule ID',
  `customer_group_id` int(10) unsigned NOT NULL COMMENT 'Customer Group Id',
  PRIMARY KEY (`rule_id`,`customer_group_id`),
  KEY `SALESRULE_CUSTOMER_GROUP_CUSTOMER_GROUP_ID` (`customer_group_id`),
  CONSTRAINT `SALESRULE_CSTR_GROUP_CSTR_GROUP_ID_CSTR_GROUP_CSTR_GROUP_ID` FOREIGN KEY (`customer_group_id`) REFERENCES `customer_group` (`customer_group_id`) ON DELETE CASCADE,
  CONSTRAINT `SALESRULE_CUSTOMER_GROUP_RULE_ID_SALESRULE_RULE_ID` FOREIGN KEY (`rule_id`) REFERENCES `salesrule` (`rule_id`) ON DELETE CASCADE
) ENGINE=InnoDB DEFAULT CHARSET=utf8 COMMENT='Sales Rules To Customer Groups Relations';

--
-- Dumping data for table `salesrule_customer_group`
--


--
-- Table structure for table `salesrule_label`
--

CREATE TABLE `salesrule_label` (
  `label_id` int(10) unsigned NOT NULL AUTO_INCREMENT COMMENT 'Label Id',
  `rule_id` int(10) unsigned NOT NULL COMMENT 'Rule ID',
  `store_id` smallint(5) unsigned NOT NULL COMMENT 'Store Id',
  `label` varchar(255) DEFAULT NULL COMMENT 'Label',
  PRIMARY KEY (`label_id`),
  UNIQUE KEY `SALESRULE_LABEL_RULE_ID_STORE_ID` (`rule_id`,`store_id`),
  KEY `SALESRULE_LABEL_STORE_ID` (`store_id`),
  CONSTRAINT `SALESRULE_LABEL_RULE_ID_SALESRULE_RULE_ID` FOREIGN KEY (`rule_id`) REFERENCES `salesrule` (`rule_id`) ON DELETE CASCADE,
  CONSTRAINT `SALESRULE_LABEL_STORE_ID_STORE_STORE_ID` FOREIGN KEY (`store_id`) REFERENCES `store` (`store_id`) ON DELETE CASCADE
) ENGINE=InnoDB DEFAULT CHARSET=utf8 COMMENT='Salesrule Label';

--
-- Dumping data for table `salesrule_label`
--


--
-- Table structure for table `salesrule_product_attribute`
--

CREATE TABLE `salesrule_product_attribute` (
  `rule_id` int(10) unsigned NOT NULL COMMENT 'Rule ID',
  `website_id` smallint(5) unsigned NOT NULL COMMENT 'Website Id',
  `customer_group_id` int(10) unsigned NOT NULL COMMENT 'Customer Group Id',
  `attribute_id` smallint(5) unsigned NOT NULL COMMENT 'Attribute Id',
  PRIMARY KEY (`rule_id`,`website_id`,`customer_group_id`,`attribute_id`),
  KEY `SALESRULE_PRODUCT_ATTRIBUTE_WEBSITE_ID` (`website_id`),
  KEY `SALESRULE_PRODUCT_ATTRIBUTE_CUSTOMER_GROUP_ID` (`customer_group_id`),
  KEY `SALESRULE_PRODUCT_ATTRIBUTE_ATTRIBUTE_ID` (`attribute_id`),
  CONSTRAINT `SALESRULE_PRD_ATTR_ATTR_ID_EAV_ATTR_ATTR_ID` FOREIGN KEY (`attribute_id`) REFERENCES `eav_attribute` (`attribute_id`) ON DELETE CASCADE,
  CONSTRAINT `SALESRULE_PRD_ATTR_CSTR_GROUP_ID_CSTR_GROUP_CSTR_GROUP_ID` FOREIGN KEY (`customer_group_id`) REFERENCES `customer_group` (`customer_group_id`) ON DELETE CASCADE,
  CONSTRAINT `SALESRULE_PRODUCT_ATTRIBUTE_RULE_ID_SALESRULE_RULE_ID` FOREIGN KEY (`rule_id`) REFERENCES `salesrule` (`rule_id`) ON DELETE CASCADE,
  CONSTRAINT `SALESRULE_PRODUCT_ATTRIBUTE_WEBSITE_ID_STORE_WEBSITE_WEBSITE_ID` FOREIGN KEY (`website_id`) REFERENCES `store_website` (`website_id`) ON DELETE CASCADE
) ENGINE=InnoDB DEFAULT CHARSET=utf8 COMMENT='Salesrule Product Attribute';

--
-- Dumping data for table `salesrule_product_attribute`
--


--
-- Table structure for table `salesrule_website`
--

CREATE TABLE `salesrule_website` (
  `rule_id` int(10) unsigned NOT NULL COMMENT 'Rule ID',
  `website_id` smallint(5) unsigned NOT NULL COMMENT 'Website Id',
  PRIMARY KEY (`rule_id`,`website_id`),
  KEY `SALESRULE_WEBSITE_WEBSITE_ID` (`website_id`),
  CONSTRAINT `SALESRULE_WEBSITE_RULE_ID_SALESRULE_RULE_ID` FOREIGN KEY (`rule_id`) REFERENCES `salesrule` (`rule_id`) ON DELETE CASCADE,
  CONSTRAINT `SALESRULE_WEBSITE_WEBSITE_ID_STORE_WEBSITE_WEBSITE_ID` FOREIGN KEY (`website_id`) REFERENCES `store_website` (`website_id`) ON DELETE CASCADE
) ENGINE=InnoDB DEFAULT CHARSET=utf8 COMMENT='Sales Rules To Websites Relations';

--
-- Dumping data for table `salesrule_website`
--


--
-- Table structure for table `scandiweb_menumanager_item`
--

CREATE TABLE `scandiweb_menumanager_item` (
  `item_id` int(10) unsigned NOT NULL AUTO_INCREMENT,
  `menu_id` smallint(5) unsigned NOT NULL DEFAULT '0',
  `parent_id` smallint(6) NOT NULL DEFAULT '0',
  `title` varchar(255) NOT NULL,
  `item_class` varchar(255) NOT NULL,
  `identifier` varchar(100) NOT NULL,
  `url` text,
  `url_attributes` varchar(255) DEFAULT NULL,
  `open_type` smallint(6) NOT NULL DEFAULT '0',
  `url_type` smallint(6) NOT NULL DEFAULT '0',
  `cms_page_identifier` varchar(100) DEFAULT NULL,
  `category_id` int(10) unsigned DEFAULT NULL,
  `position` smallint(6) NOT NULL DEFAULT '0',
  `is_active` smallint(6) NOT NULL DEFAULT '1',
  `icon` varchar(255) DEFAULT NULL,
  `icon_alt` varchar(255) DEFAULT NULL,
  `is_promo` int(11) DEFAULT '0' COMMENT 'Is promo category bool',
  `promo_image` varchar(255) DEFAULT NULL COMMENT 'Promo category background image',
  PRIMARY KEY (`item_id`),
  KEY `SCANDIWEB_MENUMANAGER_ITEM_IDENTIFIER` (`identifier`),
  KEY `FK_0AB456CB28F7294C1412103466C201D3` (`menu_id`),
  KEY `SCANDIWEB_MENUMANAGER_ITEM_CTGR_ID_CAT_CTGR_ENTT_ENTT_ID` (`category_id`),
  KEY `FK_2058573FEB4C380B79E88A7E2C6B2FE1` (`cms_page_identifier`),
  CONSTRAINT `FK_0AB456CB28F7294C1412103466C201D3` FOREIGN KEY (`menu_id`) REFERENCES `scandiweb_menumanager_menu` (`menu_id`) ON DELETE CASCADE,
  CONSTRAINT `FK_2058573FEB4C380B79E88A7E2C6B2FE1` FOREIGN KEY (`cms_page_identifier`) REFERENCES `cms_page` (`identifier`) ON DELETE SET NULL,
  CONSTRAINT `SCANDIWEB_MENUMANAGER_ITEM_CTGR_ID_CAT_CTGR_ENTT_ENTT_ID` FOREIGN KEY (`category_id`) REFERENCES `catalog_category_entity` (`entity_id`) ON DELETE SET NULL
) ENGINE=InnoDB AUTO_INCREMENT=124 DEFAULT CHARSET=utf8;

--
-- Dumping data for table `scandiweb_menumanager_item`
--

INSERT INTO `scandiweb_menumanager_item` VALUES (99,2,0,'Categories','MenuOverlay-ItemFigure_type_root','categories',NULL,NULL,0,2,NULL,2,10,1,NULL,NULL,0,NULL),(100,2,99,'Women','','woman',NULL,NULL,0,2,NULL,27,20,1,'scandipwa_menuorganizer_item_icons/woman.png',NULL,0,NULL),(101,2,99,'Men','','man',NULL,NULL,0,2,NULL,20,30,1,'scandipwa_menuorganizer_item_icons/man.png',NULL,0,NULL),(102,2,99,'Accessories','','accessories',NULL,NULL,0,2,NULL,35,40,1,'scandipwa_menuorganizer_item_icons/accessories.png',NULL,0,NULL),(103,2,0,'Trending now','MenuOverlay-ItemFigure_type_trending','trending-now',NULL,NULL,0,2,NULL,2,10,1,NULL,NULL,0,NULL),(104,2,99,'New In','','new-in',NULL,NULL,0,2,NULL,28,15,1,'scandipwa_menuorganizer_item_icons/new-in.png',NULL,0,NULL),(105,2,103,'Glasses','','glasses',NULL,NULL,0,2,NULL,36,10,1,'scandipwa_menuorganizer_item_icons/trending_glasses.png',NULL,0,NULL),(106,2,103,'Dresses','','dresses',NULL,NULL,0,2,NULL,28,20,1,'scandipwa_menuorganizer_item_icons/trending_dresses.png',NULL,0,NULL),(107,2,100,'Dresses','','dresses',NULL,NULL,0,2,NULL,28,30,1,'scandipwa_menuorganizer_item_icons/dresses.jpg',NULL,0,NULL),(108,2,100,'Knitwear','','knitwear',NULL,NULL,0,2,NULL,29,40,1,'scandipwa_menuorganizer_item_icons/knitwear-woman.jpg',NULL,0,NULL),(109,2,100,'Jackets','','jackets',NULL,NULL,0,2,NULL,30,50,1,'scandipwa_menuorganizer_item_icons/jackets-woman.jpg',NULL,0,NULL),(110,2,100,'Trousers','','trousers',NULL,NULL,0,2,NULL,31,60,1,'scandipwa_menuorganizer_item_icons/trousers-woman.jpg',NULL,0,NULL),(111,2,100,'Jeans','','jeans',NULL,NULL,0,2,NULL,32,70,1,'scandipwa_menuorganizer_item_icons/jeans-woman.jpg',NULL,0,NULL),(112,2,100,'Shoes','','shoes',NULL,NULL,0,2,NULL,33,80,1,'scandipwa_menuorganizer_item_icons/shoes-woman.jpg',NULL,0,NULL),(113,2,100,'Shop all women','MenuOverlay-ItemFigure_type_banner','shop-all-woman',NULL,NULL,0,2,NULL,27,90,1,'scandipwa_menuorganizer_item_icons/all-woman.jpg',NULL,0,NULL),(114,2,101,'Knitwear','','knitwear',NULL,NULL,0,2,NULL,22,10,1,'scandipwa_menuorganizer_item_icons/knitwear-man.jpg',NULL,0,NULL),(115,2,101,'Jackets','','jackets',NULL,NULL,0,2,NULL,23,20,1,'scandipwa_menuorganizer_item_icons/jackets-man.jpg',NULL,0,NULL),(116,2,101,'Shoes','','shoes',NULL,NULL,0,2,NULL,24,30,1,'scandipwa_menuorganizer_item_icons/shoes-man.jpg',NULL,0,NULL),(117,2,101,'Trousers','','trousers',NULL,NULL,0,2,NULL,25,40,1,'scandipwa_menuorganizer_item_icons/trousers-man.jpg',NULL,0,NULL),(118,2,101,'Jeans','','jeans',NULL,NULL,0,2,NULL,26,50,1,'scandipwa_menuorganizer_item_icons/jeans-man.jpg',NULL,0,NULL),(119,2,101,'Shop all men','MenuOverlay-ItemFigure_type_banner','shop-all-man',NULL,NULL,0,2,NULL,20,60,1,'scandipwa_menuorganizer_item_icons/all-man.jpg',NULL,0,NULL),(120,2,102,'Sunglasses','','sunglasses',NULL,NULL,0,2,NULL,36,10,1,'scandipwa_menuorganizer_item_icons/glasses.jpg',NULL,0,NULL),(121,2,102,'Bags','','bags',NULL,NULL,0,2,NULL,37,20,1,'scandipwa_menuorganizer_item_icons/bags.jpg',NULL,0,NULL),(122,2,102,'Belts','','belts',NULL,NULL,0,2,NULL,38,30,1,'scandipwa_menuorganizer_item_icons/belts.jpg',NULL,0,NULL),(123,2,102,'Shop all accessories','MenuOverlay-ItemFigure_type_banner','shop-all-accessories',NULL,NULL,0,2,NULL,35,40,1,'scandipwa_menuorganizer_item_icons/all-accessories.jpg',NULL,0,NULL);

--
-- Table structure for table `scandiweb_menumanager_menu`
--

CREATE TABLE `scandiweb_menumanager_menu` (
  `menu_id` smallint(5) unsigned NOT NULL AUTO_INCREMENT,
  `identifier` varchar(100) NOT NULL,
  `title` varchar(255) NOT NULL,
  `css_class` varchar(100) DEFAULT NULL,
  `is_active` smallint(6) NOT NULL DEFAULT '1',
  PRIMARY KEY (`menu_id`),
  KEY `SCANDIWEB_MENUMANAGER_MENU_IDENTIFIER` (`identifier`),
  KEY `SCANDIWEB_MENUMANAGER_MENU_MENU_ID` (`menu_id`)
) ENGINE=InnoDB AUTO_INCREMENT=3 DEFAULT CHARSET=utf8;

--
-- Dumping data for table `scandiweb_menumanager_menu`
--

INSERT INTO `scandiweb_menumanager_menu` VALUES (2,'new-main-menu','New Main Menu',NULL,1);

--
-- Table structure for table `scandiweb_menumanager_menu_store`
--

CREATE TABLE `scandiweb_menumanager_menu_store` (
  `menu_id` smallint(5) unsigned NOT NULL,
  `store_id` smallint(5) unsigned NOT NULL,
  PRIMARY KEY (`menu_id`,`store_id`),
  KEY `SCANDIWEB_MENUMANAGER_MENU_STORE_STORE_ID` (`store_id`),
  KEY `SCANDIWEB_MENUMANAGER_MENU_STORE_MENU_ID` (`menu_id`),
  CONSTRAINT `FK_D08034D1FA32C605CB03C127ACA3CFF1` FOREIGN KEY (`menu_id`) REFERENCES `scandiweb_menumanager_menu` (`menu_id`) ON DELETE CASCADE,
  CONSTRAINT `SCANDIWEB_MENUMANAGER_MENU_STORE_STORE_ID_STORE_STORE_ID` FOREIGN KEY (`store_id`) REFERENCES `store` (`store_id`) ON DELETE CASCADE
) ENGINE=InnoDB DEFAULT CHARSET=utf8;

--
-- Dumping data for table `scandiweb_menumanager_menu_store`
--

INSERT INTO `scandiweb_menumanager_menu_store` VALUES (2,0);

--
-- Table structure for table `scandiweb_slider`
--

CREATE TABLE `scandiweb_slider` (
  `slider_id` int(10) unsigned NOT NULL AUTO_INCREMENT COMMENT 'Slider id',
  `title` varchar(255) NOT NULL COMMENT 'Slider title',
  `is_active` smallint(6) NOT NULL DEFAULT '1' COMMENT 'Is slider active',
  `show_menu` smallint(6) DEFAULT '1' COMMENT 'Show slide menu',
  `show_navigation` smallint(6) DEFAULT '1' COMMENT 'Show slide navigation',
  `slide_speed` int(10) unsigned DEFAULT '0' COMMENT 'Slide speed',
  `position` int(10) unsigned DEFAULT '0' COMMENT 'Slide speed',
  `animation_speed` int(10) unsigned DEFAULT '0' COMMENT 'Animation speed',
  `slides_to_display` int(10) unsigned DEFAULT '0' COMMENT 'Slides to display',
  `slides_to_scroll` int(10) unsigned DEFAULT '0' COMMENT 'Slides to scroll',
  `lazy_load` smallint(6) DEFAULT '0' COMMENT 'Use lazy load',
  `slides_to_display_tablet` int(10) unsigned DEFAULT '0' COMMENT 'Slides to display on tablet',
  `slides_to_scroll_tablet` int(10) unsigned DEFAULT '0' COMMENT 'Slides to scroll on tablet',
  `slides_to_display_mobile` int(10) unsigned DEFAULT '0' COMMENT 'Slides to display on mobile',
  `slides_to_scroll_mobile` int(10) unsigned DEFAULT '0' COMMENT 'Slides to scroll on mobile',
  PRIMARY KEY (`slider_id`),
  KEY `SCANDIWEB_SLIDER_SLIDER_ID` (`slider_id`),
  KEY `SCANDIWEB_SLIDER_POSITION` (`position`)
) ENGINE=InnoDB AUTO_INCREMENT=5 DEFAULT CHARSET=utf8 COMMENT='Slider table';

--
-- Dumping data for table `scandiweb_slider`
--

INSERT INTO `scandiweb_slider` VALUES (4,'homepage-slider',1,0,0,0,0,0,0,0,0,0,0,0,0);

--
-- Table structure for table `scandiweb_slider_slide`
--

CREATE TABLE `scandiweb_slider_slide` (
  `slide_id` int(10) unsigned NOT NULL AUTO_INCREMENT COMMENT 'Slide id',
  `slider_id` int(10) unsigned NOT NULL COMMENT 'Slider id',
  `title` varchar(255) NOT NULL COMMENT 'Slide title',
  `desktop_image` varchar(255) DEFAULT NULL COMMENT 'Desktop Image location',
  `mobile_image` varchar(255) DEFAULT NULL COMMENT 'Mobile Image location',
  `is_active` smallint(6) NOT NULL DEFAULT '1' COMMENT 'Image is active',
  `position` int(11) NOT NULL DEFAULT '0' COMMENT 'Slide position',
  `start_time` datetime DEFAULT NULL COMMENT 'Slide starting time',
  `end_time` datetime DEFAULT NULL COMMENT 'Slide ending time',
  `slide_link` varchar(255) DEFAULT NULL COMMENT 'Slide link',
  `slide_link_text` text COMMENT 'Slide link text',
  `display_title` varchar(255) DEFAULT NULL COMMENT 'Slide title to display',
  `slide_text` text COMMENT 'Slide text to display',
  `embed_code` text COMMENT 'Iframe url',
  `desktop_image_2` varchar(255) DEFAULT NULL COMMENT 'Desktop Image 2 location',
  `mobile_image_2` varchar(255) DEFAULT NULL COMMENT 'Mobile Image 2 location',
  `embed_code_2` text COMMENT 'Iframe 2 code',
  `slide_link_2` varchar(255) DEFAULT NULL COMMENT 'Slide link 2',
  `display_title_2` varchar(255) DEFAULT NULL COMMENT 'Display title 2',
  `slide_text_2` text COMMENT 'Slide 2 text to display',
  `slide_text_position_2` smallint(6) DEFAULT '0' COMMENT 'Slide text position',
  `desktop_image_3` varchar(255) DEFAULT NULL COMMENT 'Desktop Image 3 location',
  `mobile_image_3` varchar(255) DEFAULT NULL COMMENT 'Mobile Image 3 location',
  `embed_code_3` text COMMENT 'Iframe 3 code',
  `slide_link_3` varchar(255) DEFAULT NULL COMMENT 'Slide link 3',
  `display_title_3` varchar(255) DEFAULT NULL COMMENT 'Display title 3',
  `slide_text_3` text COMMENT 'Slide 3 text to display',
  `slide_text_position_3` smallint(6) DEFAULT '0' COMMENT 'Slide text position',
  `slide_text_position` smallint(6) NOT NULL DEFAULT '0' COMMENT 'Slide text position',
  `slide_width_class` varchar(255) DEFAULT NULL COMMENT 'Width of first Block',
  PRIMARY KEY (`slide_id`),
  KEY `SCANDIWEB_SLIDER_SLIDE_SLIDE_ID` (`slide_id`),
  KEY `SCANDIWEB_SLIDER_SLIDE_SLIDER_ID` (`slider_id`),
  KEY `SCANDIWEB_SLIDER_SLIDE_POSITION` (`position`),
  CONSTRAINT `SCANDIWEB_SLIDER_SLIDE_SLIDER_ID_SCANDIWEB_SLIDER_SLIDER_ID` FOREIGN KEY (`slider_id`) REFERENCES `scandiweb_slider` (`slider_id`) ON DELETE CASCADE
) ENGINE=InnoDB AUTO_INCREMENT=7 DEFAULT CHARSET=utf8 COMMENT='Slider image table';

--
-- Dumping data for table `scandiweb_slider_slide`
--

INSERT INTO `scandiweb_slider_slide` VALUES (6,4,'summer-mood-dresses','scandiweb/slider/s/l/slider-woman-on-the-beach.jpg',NULL,1,0,NULL,NULL,NULL,NULL,NULL,'<h1 class=\"HomeSlider-Heading\">SUMMER mood</h1>\r\n<button class=\"Button\" href=\"/category/women/women-dresses\">SEE DRESS COLLECTION</button>',NULL,NULL,NULL,NULL,NULL,NULL,NULL,0,NULL,NULL,NULL,NULL,NULL,NULL,0,0,NULL);

--
-- Table structure for table `scandiweb_slider_slide_map`
--

CREATE TABLE `scandiweb_slider_slide_map` (
  `map_id` int(10) unsigned NOT NULL AUTO_INCREMENT COMMENT 'Map id',
  `slide_id` int(10) unsigned NOT NULL COMMENT 'Image id',
  `title` varchar(255) NOT NULL COMMENT 'Image map title',
  `coordinates` text NOT NULL COMMENT 'Map coordinates',
  `is_active` smallint(6) DEFAULT '1' COMMENT 'Map is active',
  `product_id` int(10) unsigned DEFAULT NULL COMMENT 'Product id',
  PRIMARY KEY (`map_id`),
  KEY `SCANDIWEB_SLIDER_SLIDE_MAP_SLIDE_ID` (`slide_id`),
  CONSTRAINT `FK_39DDF0D97FDB34A06E4DBA027F45DF45` FOREIGN KEY (`slide_id`) REFERENCES `scandiweb_slider_slide` (`slide_id`) ON DELETE CASCADE
) ENGINE=InnoDB DEFAULT CHARSET=utf8 COMMENT='scandiweb_slider_slide_map';

--
-- Dumping data for table `scandiweb_slider_slide_map`
--


--
-- Table structure for table `scandiweb_slider_slide_store`
--

CREATE TABLE `scandiweb_slider_slide_store` (
  `slide_id` int(10) unsigned NOT NULL COMMENT 'Image id',
  `store_id` smallint(5) unsigned NOT NULL COMMENT 'Store ID',
  KEY `SCANDIWEB_SLIDER_SLIDE_STORE_SLIDE_ID` (`slide_id`),
  KEY `SCANDIWEB_SLIDER_SLIDE_STORE_STORE_ID_STORE_STORE_ID` (`store_id`),
  CONSTRAINT `FK_79F87DC3AD889A72D676C5681D879AF6` FOREIGN KEY (`slide_id`) REFERENCES `scandiweb_slider_slide` (`slide_id`) ON DELETE CASCADE,
  CONSTRAINT `SCANDIWEB_SLIDER_SLIDE_STORE_STORE_ID_STORE_STORE_ID` FOREIGN KEY (`store_id`) REFERENCES `store` (`store_id`) ON DELETE NO ACTION
) ENGINE=InnoDB DEFAULT CHARSET=utf8 COMMENT='Slider image to store linkage table';

--
-- Dumping data for table `scandiweb_slider_slide_store`
--

INSERT INTO `scandiweb_slider_slide_store` VALUES (6,0);

--
-- Table structure for table `scconnector_google_feed_cl`
--

CREATE TABLE `scconnector_google_feed_cl` (
  `version_id` int(10) unsigned NOT NULL AUTO_INCREMENT COMMENT 'Version ID',
  `entity_id` int(10) unsigned NOT NULL DEFAULT '0' COMMENT 'Entity ID',
  PRIMARY KEY (`version_id`)
) ENGINE=InnoDB DEFAULT CHARSET=utf8 COMMENT='scconnector_google_feed_cl';

--
-- Dumping data for table `scconnector_google_feed_cl`
--


--
-- Table structure for table `scconnector_google_remove_cl`
--

CREATE TABLE `scconnector_google_remove_cl` (
  `version_id` int(10) unsigned NOT NULL AUTO_INCREMENT COMMENT 'Version ID',
  `entity_id` int(10) unsigned NOT NULL DEFAULT '0' COMMENT 'Entity ID',
  PRIMARY KEY (`version_id`)
) ENGINE=InnoDB DEFAULT CHARSET=utf8 COMMENT='scconnector_google_remove_cl';

--
-- Dumping data for table `scconnector_google_remove_cl`
--


--
-- Table structure for table `search_query`
--

CREATE TABLE `search_query` (
  `query_id` int(10) unsigned NOT NULL AUTO_INCREMENT COMMENT 'Query ID',
  `query_text` varchar(255) DEFAULT NULL COMMENT 'Query text',
  `num_results` int(10) unsigned NOT NULL DEFAULT '0' COMMENT 'Num results',
  `popularity` int(10) unsigned NOT NULL DEFAULT '0' COMMENT 'Popularity',
  `redirect` varchar(255) DEFAULT NULL COMMENT 'Redirect',
  `store_id` smallint(5) unsigned NOT NULL DEFAULT '0' COMMENT 'Store ID',
  `display_in_terms` smallint(6) NOT NULL DEFAULT '1' COMMENT 'Display in terms',
  `is_active` smallint(6) DEFAULT '1' COMMENT 'Active status',
  `is_processed` smallint(6) DEFAULT '0' COMMENT 'Processed status',
  `updated_at` timestamp NOT NULL DEFAULT CURRENT_TIMESTAMP ON UPDATE CURRENT_TIMESTAMP COMMENT 'Updated at',
  PRIMARY KEY (`query_id`),
  UNIQUE KEY `SEARCH_QUERY_QUERY_TEXT_STORE_ID` (`query_text`,`store_id`),
  KEY `SEARCH_QUERY_QUERY_TEXT_STORE_ID_POPULARITY` (`query_text`,`store_id`,`popularity`),
  KEY `SEARCH_QUERY_STORE_ID` (`store_id`),
  KEY `SEARCH_QUERY_IS_PROCESSED` (`is_processed`),
  CONSTRAINT `SEARCH_QUERY_STORE_ID_STORE_STORE_ID` FOREIGN KEY (`store_id`) REFERENCES `store` (`store_id`) ON DELETE CASCADE
) ENGINE=InnoDB AUTO_INCREMENT=105 DEFAULT CHARSET=utf8 COMMENT='Search query table';

--
-- Dumping data for table `search_query`
--

INSERT INTO `search_query` VALUES (1,'sh',0,0,NULL,1,1,1,0,'2018-11-30 22:08:46'),(2,'shoe',3,0,NULL,1,1,1,0,'2018-11-30 22:08:47'),(4,'glove',0,0,NULL,1,1,1,0,'2018-11-30 22:09:01'),(5,'Eans',0,0,NULL,1,1,1,0,'2018-12-01 00:44:09'),(6,'Jeans',18,0,NULL,1,1,1,0,'2018-12-01 00:44:11'),(7,'long',24,0,NULL,1,1,1,0,'2018-12-01 03:49:03'),(8,'Pants',10,0,NULL,1,1,1,0,'2018-12-01 07:55:39'),(9,'belt',32,0,NULL,1,1,1,0,'2018-12-02 12:33:44'),(11,'cash',7,0,NULL,1,1,1,0,'2018-12-02 13:54:47'),(12,'Hats',0,0,NULL,1,1,1,0,'2018-12-02 17:00:11'),(13,'adid',2,0,NULL,1,1,1,0,'2018-12-03 07:23:56'),(14,'sun',8,0,NULL,1,1,1,0,'2018-12-03 09:28:27'),(15,'Bag',5,0,NULL,1,1,1,0,'2018-12-03 18:59:43'),(16,'gr',0,0,NULL,1,1,1,0,'2018-12-03 20:07:09'),(17,'gre',14,0,NULL,1,1,1,0,'2018-12-03 20:07:11'),(18,'ak',0,0,NULL,1,1,1,0,'2018-12-03 20:08:08'),(19,'asd',0,0,NULL,1,1,1,0,'2018-12-03 20:19:59'),(20,'shoes',3,0,NULL,1,1,1,0,'2018-12-03 20:20:26'),(22,'bel',34,0,NULL,1,1,1,0,'2018-12-03 20:21:05'),(23,'hjhhjjhjh',0,0,NULL,1,1,1,0,'2018-12-03 20:22:03'),(24,'   ',112,0,NULL,1,1,1,0,'2018-12-03 20:22:19'),(25,'   ;;',0,0,NULL,1,1,1,0,'2018-12-03 20:22:20'),(26,'   ;;kkk',0,0,NULL,1,1,1,0,'2018-12-03 20:22:22'),(28,'jjj',0,0,NULL,1,1,1,0,'2018-12-03 20:22:48'),(29,'jjjjj',0,0,NULL,1,1,1,0,'2018-12-03 20:22:49'),(30,'jjjjjjjjjhfghgjfjh gif gif hf',2,0,NULL,1,1,1,0,'2018-12-03 20:22:52'),(31,'brax',2,0,NULL,1,1,1,0,'2018-12-03 20:23:45'),(32,'tada',0,0,NULL,1,1,1,0,'2018-12-03 20:27:55'),(34,' script ',0,0,NULL,1,1,1,0,'2018-12-03 20:28:15'),(36,' script   script',0,0,NULL,1,1,1,0,'2018-12-03 20:28:17'),(38,' j',0,0,NULL,1,1,1,0,'2018-12-03 20:37:00'),(39,'he',0,0,NULL,1,1,1,0,'2018-12-03 21:37:23'),(40,'her',0,0,NULL,1,1,1,0,'2018-12-03 21:37:24'),(41,'hero',0,0,NULL,1,1,1,0,'2018-12-03 21:37:27'),(42,'test',0,0,NULL,1,1,1,0,'2018-12-03 21:52:19'),(43,'tes',0,0,NULL,1,1,1,0,'2018-12-03 21:52:20'),(44,'testsd',0,0,NULL,1,1,1,0,'2018-12-03 21:52:55'),(45,'piens',0,0,NULL,1,1,1,0,'2018-12-03 21:53:01'),(46,'huj pizda',0,0,NULL,1,1,1,0,'2018-12-03 21:53:05'),(47,'maize',0,0,NULL,1,1,1,0,'2018-12-03 21:53:06'),(48,'huj',0,0,NULL,1,1,1,0,'2018-12-03 21:53:19'),(49,'te',0,0,NULL,1,1,1,0,'2018-12-03 21:57:35'),(50,'kas',0,0,NULL,1,1,1,0,'2018-12-03 21:57:44'),(51,'kaspars',0,0,NULL,1,1,1,0,'2018-12-03 21:57:45'),(52,'kasp',0,0,NULL,1,1,1,0,'2018-12-03 21:57:59'),(53,'le',0,0,NULL,1,1,1,0,'2018-12-04 08:15:32'),(54,'kn',0,0,NULL,1,1,1,0,'2018-12-04 08:15:34'),(55,'knit',14,0,NULL,1,1,1,0,'2018-12-04 08:15:35'),(57,'kni',14,0,NULL,1,1,1,0,'2018-12-04 08:15:49'),(58,'sho',22,0,NULL,1,1,1,0,'2018-12-04 08:15:53'),(59,'sd',0,0,NULL,1,1,1,0,'2018-12-04 08:15:55'),(60,'sds',0,0,NULL,1,1,1,0,'2018-12-04 08:15:56'),(61,'aam',0,0,NULL,1,1,1,0,'2018-12-04 08:16:02'),(62,'shi',8,0,NULL,1,1,1,0,'2018-12-04 08:16:03'),(63,'shirt',3,0,NULL,1,1,1,0,'2018-12-04 08:16:03'),(64,'sss',0,0,NULL,1,1,1,0,'2018-12-04 08:16:10'),(66,'wom',0,0,NULL,1,1,1,0,'2018-12-04 08:16:16'),(67,'wo',0,0,NULL,1,1,1,0,'2018-12-04 08:16:20'),(68,'hr',0,0,NULL,1,1,1,0,'2018-12-04 08:16:23'),(69,'shr',0,0,NULL,1,1,1,0,'2018-12-04 08:16:28'),(70,'hi',0,0,NULL,1,1,1,0,'2018-12-04 08:16:32'),(71,'si',0,0,NULL,1,1,1,0,'2018-12-04 08:16:37'),(72,'sdi',0,0,NULL,1,1,1,0,'2018-12-04 08:16:40'),(73,'Ja',0,0,NULL,1,1,1,0,'2018-12-04 08:39:15'),(74,'Jack',19,0,NULL,1,1,1,0,'2018-12-04 08:39:16'),(75,'Ugg',1,0,NULL,1,1,1,0,'2018-12-04 08:52:21'),(76,'nacket',0,0,NULL,1,1,1,0,'2018-12-04 08:58:01'),(77,'jacket ',18,0,NULL,1,1,1,0,'2018-12-04 08:58:04'),(79,'men',2,0,NULL,1,1,1,0,'2018-12-04 09:03:46'),(81,'sch',0,0,NULL,1,1,1,0,'2018-12-04 09:45:10'),(82,'escada ',1,0,NULL,1,1,1,0,'2018-12-04 09:57:37'),(83,'escada bu',1,0,NULL,1,1,1,0,'2018-12-04 09:57:38'),(85,'ss',0,0,NULL,1,1,1,0,'2018-12-04 10:18:07'),(86,'po',0,0,NULL,1,1,1,0,'2018-12-04 10:18:11'),(87,'por',0,0,NULL,1,1,1,0,'2018-12-04 10:18:11'),(88,'dad',0,0,NULL,1,1,1,0,'2018-12-04 10:37:22'),(90,'Ve',0,0,NULL,1,1,1,0,'2018-12-04 14:40:12'),(91,'Veneta',1,0,NULL,1,1,1,0,'2018-12-04 14:40:13'),(92,'penis',0,0,NULL,1,1,1,0,'2018-12-04 16:29:58'),(93,'lon',24,0,NULL,1,1,1,0,'2018-12-04 16:47:21'),(94,'na',0,0,NULL,1,1,1,0,'2018-12-04 18:09:51'),(95,'navy',3,0,NULL,1,1,1,0,'2018-12-04 18:09:53'),(96,'Hoodie',0,0,NULL,1,1,1,0,'2018-12-04 19:26:01'),(97,'Yoga',0,0,NULL,1,1,1,0,'2018-12-05 10:25:39'),(98,'Glass',1,0,NULL,1,1,1,0,'2018-12-05 18:13:30'),(99,'Th',0,0,NULL,1,1,1,0,'2018-12-05 18:20:29'),(100,'ne',0,0,NULL,1,1,1,0,'2018-12-06 17:55:49'),(102,'glasse',1,0,NULL,1,1,1,0,'2018-12-07 11:00:06'),(103,'kaffe ',0,0,NULL,1,1,1,0,'2018-12-07 11:43:02'),(104,'kaffe ca',0,0,NULL,1,1,1,0,'2018-12-07 11:43:03');

--
-- Table structure for table `search_synonyms`
--

CREATE TABLE `search_synonyms` (
  `group_id` bigint(20) unsigned NOT NULL AUTO_INCREMENT COMMENT 'Synonyms Group Id',
  `synonyms` text NOT NULL COMMENT 'list of synonyms making up this group',
  `store_id` smallint(5) unsigned NOT NULL DEFAULT '0' COMMENT 'Store Id - identifies the store view these synonyms belong to',
  `website_id` smallint(5) unsigned NOT NULL DEFAULT '0' COMMENT 'Website Id - identifies the website id these synonyms belong to',
  PRIMARY KEY (`group_id`),
  KEY `SEARCH_SYNONYMS_STORE_ID` (`store_id`),
  KEY `SEARCH_SYNONYMS_WEBSITE_ID` (`website_id`),
  FULLTEXT KEY `SEARCH_SYNONYMS_SYNONYMS` (`synonyms`),
  CONSTRAINT `SEARCH_SYNONYMS_STORE_ID_STORE_STORE_ID` FOREIGN KEY (`store_id`) REFERENCES `store` (`store_id`) ON DELETE CASCADE,
  CONSTRAINT `SEARCH_SYNONYMS_WEBSITE_ID_STORE_WEBSITE_WEBSITE_ID` FOREIGN KEY (`website_id`) REFERENCES `store_website` (`website_id`) ON DELETE CASCADE
) ENGINE=InnoDB DEFAULT CHARSET=utf8 COMMENT='table storing various synonyms groups';

--
-- Dumping data for table `search_synonyms`
--


--
-- Table structure for table `sendfriend_log`
--

CREATE TABLE `sendfriend_log` (
  `log_id` int(10) unsigned NOT NULL AUTO_INCREMENT COMMENT 'Log ID',
  `ip` bigint(20) unsigned NOT NULL DEFAULT '0' COMMENT 'Customer IP address',
  `time` int(10) unsigned NOT NULL DEFAULT '0' COMMENT 'Log time',
  `website_id` smallint(5) unsigned NOT NULL DEFAULT '0' COMMENT 'Website ID',
  PRIMARY KEY (`log_id`),
  KEY `SENDFRIEND_LOG_IP` (`ip`),
  KEY `SENDFRIEND_LOG_TIME` (`time`)
) ENGINE=InnoDB DEFAULT CHARSET=utf8 COMMENT='Send to friend function log storage table';

--
-- Dumping data for table `sendfriend_log`
--


--
-- Table structure for table `sequence_creditmemo_0`
--

CREATE TABLE `sequence_creditmemo_0` (
  `sequence_value` int(10) unsigned NOT NULL AUTO_INCREMENT,
  PRIMARY KEY (`sequence_value`)
) ENGINE=InnoDB DEFAULT CHARSET=latin1;

--
-- Dumping data for table `sequence_creditmemo_0`
--


--
-- Table structure for table `sequence_creditmemo_1`
--

CREATE TABLE `sequence_creditmemo_1` (
  `sequence_value` int(10) unsigned NOT NULL AUTO_INCREMENT,
  PRIMARY KEY (`sequence_value`)
) ENGINE=InnoDB DEFAULT CHARSET=latin1;

--
-- Dumping data for table `sequence_creditmemo_1`
--


--
-- Table structure for table `sequence_invoice_0`
--

CREATE TABLE `sequence_invoice_0` (
  `sequence_value` int(10) unsigned NOT NULL AUTO_INCREMENT,
  PRIMARY KEY (`sequence_value`)
) ENGINE=InnoDB DEFAULT CHARSET=latin1;

--
-- Dumping data for table `sequence_invoice_0`
--


--
-- Table structure for table `sequence_invoice_1`
--

CREATE TABLE `sequence_invoice_1` (
  `sequence_value` int(10) unsigned NOT NULL AUTO_INCREMENT,
  PRIMARY KEY (`sequence_value`)
) ENGINE=InnoDB DEFAULT CHARSET=latin1;

--
-- Dumping data for table `sequence_invoice_1`
--


--
-- Table structure for table `sequence_order_0`
--

CREATE TABLE `sequence_order_0` (
  `sequence_value` int(10) unsigned NOT NULL AUTO_INCREMENT,
  PRIMARY KEY (`sequence_value`)
) ENGINE=InnoDB DEFAULT CHARSET=latin1;

--
-- Dumping data for table `sequence_order_0`
--


--
-- Table structure for table `sequence_order_1`
--

CREATE TABLE `sequence_order_1` (
  `sequence_value` int(10) unsigned NOT NULL AUTO_INCREMENT,
  PRIMARY KEY (`sequence_value`)
) ENGINE=InnoDB DEFAULT CHARSET=latin1;

--
-- Dumping data for table `sequence_order_1`
--


--
-- Table structure for table `sequence_shipment_0`
--

CREATE TABLE `sequence_shipment_0` (
  `sequence_value` int(10) unsigned NOT NULL AUTO_INCREMENT,
  PRIMARY KEY (`sequence_value`)
) ENGINE=InnoDB DEFAULT CHARSET=latin1;

--
-- Dumping data for table `sequence_shipment_0`
--


--
-- Table structure for table `sequence_shipment_1`
--

CREATE TABLE `sequence_shipment_1` (
  `sequence_value` int(10) unsigned NOT NULL AUTO_INCREMENT,
  PRIMARY KEY (`sequence_value`)
) ENGINE=InnoDB DEFAULT CHARSET=latin1;

--
-- Dumping data for table `sequence_shipment_1`
--


--
-- Table structure for table `session`
--

CREATE TABLE `session` (
  `session_id` varchar(255) NOT NULL COMMENT 'Session Id',
  `session_expires` int(10) unsigned NOT NULL DEFAULT '0' COMMENT 'Date of Session Expiration',
  `session_data` mediumblob NOT NULL COMMENT 'Session Data',
  PRIMARY KEY (`session_id`)
) ENGINE=InnoDB DEFAULT CHARSET=utf8 COMMENT='Database Sessions Storage';

--
-- Dumping data for table `session`
--


--
-- Table structure for table `setup_module`
--

CREATE TABLE `setup_module` (
  `module` varchar(50) NOT NULL COMMENT 'Module',
  `schema_version` varchar(50) DEFAULT NULL COMMENT 'Schema Version',
  `data_version` varchar(50) DEFAULT NULL COMMENT 'Data Version',
  PRIMARY KEY (`module`)
) ENGINE=InnoDB DEFAULT CHARSET=utf8 COMMENT='Module versions registry';

--
-- Dumping data for table `setup_module`
--

INSERT INTO `setup_module` VALUES ('Amazon_Core','3.2.13','3.2.13'),('Amazon_Login','3.2.13','3.2.13'),('Amazon_Payment','3.2.13','3.2.13'),('Bezigeboefjes_ChangeAttributeSet','1.0.0','1.0.0'),('Dotdigitalgroup_Email','3.3.0','3.3.0'),('Klarna_Core','5.2.2','5.2.2'),('Klarna_Kp','6.3.4','6.3.4'),('Klarna_Ordermanagement','5.0.7','5.0.7'),('Magento_AuthorizenetAcceptjs','1.0.0','1.0.0'),('Magento_GoogleShoppingAds','3.0.1','3.0.1'),('Magento_Inventory','1.0.0','1.0.0'),('Magento_InventoryAdminUi','1.0.0','1.0.0'),('Magento_InventoryApi','1.0.0','1.0.0'),('Magento_InventoryBundleProduct','1.0.0','1.0.0'),('Magento_InventoryBundleProductAdminUi','1.0.0','1.0.0'),('Magento_InventoryCache','1.0.0','1.0.0'),('Magento_InventoryCatalog','1.0.0','1.0.0'),('Magento_InventoryCatalogAdminUi','1.0.0','1.0.0'),('Magento_InventoryCatalogApi','1.0.0','1.0.0'),('Magento_InventoryCatalogSearch','1.0.0','1.0.0'),('Magento_InventoryConfigurableProduct','1.0.0','1.0.0'),('Magento_InventoryConfigurableProductAdminUi','1.0.0','1.0.0'),('Magento_InventoryConfigurableProductIndexer','1.0.0','1.0.0'),('Magento_InventoryConfiguration','1.0.0','1.0.0'),('Magento_InventoryConfigurationApi','1.0.0','1.0.0'),('Magento_InventoryElasticsearch','1.0.0','1.0.0'),('Magento_InventoryExportStock','1.0.0','1.0.0'),('Magento_InventoryExportStockApi','1.0.0','1.0.0'),('Magento_InventoryGroupedProduct','1.0.0','1.0.0'),('Magento_InventoryGroupedProductAdminUi','1.0.0','1.0.0'),('Magento_InventoryGroupedProductIndexer','1.0.0','1.0.0'),('Magento_InventoryImportExport','1.0.0','1.0.0'),('Magento_InventoryIndexer','1.0.0','1.0.0'),('Magento_InventoryLowQuantityNotification','1.0.0','1.0.0'),('Magento_InventoryLowQuantityNotificationAdminUi','1.0.0','1.0.0'),('Magento_InventoryLowQuantityNotificationApi','1.0.0','1.0.0'),('Magento_InventoryMultiDimensionalIndexerApi','1.0.0','1.0.0'),('Magento_InventoryProductAlert','1.0.0','1.0.0'),('Magento_InventoryReservationCli','1.0.0','1.0.0'),('Magento_InventoryReservations','1.0.0','1.0.0'),('Magento_InventoryReservationsApi','1.0.0','1.0.0'),('Magento_InventorySales','1.0.0','1.0.0'),('Magento_InventorySalesAdminUi','1.0.0','1.0.0'),('Magento_InventorySalesApi','1.0.0','1.0.0'),('Magento_InventoryShipping','1.0.0','1.0.0'),('Magento_InventoryShippingAdminUi','1.0.0','1.0.0'),('Magento_InventorySourceDeductionApi','1.0.0','1.0.0'),('Magento_InventorySourceSelection','1.0.0','1.0.0'),('Magento_InventorySourceSelectionApi','1.0.0','1.0.0'),('Magento_PaypalReCaptcha','2.0.0','2.0.0'),('MSP_ReCaptcha','1.5.0','1.5.0'),('MSP_TwoFactorAuth','3.1.0','3.1.0'),('ScandiPWA_Cache','0.1.0','0.1.0'),('ScandiPWA_CatalogGraphQl','1.0.0','1.0.0'),('ScandiPWA_CmsGraphQl','0.1.0','0.1.0'),('ScandiPWA_Customization','1.0.0','1.0.0'),('ScandiPWA_GraphQl','0.0.2','0.0.2'),('ScandiPWA_Installer','0.0.1','0.0.1'),('ScandiPWA_KlarnaGraphQl','1.0.0','1.0.0'),('ScandiPWA_MenuOrganizer','0.1.0','0.1.0'),('ScandiPWA_PayPalGraphQl','1.0.0','1.0.0'),('ScandiPWA_PersistedQuery','1.3.0','1.3.0'),('ScandiPWA_Route717','0.1.0','0.1.0'),('ScandiPWA_ServerTime','0.1.0','0.1.0'),('ScandiPWA_SliderGraphQl','0.1.0','0.1.0'),('ScandiPWA_Source','0.0.1','0.0.1'),('ScandiPWA_StoreGraphQL','1.0.0','1.0.0'),('Scandiweb_CatalogGraphQl','0.2.0','0.2.0'),('Scandiweb_CmsGraphQl','0.1.0','0.1.0'),('Scandiweb_ContactGraphQl','0.1.0','0.1.0'),('Scandiweb_Core','0.1.3','0.1.3'),('Scandiweb_GraphQlEnableCors','1.0.0','1.0.0'),('Scandiweb_LocaleResolverFix','0.1.0','0.1.0'),('Scandiweb_Menumanager','1.0.2','1.0.2'),('Scandiweb_Migration','1.0.0','1.0.0'),('Scandiweb_NewsletterGraphQl','0.1.0','0.1.0'),('Scandiweb_Slider','1.0.15','1.0.15'),('Scandiweb_SocialLoginGraphQl','1.0.0','1.0.0'),('Scandiweb_StoreGraphQl','0.1.0','0.1.0'),('Temando_Shipping','1.6.0','1.6.0'),('Vertex_Tax','100.4.0','100.4.0'),('Yotpo_Yotpo','3.0.0','3.0.0');

--
-- Table structure for table `shipping_tablerate`
--

CREATE TABLE `shipping_tablerate` (
  `pk` int(10) unsigned NOT NULL AUTO_INCREMENT COMMENT 'Primary key',
  `website_id` int(11) NOT NULL DEFAULT '0' COMMENT 'Website Id',
  `dest_country_id` varchar(4) NOT NULL DEFAULT '0' COMMENT 'Destination coutry ISO/2 or ISO/3 code',
  `dest_region_id` int(11) NOT NULL DEFAULT '0' COMMENT 'Destination Region Id',
  `dest_zip` varchar(10) NOT NULL DEFAULT '*' COMMENT 'Destination Post Code (Zip)',
  `condition_name` varchar(30) NOT NULL COMMENT 'Rate Condition name',
  `condition_value` decimal(12,4) NOT NULL DEFAULT '0.0000' COMMENT 'Rate condition value',
  `price` decimal(12,4) NOT NULL DEFAULT '0.0000' COMMENT 'Price',
  `cost` decimal(12,4) NOT NULL DEFAULT '0.0000' COMMENT 'Cost',
  PRIMARY KEY (`pk`),
  UNIQUE KEY `UNQ_D60821CDB2AFACEE1566CFC02D0D4CAA` (`website_id`,`dest_country_id`,`dest_region_id`,`dest_zip`,`condition_name`,`condition_value`)
) ENGINE=InnoDB DEFAULT CHARSET=utf8 COMMENT='Shipping Tablerate';

--
-- Dumping data for table `shipping_tablerate`
--


--
-- Table structure for table `signifyd_case`
--

CREATE TABLE `signifyd_case` (
  `entity_id` int(10) unsigned NOT NULL AUTO_INCREMENT COMMENT 'Entity_id',
  `order_id` int(10) unsigned DEFAULT NULL COMMENT 'Order_id',
  `case_id` int(10) unsigned DEFAULT NULL COMMENT 'Case_id',
  `guarantee_eligible` tinyint(1) DEFAULT NULL COMMENT 'Guarantee_eligible',
  `guarantee_disposition` varchar(32) DEFAULT 'PENDING' COMMENT 'Guarantee_disposition',
  `status` varchar(32) DEFAULT 'PENDING' COMMENT 'Status',
  `score` int(10) unsigned DEFAULT NULL COMMENT 'Score',
  `associated_team` text COMMENT 'Associated_team',
  `review_disposition` varchar(32) DEFAULT NULL COMMENT 'Review_disposition',
  `created_at` timestamp NULL DEFAULT NULL COMMENT 'Created_at',
  `updated_at` timestamp NULL DEFAULT NULL COMMENT 'Updated_at',
  PRIMARY KEY (`entity_id`),
  UNIQUE KEY `SIGNIFYD_CASE_ORDER_ID` (`order_id`),
  UNIQUE KEY `SIGNIFYD_CASE_CASE_ID` (`case_id`),
  CONSTRAINT `SIGNIFYD_CASE_ORDER_ID_SALES_ORDER_ENTITY_ID` FOREIGN KEY (`order_id`) REFERENCES `sales_order` (`entity_id`) ON DELETE SET NULL
) ENGINE=InnoDB DEFAULT CHARSET=utf8 COMMENT='signifyd_case';

--
-- Dumping data for table `signifyd_case`
--


--
-- Table structure for table `sitemap`
--

CREATE TABLE `sitemap` (
  `sitemap_id` int(10) unsigned NOT NULL AUTO_INCREMENT COMMENT 'Sitemap Id',
  `sitemap_type` varchar(32) DEFAULT NULL COMMENT 'Sitemap Type',
  `sitemap_filename` varchar(32) DEFAULT NULL COMMENT 'Sitemap Filename',
  `sitemap_path` varchar(255) DEFAULT NULL COMMENT 'Sitemap Path',
  `sitemap_time` timestamp NULL DEFAULT NULL COMMENT 'Sitemap Time',
  `store_id` smallint(5) unsigned NOT NULL DEFAULT '0' COMMENT 'Store id',
  PRIMARY KEY (`sitemap_id`),
  KEY `SITEMAP_STORE_ID` (`store_id`),
  CONSTRAINT `SITEMAP_STORE_ID_STORE_STORE_ID` FOREIGN KEY (`store_id`) REFERENCES `store` (`store_id`) ON DELETE CASCADE
) ENGINE=InnoDB DEFAULT CHARSET=utf8 COMMENT='XML Sitemap';

--
-- Dumping data for table `sitemap`
--


--
-- Table structure for table `store`
--

CREATE TABLE `store` (
  `store_id` smallint(5) unsigned NOT NULL AUTO_INCREMENT COMMENT 'Store Id',
  `code` varchar(32) DEFAULT NULL COMMENT 'Code',
  `website_id` smallint(5) unsigned NOT NULL DEFAULT '0' COMMENT 'Website Id',
  `group_id` smallint(5) unsigned NOT NULL DEFAULT '0' COMMENT 'Group Id',
  `name` varchar(255) NOT NULL COMMENT 'Store Name',
  `sort_order` smallint(5) unsigned NOT NULL DEFAULT '0' COMMENT 'Store Sort Order',
  `is_active` smallint(5) unsigned NOT NULL DEFAULT '0' COMMENT 'Store Activity',
  PRIMARY KEY (`store_id`),
  UNIQUE KEY `STORE_CODE` (`code`),
  KEY `STORE_WEBSITE_ID` (`website_id`),
  KEY `STORE_IS_ACTIVE_SORT_ORDER` (`is_active`,`sort_order`),
  KEY `STORE_GROUP_ID` (`group_id`),
  CONSTRAINT `STORE_GROUP_ID_STORE_GROUP_GROUP_ID` FOREIGN KEY (`group_id`) REFERENCES `store_group` (`group_id`) ON DELETE CASCADE,
  CONSTRAINT `STORE_WEBSITE_ID_STORE_WEBSITE_WEBSITE_ID` FOREIGN KEY (`website_id`) REFERENCES `store_website` (`website_id`) ON DELETE CASCADE
) ENGINE=InnoDB AUTO_INCREMENT=2 DEFAULT CHARSET=utf8 COMMENT='Stores';

--
-- Dumping data for table `store`
--

INSERT INTO `store` VALUES (0,'admin',0,0,'Admin',0,1),(1,'default',1,1,'Default Store View',0,1);

--
-- Table structure for table `store_group`
--

CREATE TABLE `store_group` (
  `group_id` smallint(5) unsigned NOT NULL AUTO_INCREMENT COMMENT 'Group Id',
  `website_id` smallint(5) unsigned NOT NULL DEFAULT '0' COMMENT 'Website Id',
  `name` varchar(255) NOT NULL COMMENT 'Store Group Name',
  `root_category_id` int(10) unsigned NOT NULL DEFAULT '0' COMMENT 'Root Category Id',
  `default_store_id` smallint(5) unsigned NOT NULL DEFAULT '0' COMMENT 'Default Store Id',
  `code` varchar(32) DEFAULT NULL COMMENT 'Store group unique code',
  PRIMARY KEY (`group_id`),
  UNIQUE KEY `STORE_GROUP_CODE` (`code`),
  KEY `STORE_GROUP_WEBSITE_ID` (`website_id`),
  KEY `STORE_GROUP_DEFAULT_STORE_ID` (`default_store_id`),
  CONSTRAINT `STORE_GROUP_WEBSITE_ID_STORE_WEBSITE_WEBSITE_ID` FOREIGN KEY (`website_id`) REFERENCES `store_website` (`website_id`) ON DELETE CASCADE
) ENGINE=InnoDB AUTO_INCREMENT=2 DEFAULT CHARSET=utf8 COMMENT='Store Groups';

--
-- Dumping data for table `store_group`
--

INSERT INTO `store_group` VALUES (0,0,'Default',0,0,'default'),(1,1,'Main Website Store',2,1,'main_website_store');

--
-- Table structure for table `store_website`
--

CREATE TABLE `store_website` (
  `website_id` smallint(5) unsigned NOT NULL AUTO_INCREMENT COMMENT 'Website Id',
  `code` varchar(32) DEFAULT NULL COMMENT 'Code',
  `name` varchar(64) DEFAULT NULL COMMENT 'Website Name',
  `sort_order` smallint(5) unsigned NOT NULL DEFAULT '0' COMMENT 'Sort Order',
  `default_group_id` smallint(5) unsigned NOT NULL DEFAULT '0' COMMENT 'Default Group Id',
  `is_default` smallint(5) unsigned DEFAULT '0' COMMENT 'Defines Is Website Default',
  PRIMARY KEY (`website_id`),
  UNIQUE KEY `STORE_WEBSITE_CODE` (`code`),
  KEY `STORE_WEBSITE_SORT_ORDER` (`sort_order`),
  KEY `STORE_WEBSITE_DEFAULT_GROUP_ID` (`default_group_id`)
) ENGINE=InnoDB AUTO_INCREMENT=2 DEFAULT CHARSET=utf8 COMMENT='Websites';

--
-- Dumping data for table `store_website`
--

INSERT INTO `store_website` VALUES (0,'admin','Admin',0,0,0),(1,'base','Main Website',0,1,1);

--
-- Table structure for table `tax_calculation`
--

CREATE TABLE `tax_calculation` (
  `tax_calculation_id` int(11) NOT NULL AUTO_INCREMENT COMMENT 'Tax Calculation Id',
  `tax_calculation_rate_id` int(11) NOT NULL COMMENT 'Tax Calculation Rate Id',
  `tax_calculation_rule_id` int(11) NOT NULL COMMENT 'Tax Calculation Rule Id',
  `customer_tax_class_id` smallint(6) NOT NULL COMMENT 'Customer Tax Class Id',
  `product_tax_class_id` smallint(6) NOT NULL COMMENT 'Product Tax Class Id',
  PRIMARY KEY (`tax_calculation_id`),
  KEY `TAX_CALCULATION_TAX_CALCULATION_RULE_ID` (`tax_calculation_rule_id`),
  KEY `TAX_CALCULATION_CUSTOMER_TAX_CLASS_ID` (`customer_tax_class_id`),
  KEY `TAX_CALCULATION_PRODUCT_TAX_CLASS_ID` (`product_tax_class_id`),
  KEY `TAX_CALC_TAX_CALC_RATE_ID_CSTR_TAX_CLASS_ID_PRD_TAX_CLASS_ID` (`tax_calculation_rate_id`,`customer_tax_class_id`,`product_tax_class_id`),
  CONSTRAINT `TAX_CALCULATION_CUSTOMER_TAX_CLASS_ID_TAX_CLASS_CLASS_ID` FOREIGN KEY (`customer_tax_class_id`) REFERENCES `tax_class` (`class_id`) ON DELETE CASCADE,
  CONSTRAINT `TAX_CALCULATION_PRODUCT_TAX_CLASS_ID_TAX_CLASS_CLASS_ID` FOREIGN KEY (`product_tax_class_id`) REFERENCES `tax_class` (`class_id`) ON DELETE CASCADE,
  CONSTRAINT `TAX_CALC_TAX_CALC_RATE_ID_TAX_CALC_RATE_TAX_CALC_RATE_ID` FOREIGN KEY (`tax_calculation_rate_id`) REFERENCES `tax_calculation_rate` (`tax_calculation_rate_id`) ON DELETE CASCADE,
  CONSTRAINT `TAX_CALC_TAX_CALC_RULE_ID_TAX_CALC_RULE_TAX_CALC_RULE_ID` FOREIGN KEY (`tax_calculation_rule_id`) REFERENCES `tax_calculation_rule` (`tax_calculation_rule_id`) ON DELETE CASCADE
) ENGINE=InnoDB AUTO_INCREMENT=52 DEFAULT CHARSET=utf8 COMMENT='Tax Calculation';

--
-- Dumping data for table `tax_calculation`
--

INSERT INTO `tax_calculation` VALUES (1,51,1,3,2),(2,50,1,3,2),(3,49,1,3,2),(4,48,1,3,2),(5,1,1,3,2),(6,47,1,3,2),(7,46,1,3,2),(8,45,1,3,2),(9,7,1,3,2),(10,44,1,3,2),(11,43,1,3,2),(12,42,1,3,2),(13,41,1,3,2),(14,40,1,3,2),(15,39,1,3,2),(16,38,1,3,2),(17,37,1,3,2),(18,36,1,3,2),(19,35,1,3,2),(20,34,1,3,2),(21,33,1,3,2),(22,3,1,3,2),(23,32,1,3,2),(24,31,1,3,2),(25,30,1,3,2),(26,29,1,3,2),(27,28,1,3,2),(28,27,1,3,2),(29,26,1,3,2),(30,25,1,3,2),(31,24,1,3,2),(32,2,1,3,2),(33,23,1,3,2),(34,22,1,3,2),(35,21,1,3,2),(36,20,1,3,2),(37,19,1,3,2),(38,18,1,3,2),(39,17,1,3,2),(40,16,1,3,2),(41,15,1,3,2),(42,14,1,3,2),(43,13,1,3,2),(44,12,1,3,2),(45,11,1,3,2),(46,10,1,3,2),(47,9,1,3,2),(48,8,1,3,2),(49,6,1,3,2),(50,5,1,3,2),(51,4,1,3,2);

--
-- Table structure for table `tax_calculation_rate`
--

CREATE TABLE `tax_calculation_rate` (
  `tax_calculation_rate_id` int(11) NOT NULL AUTO_INCREMENT COMMENT 'Tax Calculation Rate Id',
  `tax_country_id` varchar(2) NOT NULL COMMENT 'Tax Country Id',
  `tax_region_id` int(11) NOT NULL COMMENT 'Tax Region Id',
  `tax_postcode` varchar(21) DEFAULT NULL COMMENT 'Tax Postcode',
  `code` varchar(255) NOT NULL COMMENT 'Code',
  `rate` decimal(12,4) NOT NULL COMMENT 'Rate',
  `zip_is_range` smallint(6) DEFAULT NULL COMMENT 'Zip Is Range',
  `zip_from` int(10) unsigned DEFAULT NULL COMMENT 'Zip From',
  `zip_to` int(10) unsigned DEFAULT NULL COMMENT 'Zip To',
  PRIMARY KEY (`tax_calculation_rate_id`),
  KEY `TAX_CALCULATION_RATE_TAX_COUNTRY_ID_TAX_REGION_ID_TAX_POSTCODE` (`tax_country_id`,`tax_region_id`,`tax_postcode`),
  KEY `TAX_CALCULATION_RATE_CODE` (`code`),
  KEY `IDX_CA799F1E2CB843495F601E56C84A626D` (`tax_calculation_rate_id`,`tax_country_id`,`tax_region_id`,`zip_is_range`,`tax_postcode`)
) ENGINE=InnoDB AUTO_INCREMENT=52 DEFAULT CHARSET=utf8 COMMENT='Tax Calculation Rate';

--
-- Dumping data for table `tax_calculation_rate`
--

INSERT INTO `tax_calculation_rate` VALUES (1,'US',12,'*','US-CA-*-Rate 1',7.2500,NULL,NULL,NULL),(2,'US',43,'*','US-NY-*-Rate 1',4.0000,NULL,NULL,NULL),(3,'US',32,'*','US-MA-*-Rate 1',6.2500,NULL,NULL,NULL),(4,'US',65,'*','US-WY-*-Rate 1',4.0000,NULL,NULL,NULL),(5,'US',64,'*','US-WI-*-Rate 1',5.0000,NULL,NULL,NULL),(6,'US',63,'*','US-WV-*-Rate 1',6.0000,NULL,NULL,NULL),(7,'US',16,'*','US-DC-*-Rate 1',6.0000,NULL,NULL,NULL),(8,'US',62,'*','US-WA-*-Rate 1',6.5000,NULL,NULL,NULL),(9,'US',61,'*','US-VA-*-Rate 1',4.3000,NULL,NULL,NULL),(10,'US',59,'*','US-VT-*-Rate 1',6.0000,NULL,NULL,NULL),(11,'US',58,'*','US-UT-*-Rate 1',4.7000,NULL,NULL,NULL),(12,'US',57,'*','US-TX-*-Rate 1',6.2500,NULL,NULL,NULL),(13,'US',56,'*','US-TN-*-Rate 1',7.0000,NULL,NULL,NULL),(14,'US',55,'*','US-SD-*-Rate 1',4.5000,NULL,NULL,NULL),(15,'US',54,'*','US-SC-*-Rate 1',6.0000,NULL,NULL,NULL),(16,'US',53,'*','US-RI-*-Rate 1',7.0000,NULL,NULL,NULL),(17,'US',52,'*','US-PR-*-Rate 1',1.0500,NULL,NULL,NULL),(18,'US',51,'*','US-PA-*-Rate 1',6.0000,NULL,NULL,NULL),(19,'US',49,'*','US-OR-*-Rate 1',0.0000,NULL,NULL,NULL),(20,'US',48,'*','US-OK-*-Rate 1',4.5000,NULL,NULL,NULL),(21,'US',47,'*','US-OH-*-Rate 1',5.7500,NULL,NULL,NULL),(22,'US',45,'*','US-ND-*-Rate 1',5.0000,NULL,NULL,NULL),(23,'US',44,'*','US-NC-*-Rate 1',4.7500,NULL,NULL,NULL),(24,'US',42,'*','US-NM-*-Rate 1',5.1250,NULL,NULL,NULL),(25,'US',41,'*','US-NJ-*-Rate 1',6.6250,NULL,NULL,NULL),(26,'US',40,'*','US-NH-*-Rate 1',0.0000,NULL,NULL,NULL),(27,'US',39,'*','US-NV-*-Rate 1',4.6000,NULL,NULL,NULL),(28,'US',38,'*','US-NE-*-Rate 1',5.5000,NULL,NULL,NULL),(29,'US',37,'*','US-MT-*-Rate 1',0.0000,NULL,NULL,NULL),(30,'US',36,'*','US-MO-*-Rate 1',4.2250,NULL,NULL,NULL),(31,'US',35,'*','US-MS-*-Rate 1',7.0000,NULL,NULL,NULL),(32,'US',34,'*','US-MN-*-Rate 1',6.8750,NULL,NULL,NULL),(33,'US',31,'*','US-MD-*-Rate 1',6.0000,NULL,NULL,NULL),(34,'US',29,'*','US-ME-*-Rate 1',5.5000,NULL,NULL,NULL),(35,'US',28,'*','US-LA-*-Rate 1',4.4500,NULL,NULL,NULL),(36,'US',27,'*','US-KY-*-Rate 1',6.0000,NULL,NULL,NULL),(37,'US',26,'*','US-KS-*-Rate 1',6.5000,NULL,NULL,NULL),(38,'US',25,'*','US-IA-*-Rate 1',6.0000,NULL,NULL,NULL),(39,'US',24,'*','US-IN-*-Rate 1',7.0000,NULL,NULL,NULL),(40,'US',23,'*','US-IL-*-Rate 1',6.2500,NULL,NULL,NULL),(41,'US',22,'*','US-ID-*-Rate 1',6.0000,NULL,NULL,NULL),(42,'US',21,'*','US-HI-*-Rate 1',4.0000,NULL,NULL,NULL),(43,'US',19,'*','US-GA-*-Rate 1',4.0000,NULL,NULL,NULL),(44,'US',18,'*','US-FL-*-Rate 1',6.0000,NULL,NULL,NULL),(45,'US',15,'*','US-DE-*-Rate 1',0.0000,NULL,NULL,NULL),(46,'US',14,'*','US-CT-*-Rate 1',6.3500,NULL,NULL,NULL),(47,'US',13,'*','US-CO-*-Rate 1',2.9000,NULL,NULL,NULL),(48,'US',5,'*','US-AR-*-Rate 1',6.5000,NULL,NULL,NULL),(49,'US',4,'*','US-AZ-*-Rate 1',5.6000,NULL,NULL,NULL),(50,'US',2,'*','US-AK-*-Rate 1',0.0000,NULL,NULL,NULL),(51,'US',1,'*','US-AL-*-Rate 1',4.0000,NULL,NULL,NULL);

--
-- Table structure for table `tax_calculation_rate_title`
--

CREATE TABLE `tax_calculation_rate_title` (
  `tax_calculation_rate_title_id` int(11) NOT NULL AUTO_INCREMENT COMMENT 'Tax Calculation Rate Title Id',
  `tax_calculation_rate_id` int(11) NOT NULL COMMENT 'Tax Calculation Rate Id',
  `store_id` smallint(5) unsigned NOT NULL COMMENT 'Store Id',
  `value` varchar(255) NOT NULL COMMENT 'Value',
  PRIMARY KEY (`tax_calculation_rate_title_id`),
  KEY `TAX_CALCULATION_RATE_TITLE_TAX_CALCULATION_RATE_ID_STORE_ID` (`tax_calculation_rate_id`,`store_id`),
  KEY `TAX_CALCULATION_RATE_TITLE_STORE_ID` (`store_id`),
  CONSTRAINT `FK_37FB965F786AD5897BB3AE90470C42AB` FOREIGN KEY (`tax_calculation_rate_id`) REFERENCES `tax_calculation_rate` (`tax_calculation_rate_id`) ON DELETE CASCADE,
  CONSTRAINT `TAX_CALCULATION_RATE_TITLE_STORE_ID_STORE_STORE_ID` FOREIGN KEY (`store_id`) REFERENCES `store` (`store_id`) ON DELETE CASCADE
) ENGINE=InnoDB DEFAULT CHARSET=utf8 COMMENT='Tax Calculation Rate Title';

--
-- Dumping data for table `tax_calculation_rate_title`
--


--
-- Table structure for table `tax_calculation_rule`
--

CREATE TABLE `tax_calculation_rule` (
  `tax_calculation_rule_id` int(11) NOT NULL AUTO_INCREMENT COMMENT 'Tax Calculation Rule Id',
  `code` varchar(255) NOT NULL COMMENT 'Code',
  `priority` int(11) NOT NULL COMMENT 'Priority',
  `position` int(11) NOT NULL COMMENT 'Position',
  `calculate_subtotal` int(11) NOT NULL COMMENT 'Calculate off subtotal option',
  PRIMARY KEY (`tax_calculation_rule_id`),
  KEY `TAX_CALCULATION_RULE_PRIORITY_POSITION` (`priority`,`position`),
  KEY `TAX_CALCULATION_RULE_CODE` (`code`)
) ENGINE=InnoDB AUTO_INCREMENT=2 DEFAULT CHARSET=utf8 COMMENT='Tax Calculation Rule';

--
-- Dumping data for table `tax_calculation_rule`
--

INSERT INTO `tax_calculation_rule` VALUES (1,'Tax_Rule_States',0,0,0);

--
-- Table structure for table `tax_class`
--

CREATE TABLE `tax_class` (
  `class_id` smallint(6) NOT NULL AUTO_INCREMENT COMMENT 'Class Id',
  `class_name` varchar(255) NOT NULL COMMENT 'Class Name',
  `class_type` varchar(8) NOT NULL DEFAULT 'CUSTOMER' COMMENT 'Class Type',
  PRIMARY KEY (`class_id`)
) ENGINE=InnoDB AUTO_INCREMENT=10 DEFAULT CHARSET=utf8 COMMENT='Tax Class';

--
-- Dumping data for table `tax_class`
--

INSERT INTO `tax_class` VALUES (2,'Taxable Goods','PRODUCT'),(3,'Retail Customer','CUSTOMER'),(4,'Refund Adjustments','PRODUCT'),(5,'Gift Options','PRODUCT'),(6,'Order Gift Wrapping','PRODUCT'),(7,'Item Gift Wrapping','PRODUCT'),(8,'Printed Gift Card','PRODUCT'),(9,'Reward Points','PRODUCT');

--
-- Table structure for table `tax_order_aggregated_created`
--

CREATE TABLE `tax_order_aggregated_created` (
  `id` int(10) unsigned NOT NULL AUTO_INCREMENT COMMENT 'Id',
  `period` date DEFAULT NULL COMMENT 'Period',
  `store_id` smallint(5) unsigned DEFAULT NULL COMMENT 'Store Id',
  `code` varchar(255) NOT NULL COMMENT 'Code',
  `order_status` varchar(50) NOT NULL COMMENT 'Order Status',
  `percent` float DEFAULT NULL COMMENT 'Percent',
  `orders_count` int(10) unsigned NOT NULL DEFAULT '0' COMMENT 'Orders Count',
  `tax_base_amount_sum` float DEFAULT NULL COMMENT 'Tax Base Amount Sum',
  PRIMARY KEY (`id`),
  UNIQUE KEY `TAX_ORDER_AGGRED_CREATED_PERIOD_STORE_ID_CODE_PERCENT_ORDER_STS` (`period`,`store_id`,`code`,`percent`,`order_status`),
  KEY `TAX_ORDER_AGGREGATED_CREATED_STORE_ID` (`store_id`),
  CONSTRAINT `TAX_ORDER_AGGREGATED_CREATED_STORE_ID_STORE_STORE_ID` FOREIGN KEY (`store_id`) REFERENCES `store` (`store_id`) ON DELETE CASCADE
) ENGINE=InnoDB DEFAULT CHARSET=utf8 COMMENT='Tax Order Aggregation';

--
-- Dumping data for table `tax_order_aggregated_created`
--


--
-- Table structure for table `tax_order_aggregated_updated`
--

CREATE TABLE `tax_order_aggregated_updated` (
  `id` int(10) unsigned NOT NULL AUTO_INCREMENT COMMENT 'Id',
  `period` date DEFAULT NULL COMMENT 'Period',
  `store_id` smallint(5) unsigned DEFAULT NULL COMMENT 'Store Id',
  `code` varchar(255) NOT NULL COMMENT 'Code',
  `order_status` varchar(50) NOT NULL COMMENT 'Order Status',
  `percent` float DEFAULT NULL COMMENT 'Percent',
  `orders_count` int(10) unsigned NOT NULL DEFAULT '0' COMMENT 'Orders Count',
  `tax_base_amount_sum` float DEFAULT NULL COMMENT 'Tax Base Amount Sum',
  PRIMARY KEY (`id`),
  UNIQUE KEY `TAX_ORDER_AGGRED_UPDATED_PERIOD_STORE_ID_CODE_PERCENT_ORDER_STS` (`period`,`store_id`,`code`,`percent`,`order_status`),
  KEY `TAX_ORDER_AGGREGATED_UPDATED_STORE_ID` (`store_id`),
  CONSTRAINT `TAX_ORDER_AGGREGATED_UPDATED_STORE_ID_STORE_STORE_ID` FOREIGN KEY (`store_id`) REFERENCES `store` (`store_id`) ON DELETE CASCADE
) ENGINE=InnoDB DEFAULT CHARSET=utf8 COMMENT='Tax Order Aggregated Updated';

--
-- Dumping data for table `tax_order_aggregated_updated`
--


--
-- Table structure for table `temando_checkout_address`
--

CREATE TABLE `temando_checkout_address` (
  `entity_id` int(10) unsigned NOT NULL AUTO_INCREMENT COMMENT 'Entity Id',
  `shipping_address_id` int(10) unsigned NOT NULL COMMENT 'Magento Quote Address Id',
  `service_selection` text COMMENT 'Value Added Services',
  PRIMARY KEY (`entity_id`),
  KEY `TEMANDO_CHKT_ADDR_SHPP_ADDR_ID_QUOTE_ADDR_ADDR_ID` (`shipping_address_id`),
  CONSTRAINT `TEMANDO_CHKT_ADDR_SHPP_ADDR_ID_QUOTE_ADDR_ADDR_ID` FOREIGN KEY (`shipping_address_id`) REFERENCES `quote_address` (`address_id`) ON DELETE CASCADE
) ENGINE=InnoDB DEFAULT CHARSET=utf8 COMMENT='Temando Checkout Address';

--
-- Dumping data for table `temando_checkout_address`
--


--
-- Table structure for table `temando_collection_point_search`
--

CREATE TABLE `temando_collection_point_search` (
  `shipping_address_id` int(10) unsigned NOT NULL COMMENT 'Entity Id',
  `country_id` varchar(2) DEFAULT NULL,
  `postcode` varchar(255) DEFAULT NULL,
  `pending` tinyint(1) NOT NULL DEFAULT '0' COMMENT 'Pending',
  PRIMARY KEY (`shipping_address_id`),
  KEY `TEMANDO_COLLECTION_POINT_SRCH_COUNTRY_ID_DIR_COUNTRY_COUNTRY_ID` (`country_id`),
  CONSTRAINT `TEMANDO_COLLECTION_POINT_SRCH_COUNTRY_ID_DIR_COUNTRY_COUNTRY_ID` FOREIGN KEY (`country_id`) REFERENCES `directory_country` (`country_id`) ON DELETE NO ACTION,
  CONSTRAINT `TEMANDO_COLLECTION_POINT_SRCH_SHPP_ADDR_ID_QUOTE_ADDR_ADDR_ID` FOREIGN KEY (`shipping_address_id`) REFERENCES `quote_address` (`address_id`) ON DELETE CASCADE
) ENGINE=InnoDB DEFAULT CHARSET=utf8 COMMENT='Collection Point Search';

--
-- Dumping data for table `temando_collection_point_search`
--


--
-- Table structure for table `temando_order`
--

CREATE TABLE `temando_order` (
  `entity_id` int(10) unsigned NOT NULL AUTO_INCREMENT COMMENT 'Entity Id',
  `order_id` int(10) unsigned NOT NULL COMMENT 'Magento Order Id',
  `ext_order_id` varchar(64) NOT NULL COMMENT 'Temando Order Id',
  PRIMARY KEY (`entity_id`),
  KEY `TEMANDO_ORDER_ORDER_ID_SALES_ORDER_ENTITY_ID` (`order_id`),
  CONSTRAINT `TEMANDO_ORDER_ORDER_ID_SALES_ORDER_ENTITY_ID` FOREIGN KEY (`order_id`) REFERENCES `sales_order` (`entity_id`) ON DELETE CASCADE
) ENGINE=InnoDB DEFAULT CHARSET=utf8 COMMENT='Temando Order';

--
-- Dumping data for table `temando_order`
--


--
-- Table structure for table `temando_order_collection_point`
--

CREATE TABLE `temando_order_collection_point` (
  `recipient_address_id` int(10) unsigned NOT NULL COMMENT 'Entity Id',
  `collection_point_id` varchar(64) NOT NULL COMMENT 'Collection Point Id',
  `name` varchar(255) DEFAULT NULL COMMENT 'Name',
  `country` varchar(2) NOT NULL COMMENT 'Country Code',
  `region` varchar(255) NOT NULL COMMENT 'Region',
  `postcode` varchar(255) NOT NULL COMMENT 'Zip/Postal Code',
  `city` varchar(255) NOT NULL COMMENT 'City',
  `street` text NOT NULL COMMENT 'Street',
  PRIMARY KEY (`recipient_address_id`),
  CONSTRAINT `FK_EEB9F0F035B969ECA24160257CFC6F6B` FOREIGN KEY (`recipient_address_id`) REFERENCES `sales_order_address` (`entity_id`) ON DELETE CASCADE
) ENGINE=InnoDB DEFAULT CHARSET=utf8 COMMENT='Order Collection Point Entity';

--
-- Dumping data for table `temando_order_collection_point`
--


--
-- Table structure for table `temando_order_pickup_location`
--

CREATE TABLE `temando_order_pickup_location` (
  `recipient_address_id` int(10) unsigned NOT NULL COMMENT 'Entity Id',
  `pickup_location_id` varchar(64) NOT NULL COMMENT 'Pickup Location Id',
  `name` varchar(255) DEFAULT NULL COMMENT 'Name',
  `country` varchar(2) NOT NULL COMMENT 'Country Code',
  `region` varchar(255) NOT NULL COMMENT 'Region',
  `postcode` varchar(255) NOT NULL COMMENT 'Zip/Postal Code',
  `city` varchar(255) NOT NULL COMMENT 'City',
  `street` text NOT NULL COMMENT 'Street',
  PRIMARY KEY (`recipient_address_id`),
  CONSTRAINT `FK_E106C6C0802F4A217B859D0FEA67E900` FOREIGN KEY (`recipient_address_id`) REFERENCES `sales_order_address` (`entity_id`) ON DELETE CASCADE
) ENGINE=InnoDB DEFAULT CHARSET=utf8 COMMENT='Order Pickup Location Entity';

--
-- Dumping data for table `temando_order_pickup_location`
--


--
-- Table structure for table `temando_pickup_location_search`
--

CREATE TABLE `temando_pickup_location_search` (
  `shipping_address_id` int(10) unsigned NOT NULL COMMENT 'Entity Id',
  `active` tinyint(1) NOT NULL COMMENT 'Active',
  PRIMARY KEY (`shipping_address_id`),
  CONSTRAINT `TEMANDO_PICKUP_LOCATION_SRCH_SHPP_ADDR_ID_QUOTE_ADDR_ADDR_ID` FOREIGN KEY (`shipping_address_id`) REFERENCES `quote_address` (`address_id`) ON DELETE CASCADE
) ENGINE=InnoDB DEFAULT CHARSET=utf8 COMMENT='Pickup Location Search';

--
-- Dumping data for table `temando_pickup_location_search`
--


--
-- Table structure for table `temando_product_attribute_mapping`
--

CREATE TABLE `temando_product_attribute_mapping` (
  `node_path_id` varchar(255) NOT NULL COMMENT 'Magento shipping path',
  `label` varchar(255) NOT NULL COMMENT 'label to be displayed to the end user',
  `description` text COMMENT 'Describes what the label and path are for',
  `mapping_attribute_id` varchar(255) DEFAULT NULL COMMENT 'Attribute ID reference that is mapped to the node path',
  `is_default` tinyint(1) NOT NULL COMMENT 'Determines if the attribute is available by default',
  PRIMARY KEY (`node_path_id`)
) ENGINE=InnoDB DEFAULT CHARSET=utf8 COMMENT='Product Attribute Mapping Entity';

--
-- Dumping data for table `temando_product_attribute_mapping`
--

INSERT INTO `temando_product_attribute_mapping` VALUES ('classificationCodes.eccn','ECCN','Export Control Classification Number. Field Validation: 5 maximum characters.',NULL,1),('classificationCodes.hsCode','HS Code','Harmonized Commodity Description and Coding System. Field Validation: Between 2 and 5 Characters.','ts_hs_code',1),('classificationCodes.scheduleBInfo','Schedule B Info','Code for exporting goods out of the United States. Field Validation: 15 maximum characters.',NULL,1),('composition','Composition','Materials product is composed of',NULL,1),('manufacture.address.countryCode','Country of manufacture','Country of manufacture. Field Validation: Country as a valid ISO 3166-1 alpha-2 country code.',NULL,1),('origin.address.countryCode','Country of origin','Country of origin. Field Validation: Country as a valid ISO 3166-1 alpha-2 country code.','ts_country_of_origin',1);

--
-- Table structure for table `temando_quote_collection_point`
--

CREATE TABLE `temando_quote_collection_point` (
  `entity_id` int(10) unsigned NOT NULL AUTO_INCREMENT COMMENT 'Entity Id',
  `recipient_address_id` int(10) unsigned NOT NULL COMMENT 'Quote Address Id',
  `collection_point_id` varchar(64) NOT NULL COMMENT 'Collection Point Id',
  `name` varchar(255) DEFAULT NULL COMMENT 'Name',
  `country` varchar(2) NOT NULL COMMENT 'Country Code',
  `region` varchar(255) NOT NULL COMMENT 'Region',
  `postcode` varchar(255) NOT NULL COMMENT 'Zip/Postal Code',
  `city` varchar(255) NOT NULL COMMENT 'City',
  `street` text NOT NULL COMMENT 'Street',
  `opening_hours` text NOT NULL COMMENT 'Opening Hours',
  `shipping_experiences` text NOT NULL COMMENT 'Shipping Experiences',
  `selected` smallint(5) unsigned NOT NULL DEFAULT '0' COMMENT 'Is Selected',
  `distance` int(10) unsigned DEFAULT NULL COMMENT 'Distance in Meters',
  PRIMARY KEY (`entity_id`),
  KEY `FK_4ABED96BBA0BAF57A5EC10E47B5A0F12` (`recipient_address_id`),
  CONSTRAINT `FK_4ABED96BBA0BAF57A5EC10E47B5A0F12` FOREIGN KEY (`recipient_address_id`) REFERENCES `temando_collection_point_search` (`shipping_address_id`) ON DELETE CASCADE
) ENGINE=InnoDB DEFAULT CHARSET=utf8 COMMENT='Quote Collection Point Entity';

--
-- Dumping data for table `temando_quote_collection_point`
--


--
-- Table structure for table `temando_quote_pickup_location`
--

CREATE TABLE `temando_quote_pickup_location` (
  `entity_id` int(10) unsigned NOT NULL AUTO_INCREMENT COMMENT 'Entity Id',
  `recipient_address_id` int(10) unsigned NOT NULL COMMENT 'Quote Address Id',
  `pickup_location_id` varchar(64) NOT NULL COMMENT 'Pickup Location Id',
  `name` varchar(255) DEFAULT NULL COMMENT 'Name',
  `country` varchar(2) NOT NULL COMMENT 'Country Code',
  `region` varchar(255) NOT NULL COMMENT 'Region',
  `postcode` varchar(255) NOT NULL COMMENT 'Zip/Postal Code',
  `city` varchar(255) NOT NULL COMMENT 'City',
  `street` text NOT NULL COMMENT 'Street',
  `opening_hours` text NOT NULL COMMENT 'Opening Hours',
  `shipping_experiences` text NOT NULL COMMENT 'Shipping Experiences',
  `selected` smallint(5) unsigned NOT NULL DEFAULT '0' COMMENT 'Is Selected',
  `distance` int(10) unsigned DEFAULT NULL COMMENT 'Distance in Meters',
  PRIMARY KEY (`entity_id`),
  KEY `FK_9010B10870AF99FB0560ADA50F3F99F4` (`recipient_address_id`),
  CONSTRAINT `FK_9010B10870AF99FB0560ADA50F3F99F4` FOREIGN KEY (`recipient_address_id`) REFERENCES `temando_pickup_location_search` (`shipping_address_id`) ON DELETE CASCADE
) ENGINE=InnoDB DEFAULT CHARSET=utf8 COMMENT='Quote Pickup Location Entity';

--
-- Dumping data for table `temando_quote_pickup_location`
--


--
-- Table structure for table `temando_shipment`
--

CREATE TABLE `temando_shipment` (
  `entity_id` int(10) unsigned NOT NULL AUTO_INCREMENT COMMENT 'Entity Id',
  `shipment_id` int(10) unsigned NOT NULL COMMENT 'Magento Shipment Id',
  `ext_shipment_id` varchar(64) NOT NULL COMMENT 'External Shipment Id',
  `ext_location_id` varchar(64) DEFAULT NULL,
  `ext_tracking_url` varchar(255) DEFAULT NULL COMMENT 'External Tracking Url',
  `ext_tracking_reference` varchar(255) DEFAULT NULL COMMENT 'External Tracking Reference',
  `ext_return_shipment_id` varchar(64) DEFAULT NULL COMMENT 'External Return Shipment Id',
  PRIMARY KEY (`entity_id`),
  UNIQUE KEY `TEMANDO_SHIPMENT_SHIPMENT_ID_EXT_SHIPMENT_ID` (`shipment_id`,`ext_shipment_id`),
  CONSTRAINT `TEMANDO_SHIPMENT_SHIPMENT_ID_SALES_SHIPMENT_ENTITY_ID` FOREIGN KEY (`shipment_id`) REFERENCES `sales_shipment` (`entity_id`) ON DELETE CASCADE
) ENGINE=InnoDB DEFAULT CHARSET=utf8 COMMENT='Temando Shipment';

--
-- Dumping data for table `temando_shipment`
--


--
-- Table structure for table `theme`
--

CREATE TABLE `theme` (
  `theme_id` int(10) unsigned NOT NULL AUTO_INCREMENT COMMENT 'Theme identifier',
  `parent_id` int(11) DEFAULT NULL COMMENT 'Parent Id',
  `theme_path` varchar(255) DEFAULT NULL COMMENT 'Theme Path',
  `theme_title` varchar(255) NOT NULL COMMENT 'Theme Title',
  `preview_image` varchar(255) DEFAULT NULL COMMENT 'Preview Image',
  `is_featured` tinyint(1) NOT NULL DEFAULT '0' COMMENT 'Is Theme Featured',
  `area` varchar(255) NOT NULL COMMENT 'Theme Area',
  `type` smallint(6) NOT NULL COMMENT 'Theme type: 0:physical, 1:virtual, 2:staging',
  `code` text COMMENT 'Full theme code, including package',
  PRIMARY KEY (`theme_id`)
) ENGINE=InnoDB AUTO_INCREMENT=7 DEFAULT CHARSET=utf8 COMMENT='Core theme';

--
-- Dumping data for table `theme`
--

INSERT INTO `theme` VALUES (1,NULL,'Magento/blank','Magento Blank','preview_image_5bf690b6d57d8.jpeg',0,'frontend',0,'Magento/blank'),(2,1,'Magento/luma','Magento Luma','preview_image_5bf690b6e9022.jpeg',0,'frontend',0,'Magento/luma'),(3,NULL,'Magento/backend','Magento 2 backend',NULL,0,'adminhtml',0,'Magento/backend'),(4,1,'Scandiweb/pwa','Scandiweb pwa theme',NULL,0,'frontend',4,'Scandiweb/pwa');

--
-- Table structure for table `theme_file`
--

CREATE TABLE `theme_file` (
  `theme_files_id` int(10) unsigned NOT NULL AUTO_INCREMENT COMMENT 'Theme files identifier',
  `theme_id` int(10) unsigned NOT NULL COMMENT 'Theme Id',
  `file_path` varchar(255) DEFAULT NULL COMMENT 'Relative path to file',
  `file_type` varchar(32) NOT NULL COMMENT 'File Type',
  `content` longtext NOT NULL COMMENT 'File Content',
  `sort_order` smallint(6) NOT NULL DEFAULT '0' COMMENT 'Sort Order',
  `is_temporary` tinyint(1) NOT NULL DEFAULT '0' COMMENT 'Is Temporary File',
  PRIMARY KEY (`theme_files_id`),
  KEY `THEME_FILE_THEME_ID_THEME_THEME_ID` (`theme_id`),
  CONSTRAINT `THEME_FILE_THEME_ID_THEME_THEME_ID` FOREIGN KEY (`theme_id`) REFERENCES `theme` (`theme_id`) ON DELETE CASCADE
) ENGINE=InnoDB DEFAULT CHARSET=utf8 COMMENT='Core theme files';

--
-- Dumping data for table `theme_file`
--


--
-- Table structure for table `translation`
--

CREATE TABLE `translation` (
  `key_id` int(10) unsigned NOT NULL AUTO_INCREMENT COMMENT 'Key Id of Translation',
  `string` varchar(255) NOT NULL DEFAULT 'Translate String' COMMENT 'Translation String',
  `store_id` smallint(5) unsigned NOT NULL DEFAULT '0' COMMENT 'Store Id',
  `translate` varchar(255) DEFAULT NULL COMMENT 'Translate',
  `locale` varchar(20) NOT NULL DEFAULT 'en_US' COMMENT 'Locale',
  `crc_string` bigint(20) NOT NULL DEFAULT '1591228201' COMMENT 'Translation String CRC32 Hash',
  PRIMARY KEY (`key_id`),
  UNIQUE KEY `TRANSLATION_STORE_ID_LOCALE_CRC_STRING_STRING` (`store_id`,`locale`,`crc_string`,`string`),
  CONSTRAINT `TRANSLATION_STORE_ID_STORE_STORE_ID` FOREIGN KEY (`store_id`) REFERENCES `store` (`store_id`) ON DELETE CASCADE
) ENGINE=InnoDB DEFAULT CHARSET=utf8 COMMENT='Translations';

--
-- Dumping data for table `translation`
--


--
-- Table structure for table `ui_bookmark`
--

CREATE TABLE `ui_bookmark` (
  `bookmark_id` int(10) unsigned NOT NULL AUTO_INCREMENT COMMENT 'Bookmark identifier',
  `user_id` int(10) unsigned NOT NULL COMMENT 'User Id',
  `namespace` varchar(255) NOT NULL COMMENT 'Bookmark namespace',
  `identifier` varchar(255) NOT NULL COMMENT 'Bookmark Identifier',
  `current` smallint(6) NOT NULL COMMENT 'Mark current bookmark per user and identifier',
  `title` varchar(255) DEFAULT NULL COMMENT 'Bookmark title',
  `config` longtext COMMENT 'Bookmark config',
  `created_at` datetime NOT NULL DEFAULT CURRENT_TIMESTAMP COMMENT 'Bookmark created at',
  `updated_at` datetime NOT NULL DEFAULT CURRENT_TIMESTAMP ON UPDATE CURRENT_TIMESTAMP COMMENT 'Bookmark updated at',
  PRIMARY KEY (`bookmark_id`),
  KEY `UI_BOOKMARK_USER_ID_NAMESPACE_IDENTIFIER` (`user_id`,`namespace`,`identifier`),
  CONSTRAINT `UI_BOOKMARK_USER_ID_ADMIN_USER_USER_ID` FOREIGN KEY (`user_id`) REFERENCES `admin_user` (`user_id`) ON DELETE CASCADE
) ENGINE=InnoDB AUTO_INCREMENT=33 DEFAULT CHARSET=utf8 COMMENT='Bookmark';

--
-- Dumping data for table `ui_bookmark`
--

INSERT INTO `ui_bookmark` VALUES (1,1,'product_listing','current',0,NULL,'{\"current\":{\"columns\":{\"entity_id\":{\"visible\":true,\"sorting\":false},\"name\":{\"visible\":true,\"sorting\":false},\"sku\":{\"visible\":true,\"sorting\":false},\"price\":{\"visible\":true,\"sorting\":false},\"websites\":{\"visible\":true,\"sorting\":false},\"qty\":{\"visible\":true,\"sorting\":false},\"ship_qty\":{\"visible\":true,\"sorting\":false},\"available_qty\":{\"visible\":true,\"sorting\":false},\"short_description\":{\"visible\":false,\"sorting\":false},\"special_price\":{\"visible\":false,\"sorting\":false},\"cost\":{\"visible\":false,\"sorting\":false},\"weight\":{\"visible\":false,\"sorting\":false},\"meta_title\":{\"visible\":false,\"sorting\":false},\"meta_keyword\":{\"visible\":false,\"sorting\":false},\"meta_description\":{\"visible\":false,\"sorting\":false},\"msrp\":{\"visible\":false,\"sorting\":false},\"url_key\":{\"visible\":false,\"sorting\":false},\"actions\":{\"visible\":true,\"sorting\":false},\"special_from_date\":{\"visible\":false,\"sorting\":false},\"special_to_date\":{\"visible\":false,\"sorting\":false},\"news_from_date\":{\"visible\":false,\"sorting\":false},\"news_to_date\":{\"visible\":false,\"sorting\":false},\"custom_design_from\":{\"visible\":false,\"sorting\":false},\"custom_design_to\":{\"visible\":false,\"sorting\":false},\"warehouse\":{\"visible\":false,\"sorting\":false},\"type_id\":{\"visible\":true,\"sorting\":false},\"attribute_set_id\":{\"visible\":true,\"sorting\":false},\"visibility\":{\"visible\":true,\"sorting\":\"desc\"},\"status\":{\"visible\":true,\"sorting\":false},\"color\":{\"visible\":false,\"sorting\":false},\"custom_design\":{\"visible\":false,\"sorting\":false},\"page_layout\":{\"visible\":false,\"sorting\":false},\"country_of_manufacture\":{\"visible\":false,\"sorting\":false},\"custom_layout\":{\"visible\":false,\"sorting\":false},\"gift_message_available\":{\"visible\":false,\"sorting\":false},\"tax_class_id\":{\"visible\":false,\"sorting\":false},\"ids\":{\"visible\":true,\"sorting\":false},\"thumbnail\":{\"visible\":true,\"sorting\":false},\"material\":{\"sorting\":false,\"visible\":true},\"colors\":{\"visible\":true,\"sorting\":false},\"size\":{\"sorting\":false,\"visible\":true},\"shoes_size\":{\"sorting\":false,\"visible\":true},\"salable_quantity\":{\"sorting\":false,\"visible\":true}},\"displayMode\":\"grid\",\"search\":{\"value\":\"Slim Fit Jeans\"},\"filters\":{\"applied\":{\"placeholder\":true}},\"paging\":{\"options\":{\"20\":{\"value\":20,\"label\":20},\"30\":{\"value\":30,\"label\":30},\"50\":{\"value\":50,\"label\":50},\"100\":{\"value\":100,\"label\":100},\"200\":{\"value\":200,\"label\":200}},\"value\":200},\"positions\":{\"ids\":0,\"entity_id\":1,\"thumbnail\":2,\"name\":3,\"type_id\":4,\"attribute_set_id\":5,\"sku\":6,\"price\":7,\"visibility\":8,\"status\":9,\"websites\":10,\"qty\":11,\"short_description\":12,\"special_price\":13,\"special_from_date\":14,\"special_to_date\":15,\"cost\":16,\"weight\":17,\"meta_title\":18,\"meta_keyword\":19,\"meta_description\":20,\"color\":21,\"news_from_date\":22,\"news_to_date\":23,\"custom_design\":24,\"custom_design_from\":25,\"custom_design_to\":26,\"page_layout\":27,\"country_of_manufacture\":28,\"custom_layout\":29,\"msrp\":30,\"url_key\":31,\"gift_message_available\":32,\"tax_class_id\":33,\"actions\":34,\"size\":35,\"material\":36,\"shoes_size\":37,\"salable_quantity\":38}}}','0000-00-00 00:00:00','0000-00-00 00:00:00'),(2,1,'product_listing','default',1,'Default View','{\"views\":{\"default\":{\"label\":\"Default View\",\"index\":\"default\",\"editable\":false,\"data\":{\"columns\":{\"entity_id\":{\"visible\":true,\"sorting\":\"asc\"},\"name\":{\"visible\":true,\"sorting\":false},\"sku\":{\"visible\":true,\"sorting\":false},\"price\":{\"visible\":true,\"sorting\":false},\"websites\":{\"visible\":true,\"sorting\":false},\"qty\":{\"visible\":true,\"sorting\":false},\"ship_qty\":{\"visible\":true,\"sorting\":false},\"available_qty\":{\"visible\":true,\"sorting\":false},\"short_description\":{\"visible\":false,\"sorting\":false},\"special_price\":{\"visible\":false,\"sorting\":false},\"cost\":{\"visible\":false,\"sorting\":false},\"weight\":{\"visible\":false,\"sorting\":false},\"meta_title\":{\"visible\":false,\"sorting\":false},\"meta_keyword\":{\"visible\":false,\"sorting\":false},\"meta_description\":{\"visible\":false,\"sorting\":false},\"msrp\":{\"visible\":false,\"sorting\":false},\"url_key\":{\"visible\":false,\"sorting\":false},\"actions\":{\"visible\":true,\"sorting\":false},\"special_from_date\":{\"visible\":false,\"sorting\":false},\"special_to_date\":{\"visible\":false,\"sorting\":false},\"news_from_date\":{\"visible\":false,\"sorting\":false},\"news_to_date\":{\"visible\":false,\"sorting\":false},\"custom_design_from\":{\"visible\":false,\"sorting\":false},\"custom_design_to\":{\"visible\":false,\"sorting\":false},\"warehouse\":{\"visible\":false,\"sorting\":false},\"type_id\":{\"visible\":true,\"sorting\":false},\"attribute_set_id\":{\"visible\":true,\"sorting\":false},\"visibility\":{\"visible\":true,\"sorting\":false},\"status\":{\"visible\":true,\"sorting\":false},\"color\":{\"visible\":false,\"sorting\":false},\"custom_design\":{\"visible\":false,\"sorting\":false},\"page_layout\":{\"visible\":false,\"sorting\":false},\"country_of_manufacture\":{\"visible\":false,\"sorting\":false},\"custom_layout\":{\"visible\":false,\"sorting\":false},\"gift_message_available\":{\"visible\":false,\"sorting\":false},\"tax_class_id\":{\"visible\":false,\"sorting\":false},\"ids\":{\"visible\":true,\"sorting\":false},\"thumbnail\":{\"visible\":true,\"sorting\":false}},\"displayMode\":\"grid\",\"search\":{\"value\":\"\"},\"filters\":{\"applied\":{\"placeholder\":true}},\"paging\":{\"options\":{\"20\":{\"value\":20,\"label\":20},\"30\":{\"value\":30,\"label\":30},\"50\":{\"value\":50,\"label\":50},\"100\":{\"value\":100,\"label\":100},\"200\":{\"value\":200,\"label\":200}},\"value\":20},\"positions\":{\"ids\":0,\"entity_id\":1,\"thumbnail\":2,\"name\":3,\"type_id\":4,\"attribute_set_id\":5,\"sku\":6,\"price\":7,\"qty\":8,\"ship_qty\":9,\"available_qty\":10,\"visibility\":11,\"status\":12,\"websites\":13,\"short_description\":14,\"special_price\":15,\"special_from_date\":16,\"special_to_date\":17,\"cost\":18,\"weight\":19,\"meta_title\":20,\"meta_keyword\":21,\"meta_description\":22,\"color\":23,\"news_from_date\":24,\"news_to_date\":25,\"custom_design\":26,\"custom_design_from\":27,\"custom_design_to\":28,\"page_layout\":29,\"country_of_manufacture\":30,\"custom_layout\":31,\"msrp\":32,\"url_key\":33,\"gift_message_available\":34,\"tax_class_id\":35,\"warehouse\":36,\"actions\":37}},\"value\":\"Default View\"}}}','0000-00-00 00:00:00','0000-00-00 00:00:00'),(7,1,'design_config_listing','default',1,'Default View','{\"views\":{\"default\":{\"label\":\"Default View\",\"index\":\"default\",\"editable\":false,\"data\":{\"filters\":{\"applied\":{\"placeholder\":true}},\"columns\":{\"default\":{\"visible\":true,\"sorting\":false},\"actions\":{\"visible\":true,\"sorting\":false},\"theme_theme_id\":{\"visible\":true,\"sorting\":false},\"store_website_id\":{\"visible\":true,\"sorting\":false},\"store_group_id\":{\"visible\":true,\"sorting\":false},\"store_id\":{\"visible\":true,\"sorting\":false}},\"displayMode\":\"grid\",\"paging\":{\"options\":{\"20\":{\"value\":20,\"label\":20},\"30\":{\"value\":30,\"label\":30},\"50\":{\"value\":50,\"label\":50},\"100\":{\"value\":100,\"label\":100},\"200\":{\"value\":200,\"label\":200}},\"value\":20},\"positions\":{\"default\":0,\"store_website_id\":1,\"store_group_id\":2,\"store_id\":3,\"theme_theme_id\":4,\"actions\":5}},\"value\":\"Default View\"}}}','0000-00-00 00:00:00','0000-00-00 00:00:00'),(8,1,'design_config_listing','current',0,NULL,'{\"current\":{\"filters\":{\"applied\":{\"placeholder\":true}},\"columns\":{\"default\":{\"visible\":true,\"sorting\":false},\"actions\":{\"visible\":true,\"sorting\":false},\"theme_theme_id\":{\"visible\":true,\"sorting\":false},\"store_website_id\":{\"visible\":true,\"sorting\":false},\"store_group_id\":{\"visible\":true,\"sorting\":false},\"store_id\":{\"visible\":true,\"sorting\":false}},\"displayMode\":\"grid\",\"paging\":{\"options\":{\"20\":{\"value\":20,\"label\":20},\"30\":{\"value\":30,\"label\":30},\"50\":{\"value\":50,\"label\":50},\"100\":{\"value\":100,\"label\":100},\"200\":{\"value\":200,\"label\":200}},\"value\":20},\"positions\":{\"default\":0,\"store_website_id\":1,\"store_group_id\":2,\"store_id\":3,\"theme_theme_id\":4,\"actions\":5}}}','0000-00-00 00:00:00','0000-00-00 00:00:00'),(9,1,'product_attributes_grid','default',1,'Default View','{\"views\":{\"default\":{\"label\":\"Default View\",\"index\":\"default\",\"editable\":false,\"data\":{\"columns\":{\"ids\":{\"visible\":true,\"sorting\":false},\"is_required\":{\"visible\":true,\"sorting\":false},\"is_user_defined\":{\"visible\":true,\"sorting\":false},\"is_visible\":{\"visible\":true,\"sorting\":false},\"is_global\":{\"visible\":true,\"sorting\":false},\"is_searchable\":{\"visible\":true,\"sorting\":false},\"is_comparable\":{\"visible\":true,\"sorting\":false},\"is_filterable\":{\"visible\":true,\"sorting\":false},\"attribute_code\":{\"visible\":true,\"sorting\":\"asc\"},\"frontend_label\":{\"visible\":true,\"sorting\":false}},\"positions\":{\"ids\":0,\"attribute_code\":1,\"frontend_label\":2,\"is_required\":3,\"is_user_defined\":4,\"is_visible\":5,\"is_global\":6,\"is_searchable\":7,\"is_comparable\":8,\"is_filterable\":9},\"displayMode\":\"grid\",\"paging\":{\"options\":{\"20\":{\"value\":20,\"label\":20},\"30\":{\"value\":30,\"label\":30},\"50\":{\"value\":50,\"label\":50},\"100\":{\"value\":100,\"label\":100},\"200\":{\"value\":200,\"label\":200}},\"value\":20}},\"value\":\"Default View\"}}}','0000-00-00 00:00:00','0000-00-00 00:00:00'),(10,1,'product_attributes_grid','current',0,NULL,'{\"current\":{\"columns\":{\"ids\":{\"visible\":true,\"sorting\":false},\"is_required\":{\"visible\":true,\"sorting\":false},\"is_user_defined\":{\"visible\":true,\"sorting\":false},\"is_visible\":{\"visible\":true,\"sorting\":false},\"is_global\":{\"visible\":true,\"sorting\":false},\"is_searchable\":{\"visible\":true,\"sorting\":false},\"is_comparable\":{\"visible\":true,\"sorting\":false},\"is_filterable\":{\"visible\":true,\"sorting\":false},\"attribute_code\":{\"visible\":true,\"sorting\":\"asc\"},\"frontend_label\":{\"visible\":true,\"sorting\":false}},\"positions\":{\"ids\":0,\"attribute_code\":1,\"frontend_label\":2,\"is_required\":3,\"is_user_defined\":4,\"is_visible\":5,\"is_global\":6,\"is_searchable\":7,\"is_comparable\":8,\"is_filterable\":9},\"displayMode\":\"grid\",\"paging\":{\"options\":{\"20\":{\"value\":20,\"label\":20},\"30\":{\"value\":30,\"label\":30},\"50\":{\"value\":50,\"label\":50},\"100\":{\"value\":100,\"label\":100},\"200\":{\"value\":200,\"label\":200}},\"value\":20}}}','0000-00-00 00:00:00','0000-00-00 00:00:00'),(11,1,'scandiweb_menumanager_menus','default',1,'Default View','{\"views\":{\"default\":{\"label\":\"Default View\",\"index\":\"default\",\"editable\":false,\"data\":{\"columns\":{\"menu_id\":{\"visible\":true,\"sorting\":\"asc\"},\"title\":{\"visible\":true,\"sorting\":false},\"identifier\":{\"visible\":true,\"sorting\":false},\"css_class\":{\"visible\":true,\"sorting\":false},\"actions\":{\"visible\":true,\"sorting\":false},\"ids\":{\"visible\":true,\"sorting\":false},\"is_active\":{\"visible\":true,\"sorting\":false}},\"displayMode\":\"grid\",\"paging\":{\"options\":{\"20\":{\"value\":20,\"label\":20},\"30\":{\"value\":30,\"label\":30},\"50\":{\"value\":50,\"label\":50},\"100\":{\"value\":100,\"label\":100},\"200\":{\"value\":200,\"label\":200}},\"value\":20},\"positions\":{\"ids\":0,\"menu_id\":1,\"title\":2,\"identifier\":3,\"css_class\":4,\"is_active\":5,\"actions\":6}},\"value\":\"Default View\"}}}','0000-00-00 00:00:00','0000-00-00 00:00:00'),(12,1,'scandiweb_menumanager_menus','current',0,NULL,'{\"current\":{\"columns\":{\"menu_id\":{\"visible\":true,\"sorting\":\"asc\"},\"title\":{\"visible\":true,\"sorting\":false},\"identifier\":{\"visible\":true,\"sorting\":false},\"css_class\":{\"visible\":true,\"sorting\":false},\"actions\":{\"visible\":true,\"sorting\":false},\"ids\":{\"visible\":true,\"sorting\":false},\"is_active\":{\"visible\":true,\"sorting\":false}},\"displayMode\":\"grid\",\"paging\":{\"options\":{\"20\":{\"value\":20,\"label\":20},\"30\":{\"value\":30,\"label\":30},\"50\":{\"value\":50,\"label\":50},\"100\":{\"value\":100,\"label\":100},\"200\":{\"value\":200,\"label\":200}},\"value\":20},\"positions\":{\"ids\":0,\"menu_id\":1,\"title\":2,\"identifier\":3,\"css_class\":4,\"is_active\":5,\"actions\":6}}}','0000-00-00 00:00:00','0000-00-00 00:00:00'),(13,1,'cms_page_listing','current',0,NULL,'{\"current\":{\"columns\":{\"page_id\":{\"visible\":true,\"sorting\":\"asc\"},\"title\":{\"visible\":true,\"sorting\":false},\"identifier\":{\"visible\":true,\"sorting\":false},\"store_id\":{\"visible\":true,\"sorting\":false},\"meta_title\":{\"visible\":false,\"sorting\":false},\"meta_keywords\":{\"visible\":false,\"sorting\":false},\"meta_description\":{\"visible\":false,\"sorting\":false},\"actions\":{\"visible\":true,\"sorting\":false},\"page_layout\":{\"visible\":true,\"sorting\":false},\"is_active\":{\"visible\":true,\"sorting\":false},\"custom_theme\":{\"visible\":false,\"sorting\":false},\"custom_root_template\":{\"visible\":false,\"sorting\":false},\"ids\":{\"visible\":true,\"sorting\":false},\"creation_time\":{\"visible\":true,\"sorting\":false},\"update_time\":{\"visible\":true,\"sorting\":false},\"custom_theme_from\":{\"visible\":false,\"sorting\":false},\"custom_theme_to\":{\"visible\":false,\"sorting\":false},\"page_width\":{\"visible\":false,\"sorting\":false}},\"displayMode\":\"grid\",\"paging\":{\"options\":{\"20\":{\"value\":20,\"label\":20},\"30\":{\"value\":30,\"label\":30},\"50\":{\"value\":50,\"label\":50},\"100\":{\"value\":100,\"label\":100},\"200\":{\"value\":200,\"label\":200}},\"value\":20,\"pageSize\":20,\"current\":1},\"positions\":{\"ids\":0,\"page_id\":1,\"title\":2,\"identifier\":3,\"page_layout\":4,\"store_id\":5,\"is_active\":6,\"creation_time\":7,\"update_time\":8,\"custom_theme_from\":9,\"custom_theme_to\":10,\"custom_theme\":11,\"custom_root_template\":12,\"meta_title\":13,\"meta_keywords\":14,\"meta_description\":15,\"actions\":16},\"search\":{\"value\":\"\"},\"filters\":{\"applied\":{\"placeholder\":true}}}}','0000-00-00 00:00:00','2020-04-07 13:09:43'),(14,1,'cms_page_listing','default',1,'Default View','{\"views\":{\"default\":{\"label\":\"Default View\",\"index\":\"default\",\"editable\":false,\"data\":{\"columns\":{\"page_id\":{\"visible\":true,\"sorting\":\"asc\"},\"title\":{\"visible\":true,\"sorting\":false},\"identifier\":{\"visible\":true,\"sorting\":false},\"store_id\":{\"visible\":true,\"sorting\":false},\"meta_title\":{\"visible\":false,\"sorting\":false},\"meta_keywords\":{\"visible\":false,\"sorting\":false},\"meta_description\":{\"visible\":false,\"sorting\":false},\"actions\":{\"visible\":true,\"sorting\":false},\"page_layout\":{\"visible\":true,\"sorting\":false},\"is_active\":{\"visible\":true,\"sorting\":false},\"custom_theme\":{\"visible\":false,\"sorting\":false},\"custom_root_template\":{\"visible\":false,\"sorting\":false},\"ids\":{\"visible\":true,\"sorting\":false},\"creation_time\":{\"visible\":true,\"sorting\":false},\"update_time\":{\"visible\":true,\"sorting\":false},\"custom_theme_from\":{\"visible\":false,\"sorting\":false},\"custom_theme_to\":{\"visible\":false,\"sorting\":false}},\"displayMode\":\"grid\",\"paging\":{\"options\":{\"20\":{\"value\":20,\"label\":20},\"30\":{\"value\":30,\"label\":30},\"50\":{\"value\":50,\"label\":50},\"100\":{\"value\":100,\"label\":100},\"200\":{\"value\":200,\"label\":200}},\"value\":20},\"positions\":{\"ids\":0,\"page_id\":1,\"title\":2,\"identifier\":3,\"page_layout\":4,\"store_id\":5,\"is_active\":6,\"creation_time\":7,\"update_time\":8,\"custom_theme_from\":9,\"custom_theme_to\":10,\"custom_theme\":11,\"custom_root_template\":12,\"meta_title\":13,\"meta_keywords\":14,\"meta_description\":15,\"actions\":16},\"search\":{\"value\":\"\"},\"filters\":{\"applied\":{\"placeholder\":true}}},\"value\":\"Default View\"}}}','0000-00-00 00:00:00','0000-00-00 00:00:00'),(15,1,'cms_block_listing','default',1,'Default View','{\"views\":{\"default\":{\"label\":\"Default View\",\"index\":\"default\",\"editable\":false,\"data\":{\"filters\":{\"applied\":{\"placeholder\":true}},\"columns\":{\"block_id\":{\"visible\":true,\"sorting\":\"asc\"},\"title\":{\"visible\":true,\"sorting\":false},\"identifier\":{\"visible\":true,\"sorting\":false},\"store_id\":{\"visible\":true,\"sorting\":false},\"actions\":{\"visible\":true,\"sorting\":false},\"is_active\":{\"visible\":true,\"sorting\":false},\"ids\":{\"visible\":true,\"sorting\":false},\"creation_time\":{\"visible\":true,\"sorting\":false},\"update_time\":{\"visible\":true,\"sorting\":false}},\"search\":{\"value\":\"\"},\"displayMode\":\"grid\",\"positions\":{\"ids\":0,\"block_id\":1,\"title\":2,\"identifier\":3,\"store_id\":4,\"is_active\":5,\"creation_time\":6,\"update_time\":7,\"actions\":8},\"paging\":{\"options\":{\"20\":{\"value\":20,\"label\":20},\"30\":{\"value\":30,\"label\":30},\"50\":{\"value\":50,\"label\":50},\"100\":{\"value\":100,\"label\":100},\"200\":{\"value\":200,\"label\":200}},\"value\":20}},\"value\":\"Default View\"}}}','0000-00-00 00:00:00','0000-00-00 00:00:00'),(16,1,'cms_block_listing','current',0,NULL,'{\"current\":{\"filters\":{\"applied\":{\"placeholder\":true}},\"columns\":{\"block_id\":{\"visible\":true,\"sorting\":\"asc\"},\"title\":{\"visible\":true,\"sorting\":false},\"identifier\":{\"visible\":true,\"sorting\":false},\"store_id\":{\"visible\":true,\"sorting\":false},\"actions\":{\"visible\":true,\"sorting\":false},\"is_active\":{\"visible\":true,\"sorting\":false},\"ids\":{\"visible\":true,\"sorting\":false},\"creation_time\":{\"visible\":true,\"sorting\":false},\"update_time\":{\"visible\":true,\"sorting\":false}},\"search\":{\"value\":\"\"},\"displayMode\":\"grid\",\"positions\":{\"ids\":0,\"block_id\":1,\"title\":2,\"identifier\":3,\"store_id\":4,\"is_active\":5,\"creation_time\":6,\"update_time\":7,\"actions\":8},\"paging\":{\"options\":{\"20\":{\"value\":20,\"label\":20},\"30\":{\"value\":30,\"label\":30},\"50\":{\"value\":50,\"label\":50},\"100\":{\"value\":100,\"label\":100},\"200\":{\"value\":200,\"label\":200}},\"value\":20,\"pageSize\":20,\"current\":1}}}','0000-00-00 00:00:00','2020-04-07 13:11:41'),(17,1,'product_attributes_listing','default',1,'Default View','{\"views\":{\"default\":{\"label\":\"Default View\",\"index\":\"default\",\"editable\":false,\"data\":{\"columns\":{\"is_filterable\":{\"visible\":true,\"sorting\":false},\"is_required\":{\"visible\":true,\"sorting\":false},\"is_user_defined\":{\"visible\":true,\"sorting\":false},\"is_visible\":{\"visible\":true,\"sorting\":false},\"is_global\":{\"visible\":true,\"sorting\":false},\"is_searchable\":{\"visible\":true,\"sorting\":false},\"is_comparable\":{\"visible\":true,\"sorting\":false},\"ids\":{\"visible\":true,\"sorting\":false},\"attribute_code\":{\"visible\":true,\"sorting\":\"asc\"},\"frontend_label\":{\"visible\":true,\"sorting\":false}},\"paging\":{\"options\":{\"20\":{\"value\":20,\"label\":20},\"30\":{\"value\":30,\"label\":30},\"50\":{\"value\":50,\"label\":50},\"100\":{\"value\":100,\"label\":100},\"200\":{\"value\":200,\"label\":200}},\"value\":20},\"positions\":{\"ids\":0,\"is_filterable\":1,\"attribute_code\":2,\"frontend_label\":3,\"is_required\":4,\"is_user_defined\":5,\"is_visible\":6,\"is_global\":7,\"is_searchable\":8,\"is_comparable\":9},\"displayMode\":\"grid\"},\"value\":\"Default View\"}}}','0000-00-00 00:00:00','0000-00-00 00:00:00'),(18,1,'product_attributes_listing','current',0,NULL,'{\"current\":{\"columns\":{\"is_filterable\":{\"visible\":true,\"sorting\":false},\"is_required\":{\"visible\":true,\"sorting\":false},\"is_user_defined\":{\"visible\":true,\"sorting\":false},\"is_visible\":{\"visible\":true,\"sorting\":false},\"is_global\":{\"visible\":true,\"sorting\":false},\"is_searchable\":{\"visible\":true,\"sorting\":false},\"is_comparable\":{\"visible\":true,\"sorting\":false},\"ids\":{\"visible\":true,\"sorting\":false},\"attribute_code\":{\"visible\":true,\"sorting\":\"asc\"},\"frontend_label\":{\"visible\":true,\"sorting\":false}},\"paging\":{\"options\":{\"20\":{\"value\":20,\"label\":20},\"30\":{\"value\":30,\"label\":30},\"50\":{\"value\":50,\"label\":50},\"100\":{\"value\":100,\"label\":100},\"200\":{\"value\":200,\"label\":200}},\"value\":20},\"positions\":{\"ids\":0,\"is_filterable\":1,\"attribute_code\":2,\"frontend_label\":3,\"is_required\":4,\"is_user_defined\":5,\"is_visible\":6,\"is_global\":7,\"is_searchable\":8,\"is_comparable\":9},\"displayMode\":\"grid\"}}','0000-00-00 00:00:00','0000-00-00 00:00:00'),(19,2,'product_listing','default',1,'Default View','{\"views\":{\"default\":{\"label\":\"Default View\",\"index\":\"default\",\"editable\":false,\"data\":{\"filters\":{\"applied\":{\"placeholder\":true}},\"columns\":{\"entity_id\":{\"visible\":true,\"sorting\":\"asc\"},\"name\":{\"visible\":true,\"sorting\":false},\"sku\":{\"visible\":true,\"sorting\":false},\"price\":{\"visible\":true,\"sorting\":false},\"websites\":{\"visible\":true,\"sorting\":false},\"qty\":{\"visible\":true,\"sorting\":false},\"short_description\":{\"visible\":false,\"sorting\":false},\"special_price\":{\"visible\":false,\"sorting\":false},\"cost\":{\"visible\":false,\"sorting\":false},\"weight\":{\"visible\":false,\"sorting\":false},\"meta_title\":{\"visible\":false,\"sorting\":false},\"meta_keyword\":{\"visible\":false,\"sorting\":false},\"meta_description\":{\"visible\":false,\"sorting\":false},\"msrp\":{\"visible\":false,\"sorting\":false},\"url_key\":{\"visible\":false,\"sorting\":false},\"material\":{\"visible\":true,\"sorting\":false},\"actions\":{\"visible\":true,\"sorting\":false},\"ids\":{\"visible\":true,\"sorting\":false},\"type_id\":{\"visible\":true,\"sorting\":false},\"attribute_set_id\":{\"visible\":true,\"sorting\":false},\"visibility\":{\"visible\":true,\"sorting\":false},\"status\":{\"visible\":true,\"sorting\":false},\"color\":{\"visible\":false,\"sorting\":false},\"custom_design\":{\"visible\":false,\"sorting\":false},\"page_layout\":{\"visible\":false,\"sorting\":false},\"country_of_manufacture\":{\"visible\":false,\"sorting\":false},\"custom_layout\":{\"visible\":false,\"sorting\":false},\"gift_message_available\":{\"visible\":false,\"sorting\":false},\"tax_class_id\":{\"visible\":false,\"sorting\":false},\"shoes_size\":{\"visible\":true,\"sorting\":false},\"size\":{\"visible\":true,\"sorting\":false},\"salable_quantity\":{\"visible\":true,\"sorting\":false},\"special_from_date\":{\"visible\":false,\"sorting\":false},\"special_to_date\":{\"visible\":false,\"sorting\":false},\"news_from_date\":{\"visible\":false,\"sorting\":false},\"news_to_date\":{\"visible\":false,\"sorting\":false},\"custom_design_from\":{\"visible\":false,\"sorting\":false},\"custom_design_to\":{\"visible\":false,\"sorting\":false},\"thumbnail\":{\"visible\":true,\"sorting\":false}},\"displayMode\":\"grid\",\"paging\":{\"options\":{\"20\":{\"value\":20,\"label\":20},\"30\":{\"value\":30,\"label\":30},\"50\":{\"value\":50,\"label\":50},\"100\":{\"value\":100,\"label\":100},\"200\":{\"value\":200,\"label\":200}},\"value\":20},\"search\":{\"value\":\"\"},\"positions\":{\"ids\":0,\"entity_id\":1,\"thumbnail\":2,\"name\":3,\"type_id\":4,\"attribute_set_id\":5,\"sku\":6,\"price\":7,\"qty\":8,\"salable_quantity\":9,\"visibility\":10,\"status\":11,\"websites\":12,\"short_description\":13,\"special_price\":14,\"special_from_date\":15,\"special_to_date\":16,\"cost\":17,\"weight\":18,\"meta_title\":19,\"meta_keyword\":20,\"meta_description\":21,\"color\":22,\"news_from_date\":23,\"news_to_date\":24,\"custom_design\":25,\"custom_design_from\":26,\"custom_design_to\":27,\"page_layout\":28,\"country_of_manufacture\":29,\"custom_layout\":30,\"msrp\":31,\"url_key\":32,\"gift_message_available\":33,\"tax_class_id\":34,\"material\":35,\"shoes_size\":36,\"size\":37,\"actions\":38}},\"value\":\"Default View\"}}}','0000-00-00 00:00:00','0000-00-00 00:00:00'),(20,2,'product_listing','current',0,NULL,'{\"current\":{\"filters\":{\"applied\":{\"placeholder\":true,\"name\":\"Khaki Straight Leg Jeans Cadiz\"}},\"columns\":{\"entity_id\":{\"visible\":true,\"sorting\":\"asc\"},\"name\":{\"visible\":true,\"sorting\":false},\"sku\":{\"visible\":true,\"sorting\":false},\"price\":{\"visible\":true,\"sorting\":false},\"websites\":{\"visible\":true,\"sorting\":false},\"qty\":{\"visible\":true,\"sorting\":false},\"short_description\":{\"visible\":false,\"sorting\":false},\"special_price\":{\"visible\":false,\"sorting\":false},\"cost\":{\"visible\":false,\"sorting\":false},\"weight\":{\"visible\":false,\"sorting\":false},\"meta_title\":{\"visible\":false,\"sorting\":false},\"meta_keyword\":{\"visible\":false,\"sorting\":false},\"meta_description\":{\"visible\":false,\"sorting\":false},\"msrp\":{\"visible\":false,\"sorting\":false},\"url_key\":{\"visible\":false,\"sorting\":false},\"material\":{\"visible\":true,\"sorting\":false},\"actions\":{\"visible\":true,\"sorting\":false},\"ids\":{\"visible\":true,\"sorting\":false},\"type_id\":{\"visible\":true,\"sorting\":false},\"attribute_set_id\":{\"visible\":true,\"sorting\":false},\"visibility\":{\"visible\":true,\"sorting\":false},\"status\":{\"visible\":true,\"sorting\":false},\"color\":{\"visible\":false,\"sorting\":false},\"custom_design\":{\"visible\":false,\"sorting\":false},\"page_layout\":{\"visible\":false,\"sorting\":false},\"country_of_manufacture\":{\"visible\":false,\"sorting\":false},\"custom_layout\":{\"visible\":false,\"sorting\":false},\"gift_message_available\":{\"visible\":false,\"sorting\":false},\"tax_class_id\":{\"visible\":false,\"sorting\":false},\"shoes_size\":{\"visible\":true,\"sorting\":false},\"size\":{\"visible\":true,\"sorting\":false},\"salable_quantity\":{\"visible\":true,\"sorting\":false},\"special_from_date\":{\"visible\":false,\"sorting\":false},\"special_to_date\":{\"visible\":false,\"sorting\":false},\"news_from_date\":{\"visible\":false,\"sorting\":false},\"news_to_date\":{\"visible\":false,\"sorting\":false},\"custom_design_from\":{\"visible\":false,\"sorting\":false},\"custom_design_to\":{\"visible\":false,\"sorting\":false},\"thumbnail\":{\"visible\":true,\"sorting\":false}},\"displayMode\":\"grid\",\"paging\":{\"options\":{\"20\":{\"value\":20,\"label\":20},\"30\":{\"value\":30,\"label\":30},\"50\":{\"value\":50,\"label\":50},\"100\":{\"value\":100,\"label\":100},\"200\":{\"value\":200,\"label\":200}},\"value\":200},\"search\":{\"value\":\"\"},\"positions\":{\"ids\":0,\"entity_id\":1,\"thumbnail\":2,\"name\":3,\"type_id\":4,\"attribute_set_id\":5,\"sku\":6,\"price\":7,\"qty\":8,\"salable_quantity\":9,\"visibility\":10,\"status\":11,\"websites\":12,\"short_description\":13,\"special_price\":14,\"special_from_date\":15,\"special_to_date\":16,\"cost\":17,\"weight\":18,\"meta_title\":19,\"meta_keyword\":20,\"meta_description\":21,\"color\":22,\"news_from_date\":23,\"news_to_date\":24,\"custom_design\":25,\"custom_design_from\":26,\"custom_design_to\":27,\"page_layout\":28,\"country_of_manufacture\":29,\"custom_layout\":30,\"msrp\":31,\"url_key\":32,\"gift_message_available\":33,\"tax_class_id\":34,\"material\":35,\"shoes_size\":36,\"size\":37,\"actions\":38}}}','0000-00-00 00:00:00','0000-00-00 00:00:00'),(21,2,'product_attributes_listing','default',1,'Default View','{\"views\":{\"default\":{\"label\":\"Default View\",\"index\":\"default\",\"editable\":false,\"data\":{\"columns\":{\"ids\":{\"visible\":true,\"sorting\":false},\"is_required\":{\"visible\":true,\"sorting\":false},\"is_user_defined\":{\"visible\":true,\"sorting\":false},\"is_visible\":{\"visible\":true,\"sorting\":false},\"is_global\":{\"visible\":true,\"sorting\":false},\"is_searchable\":{\"visible\":true,\"sorting\":false},\"is_comparable\":{\"visible\":true,\"sorting\":false},\"is_filterable\":{\"visible\":true,\"sorting\":false},\"attribute_code\":{\"visible\":true,\"sorting\":\"asc\"},\"frontend_label\":{\"visible\":true,\"sorting\":false}},\"paging\":{\"options\":{\"20\":{\"value\":20,\"label\":20},\"30\":{\"value\":30,\"label\":30},\"50\":{\"value\":50,\"label\":50},\"100\":{\"value\":100,\"label\":100},\"200\":{\"value\":200,\"label\":200}},\"value\":20},\"displayMode\":\"grid\",\"positions\":{\"ids\":0,\"attribute_code\":1,\"frontend_label\":2,\"is_required\":3,\"is_user_defined\":4,\"is_visible\":5,\"is_global\":6,\"is_searchable\":7,\"is_comparable\":8,\"is_filterable\":9}},\"value\":\"Default View\"}}}','0000-00-00 00:00:00','0000-00-00 00:00:00'),(22,2,'product_attributes_listing','current',0,NULL,'{\"current\":{\"columns\":{\"ids\":{\"visible\":true,\"sorting\":false},\"is_required\":{\"visible\":true,\"sorting\":false},\"is_user_defined\":{\"visible\":true,\"sorting\":false},\"is_visible\":{\"visible\":true,\"sorting\":false},\"is_global\":{\"visible\":true,\"sorting\":false},\"is_searchable\":{\"visible\":true,\"sorting\":false},\"is_comparable\":{\"visible\":true,\"sorting\":false},\"is_filterable\":{\"visible\":true,\"sorting\":false},\"attribute_code\":{\"visible\":true,\"sorting\":\"asc\"},\"frontend_label\":{\"visible\":true,\"sorting\":false}},\"paging\":{\"options\":{\"20\":{\"value\":20,\"label\":20},\"30\":{\"value\":30,\"label\":30},\"50\":{\"value\":50,\"label\":50},\"100\":{\"value\":100,\"label\":100},\"200\":{\"value\":200,\"label\":200}},\"value\":20},\"displayMode\":\"grid\",\"positions\":{\"ids\":0,\"attribute_code\":1,\"frontend_label\":2,\"is_required\":3,\"is_user_defined\":4,\"is_visible\":5,\"is_global\":6,\"is_searchable\":7,\"is_comparable\":8,\"is_filterable\":9}}}','0000-00-00 00:00:00','0000-00-00 00:00:00'),(23,1,'customer_listing','default',1,'Default View','{\"views\":{\"default\":{\"label\":\"Default View\",\"index\":\"default\",\"editable\":false,\"data\":{\"search\":{\"value\":\"\"},\"filters\":{\"applied\":{\"placeholder\":true}},\"columns\":{\"entity_id\":{\"visible\":true,\"sorting\":\"asc\"},\"name\":{\"visible\":true,\"sorting\":false},\"email\":{\"visible\":true,\"sorting\":false},\"billing_telephone\":{\"visible\":true,\"sorting\":false},\"billing_postcode\":{\"visible\":true,\"sorting\":false},\"billing_region\":{\"visible\":true,\"sorting\":false},\"confirmation\":{\"visible\":true,\"sorting\":false},\"created_in\":{\"visible\":true,\"sorting\":false},\"billing_full\":{\"visible\":false,\"sorting\":false},\"shipping_full\":{\"visible\":false,\"sorting\":false},\"taxvat\":{\"visible\":true,\"sorting\":false},\"billing_street\":{\"visible\":false,\"sorting\":false},\"billing_city\":{\"visible\":false,\"sorting\":false},\"billing_fax\":{\"visible\":false,\"sorting\":false},\"billing_vat_id\":{\"visible\":false,\"sorting\":false},\"billing_company\":{\"visible\":false,\"sorting\":false},\"billing_firstname\":{\"visible\":false,\"sorting\":false},\"billing_lastname\":{\"visible\":false,\"sorting\":false},\"lock_expires\":{\"visible\":false,\"sorting\":false},\"actions\":{\"visible\":true,\"sorting\":false},\"ids\":{\"visible\":true,\"sorting\":false},\"group_id\":{\"visible\":true,\"sorting\":false},\"billing_country_id\":{\"visible\":true,\"sorting\":false},\"website_id\":{\"visible\":true,\"sorting\":false},\"gender\":{\"visible\":true,\"sorting\":false},\"created_at\":{\"visible\":true,\"sorting\":false},\"dob\":{\"visible\":true,\"sorting\":false}},\"displayMode\":\"grid\",\"paging\":{\"options\":{\"20\":{\"value\":20,\"label\":20},\"30\":{\"value\":30,\"label\":30},\"50\":{\"value\":50,\"label\":50},\"100\":{\"value\":100,\"label\":100},\"200\":{\"value\":200,\"label\":200}},\"value\":20},\"positions\":{\"ids\":0,\"entity_id\":1,\"name\":2,\"email\":3,\"group_id\":4,\"billing_telephone\":5,\"billing_postcode\":6,\"billing_country_id\":7,\"billing_region\":8,\"created_at\":9,\"website_id\":10,\"confirmation\":11,\"created_in\":12,\"billing_full\":13,\"shipping_full\":14,\"dob\":15,\"taxvat\":16,\"gender\":17,\"billing_street\":18,\"billing_city\":19,\"billing_fax\":20,\"billing_vat_id\":21,\"billing_company\":22,\"billing_firstname\":23,\"billing_lastname\":24,\"lock_expires\":25,\"actions\":26}},\"value\":\"Default View\"}}}','0000-00-00 00:00:00','0000-00-00 00:00:00'),(24,1,'customer_listing','current',0,NULL,'{\"current\":{\"search\":{\"value\":\"\"},\"filters\":{\"applied\":{\"placeholder\":true}},\"columns\":{\"entity_id\":{\"visible\":true,\"sorting\":\"asc\"},\"name\":{\"visible\":true,\"sorting\":false},\"email\":{\"visible\":true,\"sorting\":false},\"billing_telephone\":{\"visible\":true,\"sorting\":false},\"billing_postcode\":{\"visible\":true,\"sorting\":false},\"billing_region\":{\"visible\":true,\"sorting\":false},\"confirmation\":{\"visible\":true,\"sorting\":false},\"created_in\":{\"visible\":true,\"sorting\":false},\"billing_full\":{\"visible\":false,\"sorting\":false},\"shipping_full\":{\"visible\":false,\"sorting\":false},\"taxvat\":{\"visible\":true,\"sorting\":false},\"billing_street\":{\"visible\":false,\"sorting\":false},\"billing_city\":{\"visible\":false,\"sorting\":false},\"billing_fax\":{\"visible\":false,\"sorting\":false},\"billing_vat_id\":{\"visible\":false,\"sorting\":false},\"billing_company\":{\"visible\":false,\"sorting\":false},\"billing_firstname\":{\"visible\":false,\"sorting\":false},\"billing_lastname\":{\"visible\":false,\"sorting\":false},\"lock_expires\":{\"visible\":false,\"sorting\":false},\"actions\":{\"visible\":true,\"sorting\":false},\"ids\":{\"visible\":true,\"sorting\":false},\"group_id\":{\"visible\":true,\"sorting\":false},\"billing_country_id\":{\"visible\":true,\"sorting\":false},\"website_id\":{\"visible\":true,\"sorting\":false},\"gender\":{\"visible\":true,\"sorting\":false},\"created_at\":{\"visible\":true,\"sorting\":false},\"dob\":{\"visible\":true,\"sorting\":false}},\"displayMode\":\"grid\",\"paging\":{\"options\":{\"20\":{\"value\":20,\"label\":20},\"30\":{\"value\":30,\"label\":30},\"50\":{\"value\":50,\"label\":50},\"100\":{\"value\":100,\"label\":100},\"200\":{\"value\":200,\"label\":200}},\"value\":20},\"positions\":{\"ids\":0,\"entity_id\":1,\"name\":2,\"email\":3,\"group_id\":4,\"billing_telephone\":5,\"billing_postcode\":6,\"billing_country_id\":7,\"billing_region\":8,\"created_at\":9,\"website_id\":10,\"confirmation\":11,\"created_in\":12,\"billing_full\":13,\"shipping_full\":14,\"dob\":15,\"taxvat\":16,\"gender\":17,\"billing_street\":18,\"billing_city\":19,\"billing_fax\":20,\"billing_vat_id\":21,\"billing_company\":22,\"billing_firstname\":23,\"billing_lastname\":24,\"lock_expires\":25,\"actions\":26}}}','0000-00-00 00:00:00','0000-00-00 00:00:00'),(25,1,'customer_online_grid','default',1,'Default View','{\"views\":{\"default\":{\"label\":\"Default View\",\"index\":\"default\",\"editable\":false,\"data\":{\"filters\":{\"applied\":{\"placeholder\":true}},\"columns\":{\"customer_id\":{\"visible\":true,\"sorting\":\"asc\"},\"firstname\":{\"visible\":true,\"sorting\":false},\"lastname\":{\"visible\":true,\"sorting\":false},\"email\":{\"visible\":true,\"sorting\":false},\"last_visit_at\":{\"visible\":true,\"sorting\":false},\"visitor_type\":{\"visible\":true,\"sorting\":false}},\"displayMode\":\"grid\",\"positions\":{\"customer_id\":0,\"firstname\":1,\"lastname\":2,\"email\":3,\"last_visit_at\":4,\"visitor_type\":5},\"paging\":{\"options\":{\"20\":{\"value\":20,\"label\":20},\"30\":{\"value\":30,\"label\":30},\"50\":{\"value\":50,\"label\":50},\"100\":{\"value\":100,\"label\":100},\"200\":{\"value\":200,\"label\":200}},\"value\":20}},\"value\":\"Default View\"}}}','0000-00-00 00:00:00','0000-00-00 00:00:00'),(26,1,'customer_online_grid','current',0,NULL,'{\"current\":{\"filters\":{\"applied\":{\"placeholder\":true}},\"columns\":{\"customer_id\":{\"visible\":true,\"sorting\":\"asc\"},\"firstname\":{\"visible\":true,\"sorting\":false},\"lastname\":{\"visible\":true,\"sorting\":false},\"email\":{\"visible\":true,\"sorting\":false},\"last_visit_at\":{\"visible\":true,\"sorting\":false},\"visitor_type\":{\"visible\":true,\"sorting\":false}},\"displayMode\":\"grid\",\"positions\":{\"customer_id\":0,\"firstname\":1,\"lastname\":2,\"email\":3,\"last_visit_at\":4,\"visitor_type\":5},\"paging\":{\"options\":{\"20\":{\"value\":20,\"label\":20},\"30\":{\"value\":30,\"label\":30},\"50\":{\"value\":50,\"label\":50},\"100\":{\"value\":100,\"label\":100},\"200\":{\"value\":200,\"label\":200}},\"value\":20}}}','0000-00-00 00:00:00','0000-00-00 00:00:00'),(27,1,'sales_order_grid','default',1,'Default View','{\"views\":{\"default\":{\"label\":\"Default View\",\"index\":\"default\",\"editable\":false,\"data\":{\"search\":{\"value\":\"\"},\"filters\":{\"applied\":{\"placeholder\":true}},\"columns\":{\"increment_id\":{\"visible\":true,\"sorting\":false},\"store_id\":{\"visible\":true,\"sorting\":false},\"billing_name\":{\"visible\":true,\"sorting\":false},\"shipping_name\":{\"visible\":true,\"sorting\":false},\"base_grand_total\":{\"visible\":true,\"sorting\":false},\"grand_total\":{\"visible\":true,\"sorting\":false},\"billing_address\":{\"visible\":false,\"sorting\":false},\"shipping_address\":{\"visible\":false,\"sorting\":false},\"shipping_information\":{\"visible\":false,\"sorting\":false},\"customer_email\":{\"visible\":false,\"sorting\":false},\"subtotal\":{\"visible\":false,\"sorting\":false},\"shipping_and_handling\":{\"visible\":false,\"sorting\":false},\"customer_name\":{\"visible\":false,\"sorting\":false},\"total_refunded\":{\"visible\":false,\"sorting\":false},\"actions\":{\"visible\":true,\"sorting\":false},\"ids\":{\"visible\":true,\"sorting\":false},\"created_at\":{\"visible\":true,\"sorting\":\"desc\"},\"status\":{\"visible\":true,\"sorting\":false},\"customer_group\":{\"visible\":false,\"sorting\":false},\"payment_method\":{\"visible\":false,\"sorting\":false},\"signifyd_guarantee_status\":{\"visible\":true,\"sorting\":false}},\"displayMode\":\"grid\",\"paging\":{\"options\":{\"20\":{\"value\":20,\"label\":20},\"30\":{\"value\":30,\"label\":30},\"50\":{\"value\":50,\"label\":50},\"100\":{\"value\":100,\"label\":100},\"200\":{\"value\":200,\"label\":200}},\"value\":20},\"positions\":{\"ids\":0,\"increment_id\":1,\"store_id\":2,\"created_at\":3,\"billing_name\":4,\"shipping_name\":5,\"base_grand_total\":6,\"grand_total\":7,\"status\":8,\"billing_address\":9,\"shipping_address\":10,\"shipping_information\":11,\"customer_email\":12,\"customer_group\":13,\"subtotal\":14,\"shipping_and_handling\":15,\"customer_name\":16,\"payment_method\":17,\"total_refunded\":18,\"actions\":19,\"signifyd_guarantee_status\":20}},\"value\":\"Default View\"}}}','0000-00-00 00:00:00','0000-00-00 00:00:00'),(28,1,'sales_order_grid','current',0,NULL,'{\"current\":{\"search\":{\"value\":\"\"},\"filters\":{\"applied\":{\"placeholder\":true}},\"columns\":{\"increment_id\":{\"visible\":true,\"sorting\":false},\"store_id\":{\"visible\":true,\"sorting\":false},\"billing_name\":{\"visible\":true,\"sorting\":false},\"shipping_name\":{\"visible\":true,\"sorting\":false},\"base_grand_total\":{\"visible\":true,\"sorting\":false},\"grand_total\":{\"visible\":true,\"sorting\":false},\"billing_address\":{\"visible\":false,\"sorting\":false},\"shipping_address\":{\"visible\":false,\"sorting\":false},\"shipping_information\":{\"visible\":false,\"sorting\":false},\"customer_email\":{\"visible\":false,\"sorting\":false},\"subtotal\":{\"visible\":false,\"sorting\":false},\"shipping_and_handling\":{\"visible\":false,\"sorting\":false},\"customer_name\":{\"visible\":false,\"sorting\":false},\"total_refunded\":{\"visible\":false,\"sorting\":false},\"actions\":{\"visible\":true,\"sorting\":false},\"ids\":{\"visible\":true,\"sorting\":false},\"created_at\":{\"visible\":true,\"sorting\":\"desc\"},\"status\":{\"visible\":true,\"sorting\":false},\"customer_group\":{\"visible\":false,\"sorting\":false},\"payment_method\":{\"visible\":false,\"sorting\":false},\"signifyd_guarantee_status\":{\"visible\":true,\"sorting\":false}},\"displayMode\":\"grid\",\"paging\":{\"options\":{\"20\":{\"value\":20,\"label\":20},\"30\":{\"value\":30,\"label\":30},\"50\":{\"value\":50,\"label\":50},\"100\":{\"value\":100,\"label\":100},\"200\":{\"value\":200,\"label\":200}},\"value\":20},\"positions\":{\"ids\":0,\"increment_id\":1,\"store_id\":2,\"created_at\":3,\"billing_name\":4,\"shipping_name\":5,\"base_grand_total\":6,\"grand_total\":7,\"status\":8,\"billing_address\":9,\"shipping_address\":10,\"shipping_information\":11,\"customer_email\":12,\"customer_group\":13,\"subtotal\":14,\"shipping_and_handling\":15,\"customer_name\":16,\"payment_method\":17,\"total_refunded\":18,\"actions\":19,\"signifyd_guarantee_status\":20}}}','0000-00-00 00:00:00','0000-00-00 00:00:00'),(29,2,'configurable_associated_product_listing','default',1,'Default View','{\"views\":{\"default\":{\"label\":\"Default View\",\"index\":\"default\",\"editable\":false,\"data\":{\"columns\":{\"ids\":{\"visible\":true,\"sorting\":false},\"status\":{\"visible\":true,\"sorting\":false},\"thumbnail\":{\"visible\":true,\"sorting\":false},\"entity_id\":{\"visible\":true,\"sorting\":\"asc\"},\"name\":{\"visible\":true,\"sorting\":false},\"sku\":{\"visible\":true,\"sorting\":false},\"price\":{\"visible\":true,\"sorting\":false},\"qty\":{\"visible\":true,\"sorting\":false},\"weight\":{\"visible\":true,\"sorting\":false},\"attributes\":{\"visible\":false,\"sorting\":false}},\"paging\":{\"options\":{\"20\":{\"value\":20,\"label\":20},\"30\":{\"value\":30,\"label\":30},\"50\":{\"value\":50,\"label\":50},\"100\":{\"value\":100,\"label\":100},\"200\":{\"value\":200,\"label\":200}},\"value\":20},\"positions\":{\"ids\":0,\"entity_id\":1,\"thumbnail\":2,\"name\":3,\"sku\":4,\"price\":5,\"qty\":6,\"weight\":7,\"attributes\":8,\"status\":9},\"displayMode\":\"grid\"},\"value\":\"Default View\"}}}','0000-00-00 00:00:00','0000-00-00 00:00:00'),(30,2,'configurable_associated_product_listing','current',0,NULL,'{\"current\":{\"columns\":{\"ids\":{\"visible\":true,\"sorting\":false},\"status\":{\"visible\":true,\"sorting\":false},\"thumbnail\":{\"visible\":true,\"sorting\":false},\"entity_id\":{\"visible\":true,\"sorting\":\"asc\"},\"name\":{\"visible\":true,\"sorting\":false},\"sku\":{\"visible\":true,\"sorting\":false},\"price\":{\"visible\":true,\"sorting\":false},\"qty\":{\"visible\":true,\"sorting\":false},\"weight\":{\"visible\":true,\"sorting\":false},\"attributes\":{\"visible\":false,\"sorting\":false}},\"paging\":{\"options\":{\"20\":{\"value\":20,\"label\":20},\"30\":{\"value\":30,\"label\":30},\"50\":{\"value\":50,\"label\":50},\"100\":{\"value\":100,\"label\":100},\"200\":{\"value\":200,\"label\":200}},\"value\":20},\"positions\":{\"ids\":0,\"entity_id\":1,\"thumbnail\":2,\"name\":3,\"sku\":4,\"price\":5,\"qty\":6,\"weight\":7,\"attributes\":8,\"status\":9},\"displayMode\":\"grid\"}}','0000-00-00 00:00:00','0000-00-00 00:00:00'),(31,1,'design_theme_listing','default',1,'Default View','{\"views\":{\"default\":{\"label\":\"Default View\",\"index\":\"default\",\"editable\":false,\"data\":{\"columns\":{\"theme_id\":{\"visible\":false,\"sorting\":\"asc\"},\"theme_title\":{\"visible\":true,\"sorting\":false},\"parent_theme_title\":{\"visible\":true,\"sorting\":false},\"theme_path\":{\"visible\":true,\"sorting\":false},\"actions\":{\"visible\":true,\"sorting\":false}},\"displayMode\":\"grid\",\"positions\":{\"theme_id\":0,\"theme_title\":1,\"parent_theme_title\":2,\"theme_path\":3,\"actions\":4},\"filters\":{\"applied\":{\"placeholder\":true}},\"paging\":{\"options\":{\"20\":{\"value\":20,\"label\":20},\"30\":{\"value\":30,\"label\":30},\"50\":{\"value\":50,\"label\":50},\"100\":{\"value\":100,\"label\":100},\"200\":{\"value\":200,\"label\":200}},\"value\":20}},\"value\":\"Default View\"}}}','0000-00-00 00:00:00','0000-00-00 00:00:00'),(32,1,'design_theme_listing','current',0,NULL,'{\"current\":{\"columns\":{\"theme_id\":{\"visible\":false,\"sorting\":\"asc\"},\"theme_title\":{\"visible\":true,\"sorting\":false},\"parent_theme_title\":{\"visible\":true,\"sorting\":false},\"theme_path\":{\"visible\":true,\"sorting\":false},\"actions\":{\"visible\":true,\"sorting\":false}},\"displayMode\":\"grid\",\"positions\":{\"theme_id\":0,\"theme_title\":1,\"parent_theme_title\":2,\"theme_path\":3,\"actions\":4},\"filters\":{\"applied\":{\"placeholder\":true}},\"paging\":{\"options\":{\"20\":{\"value\":20,\"label\":20},\"30\":{\"value\":30,\"label\":30},\"50\":{\"value\":50,\"label\":50},\"100\":{\"value\":100,\"label\":100},\"200\":{\"value\":200,\"label\":200}},\"value\":20}}}','0000-00-00 00:00:00','0000-00-00 00:00:00');

--
-- Table structure for table `url_rewrite`
--

CREATE TABLE `url_rewrite` (
  `url_rewrite_id` int(10) unsigned NOT NULL AUTO_INCREMENT COMMENT 'Rewrite Id',
  `entity_type` varchar(32) NOT NULL COMMENT 'Entity type code',
  `entity_id` int(10) unsigned NOT NULL COMMENT 'Entity ID',
  `request_path` varchar(255) DEFAULT NULL COMMENT 'Request Path',
  `target_path` varchar(255) DEFAULT NULL COMMENT 'Target Path',
  `redirect_type` smallint(5) unsigned NOT NULL DEFAULT '0' COMMENT 'Redirect Type',
  `store_id` smallint(5) unsigned NOT NULL COMMENT 'Store Id',
  `description` varchar(255) DEFAULT NULL COMMENT 'Description',
  `is_autogenerated` smallint(5) unsigned NOT NULL DEFAULT '0' COMMENT 'Is rewrite generated automatically flag',
  `metadata` varchar(255) DEFAULT NULL COMMENT 'Meta data for url rewrite',
  PRIMARY KEY (`url_rewrite_id`),
  UNIQUE KEY `URL_REWRITE_REQUEST_PATH_STORE_ID` (`request_path`,`store_id`),
  KEY `URL_REWRITE_TARGET_PATH` (`target_path`),
  KEY `URL_REWRITE_STORE_ID_ENTITY_ID` (`store_id`,`entity_id`)
) ENGINE=InnoDB AUTO_INCREMENT=3219 DEFAULT CHARSET=utf8 COMMENT='Url Rewrites';

--
-- Dumping data for table `url_rewrite`
--

INSERT INTO `url_rewrite` VALUES (1,'cms-page',1,'no-route','cms/page/view/page_id/1',0,1,NULL,1,NULL),(2,'cms-page',2,'home','cms/page/view/page_id/2',0,1,NULL,1,NULL),(3,'cms-page',3,'enable-cookies','cms/page/view/page_id/3',0,1,NULL,1,NULL),(4,'cms-page',4,'privacy-policy-cookie-restriction-mode','cms/page/view/page_id/4',0,1,NULL,1,NULL),(1464,'category',27,'women','catalog/category/view/id/27',0,1,NULL,1,NULL),(1477,'category',27,'cleaning-storage-supplies','women',301,1,NULL,0,NULL),(1694,'category',20,'men','catalog/category/view/id/20',0,1,NULL,1,NULL),(1695,'category',22,'men/man-knitwear','catalog/category/view/id/22',0,1,NULL,1,NULL),(1696,'category',22,'beverages/man-knitwear','men/man-knitwear',301,1,NULL,0,NULL),(1697,'category',22,'beverages/knitwear','men/man-knitwear',301,1,NULL,0,'[]'),(1698,'category',22,'beverages/milk-creamer','men/man-knitwear',301,1,NULL,0,'[]'),(1699,'category',23,'men/men-jackets','catalog/category/view/id/23',0,1,NULL,1,NULL),(1700,'category',23,'beverages/men-jackets','men/men-jackets',301,1,NULL,0,NULL),(1701,'category',23,'beverages/man-jackets','men/men-jackets',301,1,NULL,0,'[]'),(1702,'category',23,'beverages/water-sparkling','men/men-jackets',301,1,NULL,0,'[]'),(1703,'category',24,'men/men-shoes','catalog/category/view/id/24',0,1,NULL,1,NULL),(1704,'category',24,'beverages/men-shoes','men/men-shoes',301,1,NULL,0,NULL),(1705,'category',24,'beverages/juices','men/men-shoes',301,1,NULL,0,'[]'),(1706,'category',25,'men/men-trousers','catalog/category/view/id/25',0,1,NULL,1,NULL),(1707,'category',25,'beverages/men-trousers','men/men-trousers',301,1,NULL,0,NULL),(1708,'category',25,'beverages/sport-energy-nutrition','men/men-trousers',301,1,NULL,0,'[]'),(1709,'category',26,'men/men-jeans','catalog/category/view/id/26',0,1,NULL,1,NULL),(1710,'category',26,'beverages/men-jeans','men/men-jeans',301,1,NULL,0,NULL),(1711,'category',26,'beverages/soda','men/men-jeans',301,1,NULL,0,'[]'),(1712,'category',20,'beverages','men',301,1,NULL,0,NULL),(1713,'product',1,'hooded-sweater','catalog/product/view/id/1',0,1,NULL,1,NULL),(1714,'product',1,'men/hooded-sweater','catalog/product/view/id/1/category/20',0,1,NULL,1,'{\"category_id\":\"20\"}'),(1715,'product',1,'men/man-knitwear/hooded-sweater','catalog/product/view/id/1/category/22',0,1,NULL,1,'{\"category_id\":\"22\"}'),(1716,'product',1,'beverages/hooded-sweater','men/hooded-sweater',301,1,NULL,0,'{\"category_id\":\"20\"}'),(1717,'product',1,'beverages/man-knitwear/hooded-sweater','men/man-knitwear/hooded-sweater',301,1,NULL,0,'{\"category_id\":\"22\"}'),(1718,'product',1,'beverages/knitwear/hooded-sweater','men/man-knitwear/hooded-sweater',301,1,NULL,0,'{\"category_id\":\"22\"}'),(1719,'product',1,'beverages/milk-creamer/hooded-sweater','men/man-knitwear/hooded-sweater',301,1,NULL,0,'{\"category_id\":\"22\"}'),(1720,'product',1,'/hooded-sweater','catalog/product/view/id/1/category/2',0,1,NULL,1,'{\"category_id\":\"2\"}'),(1721,'product',2,'long-sleeved-jumper','catalog/product/view/id/2',0,1,NULL,1,NULL),(1722,'product',2,'men/long-sleeved-jumper','catalog/product/view/id/2/category/20',0,1,NULL,1,'{\"category_id\":\"20\"}'),(1723,'product',2,'men/man-knitwear/long-sleeved-jumper','catalog/product/view/id/2/category/22',0,1,NULL,1,'{\"category_id\":\"22\"}'),(1724,'product',2,'beverages/long-sleeved-jumper','men/long-sleeved-jumper',301,1,NULL,0,'{\"category_id\":\"20\"}'),(1725,'product',2,'beverages/man-knitwear/long-sleeved-jumper','men/man-knitwear/long-sleeved-jumper',301,1,NULL,0,'{\"category_id\":\"22\"}'),(1726,'product',2,'beverages/knitwear/long-sleeved-jumper','men/man-knitwear/long-sleeved-jumper',301,1,NULL,0,'{\"category_id\":\"22\"}'),(1727,'product',2,'beverages/milk-creamer/long-sleeved-jumper','men/man-knitwear/long-sleeved-jumper',301,1,NULL,0,'{\"category_id\":\"22\"}'),(1728,'product',2,'/long-sleeved-jumper','catalog/product/view/id/2/category/2',0,1,NULL,1,'{\"category_id\":\"2\"}'),(1729,'product',3,'napapijri-grey-sneakers','catalog/product/view/id/3',0,1,NULL,1,NULL),(1730,'product',3,'men/napapijri-grey-sneakers','catalog/product/view/id/3/category/20',0,1,NULL,1,'{\"category_id\":\"20\"}'),(1731,'product',3,'men/men-shoes/napapijri-grey-sneakers','catalog/product/view/id/3/category/24',0,1,NULL,1,'{\"category_id\":\"24\"}'),(1732,'product',3,'beverages/napapijri-grey-sneakers','men/napapijri-grey-sneakers',301,1,NULL,0,'{\"category_id\":\"20\"}'),(1733,'product',3,'beverages/men-shoes/napapijri-grey-sneakers','men/men-shoes/napapijri-grey-sneakers',301,1,NULL,0,'{\"category_id\":\"24\"}'),(1734,'product',3,'beverages/juices/napapijri-grey-sneakers','men/men-shoes/napapijri-grey-sneakers',301,1,NULL,0,'{\"category_id\":\"24\"}'),(1735,'product',3,'/napapijri-grey-sneakers','catalog/product/view/id/3/category/2',0,1,NULL,1,'{\"category_id\":\"2\"}'),(1736,'product',4,'boxfresh','catalog/product/view/id/4',0,1,NULL,1,NULL),(1737,'product',4,'men/boxfresh','catalog/product/view/id/4/category/20',0,1,NULL,1,'{\"category_id\":\"20\"}'),(1738,'product',4,'men/men-shoes/boxfresh','catalog/product/view/id/4/category/24',0,1,NULL,1,'{\"category_id\":\"24\"}'),(1739,'product',4,'beverages/boxfresh','men/boxfresh',301,1,NULL,0,'{\"category_id\":\"20\"}'),(1740,'product',4,'beverages/men-shoes/boxfresh','men/men-shoes/boxfresh',301,1,NULL,0,'{\"category_id\":\"24\"}'),(1741,'product',4,'beverages/juices/boxfresh','men/men-shoes/boxfresh',301,1,NULL,0,'{\"category_id\":\"24\"}'),(1742,'product',4,'/boxfresh','catalog/product/view/id/4/category/2',0,1,NULL,1,'{\"category_id\":\"2\"}'),(1743,'product',5,'j-b-by-jean-biani-sneakers','catalog/product/view/id/5',0,1,NULL,1,NULL),(1744,'product',5,'men/j-b-by-jean-biani-sneakers','catalog/product/view/id/5/category/20',0,1,NULL,1,'{\"category_id\":\"20\"}'),(1745,'product',5,'men/men-shoes/j-b-by-jean-biani-sneakers','catalog/product/view/id/5/category/24',0,1,NULL,1,'{\"category_id\":\"24\"}'),(1746,'product',5,'beverages/j-b-by-jean-biani-sneakers','men/j-b-by-jean-biani-sneakers',301,1,NULL,0,'{\"category_id\":\"20\"}'),(1747,'product',5,'beverages/men-shoes/j-b-by-jean-biani-sneakers','men/men-shoes/j-b-by-jean-biani-sneakers',301,1,NULL,0,'{\"category_id\":\"24\"}'),(1748,'product',5,'beverages/juices/j-b-by-jean-biani-sneakers','men/men-shoes/j-b-by-jean-biani-sneakers',301,1,NULL,0,'{\"category_id\":\"24\"}'),(1749,'product',5,'/j-b-by-jean-biani-sneakers','catalog/product/view/id/5/category/2',0,1,NULL,1,'{\"category_id\":\"2\"}'),(1750,'product',6,'adidas-originals-pw-tennis-hu','catalog/product/view/id/6',0,1,NULL,1,NULL),(1751,'product',6,'men/adidas-originals-pw-tennis-hu','catalog/product/view/id/6/category/20',0,1,NULL,1,'{\"category_id\":\"20\"}'),(1752,'product',6,'men/men-shoes/adidas-originals-pw-tennis-hu','catalog/product/view/id/6/category/24',0,1,NULL,1,'{\"category_id\":\"24\"}'),(1753,'product',6,'beverages/adidas-originals-pw-tennis-hu','men/adidas-originals-pw-tennis-hu',301,1,NULL,0,'{\"category_id\":\"20\"}'),(1754,'product',6,'beverages/men-shoes/adidas-originals-pw-tennis-hu','men/men-shoes/adidas-originals-pw-tennis-hu',301,1,NULL,0,'{\"category_id\":\"24\"}'),(1755,'product',6,'beverages/juices/adidas-originals-pw-tennis-hu','men/men-shoes/adidas-originals-pw-tennis-hu',301,1,NULL,0,'{\"category_id\":\"24\"}'),(1756,'product',6,'/adidas-originals-pw-tennis-hu','catalog/product/view/id/6/category/2',0,1,NULL,1,'{\"category_id\":\"2\"}'),(1757,'product',8,'ugg-freamon-wp','catalog/product/view/id/8',0,1,NULL,1,NULL),(1758,'product',8,'men/ugg-freamon-wp','catalog/product/view/id/8/category/20',0,1,NULL,1,'{\"category_id\":\"20\"}'),(1759,'product',8,'men/men-shoes/ugg-freamon-wp','catalog/product/view/id/8/category/24',0,1,NULL,1,'{\"category_id\":\"24\"}'),(1760,'product',8,'beverages/ugg-freamon-wp','men/ugg-freamon-wp',301,1,NULL,0,'{\"category_id\":\"20\"}'),(1761,'product',8,'beverages/men-shoes/ugg-freamon-wp','men/men-shoes/ugg-freamon-wp',301,1,NULL,0,'{\"category_id\":\"24\"}'),(1762,'product',8,'beverages/juices/ugg-freamon-wp','men/men-shoes/ugg-freamon-wp',301,1,NULL,0,'{\"category_id\":\"24\"}'),(1763,'product',8,'/ugg-freamon-wp','catalog/product/view/id/8/category/2',0,1,NULL,1,'{\"category_id\":\"2\"}'),(1764,'product',15,'half-boots','catalog/product/view/id/15',0,1,NULL,1,NULL),(1765,'product',15,'men/half-boots','catalog/product/view/id/15/category/20',0,1,NULL,1,'{\"category_id\":\"20\"}'),(1766,'product',15,'men/men-shoes/half-boots','catalog/product/view/id/15/category/24',0,1,NULL,1,'{\"category_id\":\"24\"}'),(1767,'product',15,'beverages/half-boots','men/half-boots',301,1,NULL,0,'{\"category_id\":\"20\"}'),(1768,'product',15,'beverages/men-shoes/half-boots','men/men-shoes/half-boots',301,1,NULL,0,'{\"category_id\":\"24\"}'),(1769,'product',15,'beverages/juices/half-boots','men/men-shoes/half-boots',301,1,NULL,0,'{\"category_id\":\"24\"}'),(1770,'product',15,'/half-boots','catalog/product/view/id/15/category/2',0,1,NULL,1,'{\"category_id\":\"2\"}'),(1771,'product',16,'gant-marvel','catalog/product/view/id/16',0,1,NULL,1,NULL),(1772,'product',16,'men/gant-marvel','catalog/product/view/id/16/category/20',0,1,NULL,1,'{\"category_id\":\"20\"}'),(1773,'product',16,'men/men-shoes/gant-marvel','catalog/product/view/id/16/category/24',0,1,NULL,1,'{\"category_id\":\"24\"}'),(1774,'product',16,'beverages/gant-marvel','men/gant-marvel',301,1,NULL,0,'{\"category_id\":\"20\"}'),(1775,'product',16,'beverages/men-shoes/gant-marvel','men/men-shoes/gant-marvel',301,1,NULL,0,'{\"category_id\":\"24\"}'),(1776,'product',16,'beverages/juices/gant-marvel','men/men-shoes/gant-marvel',301,1,NULL,0,'{\"category_id\":\"24\"}'),(1777,'product',16,'/gant-marvel','catalog/product/view/id/16/category/2',0,1,NULL,1,'{\"category_id\":\"2\"}'),(1778,'product',20,'i-maschi-lace-up-boots','catalog/product/view/id/20',0,1,NULL,1,NULL),(1779,'product',20,'men/i-maschi-lace-up-boots','catalog/product/view/id/20/category/20',0,1,NULL,1,'{\"category_id\":\"20\"}'),(1780,'product',20,'men/men-shoes/i-maschi-lace-up-boots','catalog/product/view/id/20/category/24',0,1,NULL,1,'{\"category_id\":\"24\"}'),(1781,'product',20,'beverages/i-maschi-lace-up-boots','men/i-maschi-lace-up-boots',301,1,NULL,0,'{\"category_id\":\"20\"}'),(1782,'product',20,'beverages/men-shoes/i-maschi-lace-up-boots','men/men-shoes/i-maschi-lace-up-boots',301,1,NULL,0,'{\"category_id\":\"24\"}'),(1783,'product',20,'beverages/juices/i-maschi-lace-up-boots','men/men-shoes/i-maschi-lace-up-boots',301,1,NULL,0,'{\"category_id\":\"24\"}'),(1784,'product',20,'/i-maschi-lace-up-boots','catalog/product/view/id/20/category/2',0,1,NULL,1,'{\"category_id\":\"2\"}'),(1785,'product',25,'lloyd-half-boots','catalog/product/view/id/25',0,1,NULL,1,NULL),(1786,'product',25,'men/lloyd-half-boots','catalog/product/view/id/25/category/20',0,1,NULL,1,'{\"category_id\":\"20\"}'),(1787,'product',25,'men/men-shoes/lloyd-half-boots','catalog/product/view/id/25/category/24',0,1,NULL,1,'{\"category_id\":\"24\"}'),(1788,'product',25,'beverages/lloyd-half-boots','men/lloyd-half-boots',301,1,NULL,0,'{\"category_id\":\"20\"}'),(1789,'product',25,'beverages/men-shoes/lloyd-half-boots','men/men-shoes/lloyd-half-boots',301,1,NULL,0,'{\"category_id\":\"24\"}'),(1790,'product',25,'beverages/juices/lloyd-half-boots','men/men-shoes/lloyd-half-boots',301,1,NULL,0,'{\"category_id\":\"24\"}'),(1791,'product',25,'/lloyd-half-boots','catalog/product/view/id/25/category/2',0,1,NULL,1,'{\"category_id\":\"2\"}'),(1792,'product',29,'cat-lace-up-boots','catalog/product/view/id/29',0,1,NULL,1,NULL),(1793,'product',29,'men/cat-lace-up-boots','catalog/product/view/id/29/category/20',0,1,NULL,1,'{\"category_id\":\"20\"}'),(1794,'product',29,'men/men-shoes/cat-lace-up-boots','catalog/product/view/id/29/category/24',0,1,NULL,1,'{\"category_id\":\"24\"}'),(1795,'product',29,'beverages/cat-lace-up-boots','men/cat-lace-up-boots',301,1,NULL,0,'{\"category_id\":\"20\"}'),(1796,'product',29,'beverages/men-shoes/cat-lace-up-boots','men/men-shoes/cat-lace-up-boots',301,1,NULL,0,'{\"category_id\":\"24\"}'),(1797,'product',29,'beverages/juices/cat-lace-up-boots','men/men-shoes/cat-lace-up-boots',301,1,NULL,0,'{\"category_id\":\"24\"}'),(1798,'product',29,'/cat-lace-up-boots','catalog/product/view/id/29/category/2',0,1,NULL,1,'{\"category_id\":\"2\"}'),(1799,'product',34,'navy-chino','catalog/product/view/id/34',0,1,NULL,1,NULL),(1800,'product',34,'men/navy-chino','catalog/product/view/id/34/category/20',0,1,NULL,1,'{\"category_id\":\"20\"}'),(1801,'product',34,'men/men-trousers/navy-chino','catalog/product/view/id/34/category/25',0,1,NULL,1,'{\"category_id\":\"25\"}'),(1802,'product',34,'beverages/navy-chino','men/navy-chino',301,1,NULL,0,'{\"category_id\":\"20\"}'),(1803,'product',34,'beverages/men-trousers/navy-chino','men/men-trousers/navy-chino',301,1,NULL,0,'{\"category_id\":\"25\"}'),(1804,'product',34,'beverages/sport-energy-nutrition/navy-chino','men/men-trousers/navy-chino',301,1,NULL,0,'{\"category_id\":\"25\"}'),(1805,'product',34,'/navy-chino','catalog/product/view/id/34/category/2',0,1,NULL,1,'{\"category_id\":\"2\"}'),(1806,'product',35,'timberland-lace-ups','catalog/product/view/id/35',0,1,NULL,1,NULL),(1807,'product',35,'men/timberland-lace-ups','catalog/product/view/id/35/category/20',0,1,NULL,1,'{\"category_id\":\"20\"}'),(1808,'product',35,'men/men-shoes/timberland-lace-ups','catalog/product/view/id/35/category/24',0,1,NULL,1,'{\"category_id\":\"24\"}'),(1809,'product',35,'beverages/timberland-lace-ups','men/timberland-lace-ups',301,1,NULL,0,'{\"category_id\":\"20\"}'),(1810,'product',35,'beverages/men-shoes/timberland-lace-ups','men/men-shoes/timberland-lace-ups',301,1,NULL,0,'{\"category_id\":\"24\"}'),(1811,'product',35,'beverages/juices/timberland-lace-ups','men/men-shoes/timberland-lace-ups',301,1,NULL,0,'{\"category_id\":\"24\"}'),(1812,'product',35,'/timberland-lace-ups','catalog/product/view/id/35/category/2',0,1,NULL,1,'{\"category_id\":\"2\"}'),(1813,'product',36,'tommy-hilfiger','catalog/product/view/id/36',0,1,NULL,1,NULL),(1814,'product',36,'men/tommy-hilfiger','catalog/product/view/id/36/category/20',0,1,NULL,1,'{\"category_id\":\"20\"}'),(1815,'product',36,'men/men-trousers/tommy-hilfiger','catalog/product/view/id/36/category/25',0,1,NULL,1,'{\"category_id\":\"25\"}'),(1816,'product',36,'beverages/tommy-hilfiger','men/tommy-hilfiger',301,1,NULL,0,'{\"category_id\":\"20\"}'),(1817,'product',36,'beverages/men-trousers/tommy-hilfiger','men/men-trousers/tommy-hilfiger',301,1,NULL,0,'{\"category_id\":\"25\"}'),(1818,'product',36,'beverages/sport-energy-nutrition/tommy-hilfiger','men/men-trousers/tommy-hilfiger',301,1,NULL,0,'{\"category_id\":\"25\"}'),(1819,'product',36,'/tommy-hilfiger','catalog/product/view/id/36/category/2',0,1,NULL,1,'{\"category_id\":\"2\"}'),(1820,'product',38,'dark-grey-chino','catalog/product/view/id/38',0,1,NULL,1,NULL),(1821,'product',38,'men/dark-grey-chino','catalog/product/view/id/38/category/20',0,1,NULL,1,'{\"category_id\":\"20\"}'),(1822,'product',38,'men/men-trousers/dark-grey-chino','catalog/product/view/id/38/category/25',0,1,NULL,1,'{\"category_id\":\"25\"}'),(1823,'product',38,'beverages/dark-grey-chino','men/dark-grey-chino',301,1,NULL,0,'{\"category_id\":\"20\"}'),(1824,'product',38,'beverages/men-trousers/dark-grey-chino','men/men-trousers/dark-grey-chino',301,1,NULL,0,'{\"category_id\":\"25\"}'),(1825,'product',38,'beverages/sport-energy-nutrition/dark-grey-chino','men/men-trousers/dark-grey-chino',301,1,NULL,0,'{\"category_id\":\"25\"}'),(1826,'product',38,'/dark-grey-chino','catalog/product/view/id/38/category/2',0,1,NULL,1,'{\"category_id\":\"2\"}'),(1827,'product',42,'black-chino','catalog/product/view/id/42',0,1,NULL,1,NULL),(1828,'product',42,'men/black-chino','catalog/product/view/id/42/category/20',0,1,NULL,1,'{\"category_id\":\"20\"}'),(1829,'product',42,'men/men-trousers/black-chino','catalog/product/view/id/42/category/25',0,1,NULL,1,'{\"category_id\":\"25\"}'),(1830,'product',42,'beverages/black-chino','men/black-chino',301,1,NULL,0,'{\"category_id\":\"20\"}'),(1831,'product',42,'beverages/men-trousers/black-chino','men/men-trousers/black-chino',301,1,NULL,0,'{\"category_id\":\"25\"}'),(1832,'product',42,'beverages/sport-energy-nutrition/black-chino','men/men-trousers/black-chino',301,1,NULL,0,'{\"category_id\":\"25\"}'),(1833,'product',42,'/black-chino','catalog/product/view/id/42/category/2',0,1,NULL,1,'{\"category_id\":\"2\"}'),(1834,'product',43,'camper-lace-ups','catalog/product/view/id/43',0,1,NULL,1,NULL),(1835,'product',43,'men/camper-lace-ups','catalog/product/view/id/43/category/20',0,1,NULL,1,'{\"category_id\":\"20\"}'),(1836,'product',43,'men/men-shoes/camper-lace-ups','catalog/product/view/id/43/category/24',0,1,NULL,1,'{\"category_id\":\"24\"}'),(1837,'product',43,'beverages/camper-lace-ups','men/camper-lace-ups',301,1,NULL,0,'{\"category_id\":\"20\"}'),(1838,'product',43,'beverages/men-shoes/camper-lace-ups','men/men-shoes/camper-lace-ups',301,1,NULL,0,'{\"category_id\":\"24\"}'),(1839,'product',43,'beverages/juices/camper-lace-ups','men/men-shoes/camper-lace-ups',301,1,NULL,0,'{\"category_id\":\"24\"}'),(1840,'product',43,'/camper-lace-ups','catalog/product/view/id/43/category/2',0,1,NULL,1,'{\"category_id\":\"2\"}'),(1841,'product',46,'grey-sweat-pants','catalog/product/view/id/46',0,1,NULL,1,NULL),(1842,'product',46,'men/grey-sweat-pants','catalog/product/view/id/46/category/20',0,1,NULL,1,'{\"category_id\":\"20\"}'),(1843,'product',46,'men/men-trousers/grey-sweat-pants','catalog/product/view/id/46/category/25',0,1,NULL,1,'{\"category_id\":\"25\"}'),(1844,'product',46,'beverages/grey-sweat-pants','men/grey-sweat-pants',301,1,NULL,0,'{\"category_id\":\"20\"}'),(1845,'product',46,'beverages/men-trousers/grey-sweat-pants','men/men-trousers/grey-sweat-pants',301,1,NULL,0,'{\"category_id\":\"25\"}'),(1846,'product',46,'beverages/sport-energy-nutrition/grey-sweat-pants','men/men-trousers/grey-sweat-pants',301,1,NULL,0,'{\"category_id\":\"25\"}'),(1847,'product',46,'/grey-sweat-pants','catalog/product/view/id/46/category/2',0,1,NULL,1,'{\"category_id\":\"2\"}'),(1848,'product',47,'black-knitted-pants','catalog/product/view/id/47',0,1,NULL,1,NULL),(1849,'product',47,'men/black-knitted-pants','catalog/product/view/id/47/category/20',0,1,NULL,1,'{\"category_id\":\"20\"}'),(1850,'product',47,'men/men-trousers/black-knitted-pants','catalog/product/view/id/47/category/25',0,1,NULL,1,'{\"category_id\":\"25\"}'),(1851,'product',47,'beverages/black-knitted-pants','men/black-knitted-pants',301,1,NULL,0,'{\"category_id\":\"20\"}'),(1852,'product',47,'beverages/men-trousers/black-knitted-pants','men/men-trousers/black-knitted-pants',301,1,NULL,0,'{\"category_id\":\"25\"}'),(1853,'product',47,'beverages/sport-energy-nutrition/black-knitted-pants','men/men-trousers/black-knitted-pants',301,1,NULL,0,'{\"category_id\":\"25\"}'),(1854,'product',47,'/black-knitted-pants','catalog/product/view/id/47/category/2',0,1,NULL,1,'{\"category_id\":\"2\"}'),(1855,'product',49,'tan-corduroy-trousers','catalog/product/view/id/49',0,1,NULL,1,NULL),(1856,'product',49,'men/tan-corduroy-trousers','catalog/product/view/id/49/category/20',0,1,NULL,1,'{\"category_id\":\"20\"}'),(1857,'product',49,'men/men-trousers/tan-corduroy-trousers','catalog/product/view/id/49/category/25',0,1,NULL,1,'{\"category_id\":\"25\"}'),(1858,'product',49,'beverages/tan-corduroy-trousers','men/tan-corduroy-trousers',301,1,NULL,0,'{\"category_id\":\"20\"}'),(1859,'product',49,'beverages/men-trousers/tan-corduroy-trousers','men/men-trousers/tan-corduroy-trousers',301,1,NULL,0,'{\"category_id\":\"25\"}'),(1860,'product',49,'beverages/sport-energy-nutrition/tan-corduroy-trousers','men/men-trousers/tan-corduroy-trousers',301,1,NULL,0,'{\"category_id\":\"25\"}'),(1861,'product',49,'/tan-corduroy-trousers','catalog/product/view/id/49/category/2',0,1,NULL,1,'{\"category_id\":\"2\"}'),(1862,'product',51,'moss-cargo-pants','catalog/product/view/id/51',0,1,NULL,1,NULL),(1863,'product',51,'men/moss-cargo-pants','catalog/product/view/id/51/category/20',0,1,NULL,1,'{\"category_id\":\"20\"}'),(1864,'product',51,'men/men-trousers/moss-cargo-pants','catalog/product/view/id/51/category/25',0,1,NULL,1,'{\"category_id\":\"25\"}'),(1865,'product',51,'beverages/moss-cargo-pants','men/moss-cargo-pants',301,1,NULL,0,'{\"category_id\":\"20\"}'),(1866,'product',51,'beverages/men-trousers/moss-cargo-pants','men/men-trousers/moss-cargo-pants',301,1,NULL,0,'{\"category_id\":\"25\"}'),(1867,'product',51,'beverages/sport-energy-nutrition/moss-cargo-pants','men/men-trousers/moss-cargo-pants',301,1,NULL,0,'{\"category_id\":\"25\"}'),(1868,'product',51,'/moss-cargo-pants','catalog/product/view/id/51/category/2',0,1,NULL,1,'{\"category_id\":\"2\"}'),(1869,'product',53,'camel-dress-trousers-glenn','catalog/product/view/id/53',0,1,NULL,1,NULL),(1870,'product',53,'men/camel-dress-trousers-glenn','catalog/product/view/id/53/category/20',0,1,NULL,1,'{\"category_id\":\"20\"}'),(1871,'product',53,'men/men-trousers/camel-dress-trousers-glenn','catalog/product/view/id/53/category/25',0,1,NULL,1,'{\"category_id\":\"25\"}'),(1872,'product',53,'beverages/camel-dress-trousers-glenn','men/camel-dress-trousers-glenn',301,1,NULL,0,'{\"category_id\":\"20\"}'),(1873,'product',53,'beverages/men-trousers/camel-dress-trousers-glenn','men/men-trousers/camel-dress-trousers-glenn',301,1,NULL,0,'{\"category_id\":\"25\"}'),(1874,'product',53,'beverages/sport-energy-nutrition/camel-dress-trousers-glenn','men/men-trousers/camel-dress-trousers-glenn',301,1,NULL,0,'{\"category_id\":\"25\"}'),(1875,'product',53,'/camel-dress-trousers-glenn','catalog/product/view/id/53/category/2',0,1,NULL,1,'{\"category_id\":\"2\"}'),(1876,'product',55,'black-sweat-pants','catalog/product/view/id/55',0,1,NULL,1,NULL),(1877,'product',55,'men/black-sweat-pants','catalog/product/view/id/55/category/20',0,1,NULL,1,'{\"category_id\":\"20\"}'),(1878,'product',55,'men/men-trousers/black-sweat-pants','catalog/product/view/id/55/category/25',0,1,NULL,1,'{\"category_id\":\"25\"}'),(1879,'product',55,'beverages/black-sweat-pants','men/black-sweat-pants',301,1,NULL,0,'{\"category_id\":\"20\"}'),(1880,'product',55,'beverages/men-trousers/black-sweat-pants','men/men-trousers/black-sweat-pants',301,1,NULL,0,'{\"category_id\":\"25\"}'),(1881,'product',55,'beverages/sport-energy-nutrition/black-sweat-pants','men/men-trousers/black-sweat-pants',301,1,NULL,0,'{\"category_id\":\"25\"}'),(1882,'product',55,'/black-sweat-pants','catalog/product/view/id/55/category/2',0,1,NULL,1,'{\"category_id\":\"2\"}'),(1883,'product',63,'blue-straight-leg-jeans','catalog/product/view/id/63',0,1,NULL,1,NULL),(1884,'product',63,'men/blue-straight-leg-jeans','catalog/product/view/id/63/category/20',0,1,NULL,1,'{\"category_id\":\"20\"}'),(1885,'product',63,'men/men-jeans/blue-straight-leg-jeans','catalog/product/view/id/63/category/26',0,1,NULL,1,'{\"category_id\":\"26\"}'),(1886,'product',63,'beverages/blue-straight-leg-jeans','men/blue-straight-leg-jeans',301,1,NULL,0,'{\"category_id\":\"20\"}'),(1887,'product',63,'beverages/men-jeans/blue-straight-leg-jeans','men/men-jeans/blue-straight-leg-jeans',301,1,NULL,0,'{\"category_id\":\"26\"}'),(1888,'product',63,'beverages/soda/blue-straight-leg-jeans','men/men-jeans/blue-straight-leg-jeans',301,1,NULL,0,'{\"category_id\":\"26\"}'),(1889,'product',63,'/blue-straight-leg-jeans','catalog/product/view/id/63/category/2',0,1,NULL,1,'{\"category_id\":\"2\"}'),(1890,'product',66,'dark-blue-slim-fit-jeans','catalog/product/view/id/66',0,1,NULL,1,NULL),(1891,'product',66,'men/dark-blue-slim-fit-jeans','catalog/product/view/id/66/category/20',0,1,NULL,1,'{\"category_id\":\"20\"}'),(1892,'product',66,'men/men-jeans/dark-blue-slim-fit-jeans','catalog/product/view/id/66/category/26',0,1,NULL,1,'{\"category_id\":\"26\"}'),(1893,'product',66,'beverages/dark-blue-slim-fit-jeans','men/dark-blue-slim-fit-jeans',301,1,NULL,0,'{\"category_id\":\"20\"}'),(1894,'product',66,'beverages/men-jeans/dark-blue-slim-fit-jeans','men/men-jeans/dark-blue-slim-fit-jeans',301,1,NULL,0,'{\"category_id\":\"26\"}'),(1895,'product',66,'beverages/soda/dark-blue-slim-fit-jeans','men/men-jeans/dark-blue-slim-fit-jeans',301,1,NULL,0,'{\"category_id\":\"26\"}'),(1896,'product',66,'/dark-blue-slim-fit-jeans','catalog/product/view/id/66/category/2',0,1,NULL,1,'{\"category_id\":\"2\"}'),(1897,'product',68,'blue-slim-fit-jeans','catalog/product/view/id/68',0,1,NULL,1,NULL),(1898,'product',68,'men/blue-slim-fit-jeans','catalog/product/view/id/68/category/20',0,1,NULL,1,'{\"category_id\":\"20\"}'),(1899,'product',68,'men/men-jeans/blue-slim-fit-jeans','catalog/product/view/id/68/category/26',0,1,NULL,1,'{\"category_id\":\"26\"}'),(1900,'product',68,'beverages/blue-slim-fit-jeans','men/blue-slim-fit-jeans',301,1,NULL,0,'{\"category_id\":\"20\"}'),(1901,'product',68,'beverages/men-jeans/blue-slim-fit-jeans','men/men-jeans/blue-slim-fit-jeans',301,1,NULL,0,'{\"category_id\":\"26\"}'),(1902,'product',68,'beverages/soda/blue-slim-fit-jeans','men/men-jeans/blue-slim-fit-jeans',301,1,NULL,0,'{\"category_id\":\"26\"}'),(1903,'product',68,'/blue-slim-fit-jeans','catalog/product/view/id/68/category/2',0,1,NULL,1,'{\"category_id\":\"2\"}'),(1904,'product',71,'khaki-straight-leg-jeans-cadiz','catalog/product/view/id/71',0,1,NULL,1,NULL),(1905,'product',71,'men/khaki-straight-leg-jeans-cadiz','catalog/product/view/id/71/category/20',0,1,NULL,1,'{\"category_id\":\"20\"}'),(1906,'product',71,'men/men-jeans/khaki-straight-leg-jeans-cadiz','catalog/product/view/id/71/category/26',0,1,NULL,1,'{\"category_id\":\"26\"}'),(1907,'product',71,'beverages/khaki-straight-leg-jeans-cadiz','men/khaki-straight-leg-jeans-cadiz',301,1,NULL,0,'{\"category_id\":\"20\"}'),(1908,'product',71,'beverages/men-jeans/khaki-straight-leg-jeans-cadiz','men/men-jeans/khaki-straight-leg-jeans-cadiz',301,1,NULL,0,'{\"category_id\":\"26\"}'),(1909,'product',71,'beverages/soda/khaki-straight-leg-jeans-cadiz','men/men-jeans/khaki-straight-leg-jeans-cadiz',301,1,NULL,0,'{\"category_id\":\"26\"}'),(1910,'product',71,'/khaki-straight-leg-jeans-cadiz','catalog/product/view/id/71/category/2',0,1,NULL,1,'{\"category_id\":\"2\"}'),(1911,'product',76,'grey-slim-fit-jeans-cirrus','catalog/product/view/id/76',0,1,NULL,1,NULL),(1912,'product',76,'men/grey-slim-fit-jeans-cirrus','catalog/product/view/id/76/category/20',0,1,NULL,1,'{\"category_id\":\"20\"}'),(1913,'product',76,'men/men-jeans/grey-slim-fit-jeans-cirrus','catalog/product/view/id/76/category/26',0,1,NULL,1,'{\"category_id\":\"26\"}'),(1914,'product',76,'beverages/grey-slim-fit-jeans-cirrus','men/grey-slim-fit-jeans-cirrus',301,1,NULL,0,'{\"category_id\":\"20\"}'),(1915,'product',76,'beverages/men-jeans/grey-slim-fit-jeans-cirrus','men/men-jeans/grey-slim-fit-jeans-cirrus',301,1,NULL,0,'{\"category_id\":\"26\"}'),(1916,'product',76,'beverages/soda/grey-slim-fit-jeans-cirrus','men/men-jeans/grey-slim-fit-jeans-cirrus',301,1,NULL,0,'{\"category_id\":\"26\"}'),(1917,'product',76,'/grey-slim-fit-jeans-cirrus','catalog/product/view/id/76/category/2',0,1,NULL,1,'{\"category_id\":\"2\"}'),(1918,'product',78,'black-standard-jeans','catalog/product/view/id/78',0,1,NULL,1,NULL),(1919,'product',78,'men/black-standard-jeans','catalog/product/view/id/78/category/20',0,1,NULL,1,'{\"category_id\":\"20\"}'),(1920,'product',78,'men/men-trousers/black-standard-jeans','catalog/product/view/id/78/category/25',0,1,NULL,1,'{\"category_id\":\"25\"}'),(1921,'product',78,'beverages/black-standard-jeans','men/black-standard-jeans',301,1,NULL,0,'{\"category_id\":\"20\"}'),(1922,'product',78,'beverages/men-trousers/black-standard-jeans','men/men-trousers/black-standard-jeans',301,1,NULL,0,'{\"category_id\":\"25\"}'),(1923,'product',78,'beverages/sport-energy-nutrition/black-standard-jeans','men/men-trousers/black-standard-jeans',301,1,NULL,0,'{\"category_id\":\"25\"}'),(1924,'product',78,'/black-standard-jeans','catalog/product/view/id/78/category/2',0,1,NULL,1,'{\"category_id\":\"2\"}'),(1925,'product',79,'medium-blue-straight-leg-jeans-rob','catalog/product/view/id/79',0,1,NULL,1,NULL),(1926,'product',79,'men/medium-blue-straight-leg-jeans-rob','catalog/product/view/id/79/category/20',0,1,NULL,1,'{\"category_id\":\"20\"}'),(1927,'product',79,'men/men-jeans/medium-blue-straight-leg-jeans-rob','catalog/product/view/id/79/category/26',0,1,NULL,1,'{\"category_id\":\"26\"}'),(1928,'product',79,'beverages/medium-blue-straight-leg-jeans-rob','men/medium-blue-straight-leg-jeans-rob',301,1,NULL,0,'{\"category_id\":\"20\"}'),(1929,'product',79,'beverages/men-jeans/medium-blue-straight-leg-jeans-rob','men/men-jeans/medium-blue-straight-leg-jeans-rob',301,1,NULL,0,'{\"category_id\":\"26\"}'),(1930,'product',79,'beverages/soda/medium-blue-straight-leg-jeans-rob','men/men-jeans/medium-blue-straight-leg-jeans-rob',301,1,NULL,0,'{\"category_id\":\"26\"}'),(1931,'product',79,'/medium-blue-straight-leg-jeans-rob','catalog/product/view/id/79/category/2',0,1,NULL,1,'{\"category_id\":\"2\"}'),(1932,'product',83,'seventy-transitional-jacket-11','catalog/product/view/id/83',0,1,NULL,1,NULL),(1933,'product',83,'men/seventy-transitional-jacket-11','catalog/product/view/id/83/category/20',0,1,NULL,1,'{\"category_id\":\"20\"}'),(1934,'product',83,'men/men-jackets/seventy-transitional-jacket-11','catalog/product/view/id/83/category/23',0,1,NULL,1,'{\"category_id\":\"23\"}'),(1935,'product',83,'beverages/seventy-transitional-jacket-11','men/seventy-transitional-jacket-11',301,1,NULL,0,'{\"category_id\":\"20\"}'),(1936,'product',83,'beverages/men-jackets/seventy-transitional-jacket-11','men/men-jackets/seventy-transitional-jacket-11',301,1,NULL,0,'{\"category_id\":\"23\"}'),(1937,'product',83,'beverages/man-jackets/seventy-transitional-jacket-11','men/men-jackets/seventy-transitional-jacket-11',301,1,NULL,0,'{\"category_id\":\"23\"}'),(1938,'product',83,'beverages/water-sparkling/seventy-transitional-jacket-11','men/men-jackets/seventy-transitional-jacket-11',301,1,NULL,0,'{\"category_id\":\"23\"}'),(1939,'product',83,'/seventy-transitional-jacket-11','catalog/product/view/id/83/category/2',0,1,NULL,1,'{\"category_id\":\"2\"}'),(1940,'product',85,'medium-blue-slim-fit-jeans-cliff','catalog/product/view/id/85',0,1,NULL,1,NULL),(1941,'product',85,'men/medium-blue-slim-fit-jeans-cliff','catalog/product/view/id/85/category/20',0,1,NULL,1,'{\"category_id\":\"20\"}'),(1942,'product',85,'men/men-jeans/medium-blue-slim-fit-jeans-cliff','catalog/product/view/id/85/category/26',0,1,NULL,1,'{\"category_id\":\"26\"}'),(1943,'product',85,'beverages/medium-blue-slim-fit-jeans-cliff','men/medium-blue-slim-fit-jeans-cliff',301,1,NULL,0,'{\"category_id\":\"20\"}'),(1944,'product',85,'beverages/men-jeans/medium-blue-slim-fit-jeans-cliff','men/men-jeans/medium-blue-slim-fit-jeans-cliff',301,1,NULL,0,'{\"category_id\":\"26\"}'),(1945,'product',85,'beverages/soda/medium-blue-slim-fit-jeans-cliff','men/men-jeans/medium-blue-slim-fit-jeans-cliff',301,1,NULL,0,'{\"category_id\":\"26\"}'),(1946,'product',85,'/medium-blue-slim-fit-jeans-cliff','catalog/product/view/id/85/category/2',0,1,NULL,1,'{\"category_id\":\"2\"}'),(1947,'product',87,'seventy-transitional-jacket-12','catalog/product/view/id/87',0,1,NULL,1,NULL),(1948,'product',87,'men/seventy-transitional-jacket-12','catalog/product/view/id/87/category/20',0,1,NULL,1,'{\"category_id\":\"20\"}'),(1949,'product',87,'men/men-jackets/seventy-transitional-jacket-12','catalog/product/view/id/87/category/23',0,1,NULL,1,'{\"category_id\":\"23\"}'),(1950,'product',87,'beverages/seventy-transitional-jacket-12','men/seventy-transitional-jacket-12',301,1,NULL,0,'{\"category_id\":\"20\"}'),(1951,'product',87,'beverages/men-jackets/seventy-transitional-jacket-12','men/men-jackets/seventy-transitional-jacket-12',301,1,NULL,0,'{\"category_id\":\"23\"}'),(1952,'product',87,'beverages/man-jackets/seventy-transitional-jacket-12','men/men-jackets/seventy-transitional-jacket-12',301,1,NULL,0,'{\"category_id\":\"23\"}'),(1953,'product',87,'beverages/water-sparkling/seventy-transitional-jacket-12','men/men-jackets/seventy-transitional-jacket-12',301,1,NULL,0,'{\"category_id\":\"23\"}'),(1954,'product',87,'/seventy-transitional-jacket-12','catalog/product/view/id/87/category/2',0,1,NULL,1,'{\"category_id\":\"2\"}'),(1955,'product',88,'dark-blue-straight-leg-jeans-700','catalog/product/view/id/88',0,1,NULL,1,NULL),(1956,'product',88,'men/dark-blue-straight-leg-jeans-700','catalog/product/view/id/88/category/20',0,1,NULL,1,'{\"category_id\":\"20\"}'),(1957,'product',88,'men/men-jeans/dark-blue-straight-leg-jeans-700','catalog/product/view/id/88/category/26',0,1,NULL,1,'{\"category_id\":\"26\"}'),(1958,'product',88,'beverages/dark-blue-straight-leg-jeans-700','men/dark-blue-straight-leg-jeans-700',301,1,NULL,0,'{\"category_id\":\"20\"}'),(1959,'product',88,'beverages/men-jeans/dark-blue-straight-leg-jeans-700','men/men-jeans/dark-blue-straight-leg-jeans-700',301,1,NULL,0,'{\"category_id\":\"26\"}'),(1960,'product',88,'beverages/soda/dark-blue-straight-leg-jeans-700','men/men-jeans/dark-blue-straight-leg-jeans-700',301,1,NULL,0,'{\"category_id\":\"26\"}'),(1961,'product',88,'/dark-blue-straight-leg-jeans-700','catalog/product/view/id/88/category/2',0,1,NULL,1,'{\"category_id\":\"2\"}'),(1962,'product',91,'seventy-transitional-jacket-13','catalog/product/view/id/91',0,1,NULL,1,NULL),(1963,'product',91,'men/seventy-transitional-jacket-13','catalog/product/view/id/91/category/20',0,1,NULL,1,'{\"category_id\":\"20\"}'),(1964,'product',91,'men/men-jackets/seventy-transitional-jacket-13','catalog/product/view/id/91/category/23',0,1,NULL,1,'{\"category_id\":\"23\"}'),(1965,'product',91,'beverages/seventy-transitional-jacket-13','men/seventy-transitional-jacket-13',301,1,NULL,0,'{\"category_id\":\"20\"}'),(1966,'product',91,'beverages/men-jackets/seventy-transitional-jacket-13','men/men-jackets/seventy-transitional-jacket-13',301,1,NULL,0,'{\"category_id\":\"23\"}'),(1967,'product',91,'beverages/man-jackets/seventy-transitional-jacket-13','men/men-jackets/seventy-transitional-jacket-13',301,1,NULL,0,'{\"category_id\":\"23\"}'),(1968,'product',91,'beverages/water-sparkling/seventy-transitional-jacket-13','men/men-jackets/seventy-transitional-jacket-13',301,1,NULL,0,'{\"category_id\":\"23\"}'),(1969,'product',91,'/seventy-transitional-jacket-13','catalog/product/view/id/91/category/2',0,1,NULL,1,'{\"category_id\":\"2\"}'),(1970,'product',92,'seventy-transitional-jacket-14','catalog/product/view/id/92',0,1,NULL,1,NULL),(1971,'product',92,'men/seventy-transitional-jacket-14','catalog/product/view/id/92/category/20',0,1,NULL,1,'{\"category_id\":\"20\"}'),(1972,'product',92,'men/men-jackets/seventy-transitional-jacket-14','catalog/product/view/id/92/category/23',0,1,NULL,1,'{\"category_id\":\"23\"}'),(1973,'product',92,'beverages/seventy-transitional-jacket-14','men/seventy-transitional-jacket-14',301,1,NULL,0,'{\"category_id\":\"20\"}'),(1974,'product',92,'beverages/men-jackets/seventy-transitional-jacket-14','men/men-jackets/seventy-transitional-jacket-14',301,1,NULL,0,'{\"category_id\":\"23\"}'),(1975,'product',92,'beverages/man-jackets/seventy-transitional-jacket-14','men/men-jackets/seventy-transitional-jacket-14',301,1,NULL,0,'{\"category_id\":\"23\"}'),(1976,'product',92,'beverages/water-sparkling/seventy-transitional-jacket-14','men/men-jackets/seventy-transitional-jacket-14',301,1,NULL,0,'{\"category_id\":\"23\"}'),(1977,'product',92,'/seventy-transitional-jacket-14','catalog/product/view/id/92/category/2',0,1,NULL,1,'{\"category_id\":\"2\"}'),(1978,'product',93,'seventy-transitional-jacket-15','catalog/product/view/id/93',0,1,NULL,1,NULL),(1979,'product',93,'men/seventy-transitional-jacket-15','catalog/product/view/id/93/category/20',0,1,NULL,1,'{\"category_id\":\"20\"}'),(1980,'product',93,'men/men-jackets/seventy-transitional-jacket-15','catalog/product/view/id/93/category/23',0,1,NULL,1,'{\"category_id\":\"23\"}'),(1981,'product',93,'beverages/seventy-transitional-jacket-15','men/seventy-transitional-jacket-15',301,1,NULL,0,'{\"category_id\":\"20\"}'),(1982,'product',93,'beverages/men-jackets/seventy-transitional-jacket-15','men/men-jackets/seventy-transitional-jacket-15',301,1,NULL,0,'{\"category_id\":\"23\"}'),(1983,'product',93,'beverages/man-jackets/seventy-transitional-jacket-15','men/men-jackets/seventy-transitional-jacket-15',301,1,NULL,0,'{\"category_id\":\"23\"}'),(1984,'product',93,'beverages/water-sparkling/seventy-transitional-jacket-15','men/men-jackets/seventy-transitional-jacket-15',301,1,NULL,0,'{\"category_id\":\"23\"}'),(1985,'product',93,'/seventy-transitional-jacket-15','catalog/product/view/id/93/category/2',0,1,NULL,1,'{\"category_id\":\"2\"}'),(1986,'product',95,'seventy-transitional-jacket-16','catalog/product/view/id/95',0,1,NULL,1,NULL),(1987,'product',95,'men/seventy-transitional-jacket-16','catalog/product/view/id/95/category/20',0,1,NULL,1,'{\"category_id\":\"20\"}'),(1988,'product',95,'men/men-jackets/seventy-transitional-jacket-16','catalog/product/view/id/95/category/23',0,1,NULL,1,'{\"category_id\":\"23\"}'),(1989,'product',95,'beverages/seventy-transitional-jacket-16','men/seventy-transitional-jacket-16',301,1,NULL,0,'{\"category_id\":\"20\"}'),(1990,'product',95,'beverages/men-jackets/seventy-transitional-jacket-16','men/men-jackets/seventy-transitional-jacket-16',301,1,NULL,0,'{\"category_id\":\"23\"}'),(1991,'product',95,'beverages/man-jackets/seventy-transitional-jacket-16','men/men-jackets/seventy-transitional-jacket-16',301,1,NULL,0,'{\"category_id\":\"23\"}'),(1992,'product',95,'beverages/water-sparkling/seventy-transitional-jacket-16','men/men-jackets/seventy-transitional-jacket-16',301,1,NULL,0,'{\"category_id\":\"23\"}'),(1993,'product',95,'/seventy-transitional-jacket-16','catalog/product/view/id/95/category/2',0,1,NULL,1,'{\"category_id\":\"2\"}'),(1994,'product',97,'dark-blue-julyen','catalog/product/view/id/97',0,1,NULL,1,NULL),(1995,'product',97,'men/dark-blue-julyen','catalog/product/view/id/97/category/20',0,1,NULL,1,'{\"category_id\":\"20\"}'),(1996,'product',97,'men/men-jeans/dark-blue-julyen','catalog/product/view/id/97/category/26',0,1,NULL,1,'{\"category_id\":\"26\"}'),(1997,'product',97,'beverages/dark-blue-julyen','men/dark-blue-julyen',301,1,NULL,0,'{\"category_id\":\"20\"}'),(1998,'product',97,'beverages/men-jeans/dark-blue-julyen','men/men-jeans/dark-blue-julyen',301,1,NULL,0,'{\"category_id\":\"26\"}'),(1999,'product',97,'beverages/soda/dark-blue-julyen','men/men-jeans/dark-blue-julyen',301,1,NULL,0,'{\"category_id\":\"26\"}'),(2000,'product',97,'/dark-blue-julyen','catalog/product/view/id/97/category/2',0,1,NULL,1,'{\"category_id\":\"2\"}'),(2001,'product',98,'seventy-transitional-jacket-17','catalog/product/view/id/98',0,1,NULL,1,NULL),(2002,'product',98,'men/seventy-transitional-jacket-17','catalog/product/view/id/98/category/20',0,1,NULL,1,'{\"category_id\":\"20\"}'),(2003,'product',98,'men/men-jackets/seventy-transitional-jacket-17','catalog/product/view/id/98/category/23',0,1,NULL,1,'{\"category_id\":\"23\"}'),(2004,'product',98,'beverages/seventy-transitional-jacket-17','men/seventy-transitional-jacket-17',301,1,NULL,0,'{\"category_id\":\"20\"}'),(2005,'product',98,'beverages/men-jackets/seventy-transitional-jacket-17','men/men-jackets/seventy-transitional-jacket-17',301,1,NULL,0,'{\"category_id\":\"23\"}'),(2006,'product',98,'beverages/man-jackets/seventy-transitional-jacket-17','men/men-jackets/seventy-transitional-jacket-17',301,1,NULL,0,'{\"category_id\":\"23\"}'),(2007,'product',98,'beverages/water-sparkling/seventy-transitional-jacket-17','men/men-jackets/seventy-transitional-jacket-17',301,1,NULL,0,'{\"category_id\":\"23\"}'),(2008,'product',98,'/seventy-transitional-jacket-17','catalog/product/view/id/98/category/2',0,1,NULL,1,'{\"category_id\":\"2\"}'),(2009,'product',99,'navy-john-16511','catalog/product/view/id/99',0,1,NULL,1,NULL),(2010,'product',99,'men/navy-john-16511','catalog/product/view/id/99/category/20',0,1,NULL,1,'{\"category_id\":\"20\"}'),(2011,'product',99,'men/men-jeans/navy-john-16511','catalog/product/view/id/99/category/26',0,1,NULL,1,'{\"category_id\":\"26\"}'),(2012,'product',99,'beverages/navy-john-16511','men/navy-john-16511',301,1,NULL,0,'{\"category_id\":\"20\"}'),(2013,'product',99,'beverages/men-jeans/navy-john-16511','men/men-jeans/navy-john-16511',301,1,NULL,0,'{\"category_id\":\"26\"}'),(2014,'product',99,'beverages/soda/navy-john-16511','men/men-jeans/navy-john-16511',301,1,NULL,0,'{\"category_id\":\"26\"}'),(2015,'product',99,'/navy-john-16511','catalog/product/view/id/99/category/2',0,1,NULL,1,'{\"category_id\":\"2\"}'),(2016,'product',100,'seventy-transitional-jacket-18','catalog/product/view/id/100',0,1,NULL,1,NULL),(2017,'product',100,'men/seventy-transitional-jacket-18','catalog/product/view/id/100/category/20',0,1,NULL,1,'{\"category_id\":\"20\"}'),(2018,'product',100,'men/men-jackets/seventy-transitional-jacket-18','catalog/product/view/id/100/category/23',0,1,NULL,1,'{\"category_id\":\"23\"}'),(2019,'product',100,'beverages/seventy-transitional-jacket-18','men/seventy-transitional-jacket-18',301,1,NULL,0,'{\"category_id\":\"20\"}'),(2020,'product',100,'beverages/men-jackets/seventy-transitional-jacket-18','men/men-jackets/seventy-transitional-jacket-18',301,1,NULL,0,'{\"category_id\":\"23\"}'),(2021,'product',100,'beverages/man-jackets/seventy-transitional-jacket-18','men/men-jackets/seventy-transitional-jacket-18',301,1,NULL,0,'{\"category_id\":\"23\"}'),(2022,'product',100,'beverages/water-sparkling/seventy-transitional-jacket-18','men/men-jackets/seventy-transitional-jacket-18',301,1,NULL,0,'{\"category_id\":\"23\"}'),(2023,'product',100,'/seventy-transitional-jacket-18','catalog/product/view/id/100/category/2',0,1,NULL,1,'{\"category_id\":\"2\"}'),(2024,'product',101,'lawrence-grey-rollneck-pullover','catalog/product/view/id/101',0,1,NULL,1,NULL),(2025,'product',101,'men/lawrence-grey-rollneck-pullover','catalog/product/view/id/101/category/20',0,1,NULL,1,'{\"category_id\":\"20\"}'),(2026,'product',101,'men/man-knitwear/lawrence-grey-rollneck-pullover','catalog/product/view/id/101/category/22',0,1,NULL,1,'{\"category_id\":\"22\"}'),(2027,'product',101,'beverages/lawrence-grey-rollneck-pullover','men/lawrence-grey-rollneck-pullover',301,1,NULL,0,'{\"category_id\":\"20\"}'),(2028,'product',101,'beverages/man-knitwear/lawrence-grey-rollneck-pullover','men/man-knitwear/lawrence-grey-rollneck-pullover',301,1,NULL,0,'{\"category_id\":\"22\"}'),(2029,'product',101,'beverages/knitwear/lawrence-grey-rollneck-pullover','men/man-knitwear/lawrence-grey-rollneck-pullover',301,1,NULL,0,'{\"category_id\":\"22\"}'),(2030,'product',101,'beverages/milk-creamer/lawrence-grey-rollneck-pullover','men/man-knitwear/lawrence-grey-rollneck-pullover',301,1,NULL,0,'{\"category_id\":\"22\"}'),(2031,'product',101,'/lawrence-grey-rollneck-pullover','catalog/product/view/id/101/category/2',0,1,NULL,1,'{\"category_id\":\"2\"}'),(2032,'product',102,'lawrence-grey-rollneck-pullover-1','catalog/product/view/id/102',0,1,NULL,1,NULL),(2033,'product',102,'men/lawrence-grey-rollneck-pullover-1','catalog/product/view/id/102/category/20',0,1,NULL,1,'{\"category_id\":\"20\"}'),(2034,'product',102,'men/man-knitwear/lawrence-grey-rollneck-pullover-1','catalog/product/view/id/102/category/22',0,1,NULL,1,'{\"category_id\":\"22\"}'),(2035,'product',102,'beverages/lawrence-grey-rollneck-pullover-1','men/lawrence-grey-rollneck-pullover-1',301,1,NULL,0,'{\"category_id\":\"20\"}'),(2036,'product',102,'beverages/man-knitwear/lawrence-grey-rollneck-pullover-1','men/man-knitwear/lawrence-grey-rollneck-pullover-1',301,1,NULL,0,'{\"category_id\":\"22\"}'),(2037,'product',102,'beverages/knitwear/lawrence-grey-rollneck-pullover-1','men/man-knitwear/lawrence-grey-rollneck-pullover-1',301,1,NULL,0,'{\"category_id\":\"22\"}'),(2038,'product',102,'beverages/milk-creamer/lawrence-grey-rollneck-pullover-1','men/man-knitwear/lawrence-grey-rollneck-pullover-1',301,1,NULL,0,'{\"category_id\":\"22\"}'),(2039,'product',102,'/lawrence-grey-rollneck-pullover-1','catalog/product/view/id/102/category/2',0,1,NULL,1,'{\"category_id\":\"2\"}'),(2040,'product',103,'lawrence-grey-rollneck-pullover-2','catalog/product/view/id/103',0,1,NULL,1,NULL),(2041,'product',103,'men/lawrence-grey-rollneck-pullover-2','catalog/product/view/id/103/category/20',0,1,NULL,1,'{\"category_id\":\"20\"}'),(2042,'product',103,'men/man-knitwear/lawrence-grey-rollneck-pullover-2','catalog/product/view/id/103/category/22',0,1,NULL,1,'{\"category_id\":\"22\"}'),(2043,'product',103,'beverages/lawrence-grey-rollneck-pullover-2','men/lawrence-grey-rollneck-pullover-2',301,1,NULL,0,'{\"category_id\":\"20\"}'),(2044,'product',103,'beverages/man-knitwear/lawrence-grey-rollneck-pullover-2','men/man-knitwear/lawrence-grey-rollneck-pullover-2',301,1,NULL,0,'{\"category_id\":\"22\"}'),(2045,'product',103,'beverages/knitwear/lawrence-grey-rollneck-pullover-2','men/man-knitwear/lawrence-grey-rollneck-pullover-2',301,1,NULL,0,'{\"category_id\":\"22\"}'),(2046,'product',103,'beverages/milk-creamer/lawrence-grey-rollneck-pullover-2','men/man-knitwear/lawrence-grey-rollneck-pullover-2',301,1,NULL,0,'{\"category_id\":\"22\"}'),(2047,'product',103,'/lawrence-grey-rollneck-pullover-2','catalog/product/view/id/103/category/2',0,1,NULL,1,'{\"category_id\":\"2\"}'),(2048,'product',104,'lawrence-grey-rollneck-pullover-3','catalog/product/view/id/104',0,1,NULL,1,NULL),(2049,'product',104,'men/lawrence-grey-rollneck-pullover-3','catalog/product/view/id/104/category/20',0,1,NULL,1,'{\"category_id\":\"20\"}'),(2050,'product',104,'men/man-knitwear/lawrence-grey-rollneck-pullover-3','catalog/product/view/id/104/category/22',0,1,NULL,1,'{\"category_id\":\"22\"}'),(2051,'product',104,'beverages/lawrence-grey-rollneck-pullover-3','men/lawrence-grey-rollneck-pullover-3',301,1,NULL,0,'{\"category_id\":\"20\"}'),(2052,'product',104,'beverages/man-knitwear/lawrence-grey-rollneck-pullover-3','men/man-knitwear/lawrence-grey-rollneck-pullover-3',301,1,NULL,0,'{\"category_id\":\"22\"}'),(2053,'product',104,'beverages/knitwear/lawrence-grey-rollneck-pullover-3','men/man-knitwear/lawrence-grey-rollneck-pullover-3',301,1,NULL,0,'{\"category_id\":\"22\"}'),(2054,'product',104,'beverages/milk-creamer/lawrence-grey-rollneck-pullover-3','men/man-knitwear/lawrence-grey-rollneck-pullover-3',301,1,NULL,0,'{\"category_id\":\"22\"}'),(2055,'product',104,'/lawrence-grey-rollneck-pullover-3','catalog/product/view/id/104/category/2',0,1,NULL,1,'{\"category_id\":\"2\"}'),(2064,'category',28,'women/women-dresses','catalog/category/view/id/28',0,1,NULL,1,NULL),(2065,'category',28,'women/chemicals-wipes','women/women-dresses',301,1,NULL,0,NULL),(2066,'category',28,'cleaning-storage-supplies/chemicals-wipes','women/women-dresses',301,1,NULL,0,'[]'),(2067,'product',109,'unq-linen-dress','catalog/product/view/id/109',0,1,NULL,1,NULL),(2068,'product',109,'women/unq-linen-dress','catalog/product/view/id/109/category/27',0,1,NULL,1,'{\"category_id\":\"27\"}'),(2069,'product',109,'women/women-dresses/unq-linen-dress','catalog/product/view/id/109/category/28',0,1,NULL,1,'{\"category_id\":\"28\"}'),(2070,'product',109,'women/chemicals-wipes/unq-linen-dress','women/women-dresses/unq-linen-dress',301,1,NULL,0,'{\"category_id\":\"28\"}'),(2071,'product',109,'/unq-linen-dress','catalog/product/view/id/109/category/2',0,1,NULL,1,'{\"category_id\":\"2\"}'),(2072,'product',110,'unq-linen-dress-1','catalog/product/view/id/110',0,1,NULL,1,NULL),(2073,'product',110,'women/unq-linen-dress-1','catalog/product/view/id/110/category/27',0,1,NULL,1,'{\"category_id\":\"27\"}'),(2074,'product',110,'women/women-dresses/unq-linen-dress-1','catalog/product/view/id/110/category/28',0,1,NULL,1,'{\"category_id\":\"28\"}'),(2075,'product',110,'women/chemicals-wipes/unq-linen-dress-1','women/women-dresses/unq-linen-dress-1',301,1,NULL,0,'{\"category_id\":\"28\"}'),(2076,'product',110,'/unq-linen-dress-1','catalog/product/view/id/110/category/2',0,1,NULL,1,'{\"category_id\":\"2\"}'),(2077,'category',29,'women/women-knitwear','catalog/category/view/id/29',0,1,NULL,1,NULL),(2078,'category',29,'women/cleaning-tools','women/women-knitwear',301,1,NULL,0,NULL),(2079,'category',29,'cleaning-storage-supplies/cleaning-tools','women/women-knitwear',301,1,NULL,0,'[]'),(2080,'product',105,'lawrence-grey-rollneck-pullover-4','catalog/product/view/id/105',0,1,NULL,1,NULL),(2081,'product',105,'women/lawrence-grey-rollneck-pullover-4','catalog/product/view/id/105/category/27',0,1,NULL,1,'{\"category_id\":\"27\"}'),(2082,'product',105,'women/women-knitwear/lawrence-grey-rollneck-pullover-4','catalog/product/view/id/105/category/29',0,1,NULL,1,'{\"category_id\":\"29\"}'),(2083,'product',105,'women/cleaning-tools/lawrence-grey-rollneck-pullover-4','women/women-knitwear/lawrence-grey-rollneck-pullover-4',301,1,NULL,0,'{\"category_id\":\"29\"}'),(2084,'product',105,'cleaning-storage-supplies/lawrence-grey-rollneck-pullover-4','women/lawrence-grey-rollneck-pullover-4',301,1,NULL,0,'{\"category_id\":\"27\"}'),(2085,'product',105,'cleaning-storage-supplies/cleaning-tools/lawrence-grey-rollneck-pullover-4','women/women-knitwear/lawrence-grey-rollneck-pullover-4',301,1,NULL,0,'{\"category_id\":\"29\"}'),(2086,'product',105,'/lawrence-grey-rollneck-pullover-4','catalog/product/view/id/105/category/2',0,1,NULL,1,'{\"category_id\":\"2\"}'),(2087,'product',106,'lawrence-grey-rollneck-pullover-5','catalog/product/view/id/106',0,1,NULL,1,NULL),(2088,'product',106,'women/lawrence-grey-rollneck-pullover-5','catalog/product/view/id/106/category/27',0,1,NULL,1,'{\"category_id\":\"27\"}'),(2089,'product',106,'women/women-knitwear/lawrence-grey-rollneck-pullover-5','catalog/product/view/id/106/category/29',0,1,NULL,1,'{\"category_id\":\"29\"}'),(2090,'product',106,'women/cleaning-tools/lawrence-grey-rollneck-pullover-5','women/women-knitwear/lawrence-grey-rollneck-pullover-5',301,1,NULL,0,'{\"category_id\":\"29\"}'),(2091,'product',106,'cleaning-storage-supplies/lawrence-grey-rollneck-pullover-5','women/lawrence-grey-rollneck-pullover-5',301,1,NULL,0,'{\"category_id\":\"27\"}'),(2092,'product',106,'cleaning-storage-supplies/cleaning-tools/lawrence-grey-rollneck-pullover-5','women/women-knitwear/lawrence-grey-rollneck-pullover-5',301,1,NULL,0,'{\"category_id\":\"29\"}'),(2093,'product',106,'/lawrence-grey-rollneck-pullover-5','catalog/product/view/id/106/category/2',0,1,NULL,1,'{\"category_id\":\"2\"}'),(2094,'product',107,'lawrence-grey-rollneck-pullover-6','catalog/product/view/id/107',0,1,NULL,1,NULL),(2095,'product',107,'women/lawrence-grey-rollneck-pullover-6','catalog/product/view/id/107/category/27',0,1,NULL,1,'{\"category_id\":\"27\"}'),(2096,'product',107,'women/women-knitwear/lawrence-grey-rollneck-pullover-6','catalog/product/view/id/107/category/29',0,1,NULL,1,'{\"category_id\":\"29\"}'),(2097,'product',107,'women/cleaning-tools/lawrence-grey-rollneck-pullover-6','women/women-knitwear/lawrence-grey-rollneck-pullover-6',301,1,NULL,0,'{\"category_id\":\"29\"}'),(2098,'product',107,'cleaning-storage-supplies/lawrence-grey-rollneck-pullover-6','women/lawrence-grey-rollneck-pullover-6',301,1,NULL,0,'{\"category_id\":\"27\"}'),(2099,'product',107,'cleaning-storage-supplies/cleaning-tools/lawrence-grey-rollneck-pullover-6','women/women-knitwear/lawrence-grey-rollneck-pullover-6',301,1,NULL,0,'{\"category_id\":\"29\"}'),(2100,'product',107,'/lawrence-grey-rollneck-pullover-6','catalog/product/view/id/107/category/2',0,1,NULL,1,'{\"category_id\":\"2\"}'),(2101,'product',108,'lawrence-grey-rollneck-pullover-7','catalog/product/view/id/108',0,1,NULL,1,NULL),(2102,'product',108,'women/lawrence-grey-rollneck-pullover-7','catalog/product/view/id/108/category/27',0,1,NULL,1,'{\"category_id\":\"27\"}'),(2103,'product',108,'women/women-knitwear/lawrence-grey-rollneck-pullover-7','catalog/product/view/id/108/category/29',0,1,NULL,1,'{\"category_id\":\"29\"}'),(2104,'product',108,'women/cleaning-tools/lawrence-grey-rollneck-pullover-7','women/women-knitwear/lawrence-grey-rollneck-pullover-7',301,1,NULL,0,'{\"category_id\":\"29\"}'),(2105,'product',108,'cleaning-storage-supplies/lawrence-grey-rollneck-pullover-7','women/lawrence-grey-rollneck-pullover-7',301,1,NULL,0,'{\"category_id\":\"27\"}'),(2106,'product',108,'cleaning-storage-supplies/cleaning-tools/lawrence-grey-rollneck-pullover-7','women/women-knitwear/lawrence-grey-rollneck-pullover-7',301,1,NULL,0,'{\"category_id\":\"29\"}'),(2107,'product',108,'/lawrence-grey-rollneck-pullover-7','catalog/product/view/id/108/category/2',0,1,NULL,1,'{\"category_id\":\"2\"}'),(2108,'category',30,'women/women-jackets','catalog/category/view/id/30',0,1,NULL,1,NULL),(2109,'category',30,'women/food-storage','women/women-jackets',301,1,NULL,0,NULL),(2110,'category',30,'cleaning-storage-supplies/food-storage','women/women-jackets',301,1,NULL,0,'[]'),(2111,'product',41,'seventy-transitional-jacket','catalog/product/view/id/41',0,1,NULL,1,NULL),(2112,'product',41,'women/seventy-transitional-jacket','catalog/product/view/id/41/category/27',0,1,NULL,1,'{\"category_id\":\"27\"}'),(2113,'product',41,'women/women-jackets/seventy-transitional-jacket','catalog/product/view/id/41/category/30',0,1,NULL,1,'{\"category_id\":\"30\"}'),(2114,'product',41,'women/food-storage/seventy-transitional-jacket','women/women-jackets/seventy-transitional-jacket',301,1,NULL,0,'{\"category_id\":\"30\"}'),(2115,'product',41,'cleaning-storage-supplies/seventy-transitional-jacket','women/seventy-transitional-jacket',301,1,NULL,0,'{\"category_id\":\"27\"}'),(2116,'product',41,'cleaning-storage-supplies/food-storage/seventy-transitional-jacket','women/women-jackets/seventy-transitional-jacket',301,1,NULL,0,'{\"category_id\":\"30\"}'),(2117,'product',41,'/seventy-transitional-jacket','catalog/product/view/id/41/category/2',0,1,NULL,1,'{\"category_id\":\"2\"}'),(2118,'product',50,'seventy-transitional-jacket-1','catalog/product/view/id/50',0,1,NULL,1,NULL),(2119,'product',50,'women/seventy-transitional-jacket-1','catalog/product/view/id/50/category/27',0,1,NULL,1,'{\"category_id\":\"27\"}'),(2120,'product',50,'women/women-jackets/seventy-transitional-jacket-1','catalog/product/view/id/50/category/30',0,1,NULL,1,'{\"category_id\":\"30\"}'),(2121,'product',50,'women/food-storage/seventy-transitional-jacket-1','women/women-jackets/seventy-transitional-jacket-1',301,1,NULL,0,'{\"category_id\":\"30\"}'),(2122,'product',50,'cleaning-storage-supplies/seventy-transitional-jacket-1','women/seventy-transitional-jacket-1',301,1,NULL,0,'{\"category_id\":\"27\"}'),(2123,'product',50,'cleaning-storage-supplies/food-storage/seventy-transitional-jacket-1','women/women-jackets/seventy-transitional-jacket-1',301,1,NULL,0,'{\"category_id\":\"30\"}'),(2124,'product',50,'/seventy-transitional-jacket-1','catalog/product/view/id/50/category/2',0,1,NULL,1,'{\"category_id\":\"2\"}'),(2125,'product',56,'seventy-transitional-jacket-2','catalog/product/view/id/56',0,1,NULL,1,NULL),(2126,'product',56,'women/seventy-transitional-jacket-2','catalog/product/view/id/56/category/27',0,1,NULL,1,'{\"category_id\":\"27\"}'),(2127,'product',56,'women/women-jackets/seventy-transitional-jacket-2','catalog/product/view/id/56/category/30',0,1,NULL,1,'{\"category_id\":\"30\"}'),(2128,'product',56,'women/food-storage/seventy-transitional-jacket-2','women/women-jackets/seventy-transitional-jacket-2',301,1,NULL,0,'{\"category_id\":\"30\"}'),(2129,'product',56,'cleaning-storage-supplies/seventy-transitional-jacket-2','women/seventy-transitional-jacket-2',301,1,NULL,0,'{\"category_id\":\"27\"}'),(2130,'product',56,'cleaning-storage-supplies/food-storage/seventy-transitional-jacket-2','women/women-jackets/seventy-transitional-jacket-2',301,1,NULL,0,'{\"category_id\":\"30\"}'),(2131,'product',56,'/seventy-transitional-jacket-2','catalog/product/view/id/56/category/2',0,1,NULL,1,'{\"category_id\":\"2\"}'),(2132,'product',59,'seventy-transitional-jacket-3','catalog/product/view/id/59',0,1,NULL,1,NULL),(2133,'product',59,'women/seventy-transitional-jacket-3','catalog/product/view/id/59/category/27',0,1,NULL,1,'{\"category_id\":\"27\"}'),(2134,'product',59,'women/women-jackets/seventy-transitional-jacket-3','catalog/product/view/id/59/category/30',0,1,NULL,1,'{\"category_id\":\"30\"}'),(2135,'product',59,'women/food-storage/seventy-transitional-jacket-3','women/women-jackets/seventy-transitional-jacket-3',301,1,NULL,0,'{\"category_id\":\"30\"}'),(2136,'product',59,'cleaning-storage-supplies/seventy-transitional-jacket-3','women/seventy-transitional-jacket-3',301,1,NULL,0,'{\"category_id\":\"27\"}'),(2137,'product',59,'cleaning-storage-supplies/food-storage/seventy-transitional-jacket-3','women/women-jackets/seventy-transitional-jacket-3',301,1,NULL,0,'{\"category_id\":\"30\"}'),(2138,'product',59,'/seventy-transitional-jacket-3','catalog/product/view/id/59/category/2',0,1,NULL,1,'{\"category_id\":\"2\"}'),(2139,'product',64,'seventy-transitional-jacket-4','catalog/product/view/id/64',0,1,NULL,1,NULL),(2140,'product',64,'women/seventy-transitional-jacket-4','catalog/product/view/id/64/category/27',0,1,NULL,1,'{\"category_id\":\"27\"}'),(2141,'product',64,'women/women-jackets/seventy-transitional-jacket-4','catalog/product/view/id/64/category/30',0,1,NULL,1,'{\"category_id\":\"30\"}'),(2142,'product',64,'women/food-storage/seventy-transitional-jacket-4','women/women-jackets/seventy-transitional-jacket-4',301,1,NULL,0,'{\"category_id\":\"30\"}'),(2143,'product',64,'cleaning-storage-supplies/seventy-transitional-jacket-4','women/seventy-transitional-jacket-4',301,1,NULL,0,'{\"category_id\":\"27\"}'),(2144,'product',64,'cleaning-storage-supplies/food-storage/seventy-transitional-jacket-4','women/women-jackets/seventy-transitional-jacket-4',301,1,NULL,0,'{\"category_id\":\"30\"}'),(2145,'product',64,'/seventy-transitional-jacket-4','catalog/product/view/id/64/category/2',0,1,NULL,1,'{\"category_id\":\"2\"}'),(2146,'product',70,'seventy-transitional-jacket-5','catalog/product/view/id/70',0,1,NULL,1,NULL),(2147,'product',70,'women/seventy-transitional-jacket-5','catalog/product/view/id/70/category/27',0,1,NULL,1,'{\"category_id\":\"27\"}'),(2148,'product',70,'women/women-jackets/seventy-transitional-jacket-5','catalog/product/view/id/70/category/30',0,1,NULL,1,'{\"category_id\":\"30\"}'),(2149,'product',70,'women/food-storage/seventy-transitional-jacket-5','women/women-jackets/seventy-transitional-jacket-5',301,1,NULL,0,'{\"category_id\":\"30\"}'),(2150,'product',70,'cleaning-storage-supplies/seventy-transitional-jacket-5','women/seventy-transitional-jacket-5',301,1,NULL,0,'{\"category_id\":\"27\"}'),(2151,'product',70,'cleaning-storage-supplies/food-storage/seventy-transitional-jacket-5','women/women-jackets/seventy-transitional-jacket-5',301,1,NULL,0,'{\"category_id\":\"30\"}'),(2152,'product',70,'/seventy-transitional-jacket-5','catalog/product/view/id/70/category/2',0,1,NULL,1,'{\"category_id\":\"2\"}'),(2153,'product',72,'seventy-transitional-jacket-6','catalog/product/view/id/72',0,1,NULL,1,NULL),(2154,'product',72,'women/seventy-transitional-jacket-6','catalog/product/view/id/72/category/27',0,1,NULL,1,'{\"category_id\":\"27\"}'),(2155,'product',72,'women/women-jackets/seventy-transitional-jacket-6','catalog/product/view/id/72/category/30',0,1,NULL,1,'{\"category_id\":\"30\"}'),(2156,'product',72,'women/food-storage/seventy-transitional-jacket-6','women/women-jackets/seventy-transitional-jacket-6',301,1,NULL,0,'{\"category_id\":\"30\"}'),(2157,'product',72,'cleaning-storage-supplies/seventy-transitional-jacket-6','women/seventy-transitional-jacket-6',301,1,NULL,0,'{\"category_id\":\"27\"}'),(2158,'product',72,'cleaning-storage-supplies/food-storage/seventy-transitional-jacket-6','women/women-jackets/seventy-transitional-jacket-6',301,1,NULL,0,'{\"category_id\":\"30\"}'),(2159,'product',72,'/seventy-transitional-jacket-6','catalog/product/view/id/72/category/2',0,1,NULL,1,'{\"category_id\":\"2\"}'),(2160,'product',73,'seventy-transitional-jacket-7','catalog/product/view/id/73',0,1,NULL,1,NULL),(2161,'product',73,'women/seventy-transitional-jacket-7','catalog/product/view/id/73/category/27',0,1,NULL,1,'{\"category_id\":\"27\"}'),(2162,'product',73,'women/women-jackets/seventy-transitional-jacket-7','catalog/product/view/id/73/category/30',0,1,NULL,1,'{\"category_id\":\"30\"}'),(2163,'product',73,'women/food-storage/seventy-transitional-jacket-7','women/women-jackets/seventy-transitional-jacket-7',301,1,NULL,0,'{\"category_id\":\"30\"}'),(2164,'product',73,'cleaning-storage-supplies/seventy-transitional-jacket-7','women/seventy-transitional-jacket-7',301,1,NULL,0,'{\"category_id\":\"27\"}'),(2165,'product',73,'cleaning-storage-supplies/food-storage/seventy-transitional-jacket-7','women/women-jackets/seventy-transitional-jacket-7',301,1,NULL,0,'{\"category_id\":\"30\"}'),(2166,'product',73,'/seventy-transitional-jacket-7','catalog/product/view/id/73/category/2',0,1,NULL,1,'{\"category_id\":\"2\"}'),(2167,'product',77,'seventy-transitional-jacket-8','catalog/product/view/id/77',0,1,NULL,1,NULL),(2168,'product',77,'women/seventy-transitional-jacket-8','catalog/product/view/id/77/category/27',0,1,NULL,1,'{\"category_id\":\"27\"}'),(2169,'product',77,'women/women-jackets/seventy-transitional-jacket-8','catalog/product/view/id/77/category/30',0,1,NULL,1,'{\"category_id\":\"30\"}'),(2170,'product',77,'women/food-storage/seventy-transitional-jacket-8','women/women-jackets/seventy-transitional-jacket-8',301,1,NULL,0,'{\"category_id\":\"30\"}'),(2171,'product',77,'cleaning-storage-supplies/seventy-transitional-jacket-8','women/seventy-transitional-jacket-8',301,1,NULL,0,'{\"category_id\":\"27\"}'),(2172,'product',77,'cleaning-storage-supplies/food-storage/seventy-transitional-jacket-8','women/women-jackets/seventy-transitional-jacket-8',301,1,NULL,0,'{\"category_id\":\"30\"}'),(2173,'product',77,'/seventy-transitional-jacket-8','catalog/product/view/id/77/category/2',0,1,NULL,1,'{\"category_id\":\"2\"}'),(2174,'product',80,'seventy-transitional-jacket-9','catalog/product/view/id/80',0,1,NULL,1,NULL),(2175,'product',80,'women/seventy-transitional-jacket-9','catalog/product/view/id/80/category/27',0,1,NULL,1,'{\"category_id\":\"27\"}'),(2176,'product',80,'women/women-jackets/seventy-transitional-jacket-9','catalog/product/view/id/80/category/30',0,1,NULL,1,'{\"category_id\":\"30\"}'),(2177,'product',80,'women/food-storage/seventy-transitional-jacket-9','women/women-jackets/seventy-transitional-jacket-9',301,1,NULL,0,'{\"category_id\":\"30\"}'),(2178,'product',80,'cleaning-storage-supplies/seventy-transitional-jacket-9','women/seventy-transitional-jacket-9',301,1,NULL,0,'{\"category_id\":\"27\"}'),(2179,'product',80,'cleaning-storage-supplies/food-storage/seventy-transitional-jacket-9','women/women-jackets/seventy-transitional-jacket-9',301,1,NULL,0,'{\"category_id\":\"30\"}'),(2180,'product',80,'/seventy-transitional-jacket-9','catalog/product/view/id/80/category/2',0,1,NULL,1,'{\"category_id\":\"2\"}'),(2181,'product',81,'seventy-transitional-jacket-10','catalog/product/view/id/81',0,1,NULL,1,NULL),(2182,'product',81,'women/seventy-transitional-jacket-10','catalog/product/view/id/81/category/27',0,1,NULL,1,'{\"category_id\":\"27\"}'),(2183,'product',81,'women/women-jackets/seventy-transitional-jacket-10','catalog/product/view/id/81/category/30',0,1,NULL,1,'{\"category_id\":\"30\"}'),(2184,'product',81,'women/food-storage/seventy-transitional-jacket-10','women/women-jackets/seventy-transitional-jacket-10',301,1,NULL,0,'{\"category_id\":\"30\"}'),(2185,'product',81,'cleaning-storage-supplies/seventy-transitional-jacket-10','women/seventy-transitional-jacket-10',301,1,NULL,0,'{\"category_id\":\"27\"}'),(2186,'product',81,'cleaning-storage-supplies/food-storage/seventy-transitional-jacket-10','women/women-jackets/seventy-transitional-jacket-10',301,1,NULL,0,'{\"category_id\":\"30\"}'),(2187,'product',81,'/seventy-transitional-jacket-10','catalog/product/view/id/81/category/2',0,1,NULL,1,'{\"category_id\":\"2\"}'),(2188,'category',31,'women/women-trousers','catalog/category/view/id/31',0,1,NULL,1,NULL),(2189,'category',31,'women/laundry','women/women-trousers',301,1,NULL,0,NULL),(2190,'category',31,'cleaning-storage-supplies/laundry','women/women-trousers',301,1,NULL,0,'[]'),(2191,'product',7,'brax-chuck-slim-fit','catalog/product/view/id/7',0,1,NULL,1,NULL),(2192,'product',7,'women/brax-chuck-slim-fit','catalog/product/view/id/7/category/27',0,1,NULL,1,'{\"category_id\":\"27\"}'),(2193,'product',7,'women/women-trousers/brax-chuck-slim-fit','catalog/product/view/id/7/category/31',0,1,NULL,1,'{\"category_id\":\"31\"}'),(2194,'product',7,'women/laundry/brax-chuck-slim-fit','women/women-trousers/brax-chuck-slim-fit',301,1,NULL,0,'{\"category_id\":\"31\"}'),(2195,'product',7,'cleaning-storage-supplies/brax-chuck-slim-fit','women/brax-chuck-slim-fit',301,1,NULL,0,'{\"category_id\":\"27\"}'),(2196,'product',7,'cleaning-storage-supplies/laundry/brax-chuck-slim-fit','women/women-trousers/brax-chuck-slim-fit',301,1,NULL,0,'{\"category_id\":\"31\"}'),(2197,'product',7,'/brax-chuck-slim-fit','catalog/product/view/id/7/category/2',0,1,NULL,1,'{\"category_id\":\"2\"}'),(2198,'product',9,'sweat-pants','catalog/product/view/id/9',0,1,NULL,1,NULL),(2199,'product',9,'women/sweat-pants','catalog/product/view/id/9/category/27',0,1,NULL,1,'{\"category_id\":\"27\"}'),(2200,'product',9,'women/women-trousers/sweat-pants','catalog/product/view/id/9/category/31',0,1,NULL,1,'{\"category_id\":\"31\"}'),(2201,'product',9,'women/laundry/sweat-pants','women/women-trousers/sweat-pants',301,1,NULL,0,'{\"category_id\":\"31\"}'),(2202,'product',9,'cleaning-storage-supplies/sweat-pants','women/sweat-pants',301,1,NULL,0,'{\"category_id\":\"27\"}'),(2203,'product',9,'cleaning-storage-supplies/laundry/sweat-pants','women/women-trousers/sweat-pants',301,1,NULL,0,'{\"category_id\":\"31\"}'),(2204,'product',9,'/sweat-pants','catalog/product/view/id/9/category/2',0,1,NULL,1,'{\"category_id\":\"2\"}'),(2205,'product',10,'business-trousers','catalog/product/view/id/10',0,1,NULL,1,NULL),(2206,'product',10,'women/business-trousers','catalog/product/view/id/10/category/27',0,1,NULL,1,'{\"category_id\":\"27\"}'),(2207,'product',10,'women/women-trousers/business-trousers','catalog/product/view/id/10/category/31',0,1,NULL,1,'{\"category_id\":\"31\"}'),(2208,'product',10,'women/laundry/business-trousers','women/women-trousers/business-trousers',301,1,NULL,0,'{\"category_id\":\"31\"}'),(2209,'product',10,'cleaning-storage-supplies/business-trousers','women/business-trousers',301,1,NULL,0,'{\"category_id\":\"27\"}'),(2210,'product',10,'cleaning-storage-supplies/laundry/business-trousers','women/women-trousers/business-trousers',301,1,NULL,0,'{\"category_id\":\"31\"}'),(2211,'product',10,'/business-trousers','catalog/product/view/id/10/category/2',0,1,NULL,1,'{\"category_id\":\"2\"}'),(2212,'product',11,'chino','catalog/product/view/id/11',0,1,NULL,1,NULL),(2213,'product',11,'women/chino','catalog/product/view/id/11/category/27',0,1,NULL,1,'{\"category_id\":\"27\"}'),(2214,'product',11,'women/women-trousers/chino','catalog/product/view/id/11/category/31',0,1,NULL,1,'{\"category_id\":\"31\"}'),(2215,'product',11,'women/laundry/chino','women/women-trousers/chino',301,1,NULL,0,'{\"category_id\":\"31\"}'),(2216,'product',11,'cleaning-storage-supplies/chino','women/chino',301,1,NULL,0,'{\"category_id\":\"27\"}'),(2217,'product',11,'cleaning-storage-supplies/laundry/chino','women/women-trousers/chino',301,1,NULL,0,'{\"category_id\":\"31\"}'),(2218,'product',11,'/chino','catalog/product/view/id/11/category/2',0,1,NULL,1,'{\"category_id\":\"2\"}'),(2219,'product',12,'dress-trousers','catalog/product/view/id/12',0,1,NULL,1,NULL),(2220,'product',12,'women/dress-trousers','catalog/product/view/id/12/category/27',0,1,NULL,1,'{\"category_id\":\"27\"}'),(2221,'product',12,'women/women-trousers/dress-trousers','catalog/product/view/id/12/category/31',0,1,NULL,1,'{\"category_id\":\"31\"}'),(2222,'product',12,'women/laundry/dress-trousers','women/women-trousers/dress-trousers',301,1,NULL,0,'{\"category_id\":\"31\"}'),(2223,'product',12,'cleaning-storage-supplies/dress-trousers','women/dress-trousers',301,1,NULL,0,'{\"category_id\":\"27\"}'),(2224,'product',12,'cleaning-storage-supplies/laundry/dress-trousers','women/women-trousers/dress-trousers',301,1,NULL,0,'{\"category_id\":\"31\"}'),(2225,'product',12,'/dress-trousers','catalog/product/view/id/12/category/2',0,1,NULL,1,'{\"category_id\":\"2\"}'),(2226,'product',17,'casual-trousers','catalog/product/view/id/17',0,1,NULL,1,NULL),(2227,'product',17,'women/casual-trousers','catalog/product/view/id/17/category/27',0,1,NULL,1,'{\"category_id\":\"27\"}'),(2228,'product',17,'women/women-trousers/casual-trousers','catalog/product/view/id/17/category/31',0,1,NULL,1,'{\"category_id\":\"31\"}'),(2229,'product',17,'women/laundry/casual-trousers','women/women-trousers/casual-trousers',301,1,NULL,0,'{\"category_id\":\"31\"}'),(2230,'product',17,'cleaning-storage-supplies/casual-trousers','women/casual-trousers',301,1,NULL,0,'{\"category_id\":\"27\"}'),(2231,'product',17,'cleaning-storage-supplies/laundry/casual-trousers','women/women-trousers/casual-trousers',301,1,NULL,0,'{\"category_id\":\"31\"}'),(2232,'product',17,'/casual-trousers','catalog/product/view/id/17/category/2',0,1,NULL,1,'{\"category_id\":\"2\"}'),(2233,'product',19,'pale-belt-pants','catalog/product/view/id/19',0,1,NULL,1,NULL),(2234,'product',19,'women/pale-belt-pants','catalog/product/view/id/19/category/27',0,1,NULL,1,'{\"category_id\":\"27\"}'),(2235,'product',19,'women/women-trousers/pale-belt-pants','catalog/product/view/id/19/category/31',0,1,NULL,1,'{\"category_id\":\"31\"}'),(2236,'product',19,'women/laundry/pale-belt-pants','women/women-trousers/pale-belt-pants',301,1,NULL,0,'{\"category_id\":\"31\"}'),(2237,'product',19,'cleaning-storage-supplies/pale-belt-pants','women/pale-belt-pants',301,1,NULL,0,'{\"category_id\":\"27\"}'),(2238,'product',19,'cleaning-storage-supplies/laundry/pale-belt-pants','women/women-trousers/pale-belt-pants',301,1,NULL,0,'{\"category_id\":\"31\"}'),(2239,'product',19,'/pale-belt-pants','catalog/product/view/id/19/category/2',0,1,NULL,1,'{\"category_id\":\"2\"}'),(2240,'product',24,'wool-jersey-trousers','catalog/product/view/id/24',0,1,NULL,1,NULL),(2241,'product',24,'women/wool-jersey-trousers','catalog/product/view/id/24/category/27',0,1,NULL,1,'{\"category_id\":\"27\"}'),(2242,'product',24,'women/women-trousers/wool-jersey-trousers','catalog/product/view/id/24/category/31',0,1,NULL,1,'{\"category_id\":\"31\"}'),(2243,'product',24,'women/laundry/wool-jersey-trousers','women/women-trousers/wool-jersey-trousers',301,1,NULL,0,'{\"category_id\":\"31\"}'),(2244,'product',24,'cleaning-storage-supplies/wool-jersey-trousers','women/wool-jersey-trousers',301,1,NULL,0,'{\"category_id\":\"27\"}'),(2245,'product',24,'cleaning-storage-supplies/laundry/wool-jersey-trousers','women/women-trousers/wool-jersey-trousers',301,1,NULL,0,'{\"category_id\":\"31\"}'),(2246,'product',24,'/wool-jersey-trousers','catalog/product/view/id/24/category/2',0,1,NULL,1,'{\"category_id\":\"2\"}'),(2247,'product',26,'cotton-stretch-tapered-pants','catalog/product/view/id/26',0,1,NULL,1,NULL),(2248,'product',26,'women/cotton-stretch-tapered-pants','catalog/product/view/id/26/category/27',0,1,NULL,1,'{\"category_id\":\"27\"}'),(2249,'product',26,'women/women-trousers/cotton-stretch-tapered-pants','catalog/product/view/id/26/category/31',0,1,NULL,1,'{\"category_id\":\"31\"}'),(2250,'product',26,'women/laundry/cotton-stretch-tapered-pants','women/women-trousers/cotton-stretch-tapered-pants',301,1,NULL,0,'{\"category_id\":\"31\"}'),(2251,'product',26,'cleaning-storage-supplies/cotton-stretch-tapered-pants','women/cotton-stretch-tapered-pants',301,1,NULL,0,'{\"category_id\":\"27\"}'),(2252,'product',26,'cleaning-storage-supplies/laundry/cotton-stretch-tapered-pants','women/women-trousers/cotton-stretch-tapered-pants',301,1,NULL,0,'{\"category_id\":\"31\"}'),(2253,'product',26,'/cotton-stretch-tapered-pants','catalog/product/view/id/26/category/2',0,1,NULL,1,'{\"category_id\":\"2\"}'),(2254,'category',32,'women/women-jeans','catalog/category/view/id/32',0,1,NULL,1,NULL),(2255,'category',32,'women/paper-products','women/women-jeans',301,1,NULL,0,NULL),(2256,'category',32,'cleaning-storage-supplies/paper-products','women/women-jeans',301,1,NULL,0,'[]'),(2257,'product',18,'slim-fit-jeans','catalog/product/view/id/18',0,1,NULL,1,NULL),(2258,'product',18,'women/slim-fit-jeans','catalog/product/view/id/18/category/27',0,1,NULL,1,'{\"category_id\":\"27\"}'),(2259,'product',18,'women/women-jeans/slim-fit-jeans','catalog/product/view/id/18/category/32',0,1,NULL,1,'{\"category_id\":\"32\"}'),(2260,'product',18,'women/paper-products/slim-fit-jeans','women/women-jeans/slim-fit-jeans',301,1,NULL,0,'{\"category_id\":\"32\"}'),(2261,'product',18,'cleaning-storage-supplies/slim-fit-jeans','women/slim-fit-jeans',301,1,NULL,0,'{\"category_id\":\"27\"}'),(2262,'product',18,'cleaning-storage-supplies/paper-products/slim-fit-jeans','women/women-jeans/slim-fit-jeans',301,1,NULL,0,'{\"category_id\":\"32\"}'),(2263,'product',18,'/slim-fit-jeans','catalog/product/view/id/18/category/2',0,1,NULL,1,'{\"category_id\":\"2\"}'),(2264,'product',22,'straight-leg-jeans','catalog/product/view/id/22',0,1,NULL,1,NULL),(2265,'product',22,'women/straight-leg-jeans','catalog/product/view/id/22/category/27',0,1,NULL,1,'{\"category_id\":\"27\"}'),(2266,'product',22,'women/women-jeans/straight-leg-jeans','catalog/product/view/id/22/category/32',0,1,NULL,1,'{\"category_id\":\"32\"}'),(2267,'product',22,'women/paper-products/straight-leg-jeans','women/women-jeans/straight-leg-jeans',301,1,NULL,0,'{\"category_id\":\"32\"}'),(2268,'product',22,'cleaning-storage-supplies/straight-leg-jeans','women/straight-leg-jeans',301,1,NULL,0,'{\"category_id\":\"27\"}'),(2269,'product',22,'cleaning-storage-supplies/paper-products/straight-leg-jeans','women/women-jeans/straight-leg-jeans',301,1,NULL,0,'{\"category_id\":\"32\"}'),(2270,'product',22,'/straight-leg-jeans','catalog/product/view/id/22/category/2',0,1,NULL,1,'{\"category_id\":\"2\"}'),(2271,'product',30,'the-skinny-crop','catalog/product/view/id/30',0,1,NULL,1,NULL),(2272,'product',30,'women/the-skinny-crop','catalog/product/view/id/30/category/27',0,1,NULL,1,'{\"category_id\":\"27\"}'),(2273,'product',30,'women/women-jeans/the-skinny-crop','catalog/product/view/id/30/category/32',0,1,NULL,1,'{\"category_id\":\"32\"}'),(2274,'product',30,'women/paper-products/the-skinny-crop','women/women-jeans/the-skinny-crop',301,1,NULL,0,'{\"category_id\":\"32\"}'),(2275,'product',30,'cleaning-storage-supplies/the-skinny-crop','women/the-skinny-crop',301,1,NULL,0,'{\"category_id\":\"27\"}'),(2276,'product',30,'cleaning-storage-supplies/paper-products/the-skinny-crop','women/women-jeans/the-skinny-crop',301,1,NULL,0,'{\"category_id\":\"32\"}'),(2277,'product',30,'/the-skinny-crop','catalog/product/view/id/30/category/2',0,1,NULL,1,'{\"category_id\":\"2\"}'),(2278,'product',57,'slim-fit-jeans-jane','catalog/product/view/id/57',0,1,NULL,1,NULL),(2279,'product',57,'women/slim-fit-jeans-jane','catalog/product/view/id/57/category/27',0,1,NULL,1,'{\"category_id\":\"27\"}'),(2280,'product',57,'women/women-jeans/slim-fit-jeans-jane','catalog/product/view/id/57/category/32',0,1,NULL,1,'{\"category_id\":\"32\"}'),(2281,'product',57,'women/paper-products/slim-fit-jeans-jane','women/women-jeans/slim-fit-jeans-jane',301,1,NULL,0,'{\"category_id\":\"32\"}'),(2282,'product',57,'cleaning-storage-supplies/slim-fit-jeans-jane','women/slim-fit-jeans-jane',301,1,NULL,0,'{\"category_id\":\"27\"}'),(2283,'product',57,'cleaning-storage-supplies/paper-products/slim-fit-jeans-jane','women/women-jeans/slim-fit-jeans-jane',301,1,NULL,0,'{\"category_id\":\"32\"}'),(2284,'product',57,'/slim-fit-jeans-jane','catalog/product/view/id/57/category/2',0,1,NULL,1,'{\"category_id\":\"2\"}'),(2285,'category',33,'women/women-shoes','catalog/category/view/id/33',0,1,NULL,1,NULL),(2286,'category',33,'women/soap-dish-detergent','women/women-shoes',301,1,NULL,0,NULL),(2287,'category',33,'cleaning-storage-supplies/soap-dish-detergent','women/women-shoes',301,1,NULL,0,'[]'),(2288,'product',54,'pumps','catalog/product/view/id/54',0,1,NULL,1,NULL),(2289,'product',54,'women/pumps','catalog/product/view/id/54/category/27',0,1,NULL,1,'{\"category_id\":\"27\"}'),(2290,'product',54,'women/women-shoes/pumps','catalog/product/view/id/54/category/33',0,1,NULL,1,'{\"category_id\":\"33\"}'),(2291,'product',54,'women/soap-dish-detergent/pumps','women/women-shoes/pumps',301,1,NULL,0,'{\"category_id\":\"33\"}'),(2292,'product',54,'cleaning-storage-supplies/pumps','women/pumps',301,1,NULL,0,'{\"category_id\":\"27\"}'),(2293,'product',54,'cleaning-storage-supplies/soap-dish-detergent/pumps','women/women-shoes/pumps',301,1,NULL,0,'{\"category_id\":\"33\"}'),(2294,'product',54,'/pumps','catalog/product/view/id/54/category/2',0,1,NULL,1,'{\"category_id\":\"2\"}'),(2295,'product',60,'black-chino-1','catalog/product/view/id/60',0,1,NULL,1,NULL),(2296,'product',60,'women/black-chino-1','catalog/product/view/id/60/category/27',0,1,NULL,1,'{\"category_id\":\"27\"}'),(2297,'product',60,'women/women-shoes/black-chino-1','catalog/product/view/id/60/category/33',0,1,NULL,1,'{\"category_id\":\"33\"}'),(2298,'product',60,'women/soap-dish-detergent/black-chino-1','women/women-shoes/black-chino-1',301,1,NULL,0,'{\"category_id\":\"33\"}'),(2299,'product',60,'cleaning-storage-supplies/black-chino-1','women/black-chino-1',301,1,NULL,0,'{\"category_id\":\"27\"}'),(2300,'product',60,'cleaning-storage-supplies/soap-dish-detergent/black-chino-1','women/women-shoes/black-chino-1',301,1,NULL,0,'{\"category_id\":\"33\"}'),(2301,'product',60,'/black-chino-1','catalog/product/view/id/60/category/2',0,1,NULL,1,'{\"category_id\":\"2\"}'),(2302,'product',69,'black-chino-2','catalog/product/view/id/69',0,1,NULL,1,NULL),(2303,'product',69,'women/black-chino-2','catalog/product/view/id/69/category/27',0,1,NULL,1,'{\"category_id\":\"27\"}'),(2304,'product',69,'women/women-shoes/black-chino-2','catalog/product/view/id/69/category/33',0,1,NULL,1,'{\"category_id\":\"33\"}'),(2305,'product',69,'women/soap-dish-detergent/black-chino-2','women/women-shoes/black-chino-2',301,1,NULL,0,'{\"category_id\":\"33\"}'),(2306,'product',69,'cleaning-storage-supplies/black-chino-2','women/black-chino-2',301,1,NULL,0,'{\"category_id\":\"27\"}'),(2307,'product',69,'cleaning-storage-supplies/soap-dish-detergent/black-chino-2','women/women-shoes/black-chino-2',301,1,NULL,0,'{\"category_id\":\"33\"}'),(2308,'product',69,'/black-chino-2','catalog/product/view/id/69/category/2',0,1,NULL,1,'{\"category_id\":\"2\"}'),(2309,'product',75,'black-chino-3','catalog/product/view/id/75',0,1,NULL,1,NULL),(2310,'product',75,'women/black-chino-3','catalog/product/view/id/75/category/27',0,1,NULL,1,'{\"category_id\":\"27\"}'),(2311,'product',75,'women/women-shoes/black-chino-3','catalog/product/view/id/75/category/33',0,1,NULL,1,'{\"category_id\":\"33\"}'),(2312,'product',75,'women/soap-dish-detergent/black-chino-3','women/women-shoes/black-chino-3',301,1,NULL,0,'{\"category_id\":\"33\"}'),(2313,'product',75,'cleaning-storage-supplies/black-chino-3','women/black-chino-3',301,1,NULL,0,'{\"category_id\":\"27\"}'),(2314,'product',75,'cleaning-storage-supplies/soap-dish-detergent/black-chino-3','women/women-shoes/black-chino-3',301,1,NULL,0,'{\"category_id\":\"33\"}'),(2315,'product',75,'/black-chino-3','catalog/product/view/id/75/category/2',0,1,NULL,1,'{\"category_id\":\"2\"}'),(2316,'product',82,'black-chino-4','catalog/product/view/id/82',0,1,NULL,1,NULL),(2317,'product',82,'women/black-chino-4','catalog/product/view/id/82/category/27',0,1,NULL,1,'{\"category_id\":\"27\"}'),(2318,'product',82,'women/women-shoes/black-chino-4','catalog/product/view/id/82/category/33',0,1,NULL,1,'{\"category_id\":\"33\"}'),(2319,'product',82,'women/soap-dish-detergent/black-chino-4','women/women-shoes/black-chino-4',301,1,NULL,0,'{\"category_id\":\"33\"}'),(2320,'product',82,'cleaning-storage-supplies/black-chino-4','women/black-chino-4',301,1,NULL,0,'{\"category_id\":\"27\"}'),(2321,'product',82,'cleaning-storage-supplies/soap-dish-detergent/black-chino-4','women/women-shoes/black-chino-4',301,1,NULL,0,'{\"category_id\":\"33\"}'),(2322,'product',82,'/black-chino-4','catalog/product/view/id/82/category/2',0,1,NULL,1,'{\"category_id\":\"2\"}'),(2323,'product',84,'black-chino-5','catalog/product/view/id/84',0,1,NULL,1,NULL),(2324,'product',84,'women/black-chino-5','catalog/product/view/id/84/category/27',0,1,NULL,1,'{\"category_id\":\"27\"}'),(2325,'product',84,'women/women-shoes/black-chino-5','catalog/product/view/id/84/category/33',0,1,NULL,1,'{\"category_id\":\"33\"}'),(2326,'product',84,'women/soap-dish-detergent/black-chino-5','women/women-shoes/black-chino-5',301,1,NULL,0,'{\"category_id\":\"33\"}'),(2327,'product',84,'cleaning-storage-supplies/black-chino-5','women/black-chino-5',301,1,NULL,0,'{\"category_id\":\"27\"}'),(2328,'product',84,'cleaning-storage-supplies/soap-dish-detergent/black-chino-5','women/women-shoes/black-chino-5',301,1,NULL,0,'{\"category_id\":\"33\"}'),(2329,'product',84,'/black-chino-5','catalog/product/view/id/84/category/2',0,1,NULL,1,'{\"category_id\":\"2\"}'),(2330,'product',86,'black-chino-6','catalog/product/view/id/86',0,1,NULL,1,NULL),(2331,'product',86,'women/black-chino-6','catalog/product/view/id/86/category/27',0,1,NULL,1,'{\"category_id\":\"27\"}'),(2332,'product',86,'women/women-shoes/black-chino-6','catalog/product/view/id/86/category/33',0,1,NULL,1,'{\"category_id\":\"33\"}'),(2333,'product',86,'women/soap-dish-detergent/black-chino-6','women/women-shoes/black-chino-6',301,1,NULL,0,'{\"category_id\":\"33\"}'),(2334,'product',86,'cleaning-storage-supplies/black-chino-6','women/black-chino-6',301,1,NULL,0,'{\"category_id\":\"27\"}'),(2335,'product',86,'cleaning-storage-supplies/soap-dish-detergent/black-chino-6','women/women-shoes/black-chino-6',301,1,NULL,0,'{\"category_id\":\"33\"}'),(2336,'product',86,'/black-chino-6','catalog/product/view/id/86/category/2',0,1,NULL,1,'{\"category_id\":\"2\"}'),(2337,'product',89,'black-chino-7','catalog/product/view/id/89',0,1,NULL,1,NULL),(2338,'product',89,'women/black-chino-7','catalog/product/view/id/89/category/27',0,1,NULL,1,'{\"category_id\":\"27\"}'),(2339,'product',89,'women/women-shoes/black-chino-7','catalog/product/view/id/89/category/33',0,1,NULL,1,'{\"category_id\":\"33\"}'),(2340,'product',89,'women/soap-dish-detergent/black-chino-7','women/women-shoes/black-chino-7',301,1,NULL,0,'{\"category_id\":\"33\"}'),(2341,'product',89,'cleaning-storage-supplies/black-chino-7','women/black-chino-7',301,1,NULL,0,'{\"category_id\":\"27\"}'),(2342,'product',89,'cleaning-storage-supplies/soap-dish-detergent/black-chino-7','women/women-shoes/black-chino-7',301,1,NULL,0,'{\"category_id\":\"33\"}'),(2343,'product',89,'/black-chino-7','catalog/product/view/id/89/category/2',0,1,NULL,1,'{\"category_id\":\"2\"}'),(2398,'product',112,'unq-linen-dress-2','catalog/product/view/id/112',0,1,NULL,1,NULL),(2399,'product',112,'women/unq-linen-dress-2','catalog/product/view/id/112/category/27',0,1,NULL,1,'{\"category_id\":\"27\"}'),(2400,'product',112,'women/women-dresses/unq-linen-dress-2','catalog/product/view/id/112/category/28',0,1,NULL,1,'{\"category_id\":\"28\"}'),(2401,'product',112,'/unq-linen-dress-2','catalog/product/view/id/112/category/2',0,1,NULL,1,'{\"category_id\":\"2\"}'),(2402,'product',113,'unq-linen-dress-3','catalog/product/view/id/113',0,1,NULL,1,NULL),(2403,'product',113,'women/unq-linen-dress-3','catalog/product/view/id/113/category/27',0,1,NULL,1,'{\"category_id\":\"27\"}'),(2404,'product',113,'women/women-dresses/unq-linen-dress-3','catalog/product/view/id/113/category/28',0,1,NULL,1,'{\"category_id\":\"28\"}'),(2405,'product',113,'/unq-linen-dress-3','catalog/product/view/id/113/category/2',0,1,NULL,1,'{\"category_id\":\"2\"}'),(2410,'product',115,'unq-linen-dress-4','catalog/product/view/id/115',0,1,NULL,1,NULL),(2411,'product',115,'women/unq-linen-dress-4','catalog/product/view/id/115/category/27',0,1,NULL,1,'{\"category_id\":\"27\"}'),(2412,'product',115,'women/women-dresses/unq-linen-dress-4','catalog/product/view/id/115/category/28',0,1,NULL,1,'{\"category_id\":\"28\"}'),(2413,'product',115,'/unq-linen-dress-4','catalog/product/view/id/115/category/2',0,1,NULL,1,'{\"category_id\":\"2\"}'),(2415,'product',117,'unq-linen-dress-5','catalog/product/view/id/117',0,1,NULL,1,NULL),(2416,'product',117,'women/unq-linen-dress-5','catalog/product/view/id/117/category/27',0,1,NULL,1,'{\"category_id\":\"27\"}'),(2417,'product',117,'women/women-dresses/unq-linen-dress-5','catalog/product/view/id/117/category/28',0,1,NULL,1,'{\"category_id\":\"28\"}'),(2418,'product',117,'/unq-linen-dress-5','catalog/product/view/id/117/category/2',0,1,NULL,1,'{\"category_id\":\"2\"}'),(2450,'category',35,'accessories','catalog/category/view/id/35',0,1,NULL,1,NULL),(2451,'category',36,'accessories/accessories-sunglasses','catalog/category/view/id/36',0,1,NULL,1,NULL),(2452,'category',36,'office-school/accessories-sunglasses','accessories/accessories-sunglasses',301,1,NULL,0,NULL),(2453,'category',36,'office-school/office-supplies','accessories/accessories-sunglasses',301,1,NULL,0,'[]'),(2454,'category',37,'accessories/accessories-bags','catalog/category/view/id/37',0,1,NULL,1,NULL),(2455,'category',37,'office-school/accessories-bags','accessories/accessories-bags',301,1,NULL,0,NULL),(2456,'category',37,'office-school/paper-notebooks','accessories/accessories-bags',301,1,NULL,0,'[]'),(2457,'category',38,'accessories/accessories-belts','catalog/category/view/id/38',0,1,NULL,1,NULL),(2458,'category',38,'office-school/accessories-belts','accessories/accessories-belts',301,1,NULL,0,NULL),(2459,'category',38,'office-school/storage-organization','accessories/accessories-belts',301,1,NULL,0,'[]'),(2460,'category',35,'office-school','accessories',301,1,NULL,0,NULL),(2559,'product',120,'sequin-dress-1','catalog/product/view/id/120',0,1,NULL,1,NULL),(2560,'product',120,'women/sequin-dress-1','catalog/product/view/id/120/category/27',0,1,NULL,1,'{\"category_id\":\"27\"}'),(2561,'product',120,'women/women-dresses/sequin-dress-1','catalog/product/view/id/120/category/28',0,1,NULL,1,'{\"category_id\":\"28\"}'),(2562,'product',120,'/sequin-dress-1','catalog/product/view/id/120/category/2',0,1,NULL,1,'{\"category_id\":\"2\"}'),(2563,'product',119,'sequin-dress','catalog/product/view/id/119',0,1,NULL,1,NULL),(2564,'product',119,'women/sequin-dress','catalog/product/view/id/119/category/27',0,1,NULL,1,'{\"category_id\":\"27\"}'),(2565,'product',119,'women/women-dresses/sequin-dress','catalog/product/view/id/119/category/28',0,1,NULL,1,'{\"category_id\":\"28\"}'),(2566,'product',119,'/sequin-dress','catalog/product/view/id/119/category/2',0,1,NULL,1,'{\"category_id\":\"2\"}'),(2567,'product',123,'sequin-dress-3','catalog/product/view/id/123',0,1,NULL,1,NULL),(2568,'product',123,'women/sequin-dress-3','catalog/product/view/id/123/category/27',0,1,NULL,1,'{\"category_id\":\"27\"}'),(2569,'product',123,'women/women-dresses/sequin-dress-3','catalog/product/view/id/123/category/28',0,1,NULL,1,'{\"category_id\":\"28\"}'),(2570,'product',123,'/sequin-dress-3','catalog/product/view/id/123/category/2',0,1,NULL,1,'{\"category_id\":\"2\"}'),(2571,'product',122,'sequin-dress-2','catalog/product/view/id/122',0,1,NULL,1,NULL),(2572,'product',122,'women/sequin-dress-2','catalog/product/view/id/122/category/27',0,1,NULL,1,'{\"category_id\":\"27\"}'),(2573,'product',122,'women/women-dresses/sequin-dress-2','catalog/product/view/id/122/category/28',0,1,NULL,1,'{\"category_id\":\"28\"}'),(2574,'product',122,'/sequin-dress-2','catalog/product/view/id/122/category/2',0,1,NULL,1,'{\"category_id\":\"2\"}'),(2575,'product',45,'slim-fit-jeans-eline','catalog/product/view/id/45',0,1,NULL,1,NULL),(2576,'product',45,'women/slim-fit-jeans-eline','catalog/product/view/id/45/category/27',0,1,NULL,1,'{\"category_id\":\"27\"}'),(2577,'product',45,'women/women-jeans/slim-fit-jeans-eline','catalog/product/view/id/45/category/32',0,1,NULL,1,'{\"category_id\":\"32\"}'),(2578,'product',45,'/slim-fit-jeans-eline','catalog/product/view/id/45/category/2',0,1,NULL,1,'{\"category_id\":\"2\"}'),(2579,'product',33,'boyfriend-jeans','catalog/product/view/id/33',0,1,NULL,1,NULL),(2580,'product',33,'women/boyfriend-jeans','catalog/product/view/id/33/category/27',0,1,NULL,1,'{\"category_id\":\"27\"}'),(2581,'product',33,'women/women-jeans/boyfriend-jeans','catalog/product/view/id/33/category/32',0,1,NULL,1,'{\"category_id\":\"32\"}'),(2582,'product',33,'/boyfriend-jeans','catalog/product/view/id/33/category/2',0,1,NULL,1,'{\"category_id\":\"2\"}'),(2619,'product',31,'bottega-veneta','catalog/product/view/id/31',0,1,NULL,1,NULL),(2620,'product',31,'accessories/bottega-veneta','catalog/product/view/id/31/category/35',0,1,NULL,1,'{\"category_id\":\"35\"}'),(2621,'product',31,'accessories/accessories-sunglasses/bottega-veneta','catalog/product/view/id/31/category/36',0,1,NULL,1,'{\"category_id\":\"36\"}'),(2622,'product',31,'office-school/bottega-veneta','accessories/bottega-veneta',301,1,NULL,0,'{\"category_id\":\"35\"}'),(2623,'product',31,'office-school/accessories-sunglasses/bottega-veneta','accessories/accessories-sunglasses/bottega-veneta',301,1,NULL,0,'{\"category_id\":\"36\"}'),(2624,'product',31,'office-school/office-supplies/bottega-veneta','accessories/accessories-sunglasses/bottega-veneta',301,1,NULL,0,'{\"category_id\":\"36\"}'),(2625,'product',31,'/bottega-veneta','catalog/product/view/id/31/category/2',0,1,NULL,1,'{\"category_id\":\"2\"}'),(2626,'product',32,'sunglasses','catalog/product/view/id/32',0,1,NULL,1,NULL),(2627,'product',32,'accessories/sunglasses','catalog/product/view/id/32/category/35',0,1,NULL,1,'{\"category_id\":\"35\"}'),(2628,'product',32,'accessories/accessories-sunglasses/sunglasses','catalog/product/view/id/32/category/36',0,1,NULL,1,'{\"category_id\":\"36\"}'),(2629,'product',32,'office-school/sunglasses','accessories/sunglasses',301,1,NULL,0,'{\"category_id\":\"35\"}'),(2630,'product',32,'office-school/accessories-sunglasses/sunglasses','accessories/accessories-sunglasses/sunglasses',301,1,NULL,0,'{\"category_id\":\"36\"}'),(2631,'product',32,'office-school/office-supplies/sunglasses','accessories/accessories-sunglasses/sunglasses',301,1,NULL,0,'{\"category_id\":\"36\"}'),(2632,'product',32,'/sunglasses','catalog/product/view/id/32/category/2',0,1,NULL,1,'{\"category_id\":\"2\"}'),(2633,'product',48,'green-sunglasses','catalog/product/view/id/48',0,1,NULL,1,NULL),(2634,'product',48,'accessories/green-sunglasses','catalog/product/view/id/48/category/35',0,1,NULL,1,'{\"category_id\":\"35\"}'),(2635,'product',48,'accessories/accessories-sunglasses/green-sunglasses','catalog/product/view/id/48/category/36',0,1,NULL,1,'{\"category_id\":\"36\"}'),(2636,'product',48,'office-school/green-sunglasses','accessories/green-sunglasses',301,1,NULL,0,'{\"category_id\":\"35\"}'),(2637,'product',48,'office-school/accessories-sunglasses/green-sunglasses','accessories/accessories-sunglasses/green-sunglasses',301,1,NULL,0,'{\"category_id\":\"36\"}'),(2638,'product',48,'office-school/office-supplies/green-sunglasses','accessories/accessories-sunglasses/green-sunglasses',301,1,NULL,0,'{\"category_id\":\"36\"}'),(2639,'product',48,'/green-sunglasses','catalog/product/view/id/48/category/2',0,1,NULL,1,'{\"category_id\":\"2\"}'),(2640,'product',58,'black-sunglasses','catalog/product/view/id/58',0,1,NULL,1,NULL),(2641,'product',58,'accessories/black-sunglasses','catalog/product/view/id/58/category/35',0,1,NULL,1,'{\"category_id\":\"35\"}'),(2642,'product',58,'accessories/accessories-sunglasses/black-sunglasses','catalog/product/view/id/58/category/36',0,1,NULL,1,'{\"category_id\":\"36\"}'),(2643,'product',58,'office-school/black-sunglasses','accessories/black-sunglasses',301,1,NULL,0,'{\"category_id\":\"35\"}'),(2644,'product',58,'office-school/accessories-sunglasses/black-sunglasses','accessories/accessories-sunglasses/black-sunglasses',301,1,NULL,0,'{\"category_id\":\"36\"}'),(2645,'product',58,'office-school/office-supplies/black-sunglasses','accessories/accessories-sunglasses/black-sunglasses',301,1,NULL,0,'{\"category_id\":\"36\"}'),(2646,'product',58,'/black-sunglasses','catalog/product/view/id/58/category/2',0,1,NULL,1,'{\"category_id\":\"2\"}'),(2647,'product',61,'black-sunglasses-1','catalog/product/view/id/61',0,1,NULL,1,NULL),(2648,'product',61,'accessories/black-sunglasses-1','catalog/product/view/id/61/category/35',0,1,NULL,1,'{\"category_id\":\"35\"}'),(2649,'product',61,'accessories/accessories-sunglasses/black-sunglasses-1','catalog/product/view/id/61/category/36',0,1,NULL,1,'{\"category_id\":\"36\"}'),(2650,'product',61,'office-school/black-sunglasses-1','accessories/black-sunglasses-1',301,1,NULL,0,'{\"category_id\":\"35\"}'),(2651,'product',61,'office-school/accessories-sunglasses/black-sunglasses-1','accessories/accessories-sunglasses/black-sunglasses-1',301,1,NULL,0,'{\"category_id\":\"36\"}'),(2652,'product',61,'office-school/office-supplies/black-sunglasses-1','accessories/accessories-sunglasses/black-sunglasses-1',301,1,NULL,0,'{\"category_id\":\"36\"}'),(2653,'product',61,'/black-sunglasses-1','catalog/product/view/id/61/category/2',0,1,NULL,1,'{\"category_id\":\"2\"}'),(2654,'product',65,'black-sunglasses-2','catalog/product/view/id/65',0,1,NULL,1,NULL),(2655,'product',65,'accessories/black-sunglasses-2','catalog/product/view/id/65/category/35',0,1,NULL,1,'{\"category_id\":\"35\"}'),(2656,'product',65,'accessories/accessories-sunglasses/black-sunglasses-2','catalog/product/view/id/65/category/36',0,1,NULL,1,'{\"category_id\":\"36\"}'),(2657,'product',65,'office-school/black-sunglasses-2','accessories/black-sunglasses-2',301,1,NULL,0,'{\"category_id\":\"35\"}'),(2658,'product',65,'office-school/accessories-sunglasses/black-sunglasses-2','accessories/accessories-sunglasses/black-sunglasses-2',301,1,NULL,0,'{\"category_id\":\"36\"}'),(2659,'product',65,'office-school/office-supplies/black-sunglasses-2','accessories/accessories-sunglasses/black-sunglasses-2',301,1,NULL,0,'{\"category_id\":\"36\"}'),(2660,'product',65,'/black-sunglasses-2','catalog/product/view/id/65/category/2',0,1,NULL,1,'{\"category_id\":\"2\"}'),(2661,'product',74,'rose-gold-diorsorealrise','catalog/product/view/id/74',0,1,NULL,1,NULL),(2662,'product',74,'accessories/rose-gold-diorsorealrise','catalog/product/view/id/74/category/35',0,1,NULL,1,'{\"category_id\":\"35\"}'),(2663,'product',74,'accessories/accessories-sunglasses/rose-gold-diorsorealrise','catalog/product/view/id/74/category/36',0,1,NULL,1,'{\"category_id\":\"36\"}'),(2664,'product',74,'office-school/rose-gold-diorsorealrise','accessories/rose-gold-diorsorealrise',301,1,NULL,0,'{\"category_id\":\"35\"}'),(2665,'product',74,'office-school/accessories-sunglasses/rose-gold-diorsorealrise','accessories/accessories-sunglasses/rose-gold-diorsorealrise',301,1,NULL,0,'{\"category_id\":\"36\"}'),(2666,'product',74,'office-school/office-supplies/rose-gold-diorsorealrise','accessories/accessories-sunglasses/rose-gold-diorsorealrise',301,1,NULL,0,'{\"category_id\":\"36\"}'),(2667,'product',74,'/rose-gold-diorsorealrise','catalog/product/view/id/74/category/2',0,1,NULL,1,'{\"category_id\":\"2\"}'),(2668,'product',111,'taupe-leather-belt','catalog/product/view/id/111',0,1,NULL,1,NULL),(2669,'product',111,'accessories/taupe-leather-belt','catalog/product/view/id/111/category/35',0,1,NULL,1,'{\"category_id\":\"35\"}'),(2670,'product',111,'accessories/accessories-belts/taupe-leather-belt','catalog/product/view/id/111/category/38',0,1,NULL,1,'{\"category_id\":\"38\"}'),(2671,'product',111,'office-school/taupe-leather-belt','accessories/taupe-leather-belt',301,1,NULL,0,'{\"category_id\":\"35\"}'),(2672,'product',111,'office-school/accessories-belts/taupe-leather-belt','accessories/accessories-belts/taupe-leather-belt',301,1,NULL,0,'{\"category_id\":\"38\"}'),(2673,'product',111,'office-school/storage-organization/taupe-leather-belt','accessories/accessories-belts/taupe-leather-belt',301,1,NULL,0,'{\"category_id\":\"38\"}'),(2674,'product',111,'/taupe-leather-belt','catalog/product/view/id/111/category/2',0,1,NULL,1,'{\"category_id\":\"2\"}'),(2675,'product',114,'beige-leather-belt','catalog/product/view/id/114',0,1,NULL,1,NULL),(2676,'product',114,'accessories/beige-leather-belt','catalog/product/view/id/114/category/35',0,1,NULL,1,'{\"category_id\":\"35\"}'),(2677,'product',114,'accessories/accessories-belts/beige-leather-belt','catalog/product/view/id/114/category/38',0,1,NULL,1,'{\"category_id\":\"38\"}'),(2678,'product',114,'office-school/beige-leather-belt','accessories/beige-leather-belt',301,1,NULL,0,'{\"category_id\":\"35\"}'),(2679,'product',114,'office-school/accessories-belts/beige-leather-belt','accessories/accessories-belts/beige-leather-belt',301,1,NULL,0,'{\"category_id\":\"38\"}'),(2680,'product',114,'/beige-leather-belt','catalog/product/view/id/114/category/2',0,1,NULL,1,'{\"category_id\":\"2\"}'),(2682,'product',118,'light-grey-leather-belt','catalog/product/view/id/118',0,1,NULL,1,NULL),(2683,'product',118,'accessories/light-grey-leather-belt','catalog/product/view/id/118/category/35',0,1,NULL,1,'{\"category_id\":\"35\"}'),(2684,'product',118,'accessories/accessories-belts/light-grey-leather-belt','catalog/product/view/id/118/category/38',0,1,NULL,1,'{\"category_id\":\"38\"}'),(2685,'product',118,'office-school/light-grey-leather-belt','accessories/light-grey-leather-belt',301,1,NULL,0,'{\"category_id\":\"35\"}'),(2686,'product',118,'office-school/accessories-belts/light-grey-leather-belt','accessories/accessories-belts/light-grey-leather-belt',301,1,NULL,0,'{\"category_id\":\"38\"}'),(2687,'product',118,'/light-grey-leather-belt','catalog/product/view/id/118/category/2',0,1,NULL,1,'{\"category_id\":\"2\"}'),(2688,'product',121,'light-blue-leather-belt','catalog/product/view/id/121',0,1,NULL,1,NULL),(2689,'product',121,'accessories/light-blue-leather-belt','catalog/product/view/id/121/category/35',0,1,NULL,1,'{\"category_id\":\"35\"}'),(2690,'product',121,'accessories/accessories-belts/light-blue-leather-belt','catalog/product/view/id/121/category/38',0,1,NULL,1,'{\"category_id\":\"38\"}'),(2691,'product',121,'office-school/light-blue-leather-belt','accessories/light-blue-leather-belt',301,1,NULL,0,'{\"category_id\":\"35\"}'),(2692,'product',121,'office-school/accessories-belts/light-blue-leather-belt','accessories/accessories-belts/light-blue-leather-belt',301,1,NULL,0,'{\"category_id\":\"38\"}'),(2693,'product',121,'/light-blue-leather-belt','catalog/product/view/id/121/category/2',0,1,NULL,1,'{\"category_id\":\"2\"}'),(2694,'product',124,'leather-business-bag','catalog/product/view/id/124',0,1,NULL,1,NULL),(2695,'product',124,'accessories/leather-business-bag','catalog/product/view/id/124/category/35',0,1,NULL,1,'{\"category_id\":\"35\"}'),(2696,'product',124,'accessories/accessories-bags/leather-business-bag','catalog/product/view/id/124/category/37',0,1,NULL,1,'{\"category_id\":\"37\"}'),(2697,'product',124,'office-school/leather-business-bag','accessories/leather-business-bag',301,1,NULL,0,'{\"category_id\":\"35\"}'),(2698,'product',124,'office-school/accessories-bags/leather-business-bag','accessories/accessories-bags/leather-business-bag',301,1,NULL,0,'{\"category_id\":\"37\"}'),(2699,'product',124,'/leather-business-bag','catalog/product/view/id/124/category/2',0,1,NULL,1,'{\"category_id\":\"2\"}'),(2700,'product',125,'leather-backpack','catalog/product/view/id/125',0,1,NULL,1,NULL),(2701,'product',125,'accessories/leather-backpack','catalog/product/view/id/125/category/35',0,1,NULL,1,'{\"category_id\":\"35\"}'),(2702,'product',125,'accessories/accessories-bags/leather-backpack','catalog/product/view/id/125/category/37',0,1,NULL,1,'{\"category_id\":\"37\"}'),(2703,'product',125,'/leather-backpack','catalog/product/view/id/125/category/2',0,1,NULL,1,'{\"category_id\":\"2\"}'),(2704,'product',126,'handbag','catalog/product/view/id/126',0,1,NULL,1,NULL),(2705,'product',126,'accessories/handbag','catalog/product/view/id/126/category/35',0,1,NULL,1,'{\"category_id\":\"35\"}'),(2706,'product',126,'accessories/accessories-bags/handbag','catalog/product/view/id/126/category/37',0,1,NULL,1,'{\"category_id\":\"37\"}'),(2707,'product',126,'/handbag','catalog/product/view/id/126/category/2',0,1,NULL,1,'{\"category_id\":\"2\"}'),(2708,'product',127,'cognac-handbag','catalog/product/view/id/127',0,1,NULL,1,NULL),(2709,'product',127,'accessories/cognac-handbag','catalog/product/view/id/127/category/35',0,1,NULL,1,'{\"category_id\":\"35\"}'),(2710,'product',127,'accessories/accessories-bags/cognac-handbag','catalog/product/view/id/127/category/37',0,1,NULL,1,'{\"category_id\":\"37\"}'),(2711,'product',127,'office-school/cognac-handbag','accessories/cognac-handbag',301,1,NULL,0,'{\"category_id\":\"35\"}'),(2712,'product',127,'office-school/accessories-bags/cognac-handbag','accessories/accessories-bags/cognac-handbag',301,1,NULL,0,'{\"category_id\":\"37\"}'),(2713,'product',127,'/cognac-handbag','catalog/product/view/id/127/category/2',0,1,NULL,1,'{\"category_id\":\"2\"}'),(2714,'product',128,'medium-blue-handbag','catalog/product/view/id/128',0,1,NULL,1,NULL),(2715,'product',128,'accessories/medium-blue-handbag','catalog/product/view/id/128/category/35',0,1,NULL,1,'{\"category_id\":\"35\"}'),(2716,'product',128,'accessories/accessories-bags/medium-blue-handbag','catalog/product/view/id/128/category/37',0,1,NULL,1,'{\"category_id\":\"37\"}'),(2717,'product',128,'/medium-blue-handbag','catalog/product/view/id/128/category/2',0,1,NULL,1,'{\"category_id\":\"2\"}'),(2718,'product',523,'beige-leather-belt-brown-medium-size','catalog/product/view/id/523',0,1,NULL,1,NULL),(2719,'product',523,'accessories/beige-leather-belt-brown-medium-size','catalog/product/view/id/523/category/35',0,1,NULL,1,'{\"category_id\":\"35\"}'),(2720,'product',523,'accessories/accessories-belts/beige-leather-belt-brown-medium-size','catalog/product/view/id/523/category/38',0,1,NULL,1,'{\"category_id\":\"38\"}'),(2721,'product',523,'/beige-leather-belt-brown-medium-size','catalog/product/view/id/523/category/2',0,1,NULL,1,'{\"category_id\":\"2\"}'),(2722,'product',545,'leather-backpack-brown','catalog/product/view/id/545',0,1,NULL,1,NULL),(2723,'product',545,'accessories/leather-backpack-brown','catalog/product/view/id/545/category/35',0,1,NULL,1,'{\"category_id\":\"35\"}'),(2724,'product',545,'accessories/accessories-bags/leather-backpack-brown','catalog/product/view/id/545/category/37',0,1,NULL,1,'{\"category_id\":\"37\"}'),(2725,'product',545,'/leather-backpack-brown','catalog/product/view/id/545/category/2',0,1,NULL,1,'{\"category_id\":\"2\"}'),(2738,'product',1351,'n-seventy-transitional-jacket-13','catalog/product/view/id/1351',0,1,NULL,1,NULL),(2739,'product',1351,'men/n-seventy-transitional-jacket-13','catalog/product/view/id/1351/category/20',0,1,NULL,1,'{\"category_id\":\"20\"}'),(2740,'product',1351,'men/men-jackets/n-seventy-transitional-jacket-13','catalog/product/view/id/1351/category/23',0,1,NULL,1,'{\"category_id\":\"23\"}'),(2741,'product',1351,'people-of-shibuya-transitional-jacket','n-seventy-transitional-jacket-13',301,1,NULL,0,'[]'),(2742,'product',1351,'men/people-of-shibuya-transitional-jacket','men/n-seventy-transitional-jacket-13',301,1,NULL,0,'{\"category_id\":\"20\"}'),(2743,'product',1351,'men/men-jackets/people-of-shibuya-transitional-jacket','men/men-jackets/n-seventy-transitional-jacket-13',301,1,NULL,0,'{\"category_id\":\"23\"}'),(2744,'product',1351,'/n-seventy-transitional-jacket-13','catalog/product/view/id/1351/category/2',0,1,NULL,1,'{\"category_id\":\"2\"}'),(2745,'product',1351,'/people-of-shibuya-transitional-jacket','/n-seventy-transitional-jacket-13',301,1,NULL,0,'{\"category_id\":\"2\"}'),(2746,'product',1413,'n-i-maschi-lace-up-boots','catalog/product/view/id/1413',0,1,NULL,1,NULL),(2747,'product',1413,'men/n-i-maschi-lace-up-boots','catalog/product/view/id/1413/category/20',0,1,NULL,1,'{\"category_id\":\"20\"}'),(2748,'product',1413,'men/men-shoes/n-i-maschi-lace-up-boots','catalog/product/view/id/1413/category/24',0,1,NULL,1,'{\"category_id\":\"24\"}'),(2749,'product',1413,'/n-i-maschi-lace-up-boots','catalog/product/view/id/1413/category/2',0,1,NULL,1,'{\"category_id\":\"2\"}'),(2750,'product',1455,'n-grey-sneakers','catalog/product/view/id/1455',0,1,NULL,1,NULL),(2751,'product',1455,'men/n-grey-sneakers','catalog/product/view/id/1455/category/20',0,1,NULL,1,'{\"category_id\":\"20\"}'),(2752,'product',1455,'men/men-shoes/n-grey-sneakers','catalog/product/view/id/1455/category/24',0,1,NULL,1,'{\"category_id\":\"24\"}'),(2753,'product',1455,'/n-grey-sneakers','catalog/product/view/id/1455/category/2',0,1,NULL,1,'{\"category_id\":\"2\"}'),(2754,'product',1464,'n-seventy-transitional-jacket-15','catalog/product/view/id/1464',0,1,NULL,1,NULL),(2755,'product',1464,'men/n-seventy-transitional-jacket-15','catalog/product/view/id/1464/category/20',0,1,NULL,1,'{\"category_id\":\"20\"}'),(2756,'product',1464,'men/men-jackets/n-seventy-transitional-jacket-15','catalog/product/view/id/1464/category/23',0,1,NULL,1,'{\"category_id\":\"23\"}'),(2757,'product',1464,'/n-seventy-transitional-jacket-15','catalog/product/view/id/1464/category/2',0,1,NULL,1,'{\"category_id\":\"2\"}'),(2758,'product',1495,'n-timberland-lace-ups','catalog/product/view/id/1495',0,1,NULL,1,NULL),(2759,'product',1495,'men/n-timberland-lace-ups','catalog/product/view/id/1495/category/20',0,1,NULL,1,'{\"category_id\":\"20\"}'),(2760,'product',1495,'men/men-shoes/n-timberland-lace-ups','catalog/product/view/id/1495/category/24',0,1,NULL,1,'{\"category_id\":\"24\"}'),(2761,'product',1495,'/n-timberland-lace-ups','catalog/product/view/id/1495/category/2',0,1,NULL,1,'{\"category_id\":\"2\"}'),(2762,'product',1526,'n-cat-lace-up-boots','catalog/product/view/id/1526',0,1,NULL,1,NULL),(2763,'product',1526,'men/n-cat-lace-up-boots','catalog/product/view/id/1526/category/20',0,1,NULL,1,'{\"category_id\":\"20\"}'),(2764,'product',1526,'men/men-shoes/n-cat-lace-up-boots','catalog/product/view/id/1526/category/24',0,1,NULL,1,'{\"category_id\":\"24\"}'),(2765,'product',1526,'/n-cat-lace-up-boots','catalog/product/view/id/1526/category/2',0,1,NULL,1,'{\"category_id\":\"2\"}'),(2766,'product',1535,'n-seventy-transitional-jacket-17','catalog/product/view/id/1535',0,1,NULL,1,NULL),(2767,'product',1535,'men/n-seventy-transitional-jacket-17','catalog/product/view/id/1535/category/20',0,1,NULL,1,'{\"category_id\":\"20\"}'),(2768,'product',1535,'men/men-jackets/n-seventy-transitional-jacket-17','catalog/product/view/id/1535/category/23',0,1,NULL,1,'{\"category_id\":\"23\"}'),(2769,'product',1535,'/n-seventy-transitional-jacket-17','catalog/product/view/id/1535/category/2',0,1,NULL,1,'{\"category_id\":\"2\"}'),(2770,'product',1561,'n-half-boots','catalog/product/view/id/1561',0,1,NULL,1,NULL),(2771,'product',1561,'men/n-half-boots','catalog/product/view/id/1561/category/20',0,1,NULL,1,'{\"category_id\":\"20\"}'),(2772,'product',1561,'men/men-shoes/n-half-boots','catalog/product/view/id/1561/category/24',0,1,NULL,1,'{\"category_id\":\"24\"}'),(2773,'product',1561,'/n-half-boots','catalog/product/view/id/1561/category/2',0,1,NULL,1,'{\"category_id\":\"2\"}'),(2774,'product',1568,'n-lawrence-grey-rollneck-pullover-2','catalog/product/view/id/1568',0,1,NULL,1,NULL),(2775,'product',1568,'men/n-lawrence-grey-rollneck-pullover-2','catalog/product/view/id/1568/category/20',0,1,NULL,1,'{\"category_id\":\"20\"}'),(2776,'product',1568,'men/man-knitwear/n-lawrence-grey-rollneck-pullover-2','catalog/product/view/id/1568/category/22',0,1,NULL,1,'{\"category_id\":\"22\"}'),(2777,'product',1568,'/n-lawrence-grey-rollneck-pullover-2','catalog/product/view/id/1568/category/2',0,1,NULL,1,'{\"category_id\":\"2\"}'),(2778,'product',1583,'n-seventy-transitional-jacket-12','catalog/product/view/id/1583',0,1,NULL,1,NULL),(2779,'product',1583,'men/n-seventy-transitional-jacket-12','catalog/product/view/id/1583/category/20',0,1,NULL,1,'{\"category_id\":\"20\"}'),(2780,'product',1583,'men/men-jackets/n-seventy-transitional-jacket-12','catalog/product/view/id/1583/category/23',0,1,NULL,1,'{\"category_id\":\"23\"}'),(2781,'product',1583,'/n-seventy-transitional-jacket-12','catalog/product/view/id/1583/category/2',0,1,NULL,1,'{\"category_id\":\"2\"}'),(2782,'product',1596,'n-grey-sweat-pants','catalog/product/view/id/1596',0,1,NULL,1,NULL),(2783,'product',1596,'men/n-grey-sweat-pants','catalog/product/view/id/1596/category/20',0,1,NULL,1,'{\"category_id\":\"20\"}'),(2784,'product',1596,'men/men-trousers/n-grey-sweat-pants','catalog/product/view/id/1596/category/25',0,1,NULL,1,'{\"category_id\":\"25\"}'),(2785,'product',1596,'/n-grey-sweat-pants','catalog/product/view/id/1596/category/2',0,1,NULL,1,'{\"category_id\":\"2\"}'),(2786,'product',1597,'n-j-b-by-jean-biani-sneakers','catalog/product/view/id/1597',0,1,NULL,1,NULL),(2787,'product',1597,'men/n-j-b-by-jean-biani-sneakers','catalog/product/view/id/1597/category/20',0,1,NULL,1,'{\"category_id\":\"20\"}'),(2788,'product',1597,'men/men-shoes/n-j-b-by-jean-biani-sneakers','catalog/product/view/id/1597/category/24',0,1,NULL,1,'{\"category_id\":\"24\"}'),(2789,'product',1597,'/n-j-b-by-jean-biani-sneakers','catalog/product/view/id/1597/category/2',0,1,NULL,1,'{\"category_id\":\"2\"}'),(2790,'product',1604,'n-dark-blue-straight-leg-jeans-700','catalog/product/view/id/1604',0,1,NULL,1,NULL),(2791,'product',1604,'men/n-dark-blue-straight-leg-jeans-700','catalog/product/view/id/1604/category/20',0,1,NULL,1,'{\"category_id\":\"20\"}'),(2792,'product',1604,'men/men-jeans/n-dark-blue-straight-leg-jeans-700','catalog/product/view/id/1604/category/26',0,1,NULL,1,'{\"category_id\":\"26\"}'),(2793,'product',1604,'/n-dark-blue-straight-leg-jeans-700','catalog/product/view/id/1604/category/2',0,1,NULL,1,'{\"category_id\":\"2\"}'),(2794,'product',1630,'n-dark-blue-slim-fit-jeans','catalog/product/view/id/1630',0,1,NULL,1,NULL),(2795,'product',1630,'men/n-dark-blue-slim-fit-jeans','catalog/product/view/id/1630/category/20',0,1,NULL,1,'{\"category_id\":\"20\"}'),(2796,'product',1630,'men/men-jeans/n-dark-blue-slim-fit-jeans','catalog/product/view/id/1630/category/26',0,1,NULL,1,'{\"category_id\":\"26\"}'),(2797,'product',1630,'/n-dark-blue-slim-fit-jeans','catalog/product/view/id/1630/category/2',0,1,NULL,1,'{\"category_id\":\"2\"}'),(2798,'product',1643,'n-ugg-freamon-wp','catalog/product/view/id/1643',0,1,NULL,1,NULL),(2799,'product',1643,'men/n-ugg-freamon-wp','catalog/product/view/id/1643/category/20',0,1,NULL,1,'{\"category_id\":\"20\"}'),(2800,'product',1643,'men/men-shoes/n-ugg-freamon-wp','catalog/product/view/id/1643/category/24',0,1,NULL,1,'{\"category_id\":\"24\"}'),(2801,'product',1643,'/n-ugg-freamon-wp','catalog/product/view/id/1643/category/2',0,1,NULL,1,'{\"category_id\":\"2\"}'),(2802,'product',1656,'n-seventy-transitional-jacket-11','catalog/product/view/id/1656',0,1,NULL,1,NULL),(2803,'product',1656,'men/n-seventy-transitional-jacket-11','catalog/product/view/id/1656/category/20',0,1,NULL,1,'{\"category_id\":\"20\"}'),(2804,'product',1656,'men/men-jackets/n-seventy-transitional-jacket-11','catalog/product/view/id/1656/category/23',0,1,NULL,1,'{\"category_id\":\"23\"}'),(2805,'product',1656,'/n-seventy-transitional-jacket-11','catalog/product/view/id/1656/category/2',0,1,NULL,1,'{\"category_id\":\"2\"}'),(2806,'product',1677,'n-black-knitted-pants','catalog/product/view/id/1677',0,1,NULL,1,NULL),(2807,'product',1677,'men/n-black-knitted-pants','catalog/product/view/id/1677/category/20',0,1,NULL,1,'{\"category_id\":\"20\"}'),(2808,'product',1677,'men/men-trousers/n-black-knitted-pants','catalog/product/view/id/1677/category/25',0,1,NULL,1,'{\"category_id\":\"25\"}'),(2809,'product',1677,'/n-black-knitted-pants','catalog/product/view/id/1677/category/2',0,1,NULL,1,'{\"category_id\":\"2\"}'),(2810,'product',1699,'n-camel-dress-trousers-glenn','catalog/product/view/id/1699',0,1,NULL,1,NULL),(2811,'product',1699,'men/n-camel-dress-trousers-glenn','catalog/product/view/id/1699/category/20',0,1,NULL,1,'{\"category_id\":\"20\"}'),(2812,'product',1699,'men/men-trousers/n-camel-dress-trousers-glenn','catalog/product/view/id/1699/category/25',0,1,NULL,1,'{\"category_id\":\"25\"}'),(2813,'product',1699,'/n-camel-dress-trousers-glenn','catalog/product/view/id/1699/category/2',0,1,NULL,1,'{\"category_id\":\"2\"}'),(2814,'product',1709,'n-lawrence-grey-rollneck-pullover-1','catalog/product/view/id/1709',0,1,NULL,1,NULL),(2815,'product',1709,'men/n-lawrence-grey-rollneck-pullover-1','catalog/product/view/id/1709/category/20',0,1,NULL,1,'{\"category_id\":\"20\"}'),(2816,'product',1709,'men/man-knitwear/n-lawrence-grey-rollneck-pullover-1','catalog/product/view/id/1709/category/22',0,1,NULL,1,'{\"category_id\":\"22\"}'),(2817,'product',1709,'/n-lawrence-grey-rollneck-pullover-1','catalog/product/view/id/1709/category/2',0,1,NULL,1,'{\"category_id\":\"2\"}'),(2818,'product',1725,'n-tan-corduroy-trousers','catalog/product/view/id/1725',0,1,NULL,1,NULL),(2819,'product',1725,'men/n-tan-corduroy-trousers','catalog/product/view/id/1725/category/20',0,1,NULL,1,'{\"category_id\":\"20\"}'),(2820,'product',1725,'men/men-trousers/n-tan-corduroy-trousers','catalog/product/view/id/1725/category/25',0,1,NULL,1,'{\"category_id\":\"25\"}'),(2821,'product',1725,'/n-tan-corduroy-trousers','catalog/product/view/id/1725/category/2',0,1,NULL,1,'{\"category_id\":\"2\"}'),(2822,'product',1735,'n-seventy-transitional-jacket-14','catalog/product/view/id/1735',0,1,NULL,1,NULL),(2823,'product',1735,'men/n-seventy-transitional-jacket-14','catalog/product/view/id/1735/category/20',0,1,NULL,1,'{\"category_id\":\"20\"}'),(2824,'product',1735,'men/men-jackets/n-seventy-transitional-jacket-14','catalog/product/view/id/1735/category/23',0,1,NULL,1,'{\"category_id\":\"23\"}'),(2825,'product',1735,'/n-seventy-transitional-jacket-14','catalog/product/view/id/1735/category/2',0,1,NULL,1,'{\"category_id\":\"2\"}'),(2826,'product',1756,'n-black-chino','catalog/product/view/id/1756',0,1,NULL,1,NULL),(2827,'product',1756,'men/n-black-chino','catalog/product/view/id/1756/category/20',0,1,NULL,1,'{\"category_id\":\"20\"}'),(2828,'product',1756,'men/men-trousers/n-black-chino','catalog/product/view/id/1756/category/25',0,1,NULL,1,'{\"category_id\":\"25\"}'),(2829,'product',1756,'/n-black-chino','catalog/product/view/id/1756/category/2',0,1,NULL,1,'{\"category_id\":\"2\"}'),(2830,'product',1777,'n-lawrence-grey-rollneck-pullover','catalog/product/view/id/1777',0,1,NULL,1,NULL),(2831,'product',1777,'men/n-lawrence-grey-rollneck-pullover','catalog/product/view/id/1777/category/20',0,1,NULL,1,'{\"category_id\":\"20\"}'),(2832,'product',1777,'men/man-knitwear/n-lawrence-grey-rollneck-pullover','catalog/product/view/id/1777/category/22',0,1,NULL,1,'{\"category_id\":\"22\"}'),(2833,'product',1777,'/n-lawrence-grey-rollneck-pullover','catalog/product/view/id/1777/category/2',0,1,NULL,1,'{\"category_id\":\"2\"}'),(2834,'product',1787,'n-medium-blue-straight-leg-jeans-rob','catalog/product/view/id/1787',0,1,NULL,1,NULL),(2835,'product',1787,'men/n-medium-blue-straight-leg-jeans-rob','catalog/product/view/id/1787/category/20',0,1,NULL,1,'{\"category_id\":\"20\"}'),(2836,'product',1787,'men/men-jeans/n-medium-blue-straight-leg-jeans-rob','catalog/product/view/id/1787/category/26',0,1,NULL,1,'{\"category_id\":\"26\"}'),(2837,'product',1787,'/n-medium-blue-straight-leg-jeans-rob','catalog/product/view/id/1787/category/2',0,1,NULL,1,'{\"category_id\":\"2\"}'),(2838,'product',1808,'n-navy-chino','catalog/product/view/id/1808',0,1,NULL,1,NULL),(2839,'product',1808,'men/n-navy-chino','catalog/product/view/id/1808/category/20',0,1,NULL,1,'{\"category_id\":\"20\"}'),(2840,'product',1808,'men/men-trousers/n-navy-chino','catalog/product/view/id/1808/category/25',0,1,NULL,1,'{\"category_id\":\"25\"}'),(2841,'product',1808,'/n-navy-chino','catalog/product/view/id/1808/category/2',0,1,NULL,1,'{\"category_id\":\"2\"}'),(2842,'product',1817,'n-blue-straight-leg-jeans','catalog/product/view/id/1817',0,1,NULL,1,NULL),(2843,'product',1817,'men/n-blue-straight-leg-jeans','catalog/product/view/id/1817/category/20',0,1,NULL,1,'{\"category_id\":\"20\"}'),(2844,'product',1817,'men/men-jeans/n-blue-straight-leg-jeans','catalog/product/view/id/1817/category/26',0,1,NULL,1,'{\"category_id\":\"26\"}'),(2845,'product',1817,'/n-blue-straight-leg-jeans','catalog/product/view/id/1817/category/2',0,1,NULL,1,'{\"category_id\":\"2\"}'),(2850,'product',1840,'n-medium-blue-slim-fit-jeans-cliff','catalog/product/view/id/1840',0,1,NULL,1,NULL),(2851,'product',1840,'men/n-medium-blue-slim-fit-jeans-cliff','catalog/product/view/id/1840/category/20',0,1,NULL,1,'{\"category_id\":\"20\"}'),(2852,'product',1840,'men/men-jeans/n-medium-blue-slim-fit-jeans-cliff','catalog/product/view/id/1840/category/26',0,1,NULL,1,'{\"category_id\":\"26\"}'),(2853,'product',1840,'/n-medium-blue-slim-fit-jeans-cliff','catalog/product/view/id/1840/category/2',0,1,NULL,1,'{\"category_id\":\"2\"}'),(2854,'product',1866,'n-tommy-hilfiger','catalog/product/view/id/1866',0,1,NULL,1,NULL),(2855,'product',1866,'men/n-tommy-hilfiger','catalog/product/view/id/1866/category/20',0,1,NULL,1,'{\"category_id\":\"20\"}'),(2856,'product',1866,'men/men-trousers/n-tommy-hilfiger','catalog/product/view/id/1866/category/25',0,1,NULL,1,'{\"category_id\":\"25\"}'),(2857,'product',1866,'/n-tommy-hilfiger','catalog/product/view/id/1866/category/2',0,1,NULL,1,'{\"category_id\":\"2\"}'),(2858,'product',1875,'n-blue-slim-fit-jeans','catalog/product/view/id/1875',0,1,NULL,1,NULL),(2859,'product',1875,'men/n-blue-slim-fit-jeans','catalog/product/view/id/1875/category/20',0,1,NULL,1,'{\"category_id\":\"20\"}'),(2860,'product',1875,'men/men-jeans/n-blue-slim-fit-jeans','catalog/product/view/id/1875/category/26',0,1,NULL,1,'{\"category_id\":\"26\"}'),(2861,'product',1875,'/n-blue-slim-fit-jeans','catalog/product/view/id/1875/category/2',0,1,NULL,1,'{\"category_id\":\"2\"}'),(2862,'product',1888,'n-gabba-long-sleeved-jumper','catalog/product/view/id/1888',0,1,NULL,1,NULL),(2863,'product',1888,'men/n-gabba-long-sleeved-jumper','catalog/product/view/id/1888/category/20',0,1,NULL,1,'{\"category_id\":\"20\"}'),(2864,'product',1888,'men/man-knitwear/n-gabba-long-sleeved-jumper','catalog/product/view/id/1888/category/22',0,1,NULL,1,'{\"category_id\":\"22\"}'),(2865,'product',1888,'/n-gabba-long-sleeved-jumper','catalog/product/view/id/1888/category/2',0,1,NULL,1,'{\"category_id\":\"2\"}'),(2866,'product',1892,'n-navy-john-16511','catalog/product/view/id/1892',0,1,NULL,1,NULL),(2867,'product',1892,'men/n-navy-john-16511','catalog/product/view/id/1892/category/20',0,1,NULL,1,'{\"category_id\":\"20\"}'),(2868,'product',1892,'men/men-jeans/n-navy-john-16511','catalog/product/view/id/1892/category/26',0,1,NULL,1,'{\"category_id\":\"26\"}'),(2869,'product',1892,'/n-navy-john-16511','catalog/product/view/id/1892/category/2',0,1,NULL,1,'{\"category_id\":\"2\"}'),(2870,'product',1896,'n-dark-blue-julyen','catalog/product/view/id/1896',0,1,NULL,1,NULL),(2871,'product',1896,'men/n-dark-blue-julyen','catalog/product/view/id/1896/category/20',0,1,NULL,1,'{\"category_id\":\"20\"}'),(2872,'product',1896,'men/men-jeans/n-dark-blue-julyen','catalog/product/view/id/1896/category/26',0,1,NULL,1,'{\"category_id\":\"26\"}'),(2873,'product',1896,'/n-dark-blue-julyen','catalog/product/view/id/1896/category/2',0,1,NULL,1,'{\"category_id\":\"2\"}'),(2874,'product',1903,'n-black-sweat-pants','catalog/product/view/id/1903',0,1,NULL,1,NULL),(2875,'product',1903,'men/n-black-sweat-pants','catalog/product/view/id/1903/category/20',0,1,NULL,1,'{\"category_id\":\"20\"}'),(2876,'product',1903,'men/men-trousers/n-black-sweat-pants','catalog/product/view/id/1903/category/25',0,1,NULL,1,'{\"category_id\":\"25\"}'),(2877,'product',1903,'/n-black-sweat-pants','catalog/product/view/id/1903/category/2',0,1,NULL,1,'{\"category_id\":\"2\"}'),(2878,'product',1910,'n-long-sleeved-jumper','catalog/product/view/id/1910',0,1,NULL,1,NULL),(2879,'product',1910,'men/n-long-sleeved-jumper','catalog/product/view/id/1910/category/20',0,1,NULL,1,'{\"category_id\":\"20\"}'),(2880,'product',1910,'men/man-knitwear/n-long-sleeved-jumper','catalog/product/view/id/1910/category/22',0,1,NULL,1,'{\"category_id\":\"22\"}'),(2881,'product',1910,'/n-long-sleeved-jumper','catalog/product/view/id/1910/category/2',0,1,NULL,1,'{\"category_id\":\"2\"}'),(2882,'product',1920,'n-hooded-sweater','catalog/product/view/id/1920',0,1,NULL,1,NULL),(2883,'product',1920,'men/n-hooded-sweater','catalog/product/view/id/1920/category/20',0,1,NULL,1,'{\"category_id\":\"20\"}'),(2884,'product',1920,'men/man-knitwear/n-hooded-sweater','catalog/product/view/id/1920/category/22',0,1,NULL,1,'{\"category_id\":\"22\"}'),(2885,'product',1920,'/n-hooded-sweater','catalog/product/view/id/1920/category/2',0,1,NULL,1,'{\"category_id\":\"2\"}'),(2890,'product',1943,'n-camper-lace-ups','catalog/product/view/id/1943',0,1,NULL,1,NULL),(2891,'product',1943,'men/n-camper-lace-ups','catalog/product/view/id/1943/category/20',0,1,NULL,1,'{\"category_id\":\"20\"}'),(2892,'product',1943,'men/men-shoes/n-camper-lace-ups','catalog/product/view/id/1943/category/24',0,1,NULL,1,'{\"category_id\":\"24\"}'),(2893,'product',1943,'/n-camper-lace-ups','catalog/product/view/id/1943/category/2',0,1,NULL,1,'{\"category_id\":\"2\"}'),(2894,'product',1946,'n-adidas-originals-pw-tennis-hu','catalog/product/view/id/1946',0,1,NULL,1,NULL),(2895,'product',1946,'men/n-adidas-originals-pw-tennis-hu','catalog/product/view/id/1946/category/20',0,1,NULL,1,'{\"category_id\":\"20\"}'),(2896,'product',1946,'men/men-shoes/n-adidas-originals-pw-tennis-hu','catalog/product/view/id/1946/category/24',0,1,NULL,1,'{\"category_id\":\"24\"}'),(2897,'product',1946,'/n-adidas-originals-pw-tennis-hu','catalog/product/view/id/1946/category/2',0,1,NULL,1,'{\"category_id\":\"2\"}'),(2898,'product',1961,'n-lloyd-half-boots','catalog/product/view/id/1961',0,1,NULL,1,NULL),(2899,'product',1961,'men/n-lloyd-half-boots','catalog/product/view/id/1961/category/20',0,1,NULL,1,'{\"category_id\":\"20\"}'),(2900,'product',1961,'men/men-shoes/n-lloyd-half-boots','catalog/product/view/id/1961/category/24',0,1,NULL,1,'{\"category_id\":\"24\"}'),(2901,'product',1961,'/n-lloyd-half-boots','catalog/product/view/id/1961/category/2',0,1,NULL,1,'{\"category_id\":\"2\"}'),(2902,'product',1972,'n-boxfresh','catalog/product/view/id/1972',0,1,NULL,1,NULL),(2903,'product',1972,'men/n-boxfresh','catalog/product/view/id/1972/category/20',0,1,NULL,1,'{\"category_id\":\"20\"}'),(2904,'product',1972,'men/men-shoes/n-boxfresh','catalog/product/view/id/1972/category/24',0,1,NULL,1,'{\"category_id\":\"24\"}'),(2905,'product',1972,'/n-boxfresh','catalog/product/view/id/1972/category/2',0,1,NULL,1,'{\"category_id\":\"2\"}'),(2906,'product',1991,'n-gant-marvel','catalog/product/view/id/1991',0,1,NULL,1,NULL),(2907,'product',1991,'men/n-gant-marvel','catalog/product/view/id/1991/category/20',0,1,NULL,1,'{\"category_id\":\"20\"}'),(2908,'product',1991,'men/men-shoes/n-gant-marvel','catalog/product/view/id/1991/category/24',0,1,NULL,1,'{\"category_id\":\"24\"}'),(2909,'product',1991,'/n-gant-marvel','catalog/product/view/id/1991/category/2',0,1,NULL,1,'{\"category_id\":\"2\"}'),(2910,'product',44,'dark-blue-sunglasses','catalog/product/view/id/44',0,1,NULL,1,NULL),(2911,'product',44,'accessories/dark-blue-sunglasses','catalog/product/view/id/44/category/35',0,1,NULL,1,'{\"category_id\":\"35\"}'),(2912,'product',44,'accessories/accessories-sunglasses/dark-blue-sunglasses','catalog/product/view/id/44/category/36',0,1,NULL,1,'{\"category_id\":\"36\"}'),(2913,'product',44,'/dark-blue-sunglasses','catalog/product/view/id/44/category/2',0,1,NULL,1,'{\"category_id\":\"2\"}'),(2914,'product',1996,'n-moss-cargo-pants','catalog/product/view/id/1996',0,1,NULL,1,NULL),(2915,'product',1996,'men/n-moss-cargo-pants','catalog/product/view/id/1996/category/20',0,1,NULL,1,'{\"category_id\":\"20\"}'),(2916,'product',1996,'men/men-trousers/n-moss-cargo-pants','catalog/product/view/id/1996/category/25',0,1,NULL,1,'{\"category_id\":\"25\"}'),(2917,'product',1996,'/n-moss-cargo-pants','catalog/product/view/id/1996/category/2',0,1,NULL,1,'{\"category_id\":\"2\"}'),(2918,'product',2001,'n-dark-blue-sunglasses','catalog/product/view/id/2001',0,1,NULL,1,NULL),(2919,'product',2001,'accessories/n-dark-blue-sunglasses','catalog/product/view/id/2001/category/35',0,1,NULL,1,'{\"category_id\":\"35\"}'),(2920,'product',2001,'accessories/accessories-sunglasses/n-dark-blue-sunglasses','catalog/product/view/id/2001/category/36',0,1,NULL,1,'{\"category_id\":\"36\"}'),(2921,'product',2001,'/n-dark-blue-sunglasses','catalog/product/view/id/2001/category/2',0,1,NULL,1,'{\"category_id\":\"2\"}'),(2922,'product',2010,'n-boyfriend-jeans','catalog/product/view/id/2010',0,1,NULL,1,NULL),(2923,'product',2010,'women/n-boyfriend-jeans','catalog/product/view/id/2010/category/27',0,1,NULL,1,'{\"category_id\":\"27\"}'),(2924,'product',2010,'women/women-jeans/n-boyfriend-jeans','catalog/product/view/id/2010/category/32',0,1,NULL,1,'{\"category_id\":\"32\"}'),(2925,'product',2010,'/n-boyfriend-jeans','catalog/product/view/id/2010/category/2',0,1,NULL,1,'{\"category_id\":\"2\"}'),(2926,'product',116,'medium-blue-leather-belt','catalog/product/view/id/116',0,1,NULL,1,NULL),(2927,'product',116,'accessories/medium-blue-leather-belt','catalog/product/view/id/116/category/35',0,1,NULL,1,'{\"category_id\":\"35\"}'),(2928,'product',116,'accessories/accessories-belts/medium-blue-leather-belt','catalog/product/view/id/116/category/38',0,1,NULL,1,'{\"category_id\":\"38\"}'),(2929,'product',116,'/medium-blue-leather-belt','catalog/product/view/id/116/category/2',0,1,NULL,1,'{\"category_id\":\"2\"}'),(2930,'product',2017,'n-brax-chuck-slim-fit','catalog/product/view/id/2017',0,1,NULL,1,NULL),(2931,'product',2017,'women/n-brax-chuck-slim-fit','catalog/product/view/id/2017/category/27',0,1,NULL,1,'{\"category_id\":\"27\"}'),(2932,'product',2017,'women/women-trousers/n-brax-chuck-slim-fit','catalog/product/view/id/2017/category/31',0,1,NULL,1,'{\"category_id\":\"31\"}'),(2933,'product',2017,'/n-brax-chuck-slim-fit','catalog/product/view/id/2017/category/2',0,1,NULL,1,'{\"category_id\":\"2\"}'),(2934,'product',2020,'n-medium-blue-leather-belt','catalog/product/view/id/2020',0,1,NULL,1,NULL),(2935,'product',2020,'accessories/n-medium-blue-leather-belt','catalog/product/view/id/2020/category/35',0,1,NULL,1,'{\"category_id\":\"35\"}'),(2936,'product',2020,'accessories/accessories-belts/n-medium-blue-leather-belt','catalog/product/view/id/2020/category/38',0,1,NULL,1,'{\"category_id\":\"38\"}'),(2937,'product',2020,'/n-medium-blue-leather-belt','catalog/product/view/id/2020/category/2',0,1,NULL,1,'{\"category_id\":\"2\"}'),(2938,'product',2029,'n-business-trousers','catalog/product/view/id/2029',0,1,NULL,1,NULL),(2939,'product',2029,'women/n-business-trousers','catalog/product/view/id/2029/category/27',0,1,NULL,1,'{\"category_id\":\"27\"}'),(2940,'product',2029,'women/women-trousers/n-business-trousers','catalog/product/view/id/2029/category/31',0,1,NULL,1,'{\"category_id\":\"31\"}'),(2941,'product',2029,'/n-business-trousers','catalog/product/view/id/2029/category/2',0,1,NULL,1,'{\"category_id\":\"2\"}'),(2942,'product',2032,'n-taupe-leather-belt','catalog/product/view/id/2032',0,1,NULL,1,NULL),(2943,'product',2032,'accessories/n-taupe-leather-belt','catalog/product/view/id/2032/category/35',0,1,NULL,1,'{\"category_id\":\"35\"}'),(2944,'product',2032,'accessories/accessories-belts/n-taupe-leather-belt','catalog/product/view/id/2032/category/38',0,1,NULL,1,'{\"category_id\":\"38\"}'),(2945,'product',2032,'/n-taupe-leather-belt','catalog/product/view/id/2032/category/2',0,1,NULL,1,'{\"category_id\":\"2\"}'),(2950,'product',2050,'n-casual-trousers','catalog/product/view/id/2050',0,1,NULL,1,NULL),(2951,'product',2050,'women/n-casual-trousers','catalog/product/view/id/2050/category/27',0,1,NULL,1,'{\"category_id\":\"27\"}'),(2952,'product',2050,'women/women-trousers/n-casual-trousers','catalog/product/view/id/2050/category/31',0,1,NULL,1,'{\"category_id\":\"31\"}'),(2953,'product',2050,'/n-casual-trousers','catalog/product/view/id/2050/category/2',0,1,NULL,1,'{\"category_id\":\"2\"}'),(2954,'product',2055,'n-black-sunglasses-1','catalog/product/view/id/2055',0,1,NULL,1,NULL),(2955,'product',2055,'accessories/n-black-sunglasses-1','catalog/product/view/id/2055/category/35',0,1,NULL,1,'{\"category_id\":\"35\"}'),(2956,'product',2055,'accessories/accessories-sunglasses/n-black-sunglasses-1','catalog/product/view/id/2055/category/36',0,1,NULL,1,'{\"category_id\":\"36\"}'),(2957,'product',2055,'/n-black-sunglasses-1','catalog/product/view/id/2055/category/2',0,1,NULL,1,'{\"category_id\":\"2\"}'),(2958,'product',2060,'n-chiffon-dress','catalog/product/view/id/2060',0,1,NULL,1,NULL),(2959,'product',2060,'women/n-chiffon-dress','catalog/product/view/id/2060/category/27',0,1,NULL,1,'{\"category_id\":\"27\"}'),(2960,'product',2060,'women/women-dresses/n-chiffon-dress','catalog/product/view/id/2060/category/28',0,1,NULL,1,'{\"category_id\":\"28\"}'),(2961,'product',2060,'/n-chiffon-dress','catalog/product/view/id/2060/category/2',0,1,NULL,1,'{\"category_id\":\"2\"}'),(2962,'product',2065,'n-chino','catalog/product/view/id/2065',0,1,NULL,1,NULL),(2963,'product',2065,'women/n-chino','catalog/product/view/id/2065/category/27',0,1,NULL,1,'{\"category_id\":\"27\"}'),(2964,'product',2065,'women/women-trousers/n-chino','catalog/product/view/id/2065/category/31',0,1,NULL,1,'{\"category_id\":\"31\"}'),(2965,'product',2065,'/n-chino','catalog/product/view/id/2065/category/2',0,1,NULL,1,'{\"category_id\":\"2\"}'),(2966,'product',2072,'n-cocktail-dress','catalog/product/view/id/2072',0,1,NULL,1,NULL),(2967,'product',2072,'women/n-cocktail-dress','catalog/product/view/id/2072/category/27',0,1,NULL,1,'{\"category_id\":\"27\"}'),(2968,'product',2072,'women/women-dresses/n-cocktail-dress','catalog/product/view/id/2072/category/28',0,1,NULL,1,'{\"category_id\":\"28\"}'),(2969,'product',2072,'/n-cocktail-dress','catalog/product/view/id/2072/category/2',0,1,NULL,1,'{\"category_id\":\"2\"}'),(2970,'product',2077,'n-sunglasses','catalog/product/view/id/2077',0,1,NULL,1,NULL),(2971,'product',2077,'accessories/n-sunglasses','catalog/product/view/id/2077/category/35',0,1,NULL,1,'{\"category_id\":\"35\"}'),(2972,'product',2077,'accessories/accessories-sunglasses/n-sunglasses','catalog/product/view/id/2077/category/36',0,1,NULL,1,'{\"category_id\":\"36\"}'),(2973,'product',2077,'/n-sunglasses','catalog/product/view/id/2077/category/2',0,1,NULL,1,'{\"category_id\":\"2\"}'),(2974,'product',2084,'n-colmar-soft-down-jacket','catalog/product/view/id/2084',0,1,NULL,1,NULL),(2975,'product',2084,'women/n-colmar-soft-down-jacket','catalog/product/view/id/2084/category/27',0,1,NULL,1,'{\"category_id\":\"27\"}'),(2976,'product',2084,'women/women-jackets/n-colmar-soft-down-jacket','catalog/product/view/id/2084/category/30',0,1,NULL,1,'{\"category_id\":\"30\"}'),(2977,'product',2084,'/n-colmar-soft-down-jacket','catalog/product/view/id/2084/category/2',0,1,NULL,1,'{\"category_id\":\"2\"}'),(2978,'product',2089,'n-rose-gold-diorsorealrise','catalog/product/view/id/2089',0,1,NULL,1,NULL),(2979,'product',2089,'accessories/n-rose-gold-diorsorealrise','catalog/product/view/id/2089/category/35',0,1,NULL,1,'{\"category_id\":\"35\"}'),(2980,'product',2089,'accessories/accessories-sunglasses/n-rose-gold-diorsorealrise','catalog/product/view/id/2089/category/36',0,1,NULL,1,'{\"category_id\":\"36\"}'),(2981,'product',2089,'/n-rose-gold-diorsorealrise','catalog/product/view/id/2089/category/2',0,1,NULL,1,'{\"category_id\":\"2\"}'),(2982,'product',2098,'n-comma-casual-identity-quilted-jacket','catalog/product/view/id/2098',0,1,NULL,1,NULL),(2983,'product',2098,'women/n-comma-casual-identity-quilted-jacket','catalog/product/view/id/2098/category/27',0,1,NULL,1,'{\"category_id\":\"27\"}'),(2984,'product',2098,'women/women-jackets/n-comma-casual-identity-quilted-jacket','catalog/product/view/id/2098/category/30',0,1,NULL,1,'{\"category_id\":\"30\"}'),(2985,'product',2098,'/n-comma-casual-identity-quilted-jacket','catalog/product/view/id/2098/category/2',0,1,NULL,1,'{\"category_id\":\"2\"}'),(2986,'product',2105,'n-black-sunglasses-2','catalog/product/view/id/2105',0,1,NULL,1,NULL),(2987,'product',2105,'accessories/n-black-sunglasses-2','catalog/product/view/id/2105/category/35',0,1,NULL,1,'{\"category_id\":\"35\"}'),(2988,'product',2105,'accessories/accessories-sunglasses/n-black-sunglasses-2','catalog/product/view/id/2105/category/36',0,1,NULL,1,'{\"category_id\":\"36\"}'),(2989,'product',2105,'/n-black-sunglasses-2','catalog/product/view/id/2105/category/2',0,1,NULL,1,'{\"category_id\":\"2\"}'),(2990,'product',2116,'n-cotton-stretch-tapered-pants','catalog/product/view/id/2116',0,1,NULL,1,NULL),(2991,'product',2116,'women/n-cotton-stretch-tapered-pants','catalog/product/view/id/2116/category/27',0,1,NULL,1,'{\"category_id\":\"27\"}'),(2992,'product',2116,'women/women-trousers/n-cotton-stretch-tapered-pants','catalog/product/view/id/2116/category/31',0,1,NULL,1,'{\"category_id\":\"31\"}'),(2993,'product',2116,'/n-cotton-stretch-tapered-pants','catalog/product/view/id/2116/category/2',0,1,NULL,1,'{\"category_id\":\"2\"}'),(2994,'product',2123,'n-dine-n-dance-cashmere-pullover','catalog/product/view/id/2123',0,1,NULL,1,NULL),(2995,'product',2123,'women/n-dine-n-dance-cashmere-pullover','catalog/product/view/id/2123/category/27',0,1,NULL,1,'{\"category_id\":\"27\"}'),(2996,'product',2123,'women/women-knitwear/n-dine-n-dance-cashmere-pullover','catalog/product/view/id/2123/category/29',0,1,NULL,1,'{\"category_id\":\"29\"}'),(2997,'product',2123,'/n-dine-n-dance-cashmere-pullover','catalog/product/view/id/2123/category/2',0,1,NULL,1,'{\"category_id\":\"2\"}'),(2998,'product',2132,'n-dolomite-quilted-jacket','catalog/product/view/id/2132',0,1,NULL,1,NULL),(2999,'product',2132,'women/n-dolomite-quilted-jacket','catalog/product/view/id/2132/category/27',0,1,NULL,1,'{\"category_id\":\"27\"}'),(3000,'product',2132,'women/women-jackets/n-dolomite-quilted-jacket','catalog/product/view/id/2132/category/30',0,1,NULL,1,'{\"category_id\":\"30\"}'),(3001,'product',2132,'/n-dolomite-quilted-jacket','catalog/product/view/id/2132/category/2',0,1,NULL,1,'{\"category_id\":\"2\"}'),(3002,'product',2135,'n-light-grey-leather-belt','catalog/product/view/id/2135',0,1,NULL,1,NULL),(3003,'product',2135,'accessories/n-light-grey-leather-belt','catalog/product/view/id/2135/category/35',0,1,NULL,1,'{\"category_id\":\"35\"}'),(3004,'product',2135,'accessories/accessories-belts/n-light-grey-leather-belt','catalog/product/view/id/2135/category/38',0,1,NULL,1,'{\"category_id\":\"38\"}'),(3005,'product',2135,'/n-light-grey-leather-belt','catalog/product/view/id/2135/category/2',0,1,NULL,1,'{\"category_id\":\"2\"}'),(3006,'product',2138,'n-light-blue-leather-belt','catalog/product/view/id/2138',0,1,NULL,1,NULL),(3007,'product',2138,'accessories/n-light-blue-leather-belt','catalog/product/view/id/2138/category/35',0,1,NULL,1,'{\"category_id\":\"35\"}'),(3008,'product',2138,'accessories/accessories-belts/n-light-blue-leather-belt','catalog/product/view/id/2138/category/38',0,1,NULL,1,'{\"category_id\":\"38\"}'),(3009,'product',2138,'/n-light-blue-leather-belt','catalog/product/view/id/2138/category/2',0,1,NULL,1,'{\"category_id\":\"2\"}'),(3010,'product',2145,'n-dress-trousers','catalog/product/view/id/2145',0,1,NULL,1,NULL),(3011,'product',2145,'women/n-dress-trousers','catalog/product/view/id/2145/category/27',0,1,NULL,1,'{\"category_id\":\"27\"}'),(3012,'product',2145,'women/women-trousers/n-dress-trousers','catalog/product/view/id/2145/category/31',0,1,NULL,1,'{\"category_id\":\"31\"}'),(3013,'product',2145,'/n-dress-trousers','catalog/product/view/id/2145/category/2',0,1,NULL,1,'{\"category_id\":\"2\"}'),(3014,'product',2149,'n-leather-backpack','catalog/product/view/id/2149',0,1,NULL,1,NULL),(3015,'product',2149,'accessories/n-leather-backpack','catalog/product/view/id/2149/category/35',0,1,NULL,1,'{\"category_id\":\"35\"}'),(3016,'product',2149,'accessories/accessories-bags/n-leather-backpack','catalog/product/view/id/2149/category/37',0,1,NULL,1,'{\"category_id\":\"37\"}'),(3017,'product',2149,'/n-leather-backpack','catalog/product/view/id/2149/category/2',0,1,NULL,1,'{\"category_id\":\"2\"}'),(3018,'product',2157,'n-escada-gilet','catalog/product/view/id/2157',0,1,NULL,1,NULL),(3019,'product',2157,'women/n-escada-gilet','catalog/product/view/id/2157/category/27',0,1,NULL,1,'{\"category_id\":\"27\"}'),(3020,'product',2157,'women/women-jackets/n-escada-gilet','catalog/product/view/id/2157/category/30',0,1,NULL,1,'{\"category_id\":\"30\"}'),(3021,'product',2157,'/n-escada-gilet','catalog/product/view/id/2157/category/2',0,1,NULL,1,'{\"category_id\":\"2\"}'),(3022,'product',2168,'n-heeled-sandals','catalog/product/view/id/2168',0,1,NULL,1,NULL),(3023,'product',2168,'women/n-heeled-sandals','catalog/product/view/id/2168/category/27',0,1,NULL,1,'{\"category_id\":\"27\"}'),(3024,'product',2168,'women/women-shoes/n-heeled-sandals','catalog/product/view/id/2168/category/33',0,1,NULL,1,'{\"category_id\":\"33\"}'),(3025,'product',2168,'/n-heeled-sandals','catalog/product/view/id/2168/category/2',0,1,NULL,1,'{\"category_id\":\"2\"}'),(3026,'product',2171,'n-handbag','catalog/product/view/id/2171',0,1,NULL,1,NULL),(3027,'product',2171,'accessories/n-handbag','catalog/product/view/id/2171/category/35',0,1,NULL,1,'{\"category_id\":\"35\"}'),(3028,'product',2171,'accessories/accessories-bags/n-handbag','catalog/product/view/id/2171/category/37',0,1,NULL,1,'{\"category_id\":\"37\"}'),(3029,'product',2171,'/n-handbag','catalog/product/view/id/2171/category/2',0,1,NULL,1,'{\"category_id\":\"2\"}'),(3030,'product',2178,'n-just-me-casual-dress','catalog/product/view/id/2178',0,1,NULL,1,NULL),(3031,'product',2178,'women/n-just-me-casual-dress','catalog/product/view/id/2178/category/27',0,1,NULL,1,'{\"category_id\":\"27\"}'),(3032,'product',2178,'women/women-dresses/n-just-me-casual-dress','catalog/product/view/id/2178/category/28',0,1,NULL,1,'{\"category_id\":\"28\"}'),(3033,'product',2178,'/n-just-me-casual-dress','catalog/product/view/id/2178/category/2',0,1,NULL,1,'{\"category_id\":\"2\"}'),(3034,'product',2185,'n-lace-dress','catalog/product/view/id/2185',0,1,NULL,1,NULL),(3035,'product',2185,'women/n-lace-dress','catalog/product/view/id/2185/category/27',0,1,NULL,1,'{\"category_id\":\"27\"}'),(3036,'product',2185,'women/women-dresses/n-lace-dress','catalog/product/view/id/2185/category/28',0,1,NULL,1,'{\"category_id\":\"28\"}'),(3037,'product',2185,'/n-lace-dress','catalog/product/view/id/2185/category/2',0,1,NULL,1,'{\"category_id\":\"2\"}'),(3038,'product',2190,'n-green-sunglasses','catalog/product/view/id/2190',0,1,NULL,1,NULL),(3039,'product',2190,'accessories/n-green-sunglasses','catalog/product/view/id/2190/category/35',0,1,NULL,1,'{\"category_id\":\"35\"}'),(3040,'product',2190,'accessories/accessories-sunglasses/n-green-sunglasses','catalog/product/view/id/2190/category/36',0,1,NULL,1,'{\"category_id\":\"36\"}'),(3041,'product',2190,'/n-green-sunglasses','catalog/product/view/id/2190/category/2',0,1,NULL,1,'{\"category_id\":\"2\"}'),(3042,'product',2197,'n-lawrence-grey-cashmere-pullover','catalog/product/view/id/2197',0,1,NULL,1,NULL),(3043,'product',2197,'women/n-lawrence-grey-cashmere-pullover','catalog/product/view/id/2197/category/27',0,1,NULL,1,'{\"category_id\":\"27\"}'),(3044,'product',2197,'women/women-knitwear/n-lawrence-grey-cashmere-pullover','catalog/product/view/id/2197/category/29',0,1,NULL,1,'{\"category_id\":\"29\"}'),(3045,'product',2197,'/n-lawrence-grey-cashmere-pullover','catalog/product/view/id/2197/category/2',0,1,NULL,1,'{\"category_id\":\"2\"}'),(3046,'product',2204,'n-lawrence-grey-knit-dress','catalog/product/view/id/2204',0,1,NULL,1,NULL),(3047,'product',2204,'women/n-lawrence-grey-knit-dress','catalog/product/view/id/2204/category/27',0,1,NULL,1,'{\"category_id\":\"27\"}'),(3048,'product',2204,'women/women-dresses/n-lawrence-grey-knit-dress','catalog/product/view/id/2204/category/28',0,1,NULL,1,'{\"category_id\":\"28\"}'),(3049,'product',2204,'/n-lawrence-grey-knit-dress','catalog/product/view/id/2204/category/2',0,1,NULL,1,'{\"category_id\":\"2\"}'),(3050,'product',2207,'n-cognac-handbag','catalog/product/view/id/2207',0,1,NULL,1,NULL),(3051,'product',2207,'accessories/n-cognac-handbag','catalog/product/view/id/2207/category/35',0,1,NULL,1,'{\"category_id\":\"35\"}'),(3052,'product',2207,'accessories/accessories-bags/n-cognac-handbag','catalog/product/view/id/2207/category/37',0,1,NULL,1,'{\"category_id\":\"37\"}'),(3053,'product',2207,'/n-cognac-handbag','catalog/product/view/id/2207/category/2',0,1,NULL,1,'{\"category_id\":\"2\"}'),(3054,'product',2212,'n-bottega-veneta','catalog/product/view/id/2212',0,1,NULL,1,NULL),(3055,'product',2212,'accessories/n-bottega-veneta','catalog/product/view/id/2212/category/35',0,1,NULL,1,'{\"category_id\":\"35\"}'),(3056,'product',2212,'accessories/accessories-sunglasses/n-bottega-veneta','catalog/product/view/id/2212/category/36',0,1,NULL,1,'{\"category_id\":\"36\"}'),(3057,'product',2212,'/n-bottega-veneta','catalog/product/view/id/2212/category/2',0,1,NULL,1,'{\"category_id\":\"2\"}'),(3058,'product',2219,'n-max-co-mini-dress','catalog/product/view/id/2219',0,1,NULL,1,NULL),(3059,'product',2219,'women/n-max-co-mini-dress','catalog/product/view/id/2219/category/27',0,1,NULL,1,'{\"category_id\":\"27\"}'),(3060,'product',2219,'women/women-dresses/n-max-co-mini-dress','catalog/product/view/id/2219/category/28',0,1,NULL,1,'{\"category_id\":\"28\"}'),(3061,'product',2219,'/n-max-co-mini-dress','catalog/product/view/id/2219/category/2',0,1,NULL,1,'{\"category_id\":\"2\"}'),(3062,'product',2222,'n-medium-blue-handbag','catalog/product/view/id/2222',0,1,NULL,1,NULL),(3063,'product',2222,'accessories/n-medium-blue-handbag','catalog/product/view/id/2222/category/35',0,1,NULL,1,'{\"category_id\":\"35\"}'),(3064,'product',2222,'accessories/accessories-bags/n-medium-blue-handbag','catalog/product/view/id/2222/category/37',0,1,NULL,1,'{\"category_id\":\"37\"}'),(3065,'product',2222,'/n-medium-blue-handbag','catalog/product/view/id/2222/category/2',0,1,NULL,1,'{\"category_id\":\"2\"}'),(3066,'product',2229,'n-max-tonso-cashmere-pullover','catalog/product/view/id/2229',0,1,NULL,1,NULL),(3067,'product',2229,'women/n-max-tonso-cashmere-pullover','catalog/product/view/id/2229/category/27',0,1,NULL,1,'{\"category_id\":\"27\"}'),(3068,'product',2229,'women/women-knitwear/n-max-tonso-cashmere-pullover','catalog/product/view/id/2229/category/29',0,1,NULL,1,'{\"category_id\":\"29\"}'),(3069,'product',2229,'/n-max-tonso-cashmere-pullover','catalog/product/view/id/2229/category/2',0,1,NULL,1,'{\"category_id\":\"2\"}'),(3070,'product',2234,'n-black-sunglasses','catalog/product/view/id/2234',0,1,NULL,1,NULL),(3071,'product',2234,'accessories/n-black-sunglasses','catalog/product/view/id/2234/category/35',0,1,NULL,1,'{\"category_id\":\"35\"}'),(3072,'product',2234,'accessories/accessories-sunglasses/n-black-sunglasses','catalog/product/view/id/2234/category/36',0,1,NULL,1,'{\"category_id\":\"36\"}'),(3073,'product',2234,'/n-black-sunglasses','catalog/product/view/id/2234/category/2',0,1,NULL,1,'{\"category_id\":\"2\"}'),(3074,'product',2245,'n-over-the-knee-boots','catalog/product/view/id/2245',0,1,NULL,1,NULL),(3075,'product',2245,'women/n-over-the-knee-boots','catalog/product/view/id/2245/category/27',0,1,NULL,1,'{\"category_id\":\"27\"}'),(3076,'product',2245,'women/women-shoes/n-over-the-knee-boots','catalog/product/view/id/2245/category/33',0,1,NULL,1,'{\"category_id\":\"33\"}'),(3077,'product',2245,'/n-over-the-knee-boots','catalog/product/view/id/2245/category/2',0,1,NULL,1,'{\"category_id\":\"2\"}'),(3078,'product',2252,'n-pale-belt-pants','catalog/product/view/id/2252',0,1,NULL,1,NULL),(3079,'product',2252,'women/n-pale-belt-pants','catalog/product/view/id/2252/category/27',0,1,NULL,1,'{\"category_id\":\"27\"}'),(3080,'product',2252,'women/women-trousers/n-pale-belt-pants','catalog/product/view/id/2252/category/31',0,1,NULL,1,'{\"category_id\":\"31\"}'),(3081,'product',2252,'/n-pale-belt-pants','catalog/product/view/id/2252/category/2',0,1,NULL,1,'{\"category_id\":\"2\"}'),(3082,'product',2255,'n-beige-leather-belt','catalog/product/view/id/2255',0,1,NULL,1,NULL),(3083,'product',2255,'accessories/n-beige-leather-belt','catalog/product/view/id/2255/category/35',0,1,NULL,1,'{\"category_id\":\"35\"}'),(3084,'product',2255,'accessories/accessories-belts/n-beige-leather-belt','catalog/product/view/id/2255/category/38',0,1,NULL,1,'{\"category_id\":\"38\"}'),(3085,'product',2255,'/n-beige-leather-belt','catalog/product/view/id/2255/category/2',0,1,NULL,1,'{\"category_id\":\"2\"}'),(3086,'product',2268,'n-pumps','catalog/product/view/id/2268',0,1,NULL,1,NULL),(3087,'product',2268,'women/n-pumps','catalog/product/view/id/2268/category/27',0,1,NULL,1,'{\"category_id\":\"27\"}'),(3088,'product',2268,'women/women-shoes/n-pumps','catalog/product/view/id/2268/category/33',0,1,NULL,1,'{\"category_id\":\"33\"}'),(3089,'product',2268,'/n-pumps','catalog/product/view/id/2268/category/2',0,1,NULL,1,'{\"category_id\":\"2\"}'),(3094,'product',2284,'n-rino-pelle-quilted-jacket','catalog/product/view/id/2284',0,1,NULL,1,NULL),(3095,'product',2284,'women/n-rino-pelle-quilted-jacket','catalog/product/view/id/2284/category/27',0,1,NULL,1,'{\"category_id\":\"27\"}'),(3096,'product',2284,'women/women-jackets/n-rino-pelle-quilted-jacket','catalog/product/view/id/2284/category/30',0,1,NULL,1,'{\"category_id\":\"30\"}'),(3097,'product',2284,'/n-rino-pelle-quilted-jacket','catalog/product/view/id/2284/category/2',0,1,NULL,1,'{\"category_id\":\"2\"}'),(3098,'product',2291,'n-sequin-dress','catalog/product/view/id/2291',0,1,NULL,1,NULL),(3099,'product',2291,'women/n-sequin-dress','catalog/product/view/id/2291/category/27',0,1,NULL,1,'{\"category_id\":\"27\"}'),(3100,'product',2291,'women/women-dresses/n-sequin-dress','catalog/product/view/id/2291/category/28',0,1,NULL,1,'{\"category_id\":\"28\"}'),(3101,'product',2291,'/n-sequin-dress','catalog/product/view/id/2291/category/2',0,1,NULL,1,'{\"category_id\":\"2\"}'),(3102,'product',2300,'n-seventy-transitional-jacket','catalog/product/view/id/2300',0,1,NULL,1,NULL),(3103,'product',2300,'women/n-seventy-transitional-jacket','catalog/product/view/id/2300/category/27',0,1,NULL,1,'{\"category_id\":\"27\"}'),(3104,'product',2300,'women/women-jackets/n-seventy-transitional-jacket','catalog/product/view/id/2300/category/30',0,1,NULL,1,'{\"category_id\":\"30\"}'),(3105,'product',2300,'/n-seventy-transitional-jacket','catalog/product/view/id/2300/category/2',0,1,NULL,1,'{\"category_id\":\"2\"}'),(3106,'product',2309,'n-slim-fit-jeans','catalog/product/view/id/2309',0,1,NULL,1,NULL),(3107,'product',2309,'women/n-slim-fit-jeans','catalog/product/view/id/2309/category/27',0,1,NULL,1,'{\"category_id\":\"27\"}'),(3108,'product',2309,'women/women-jeans/n-slim-fit-jeans','catalog/product/view/id/2309/category/32',0,1,NULL,1,'{\"category_id\":\"32\"}'),(3109,'product',2309,'/n-slim-fit-jeans','catalog/product/view/id/2309/category/2',0,1,NULL,1,'{\"category_id\":\"2\"}'),(3110,'product',2320,'n-slim-fit-jeans-eline','catalog/product/view/id/2320',0,1,NULL,1,NULL),(3111,'product',2320,'women/n-slim-fit-jeans-eline','catalog/product/view/id/2320/category/27',0,1,NULL,1,'{\"category_id\":\"27\"}'),(3112,'product',2320,'women/women-jeans/n-slim-fit-jeans-eline','catalog/product/view/id/2320/category/32',0,1,NULL,1,'{\"category_id\":\"32\"}'),(3113,'product',2320,'/n-slim-fit-jeans-eline','catalog/product/view/id/2320/category/2',0,1,NULL,1,'{\"category_id\":\"2\"}'),(3118,'product',2336,'n-jack-jones-transitional-jacket','catalog/product/view/id/2336',0,1,NULL,1,NULL),(3119,'product',2336,'men/n-jack-jones-transitional-jacket','catalog/product/view/id/2336/category/20',0,1,NULL,1,'{\"category_id\":\"20\"}'),(3120,'product',2336,'men/men-jackets/n-jack-jones-transitional-jacket','catalog/product/view/id/2336/category/23',0,1,NULL,1,'{\"category_id\":\"23\"}'),(3121,'product',2336,'/n-jack-jones-transitional-jacket','catalog/product/view/id/2336/category/2',0,1,NULL,1,'{\"category_id\":\"2\"}'),(3122,'product',2343,'n-hilfiger-denim-transitional-jacket','catalog/product/view/id/2343',0,1,NULL,1,NULL),(3123,'product',2343,'men/n-hilfiger-denim-transitional-jacket','catalog/product/view/id/2343/category/20',0,1,NULL,1,'{\"category_id\":\"20\"}'),(3124,'product',2343,'men/men-jackets/n-hilfiger-denim-transitional-jacket','catalog/product/view/id/2343/category/23',0,1,NULL,1,'{\"category_id\":\"23\"}'),(3125,'product',2343,'/n-hilfiger-denim-transitional-jacket','catalog/product/view/id/2343/category/2',0,1,NULL,1,'{\"category_id\":\"2\"}'),(3126,'product',2350,'n-wool-jersey-trousers','catalog/product/view/id/2350',0,1,NULL,1,NULL),(3127,'product',2350,'women/n-wool-jersey-trousers','catalog/product/view/id/2350/category/27',0,1,NULL,1,'{\"category_id\":\"27\"}'),(3128,'product',2350,'women/women-trousers/n-wool-jersey-trousers','catalog/product/view/id/2350/category/31',0,1,NULL,1,'{\"category_id\":\"31\"}'),(3129,'product',2350,'/n-wool-jersey-trousers','catalog/product/view/id/2350/category/2',0,1,NULL,1,'{\"category_id\":\"2\"}'),(3130,'product',2357,'n-unq-linen-dress-2','catalog/product/view/id/2357',0,1,NULL,1,NULL),(3131,'product',2357,'women/n-unq-linen-dress-2','catalog/product/view/id/2357/category/27',0,1,NULL,1,'{\"category_id\":\"27\"}'),(3132,'product',2357,'women/women-dresses/n-unq-linen-dress-2','catalog/product/view/id/2357/category/28',0,1,NULL,1,'{\"category_id\":\"28\"}'),(3133,'product',2357,'/n-unq-linen-dress-2','catalog/product/view/id/2357/category/2',0,1,NULL,1,'{\"category_id\":\"2\"}'),(3134,'product',2366,'n-calvin-klein-jeans-down-jacket','catalog/product/view/id/2366',0,1,NULL,1,NULL),(3135,'product',2366,'women/n-calvin-klein-jeans-down-jacket','catalog/product/view/id/2366/category/27',0,1,NULL,1,'{\"category_id\":\"27\"}'),(3136,'product',2366,'women/women-jackets/n-calvin-klein-jeans-down-jacket','catalog/product/view/id/2366/category/30',0,1,NULL,1,'{\"category_id\":\"30\"}'),(3137,'product',2366,'/n-calvin-klein-jeans-down-jacket','catalog/product/view/id/2366/category/2',0,1,NULL,1,'{\"category_id\":\"2\"}'),(3138,'product',2373,'n-unq-linen-dress','catalog/product/view/id/2373',0,1,NULL,1,NULL),(3139,'product',2373,'women/n-unq-linen-dress','catalog/product/view/id/2373/category/27',0,1,NULL,1,'{\"category_id\":\"27\"}'),(3140,'product',2373,'women/women-dresses/n-unq-linen-dress','catalog/product/view/id/2373/category/28',0,1,NULL,1,'{\"category_id\":\"28\"}'),(3141,'product',2373,'/n-unq-linen-dress','catalog/product/view/id/2373/category/2',0,1,NULL,1,'{\"category_id\":\"2\"}'),(3142,'product',2389,'n-dark-grey-chino','catalog/product/view/id/2389',0,1,NULL,1,NULL),(3143,'product',2389,'men/n-dark-grey-chino','catalog/product/view/id/2389/category/20',0,1,NULL,1,'{\"category_id\":\"20\"}'),(3144,'product',2389,'men/men-trousers/n-dark-grey-chino','catalog/product/view/id/2389/category/25',0,1,NULL,1,'{\"category_id\":\"25\"}'),(3145,'product',2389,'/n-dark-grey-chino','catalog/product/view/id/2389/category/2',0,1,NULL,1,'{\"category_id\":\"2\"}'),(3146,'product',2396,'n-unq-linen-dress-1','catalog/product/view/id/2396',0,1,NULL,1,NULL),(3147,'product',2396,'women/n-unq-linen-dress-1','catalog/product/view/id/2396/category/27',0,1,NULL,1,'{\"category_id\":\"27\"}'),(3148,'product',2396,'women/women-dresses/n-unq-linen-dress-1','catalog/product/view/id/2396/category/28',0,1,NULL,1,'{\"category_id\":\"28\"}'),(3149,'product',2396,'/n-unq-linen-dress-1','catalog/product/view/id/2396/category/2',0,1,NULL,1,'{\"category_id\":\"2\"}'),(3150,'product',2403,'n-the-skinny-crop','catalog/product/view/id/2403',0,1,NULL,1,NULL),(3151,'product',2403,'women/n-the-skinny-crop','catalog/product/view/id/2403/category/27',0,1,NULL,1,'{\"category_id\":\"27\"}'),(3152,'product',2403,'women/women-jeans/n-the-skinny-crop','catalog/product/view/id/2403/category/32',0,1,NULL,1,'{\"category_id\":\"32\"}'),(3153,'product',2403,'/n-the-skinny-crop','catalog/product/view/id/2403/category/2',0,1,NULL,1,'{\"category_id\":\"2\"}'),(3154,'product',2410,'n-sweat-pants','catalog/product/view/id/2410',0,1,NULL,1,NULL),(3155,'product',2410,'women/n-sweat-pants','catalog/product/view/id/2410/category/27',0,1,NULL,1,'{\"category_id\":\"27\"}'),(3156,'product',2410,'women/women-trousers/n-sweat-pants','catalog/product/view/id/2410/category/31',0,1,NULL,1,'{\"category_id\":\"31\"}'),(3157,'product',2410,'/n-sweat-pants','catalog/product/view/id/2410/category/2',0,1,NULL,1,'{\"category_id\":\"2\"}'),(3158,'product',2417,'n-81-hours-cashmere-pullover','catalog/product/view/id/2417',0,1,NULL,1,NULL),(3159,'product',2417,'women/n-81-hours-cashmere-pullover','catalog/product/view/id/2417/category/27',0,1,NULL,1,'{\"category_id\":\"27\"}'),(3160,'product',2417,'women/women-knitwear/n-81-hours-cashmere-pullover','catalog/product/view/id/2417/category/29',0,1,NULL,1,'{\"category_id\":\"29\"}'),(3161,'product',2417,'/n-81-hours-cashmere-pullover','catalog/product/view/id/2417/category/2',0,1,NULL,1,'{\"category_id\":\"2\"}'),(3162,'product',2424,'n-seventy-transitional-jacket-8','catalog/product/view/id/2424',0,1,NULL,1,NULL),(3163,'product',2424,'women/n-seventy-transitional-jacket-8','catalog/product/view/id/2424/category/27',0,1,NULL,1,'{\"category_id\":\"27\"}'),(3164,'product',2424,'women/women-jackets/n-seventy-transitional-jacket-8','catalog/product/view/id/2424/category/30',0,1,NULL,1,'{\"category_id\":\"30\"}'),(3165,'product',2424,'/n-seventy-transitional-jacket-8','catalog/product/view/id/2424/category/2',0,1,NULL,1,'{\"category_id\":\"2\"}'),(3166,'product',2431,'n-seventy-transitional-jacket-2','catalog/product/view/id/2431',0,1,NULL,1,NULL),(3167,'product',2431,'women/n-seventy-transitional-jacket-2','catalog/product/view/id/2431/category/27',0,1,NULL,1,'{\"category_id\":\"27\"}'),(3168,'product',2431,'women/women-jackets/n-seventy-transitional-jacket-2','catalog/product/view/id/2431/category/30',0,1,NULL,1,'{\"category_id\":\"30\"}'),(3169,'product',2431,'/n-seventy-transitional-jacket-2','catalog/product/view/id/2431/category/2',0,1,NULL,1,'{\"category_id\":\"2\"}'),(3170,'product',2440,'n-straight-leg-jeans','catalog/product/view/id/2440',0,1,NULL,1,NULL),(3171,'product',2440,'women/n-straight-leg-jeans','catalog/product/view/id/2440/category/27',0,1,NULL,1,'{\"category_id\":\"27\"}'),(3172,'product',2440,'women/women-jeans/n-straight-leg-jeans','catalog/product/view/id/2440/category/32',0,1,NULL,1,'{\"category_id\":\"32\"}'),(3173,'product',2440,'/n-straight-leg-jeans','catalog/product/view/id/2440/category/2',0,1,NULL,1,'{\"category_id\":\"2\"}'),(3174,'product',2456,'n-black-chino-5','catalog/product/view/id/2456',0,1,NULL,1,NULL),(3175,'product',2456,'women/n-black-chino-5','catalog/product/view/id/2456/category/27',0,1,NULL,1,'{\"category_id\":\"27\"}'),(3176,'product',2456,'women/women-shoes/n-black-chino-5','catalog/product/view/id/2456/category/33',0,1,NULL,1,'{\"category_id\":\"33\"}'),(3177,'product',2456,'/n-black-chino-5','catalog/product/view/id/2456/category/2',0,1,NULL,1,'{\"category_id\":\"2\"}'),(3178,'product',2465,'n-black-chino-6','catalog/product/view/id/2465',0,1,NULL,1,NULL),(3179,'product',2465,'women/n-black-chino-6','catalog/product/view/id/2465/category/27',0,1,NULL,1,'{\"category_id\":\"27\"}'),(3180,'product',2465,'women/women-shoes/n-black-chino-6','catalog/product/view/id/2465/category/33',0,1,NULL,1,'{\"category_id\":\"33\"}'),(3181,'product',2465,'/n-black-chino-6','catalog/product/view/id/2465/category/2',0,1,NULL,1,'{\"category_id\":\"2\"}'),(3182,'product',2478,'n-black-chino-7','catalog/product/view/id/2478',0,1,NULL,1,NULL),(3183,'product',2478,'women/n-black-chino-7','catalog/product/view/id/2478/category/27',0,1,NULL,1,'{\"category_id\":\"27\"}'),(3184,'product',2478,'women/women-shoes/n-black-chino-7','catalog/product/view/id/2478/category/33',0,1,NULL,1,'{\"category_id\":\"33\"}'),(3185,'product',2478,'/n-black-chino-7','catalog/product/view/id/2478/category/2',0,1,NULL,1,'{\"category_id\":\"2\"}'),(3186,'product',2487,'n-slim-fit-jeans-jane','catalog/product/view/id/2487',0,1,NULL,1,NULL),(3187,'product',2487,'women/n-slim-fit-jeans-jane','catalog/product/view/id/2487/category/27',0,1,NULL,1,'{\"category_id\":\"27\"}'),(3188,'product',2487,'women/women-jeans/n-slim-fit-jeans-jane','catalog/product/view/id/2487/category/32',0,1,NULL,1,'{\"category_id\":\"32\"}'),(3189,'product',2487,'/n-slim-fit-jeans-jane','catalog/product/view/id/2487/category/2',0,1,NULL,1,'{\"category_id\":\"2\"}'),(3190,'product',2500,'n-black-chino-1','catalog/product/view/id/2500',0,1,NULL,1,NULL),(3191,'product',2500,'women/n-black-chino-1','catalog/product/view/id/2500/category/27',0,1,NULL,1,'{\"category_id\":\"27\"}'),(3192,'product',2500,'women/women-shoes/n-black-chino-1','catalog/product/view/id/2500/category/33',0,1,NULL,1,'{\"category_id\":\"33\"}'),(3193,'product',2500,'/n-black-chino-1','catalog/product/view/id/2500/category/2',0,1,NULL,1,'{\"category_id\":\"2\"}'),(3194,'product',2507,'n-grey-slim-fit-jeans-cirrus','catalog/product/view/id/2507',0,1,NULL,1,NULL),(3195,'product',2507,'men/n-grey-slim-fit-jeans-cirrus','catalog/product/view/id/2507/category/20',0,1,NULL,1,'{\"category_id\":\"20\"}'),(3196,'product',2507,'men/men-jeans/n-grey-slim-fit-jeans-cirrus','catalog/product/view/id/2507/category/26',0,1,NULL,1,'{\"category_id\":\"26\"}'),(3197,'product',2507,'/n-grey-slim-fit-jeans-cirrus','catalog/product/view/id/2507/category/2',0,1,NULL,1,'{\"category_id\":\"2\"}'),(3198,'product',2517,'n-khaki-straight-leg-jeans-cadiz','catalog/product/view/id/2517',0,1,NULL,1,NULL),(3199,'product',2517,'men/n-khaki-straight-leg-jeans-cadiz','catalog/product/view/id/2517/category/20',0,1,NULL,1,'{\"category_id\":\"20\"}'),(3200,'product',2517,'men/men-jeans/n-khaki-straight-leg-jeans-cadiz','catalog/product/view/id/2517/category/26',0,1,NULL,1,'{\"category_id\":\"26\"}'),(3201,'product',2517,'/n-khaki-straight-leg-jeans-cadiz','catalog/product/view/id/2517/category/2',0,1,NULL,1,'{\"category_id\":\"2\"}'),(3202,'product',2524,'n-black-standard-jeans','catalog/product/view/id/2524',0,1,NULL,1,NULL),(3203,'product',2524,'men/n-black-standard-jeans','catalog/product/view/id/2524/category/20',0,1,NULL,1,'{\"category_id\":\"20\"}'),(3204,'product',2524,'men/men-trousers/n-black-standard-jeans','catalog/product/view/id/2524/category/25',0,1,NULL,1,'{\"category_id\":\"25\"}'),(3205,'product',2524,'/n-black-standard-jeans','catalog/product/view/id/2524/category/2',0,1,NULL,1,'{\"category_id\":\"2\"}'),(3206,'product',2533,'n-silk-pumps','catalog/product/view/id/2533',0,1,NULL,1,NULL),(3207,'product',2533,'women/n-silk-pumps','catalog/product/view/id/2533/category/27',0,1,NULL,1,'{\"category_id\":\"27\"}'),(3208,'product',2533,'women/women-shoes/n-silk-pumps','catalog/product/view/id/2533/category/33',0,1,NULL,1,'{\"category_id\":\"33\"}'),(3209,'product',2533,'/n-silk-pumps','catalog/product/view/id/2533/category/2',0,1,NULL,1,'{\"category_id\":\"2\"}'),(3210,'product',2542,'n-seventy-transitional-jacket-7','catalog/product/view/id/2542',0,1,NULL,1,NULL),(3211,'product',2542,'women/n-seventy-transitional-jacket-7','catalog/product/view/id/2542/category/27',0,1,NULL,1,'{\"category_id\":\"27\"}'),(3212,'product',2542,'women/women-jackets/n-seventy-transitional-jacket-7','catalog/product/view/id/2542/category/30',0,1,NULL,1,'{\"category_id\":\"30\"}'),(3213,'product',2542,'/n-seventy-transitional-jacket-7','catalog/product/view/id/2542/category/2',0,1,NULL,1,'{\"category_id\":\"2\"}'),(3216,'cms-page',5,'terms-and-conditions','cms/page/view/page_id/5',0,1,NULL,1,NULL),(3217,'cms-page',6,'about-us','cms/page/view/page_id/6',0,1,NULL,1,NULL),(3218,'cms-page',7,'homepage','cms/page/view/page_id/7',0,1,NULL,1,NULL);

--
-- Table structure for table `variable`
--

CREATE TABLE `variable` (
  `variable_id` int(10) unsigned NOT NULL AUTO_INCREMENT COMMENT 'Variable Id',
  `code` varchar(255) DEFAULT NULL COMMENT 'Variable Code',
  `name` varchar(255) DEFAULT NULL COMMENT 'Variable Name',
  PRIMARY KEY (`variable_id`),
  UNIQUE KEY `VARIABLE_CODE` (`code`)
) ENGINE=InnoDB DEFAULT CHARSET=utf8 COMMENT='Variables';

--
-- Dumping data for table `variable`
--


--
-- Table structure for table `variable_value`
--

CREATE TABLE `variable_value` (
  `value_id` int(10) unsigned NOT NULL AUTO_INCREMENT COMMENT 'Variable Value Id',
  `variable_id` int(10) unsigned NOT NULL DEFAULT '0' COMMENT 'Variable Id',
  `store_id` smallint(5) unsigned NOT NULL DEFAULT '0' COMMENT 'Store Id',
  `plain_value` text COMMENT 'Plain Text Value',
  `html_value` text COMMENT 'Html Value',
  PRIMARY KEY (`value_id`),
  UNIQUE KEY `VARIABLE_VALUE_VARIABLE_ID_STORE_ID` (`variable_id`,`store_id`),
  KEY `VARIABLE_VALUE_STORE_ID` (`store_id`),
  CONSTRAINT `VARIABLE_VALUE_STORE_ID_STORE_STORE_ID` FOREIGN KEY (`store_id`) REFERENCES `store` (`store_id`) ON DELETE CASCADE,
  CONSTRAINT `VARIABLE_VALUE_VARIABLE_ID_VARIABLE_VARIABLE_ID` FOREIGN KEY (`variable_id`) REFERENCES `variable` (`variable_id`) ON DELETE CASCADE
) ENGINE=InnoDB DEFAULT CHARSET=utf8 COMMENT='Variable Value';

--
-- Dumping data for table `variable_value`
--


--
-- Table structure for table `vault_payment_token`
--

CREATE TABLE `vault_payment_token` (
  `entity_id` int(10) unsigned NOT NULL AUTO_INCREMENT COMMENT 'Entity ID',
  `customer_id` int(10) unsigned DEFAULT NULL COMMENT 'Customer Id',
  `public_hash` varchar(128) NOT NULL COMMENT 'Hash code for using on frontend',
  `payment_method_code` varchar(128) NOT NULL COMMENT 'Payment method code',
  `type` varchar(128) NOT NULL COMMENT 'Type',
  `created_at` timestamp NOT NULL DEFAULT CURRENT_TIMESTAMP COMMENT 'Created At',
  `expires_at` timestamp NULL DEFAULT NULL COMMENT 'Expires At',
  `gateway_token` varchar(255) NOT NULL COMMENT 'Gateway Token',
  `details` text COMMENT 'Details',
  `is_active` tinyint(1) NOT NULL DEFAULT '1',
  `is_visible` tinyint(1) NOT NULL DEFAULT '1',
  PRIMARY KEY (`entity_id`),
  UNIQUE KEY `VAULT_PAYMENT_TOKEN_PUBLIC_HASH` (`public_hash`),
  UNIQUE KEY `VAULT_PAYMENT_TOKEN_PAYMENT_METHOD_CODE_CSTR_ID_GATEWAY_TOKEN` (`payment_method_code`,`customer_id`,`gateway_token`),
  KEY `VAULT_PAYMENT_TOKEN_CUSTOMER_ID_CUSTOMER_ENTITY_ENTITY_ID` (`customer_id`),
  CONSTRAINT `VAULT_PAYMENT_TOKEN_CUSTOMER_ID_CUSTOMER_ENTITY_ENTITY_ID` FOREIGN KEY (`customer_id`) REFERENCES `customer_entity` (`entity_id`) ON DELETE CASCADE
) ENGINE=InnoDB DEFAULT CHARSET=utf8 COMMENT='Vault tokens of payment';

--
-- Dumping data for table `vault_payment_token`
--


--
-- Table structure for table `vault_payment_token_order_payment_link`
--

CREATE TABLE `vault_payment_token_order_payment_link` (
  `order_payment_id` int(10) unsigned NOT NULL COMMENT 'Order payment Id',
  `payment_token_id` int(10) unsigned NOT NULL COMMENT 'Payment token Id',
  PRIMARY KEY (`order_payment_id`,`payment_token_id`),
  KEY `FK_4ED894655446D385894580BECA993862` (`payment_token_id`),
  CONSTRAINT `FK_4ED894655446D385894580BECA993862` FOREIGN KEY (`payment_token_id`) REFERENCES `vault_payment_token` (`entity_id`) ON DELETE CASCADE,
  CONSTRAINT `FK_CF37B9D854256534BE23C818F6291CA2` FOREIGN KEY (`order_payment_id`) REFERENCES `sales_order_payment` (`entity_id`) ON DELETE CASCADE
) ENGINE=InnoDB DEFAULT CHARSET=utf8 COMMENT='Order payments to vault token';

--
-- Dumping data for table `vault_payment_token_order_payment_link`
--


--
-- Table structure for table `vertex_custom_option_flex_field`
--

CREATE TABLE `vertex_custom_option_flex_field` (
  `entity_id` int(10) unsigned NOT NULL AUTO_INCREMENT COMMENT 'Map Entity ID',
  `option_id` int(10) unsigned NOT NULL COMMENT 'Customizable Option ID',
  `website_id` int(10) unsigned NOT NULL DEFAULT '0' COMMENT 'Website ID',
  `flex_field` text COMMENT 'Flexible Field ID',
  PRIMARY KEY (`entity_id`),
  UNIQUE KEY `VERTEX_CUSTOM_OPTION_FLEX_FIELD_OPTION_ID_WEBSITE_ID` (`option_id`,`website_id`)
) ENGINE=InnoDB DEFAULT CHARSET=utf8 COMMENT='Customizable Option to Flex Field Map';

--
-- Dumping data for table `vertex_custom_option_flex_field`
--


--
-- Table structure for table `vertex_customer_code`
--

CREATE TABLE `vertex_customer_code` (
  `customer_id` int(10) unsigned NOT NULL COMMENT 'Customer ID',
  `customer_code` text COMMENT 'Customer Code for Vertex',
  PRIMARY KEY (`customer_id`)
) ENGINE=InnoDB DEFAULT CHARSET=utf8 COMMENT='vertex_customer_code';

--
-- Dumping data for table `vertex_customer_code`
--


--
-- Table structure for table `vertex_invoice_sent`
--

CREATE TABLE `vertex_invoice_sent` (
  `invoice_id` int(10) unsigned NOT NULL COMMENT 'Invoice ID',
  `sent_to_vertex` tinyint(1) NOT NULL DEFAULT '0' COMMENT 'Invoice has been logged in Vertex',
  PRIMARY KEY (`invoice_id`)
) ENGINE=InnoDB DEFAULT CHARSET=utf8 COMMENT='vertex_invoice_sent';

--
-- Dumping data for table `vertex_invoice_sent`
--


--
-- Table structure for table `vertex_order_invoice_status`
--

CREATE TABLE `vertex_order_invoice_status` (
  `order_id` int(10) unsigned NOT NULL COMMENT 'Order ID',
  `sent_to_vertex` tinyint(1) NOT NULL DEFAULT '0' COMMENT 'Invoice has been logged in Vertex',
  PRIMARY KEY (`order_id`)
) ENGINE=InnoDB DEFAULT CHARSET=utf8 COMMENT='vertex_order_invoice_status';

--
-- Dumping data for table `vertex_order_invoice_status`
--


--
-- Table structure for table `vertex_sales_creditmemo_item_invoice_text_code`
--

CREATE TABLE `vertex_sales_creditmemo_item_invoice_text_code` (
  `item_id` int(10) unsigned NOT NULL COMMENT 'Creditmemo Item ID',
  `invoice_text_code` varchar(100) NOT NULL COMMENT 'Invoice text code from Vertex',
  UNIQUE KEY `UNQ_4BC40DA748D7713ADA661D2DE1BCF161` (`item_id`,`invoice_text_code`)
) ENGINE=InnoDB DEFAULT CHARSET=utf8 COMMENT='vertex_sales_creditmemo_item_invoice_text_code';

--
-- Dumping data for table `vertex_sales_creditmemo_item_invoice_text_code`
--


--
-- Table structure for table `vertex_sales_creditmemo_item_tax_code`
--

CREATE TABLE `vertex_sales_creditmemo_item_tax_code` (
  `item_id` int(10) unsigned NOT NULL COMMENT 'Creditmemo Item ID',
  `tax_code` varchar(100) NOT NULL COMMENT 'Invoice text code from Vertex',
  UNIQUE KEY `VERTEX_SALES_CREDITMEMO_ITEM_TAX_CODE_ITEM_ID_TAX_CODE` (`item_id`,`tax_code`)
) ENGINE=InnoDB DEFAULT CHARSET=utf8 COMMENT='vertex_sales_creditmemo_item_tax_code';

--
-- Dumping data for table `vertex_sales_creditmemo_item_tax_code`
--


--
-- Table structure for table `vertex_sales_creditmemo_item_vertex_tax_code`
--

CREATE TABLE `vertex_sales_creditmemo_item_vertex_tax_code` (
  `item_id` int(10) unsigned NOT NULL COMMENT 'Creditmemo Item ID',
  `vertex_tax_code` varchar(100) NOT NULL COMMENT 'Text code from Vertex',
  UNIQUE KEY `UNQ_31D7AADB3412BC7E7C1C98D5CC3A5D46` (`item_id`,`vertex_tax_code`)
) ENGINE=InnoDB DEFAULT CHARSET=utf8 COMMENT='vertex_sales_creditmemo_item_vertex_tax_code';

--
-- Dumping data for table `vertex_sales_creditmemo_item_vertex_tax_code`
--


--
-- Table structure for table `vertex_sales_order_item_invoice_text_code`
--

CREATE TABLE `vertex_sales_order_item_invoice_text_code` (
  `item_id` int(10) unsigned NOT NULL COMMENT 'Order Item ID',
  `invoice_text_code` varchar(100) NOT NULL COMMENT 'Invoice text code from Vertex',
  UNIQUE KEY `UNQ_96F6BE3160A4185CEA4D866018EAF6DC` (`item_id`,`invoice_text_code`)
) ENGINE=InnoDB DEFAULT CHARSET=utf8 COMMENT='vertex_sales_order_item_invoice_text_code';

--
-- Dumping data for table `vertex_sales_order_item_invoice_text_code`
--


--
-- Table structure for table `vertex_sales_order_item_tax_code`
--

CREATE TABLE `vertex_sales_order_item_tax_code` (
  `item_id` int(10) unsigned NOT NULL COMMENT 'Order Item ID',
  `tax_code` varchar(100) NOT NULL COMMENT 'Invoice text code from Vertex',
  UNIQUE KEY `VERTEX_SALES_ORDER_ITEM_TAX_CODE_ITEM_ID_TAX_CODE` (`item_id`,`tax_code`)
) ENGINE=InnoDB DEFAULT CHARSET=utf8 COMMENT='vertex_sales_order_item_tax_code';

--
-- Dumping data for table `vertex_sales_order_item_tax_code`
--


--
-- Table structure for table `vertex_sales_order_item_vertex_tax_code`
--

CREATE TABLE `vertex_sales_order_item_vertex_tax_code` (
  `item_id` int(10) unsigned NOT NULL COMMENT 'Order Item ID',
  `vertex_tax_code` varchar(100) NOT NULL COMMENT 'Text code from Vertex',
  UNIQUE KEY `VERTEX_SALES_ORDER_ITEM_VERTEX_TAX_CODE_ITEM_ID_VERTEX_TAX_CODE` (`item_id`,`vertex_tax_code`)
) ENGINE=InnoDB DEFAULT CHARSET=utf8 COMMENT='vertex_sales_order_item_vertex_tax_code';

--
-- Dumping data for table `vertex_sales_order_item_vertex_tax_code`
--


--
-- Table structure for table `vertex_taxrequest`
--

CREATE TABLE `vertex_taxrequest` (
  `request_id` bigint(20) unsigned NOT NULL AUTO_INCREMENT,
  `request_type` varchar(255) NOT NULL COMMENT 'Request Type',
  `quote_id` bigint(20) DEFAULT NULL,
  `order_id` bigint(20) DEFAULT NULL,
  `total_tax` varchar(255) NOT NULL COMMENT 'Total Tax Amount',
  `source_path` varchar(255) NOT NULL COMMENT 'Source path controller_module_action',
  `tax_area_id` varchar(255) NOT NULL COMMENT 'Tax Jurisdictions Id',
  `sub_total` varchar(255) NOT NULL COMMENT 'Response Subtotal Amount',
  `total` varchar(255) NOT NULL COMMENT 'Response Total Amount',
  `lookup_result` varchar(255) NOT NULL COMMENT 'Tax Area Response Lookup Result',
  `request_date` timestamp NOT NULL DEFAULT CURRENT_TIMESTAMP COMMENT 'Request create date',
  `request_xml` text NOT NULL COMMENT 'Request XML',
  `response_xml` text NOT NULL COMMENT 'Response XML',
  PRIMARY KEY (`request_id`),
  UNIQUE KEY `VERTEX_TAXREQUEST_REQUEST_ID` (`request_id`),
  KEY `VERTEX_TAXREQUEST_REQUEST_TYPE` (`request_type`),
  KEY `VERTEX_TAXREQUEST_ORDER_ID` (`order_id`)
) ENGINE=InnoDB DEFAULT CHARSET=utf8 COMMENT='Log of requests to Vertex';

--
-- Dumping data for table `vertex_taxrequest`
--


--
-- Table structure for table `weee_tax`
--

CREATE TABLE `weee_tax` (
  `value_id` int(11) NOT NULL AUTO_INCREMENT COMMENT 'Value Id',
  `website_id` smallint(5) unsigned NOT NULL DEFAULT '0' COMMENT 'Website Id',
  `entity_id` int(10) unsigned NOT NULL DEFAULT '0' COMMENT 'Entity ID',
  `country` varchar(2) DEFAULT NULL COMMENT 'Country',
  `value` decimal(12,4) NOT NULL DEFAULT '0.0000' COMMENT 'Value',
  `state` int(11) NOT NULL DEFAULT '0' COMMENT 'State',
  `attribute_id` smallint(5) unsigned NOT NULL COMMENT 'Attribute Id',
  PRIMARY KEY (`value_id`),
  KEY `WEEE_TAX_WEBSITE_ID` (`website_id`),
  KEY `WEEE_TAX_ENTITY_ID` (`entity_id`),
  KEY `WEEE_TAX_COUNTRY` (`country`),
  KEY `WEEE_TAX_ATTRIBUTE_ID` (`attribute_id`),
  CONSTRAINT `WEEE_TAX_ATTRIBUTE_ID_EAV_ATTRIBUTE_ATTRIBUTE_ID` FOREIGN KEY (`attribute_id`) REFERENCES `eav_attribute` (`attribute_id`) ON DELETE CASCADE,
  CONSTRAINT `WEEE_TAX_COUNTRY_DIRECTORY_COUNTRY_COUNTRY_ID` FOREIGN KEY (`country`) REFERENCES `directory_country` (`country_id`) ON DELETE CASCADE,
  CONSTRAINT `WEEE_TAX_ENTITY_ID_CATALOG_PRODUCT_ENTITY_ENTITY_ID` FOREIGN KEY (`entity_id`) REFERENCES `catalog_product_entity` (`entity_id`) ON DELETE CASCADE,
  CONSTRAINT `WEEE_TAX_WEBSITE_ID_STORE_WEBSITE_WEBSITE_ID` FOREIGN KEY (`website_id`) REFERENCES `store_website` (`website_id`) ON DELETE CASCADE
) ENGINE=InnoDB DEFAULT CHARSET=utf8 COMMENT='Weee Tax';

--
-- Dumping data for table `weee_tax`
--


--
-- Table structure for table `widget`
--

CREATE TABLE `widget` (
  `widget_id` int(10) unsigned NOT NULL AUTO_INCREMENT COMMENT 'Widget Id',
  `widget_code` varchar(255) DEFAULT NULL COMMENT 'Widget code for template directive',
  `widget_type` varchar(255) DEFAULT NULL COMMENT 'Widget Type',
  `parameters` text COMMENT 'Parameters',
  PRIMARY KEY (`widget_id`),
  KEY `WIDGET_WIDGET_CODE` (`widget_code`)
) ENGINE=InnoDB DEFAULT CHARSET=utf8 COMMENT='Preconfigured Widgets';

--
-- Dumping data for table `widget`
--


--
-- Table structure for table `widget_instance`
--

CREATE TABLE `widget_instance` (
  `instance_id` int(10) unsigned NOT NULL AUTO_INCREMENT COMMENT 'Instance Id',
  `instance_type` varchar(255) DEFAULT NULL COMMENT 'Instance Type',
  `theme_id` int(10) unsigned NOT NULL COMMENT 'Theme id',
  `title` varchar(255) DEFAULT NULL COMMENT 'Widget Title',
  `store_ids` varchar(255) NOT NULL DEFAULT '0' COMMENT 'Store ids',
  `widget_parameters` text COMMENT 'Widget parameters',
  `sort_order` smallint(5) unsigned NOT NULL DEFAULT '0' COMMENT 'Sort order',
  PRIMARY KEY (`instance_id`),
  KEY `WIDGET_INSTANCE_THEME_ID_THEME_THEME_ID` (`theme_id`),
  CONSTRAINT `WIDGET_INSTANCE_THEME_ID_THEME_THEME_ID` FOREIGN KEY (`theme_id`) REFERENCES `theme` (`theme_id`) ON DELETE CASCADE
) ENGINE=InnoDB DEFAULT CHARSET=utf8 COMMENT='Instances of Widget for Package Theme';

--
-- Dumping data for table `widget_instance`
--


--
-- Table structure for table `widget_instance_page`
--

CREATE TABLE `widget_instance_page` (
  `page_id` int(10) unsigned NOT NULL AUTO_INCREMENT COMMENT 'Page Id',
  `instance_id` int(10) unsigned NOT NULL DEFAULT '0' COMMENT 'Instance Id',
  `page_group` varchar(25) DEFAULT NULL COMMENT 'Block Group Type',
  `layout_handle` varchar(255) DEFAULT NULL COMMENT 'Layout Handle',
  `block_reference` varchar(255) DEFAULT NULL COMMENT 'Container',
  `page_for` varchar(25) DEFAULT NULL COMMENT 'For instance entities',
  `entities` text COMMENT 'Catalog entities (comma separated)',
  `page_template` varchar(255) DEFAULT NULL COMMENT 'Path to widget template',
  PRIMARY KEY (`page_id`),
  KEY `WIDGET_INSTANCE_PAGE_INSTANCE_ID` (`instance_id`),
  CONSTRAINT `WIDGET_INSTANCE_PAGE_INSTANCE_ID_WIDGET_INSTANCE_INSTANCE_ID` FOREIGN KEY (`instance_id`) REFERENCES `widget_instance` (`instance_id`) ON DELETE CASCADE
) ENGINE=InnoDB DEFAULT CHARSET=utf8 COMMENT='Instance of Widget on Page';

--
-- Dumping data for table `widget_instance_page`
--


--
-- Table structure for table `widget_instance_page_layout`
--

CREATE TABLE `widget_instance_page_layout` (
  `page_id` int(10) unsigned NOT NULL DEFAULT '0' COMMENT 'Page Id',
  `layout_update_id` int(10) unsigned NOT NULL DEFAULT '0' COMMENT 'Layout Update Id',
  UNIQUE KEY `WIDGET_INSTANCE_PAGE_LAYOUT_LAYOUT_UPDATE_ID_PAGE_ID` (`layout_update_id`,`page_id`),
  KEY `WIDGET_INSTANCE_PAGE_LAYOUT_PAGE_ID` (`page_id`),
  CONSTRAINT `WIDGET_INSTANCE_PAGE_LAYOUT_PAGE_ID_WIDGET_INSTANCE_PAGE_PAGE_ID` FOREIGN KEY (`page_id`) REFERENCES `widget_instance_page` (`page_id`) ON DELETE CASCADE,
  CONSTRAINT `WIDGET_INSTANCE_PAGE_LYT_LYT_UPDATE_ID_LYT_UPDATE_LYT_UPDATE_ID` FOREIGN KEY (`layout_update_id`) REFERENCES `layout_update` (`layout_update_id`) ON DELETE CASCADE
) ENGINE=InnoDB DEFAULT CHARSET=utf8 COMMENT='Layout updates';

--
-- Dumping data for table `widget_instance_page_layout`
--


--
-- Table structure for table `wishlist`
--

CREATE TABLE `wishlist` (
  `wishlist_id` int(10) unsigned NOT NULL AUTO_INCREMENT COMMENT 'Wishlist ID',
  `customer_id` int(10) unsigned NOT NULL DEFAULT '0' COMMENT 'Customer ID',
  `shared` smallint(5) unsigned NOT NULL DEFAULT '0' COMMENT 'Sharing flag (0 or 1)',
  `sharing_code` varchar(32) DEFAULT NULL COMMENT 'Sharing encrypted code',
  `updated_at` timestamp NULL DEFAULT NULL COMMENT 'Last updated date',
  PRIMARY KEY (`wishlist_id`),
  UNIQUE KEY `WISHLIST_CUSTOMER_ID` (`customer_id`),
  KEY `WISHLIST_SHARED` (`shared`),
  CONSTRAINT `WISHLIST_CUSTOMER_ID_CUSTOMER_ENTITY_ENTITY_ID` FOREIGN KEY (`customer_id`) REFERENCES `customer_entity` (`entity_id`) ON DELETE CASCADE
) ENGINE=InnoDB DEFAULT CHARSET=utf8 COMMENT='Wishlist main Table';

--
-- Dumping data for table `wishlist`
--


--
-- Table structure for table `wishlist_item`
--

CREATE TABLE `wishlist_item` (
  `wishlist_item_id` int(10) unsigned NOT NULL AUTO_INCREMENT COMMENT 'Wishlist item ID',
  `wishlist_id` int(10) unsigned NOT NULL DEFAULT '0' COMMENT 'Wishlist ID',
  `product_id` int(10) unsigned NOT NULL DEFAULT '0' COMMENT 'Product ID',
  `store_id` smallint(5) unsigned DEFAULT NULL COMMENT 'Store ID',
  `added_at` timestamp NULL DEFAULT NULL COMMENT 'Add date and time',
  `description` text COMMENT 'Short description of wish list item',
  `qty` decimal(12,4) NOT NULL COMMENT 'Qty',
  PRIMARY KEY (`wishlist_item_id`),
  KEY `WISHLIST_ITEM_WISHLIST_ID` (`wishlist_id`),
  KEY `WISHLIST_ITEM_PRODUCT_ID` (`product_id`),
  KEY `WISHLIST_ITEM_STORE_ID` (`store_id`),
  CONSTRAINT `WISHLIST_ITEM_PRODUCT_ID_CATALOG_PRODUCT_ENTITY_ENTITY_ID` FOREIGN KEY (`product_id`) REFERENCES `catalog_product_entity` (`entity_id`) ON DELETE CASCADE,
  CONSTRAINT `WISHLIST_ITEM_STORE_ID_STORE_STORE_ID` FOREIGN KEY (`store_id`) REFERENCES `store` (`store_id`) ON DELETE SET NULL,
  CONSTRAINT `WISHLIST_ITEM_WISHLIST_ID_WISHLIST_WISHLIST_ID` FOREIGN KEY (`wishlist_id`) REFERENCES `wishlist` (`wishlist_id`) ON DELETE CASCADE
) ENGINE=InnoDB DEFAULT CHARSET=utf8 COMMENT='Wishlist items';

--
-- Dumping data for table `wishlist_item`
--


--
-- Table structure for table `wishlist_item_option`
--

CREATE TABLE `wishlist_item_option` (
  `option_id` int(10) unsigned NOT NULL AUTO_INCREMENT COMMENT 'Option Id',
  `wishlist_item_id` int(10) unsigned NOT NULL COMMENT 'Wishlist Item Id',
  `product_id` int(10) unsigned NOT NULL COMMENT 'Product Id',
  `code` varchar(255) NOT NULL COMMENT 'Code',
  `value` text COMMENT 'Value',
  PRIMARY KEY (`option_id`),
  KEY `FK_A014B30B04B72DD0EAB3EECD779728D6` (`wishlist_item_id`),
  KEY `WISHLIST_ITEM_OPTION_PRODUCT_ID_CATALOG_PRODUCT_ENTITY_ENTITY_ID` (`product_id`),
  CONSTRAINT `FK_A014B30B04B72DD0EAB3EECD779728D6` FOREIGN KEY (`wishlist_item_id`) REFERENCES `wishlist_item` (`wishlist_item_id`) ON DELETE CASCADE
) ENGINE=InnoDB DEFAULT CHARSET=utf8 COMMENT='Wishlist Item Option Table';

--
-- Dumping data for table `wishlist_item_option`
--


--
-- Table structure for table `yotpo_rich_snippets`
--

CREATE TABLE `yotpo_rich_snippets` (
  `rich_snippet_id` int(11) NOT NULL AUTO_INCREMENT COMMENT 'Id',
  `product_id` int(11) NOT NULL COMMENT 'Product Id',
  `store_id` int(11) NOT NULL COMMENT 'Store Id',
  `average_score` float(10,0) NOT NULL COMMENT 'Average Score',
  `reviews_count` float(10,0) NOT NULL COMMENT 'Reviews Count',
  `expiration_time` timestamp NOT NULL DEFAULT CURRENT_TIMESTAMP ON UPDATE CURRENT_TIMESTAMP COMMENT 'Expiry Time',
  PRIMARY KEY (`rich_snippet_id`)
) ENGINE=InnoDB DEFAULT CHARSET=utf8 COMMENT='yotpo_rich_snippets';

--
-- Dumping data for table `yotpo_rich_snippets`
--


--
-- Table structure for table `yotpo_sync`
--

CREATE TABLE `yotpo_sync` (
  `sync_id` int(10) unsigned NOT NULL AUTO_INCREMENT COMMENT 'Id',
  `store_id` int(10) unsigned DEFAULT NULL COMMENT 'Store ID',
  `entity_type` varchar(50) DEFAULT NULL COMMENT 'Entity Type',
  `entity_id` int(10) unsigned DEFAULT NULL COMMENT 'Entity ID',
  `sync_flag` smallint(6) DEFAULT '0' COMMENT 'Sync Flag',
  `sync_date` datetime NOT NULL COMMENT 'Sync Date',
  PRIMARY KEY (`sync_id`),
  UNIQUE KEY `YOTPO_SYNC_STORE_ID_ENTITY_TYPE_ENTITY_ID` (`store_id`,`entity_type`,`entity_id`)
) ENGINE=InnoDB DEFAULT CHARSET=utf8 COMMENT='yotpo_sync';

--
-- Dumping data for table `yotpo_sync`
--


--
-- Final view structure for view `inventory_stock_1`
--

/*!50001 DROP VIEW IF EXISTS `inventory_stock_1`*/;
/*!50001 CREATE ALGORITHM=UNDEFINED */
/*!50013 DEFINER=`magento`@`%` SQL SECURITY INVOKER */
/*!50001 VIEW `inventory_stock_1` AS select distinct `legacy_stock_status`.`product_id` AS `product_id`,`legacy_stock_status`.`website_id` AS `website_id`,`legacy_stock_status`.`stock_id` AS `stock_id`,`legacy_stock_status`.`qty` AS `quantity`,`legacy_stock_status`.`stock_status` AS `is_salable`,`product`.`sku` AS `sku` from (`cataloginventory_stock_status` `legacy_stock_status` join `catalog_product_entity` `product` on((`legacy_stock_status`.`product_id` = `product`.`entity_id`))) */;


